[INFO] fetching crate find-target 0.1.1...
[INFO] testing find-target-0.1.1 against 1.69.0 for beta-1.70-1
[INFO] extracting crate find-target 0.1.1 into /workspace/builds/worker-6-tc1/source
[INFO] validating manifest of crates.io crate find-target 0.1.1 on toolchain 1.69.0
[INFO] running `Command { std: CARGO_HOME="/workspace/cargo-home" RUSTUP_HOME="/workspace/rustup-home" "/workspace/cargo-home/bin/cargo" "+1.69.0" "metadata" "--manifest-path" "Cargo.toml" "--no-deps", kill_on_drop: false }`
[INFO] started tweaking crates.io crate find-target 0.1.1
[INFO] finished tweaking crates.io crate find-target 0.1.1
[INFO] tweaked toml for crates.io crate find-target 0.1.1 written to /workspace/builds/worker-6-tc1/source/Cargo.toml
[INFO] running `Command { std: CARGO_HOME="/workspace/cargo-home" RUSTUP_HOME="/workspace/rustup-home" __CARGO_TEST_CHANNEL_OVERRIDE_DO_NOT_USE_THIS="nightly" "/workspace/cargo-home/bin/cargo" "+1.69.0" "generate-lockfile" "--manifest-path" "Cargo.toml" "-Zno-index-update", kill_on_drop: false }`
[INFO] running `Command { std: CARGO_HOME="/workspace/cargo-home" RUSTUP_HOME="/workspace/rustup-home" "/workspace/cargo-home/bin/cargo" "+1.69.0" "fetch" "--manifest-path" "Cargo.toml", kill_on_drop: false }`
[INFO] running `Command { std: "docker" "create" "-v" "/var/lib/crater-agent-workspace/builds/worker-6-tc1/target:/opt/rustwide/target:rw,Z" "-v" "/var/lib/crater-agent-workspace/builds/worker-6-tc1/source:/opt/rustwide/workdir:ro,Z" "-v" "/var/lib/crater-agent-workspace/cargo-home:/opt/rustwide/cargo-home:ro,Z" "-v" "/var/lib/crater-agent-workspace/rustup-home:/opt/rustwide/rustup-home:ro,Z" "-e" "SOURCE_DIR=/opt/rustwide/workdir" "-e" "CARGO_TARGET_DIR=/opt/rustwide/target" "-e" "CARGO_HOME=/opt/rustwide/cargo-home" "-e" "RUSTUP_HOME=/opt/rustwide/rustup-home" "-w" "/opt/rustwide/workdir" "-m" "1610612736" "--user" "0:0" "--network" "none" "ghcr.io/rust-lang/crates-build-env/linux@sha256:5ff2268d62e97bff2cde7d5815dd6ed5b47097566f13b8d0ca110b04b60e07ed" "/opt/rustwide/cargo-home/bin/cargo" "+1.69.0" "metadata" "--no-deps" "--format-version=1", kill_on_drop: false }`
[INFO] [stdout] 67c8d5fce986006e86d69d61372f802fd7c50113f3785218a291aa18e9243057
[INFO] running `Command { std: "docker" "start" "-a" "67c8d5fce986006e86d69d61372f802fd7c50113f3785218a291aa18e9243057", kill_on_drop: false }`
[INFO] running `Command { std: "docker" "inspect" "67c8d5fce986006e86d69d61372f802fd7c50113f3785218a291aa18e9243057", kill_on_drop: false }`
[INFO] running `Command { std: "docker" "rm" "-f" "67c8d5fce986006e86d69d61372f802fd7c50113f3785218a291aa18e9243057", kill_on_drop: false }`
[INFO] [stdout] 67c8d5fce986006e86d69d61372f802fd7c50113f3785218a291aa18e9243057
[INFO] running `Command { std: "docker" "create" "-v" "/var/lib/crater-agent-workspace/builds/worker-6-tc1/target:/opt/rustwide/target:rw,Z" "-v" "/var/lib/crater-agent-workspace/builds/worker-6-tc1/source:/opt/rustwide/workdir:ro,Z" "-v" "/var/lib/crater-agent-workspace/cargo-home:/opt/rustwide/cargo-home:ro,Z" "-v" "/var/lib/crater-agent-workspace/rustup-home:/opt/rustwide/rustup-home:ro,Z" "-e" "SOURCE_DIR=/opt/rustwide/workdir" "-e" "CARGO_TARGET_DIR=/opt/rustwide/target" "-e" "CARGO_INCREMENTAL=0" "-e" "RUST_BACKTRACE=full" "-e" "RUSTFLAGS=--cap-lints=warn" "-e" "RUSTDOCFLAGS=--cap-lints=warn" "-e" "CARGO_HOME=/opt/rustwide/cargo-home" "-e" "RUSTUP_HOME=/opt/rustwide/rustup-home" "-w" "/opt/rustwide/workdir" "-m" "1610612736" "--user" "0:0" "--network" "none" "ghcr.io/rust-lang/crates-build-env/linux@sha256:5ff2268d62e97bff2cde7d5815dd6ed5b47097566f13b8d0ca110b04b60e07ed" "/opt/rustwide/cargo-home/bin/cargo" "+1.69.0" "build" "--frozen" "--message-format=json", kill_on_drop: false }`
[INFO] [stdout] f44af3ff03eb9d486c34af0eaafa8f441cf7d0cf3c8607b67227a8ca56f58d44
[INFO] running `Command { std: "docker" "start" "-a" "f44af3ff03eb9d486c34af0eaafa8f441cf7d0cf3c8607b67227a8ca56f58d44", kill_on_drop: false }`
[INFO] [stderr]    Compiling find-target v0.1.1 (/opt/rustwide/workdir)
[INFO] [stderr]     Finished dev [unoptimized + debuginfo] target(s) in 0.09s
[INFO] running `Command { std: "docker" "inspect" "f44af3ff03eb9d486c34af0eaafa8f441cf7d0cf3c8607b67227a8ca56f58d44", kill_on_drop: false }`
[INFO] running `Command { std: "docker" "rm" "-f" "f44af3ff03eb9d486c34af0eaafa8f441cf7d0cf3c8607b67227a8ca56f58d44", kill_on_drop: false }`
[INFO] [stdout] f44af3ff03eb9d486c34af0eaafa8f441cf7d0cf3c8607b67227a8ca56f58d44
[INFO] running `Command { std: "docker" "create" "-v" "/var/lib/crater-agent-workspace/builds/worker-6-tc1/target:/opt/rustwide/target:rw,Z" "-v" "/var/lib/crater-agent-workspace/builds/worker-6-tc1/source:/opt/rustwide/workdir:ro,Z" "-v" "/var/lib/crater-agent-workspace/cargo-home:/opt/rustwide/cargo-home:ro,Z" "-v" "/var/lib/crater-agent-workspace/rustup-home:/opt/rustwide/rustup-home:ro,Z" "-e" "SOURCE_DIR=/opt/rustwide/workdir" "-e" "CARGO_TARGET_DIR=/opt/rustwide/target" "-e" "CARGO_INCREMENTAL=0" "-e" "RUST_BACKTRACE=full" "-e" "RUSTFLAGS=--cap-lints=warn" "-e" "RUSTDOCFLAGS=--cap-lints=warn" "-e" "CARGO_HOME=/opt/rustwide/cargo-home" "-e" "RUSTUP_HOME=/opt/rustwide/rustup-home" "-w" "/opt/rustwide/workdir" "-m" "1610612736" "--user" "0:0" "--network" "none" "ghcr.io/rust-lang/crates-build-env/linux@sha256:5ff2268d62e97bff2cde7d5815dd6ed5b47097566f13b8d0ca110b04b60e07ed" "/opt/rustwide/cargo-home/bin/cargo" "+1.69.0" "test" "--frozen" "--no-run" "--message-format=json", kill_on_drop: false }`
[INFO] [stdout] c80c1ee19474f0f0307508ecc47a022268b71bf007e3f9d00fcaf35d94cd30ce
[INFO] running `Command { std: "docker" "start" "-a" "c80c1ee19474f0f0307508ecc47a022268b71bf007e3f9d00fcaf35d94cd30ce", kill_on_drop: false }`
[INFO] [stderr]    Compiling find-target v0.1.1 (/opt/rustwide/workdir)
[INFO] [stderr]     Finished test [unoptimized + debuginfo] target(s) in 0.23s
[INFO] running `Command { std: "docker" "inspect" "c80c1ee19474f0f0307508ecc47a022268b71bf007e3f9d00fcaf35d94cd30ce", kill_on_drop: false }`
[INFO] running `Command { std: "docker" "rm" "-f" "c80c1ee19474f0f0307508ecc47a022268b71bf007e3f9d00fcaf35d94cd30ce", kill_on_drop: false }`
[INFO] [stdout] c80c1ee19474f0f0307508ecc47a022268b71bf007e3f9d00fcaf35d94cd30ce
[INFO] running `Command { std: "docker" "create" "-v" "/var/lib/crater-agent-workspace/builds/worker-6-tc1/target:/opt/rustwide/target:rw,Z" "-v" "/var/lib/crater-agent-workspace/builds/worker-6-tc1/source:/opt/rustwide/workdir:ro,Z" "-v" "/var/lib/crater-agent-workspace/cargo-home:/opt/rustwide/cargo-home:ro,Z" "-v" "/var/lib/crater-agent-workspace/rustup-home:/opt/rustwide/rustup-home:ro,Z" "-e" "SOURCE_DIR=/opt/rustwide/workdir" "-e" "CARGO_TARGET_DIR=/opt/rustwide/target" "-e" "CARGO_INCREMENTAL=0" "-e" "RUST_BACKTRACE=full" "-e" "RUSTFLAGS=--cap-lints=warn" "-e" "RUSTDOCFLAGS=--cap-lints=warn" "-e" "CARGO_HOME=/opt/rustwide/cargo-home" "-e" "RUSTUP_HOME=/opt/rustwide/rustup-home" "-w" "/opt/rustwide/workdir" "-m" "1610612736" "--user" "0:0" "--network" "none" "ghcr.io/rust-lang/crates-build-env/linux@sha256:5ff2268d62e97bff2cde7d5815dd6ed5b47097566f13b8d0ca110b04b60e07ed" "/opt/rustwide/cargo-home/bin/cargo" "+1.69.0" "test" "--frozen", kill_on_drop: false }`
[INFO] [stdout] 9a40004cb0638116c9f4baacaabcb85faa449ea9bad754023f35270379e24478
[INFO] running `Command { std: "docker" "start" "-a" "9a40004cb0638116c9f4baacaabcb85faa449ea9bad754023f35270379e24478", kill_on_drop: false }`
[INFO] [stderr]     Finished test [unoptimized + debuginfo] target(s) in 0.00s
[INFO] [stderr]      Running unittests src/lib.rs (/opt/rustwide/target/debug/deps/find_target-3b3c8107169572d0)
[INFO] [stdout] 
[INFO] [stdout] running 0 tests
[INFO] [stdout] 
[INFO] [stdout] test result: ok. 0 passed; 0 failed; 0 ignored; 0 measured; 0 filtered out; finished in 0.00s
[INFO] [stdout] 
[INFO] [stderr]      Running tests/main.rs (/opt/rustwide/target/debug/deps/main-30c8fcb3ef342694)
[INFO] [stdout] 
[INFO] [stdout] running 3 tests
[INFO] [stdout] test ready ... ok
[INFO] [stdout] test test ... ok
[INFO] [stdout] test test_ext ... ok
[INFO] [stdout] 
[INFO] [stdout] test result: ok. 3 passed; 0 failed; 0 ignored; 0 measured; 0 filtered out; finished in 0.00s
[INFO] [stdout] 
[INFO] [stderr]    Doc-tests find-target
[INFO] [stdout] 
[INFO] [stdout] running 5 tests
[INFO] [stdout] test src/find_dir.rs - find_dir::find_directory (line 14) ... FAILED
[INFO] [stdout] test src/lib.rs - ensure_directory (line 22) ... FAILED
[INFO] [stdout] test src/lib.rs - ensure_file (line 48) ... FAILED
[INFO] [stdout] test src/find_dir.rs - find_dir::find_directory_or_create (line 43) ... FAILED
[INFO] [stdout] test src/find_dir.rs - find_dir::this_directory (line 61) ... ok
[INFO] [stdout] 
[INFO] [stdout] failures:
[INFO] [stdout] 
[INFO] [stdout] ---- src/find_dir.rs - find_dir::find_directory (line 14) stdout ----
[INFO] [stdout] error: expected one of `::`, `;`, or `as`, found `-`
[INFO] [stdout]  --> src/find_dir.rs:15:9
[INFO] [stdout]   |
[INFO] [stdout] 3 | use find-target::find_directory;
[INFO] [stdout]   |         ^ expected one of `::`, `;`, or `as`
[INFO] [stdout] 
[INFO] [stdout] error: aborting due to previous error
[INFO] [stdout] 
[INFO] [stdout] Couldn't compile the test.
[INFO] [stdout] ---- src/lib.rs - ensure_directory (line 22) stdout ----
[INFO] [stdout] error: expected one of `::`, `;`, or `as`, found `-`
[INFO] [stdout]  --> src/lib.rs:23:9
[INFO] [stdout]   |
[INFO] [stdout] 3 | use find-target::ensure_directory;
[INFO] [stdout]   |         ^ expected one of `::`, `;`, or `as`
[INFO] [stdout] 
[INFO] [stdout] error: aborting due to previous error
[INFO] [stdout] 
[INFO] [stdout] Couldn't compile the test.
[INFO] [stdout] ---- src/lib.rs - ensure_file (line 48) stdout ----
[INFO] [stdout] error: expected one of `::`, `;`, or `as`, found `-`
[INFO] [stdout]  --> src/lib.rs:49:9
[INFO] [stdout]   |
[INFO] [stdout] 3 | use find-target::ensure_file;
[INFO] [stdout]   |         ^ expected one of `::`, `;`, or `as`
[INFO] [stdout] 
[INFO] [stdout] error: aborting due to previous error
[INFO] [stdout] 
[INFO] [stdout] Couldn't compile the test.
[INFO] [stdout] ---- src/find_dir.rs - find_dir::find_directory_or_create (line 43) stdout ----
[INFO] [stdout] error[E0433]: failed to resolve: use of undeclared crate or module `target`
[INFO] [stdout]  --> src/find_dir.rs:44:6
[INFO] [stdout]   |
[INFO] [stdout] 3 | find-target::find_directory_or_create;
[INFO] [stdout]   |      ^^^^^^ use of undeclared crate or module `target`
[INFO] [stdout] 
[INFO] [stdout] error[E0425]: cannot find value `find` in this scope
[INFO] [stdout]  --> src/find_dir.rs:44:1
[INFO] [stdout]   |
[INFO] [stdout] 3 | find-target::find_directory_or_create;
[INFO] [stdout]   | ^^^^ not found in this scope
[INFO] [stdout] 
[INFO] [stdout] error: aborting due to 2 previous errors
[INFO] [stdout] 
[INFO] [stdout] Some errors have detailed explanations: E0425, E0433.
[INFO] [stdout] For more information about an error, try `rustc --explain E0425`.
[INFO] [stdout] Couldn't compile the test.
[INFO] [stdout] 
[INFO] [stdout] failures:
[INFO] [stdout]     src/find_dir.rs - find_dir::find_directory (line 14)
[INFO] [stdout]     src/find_dir.rs - find_dir::find_directory_or_create (line 43)
[INFO] [stdout]     src/lib.rs - ensure_directory (line 22)
[INFO] [stdout]     src/lib.rs - ensure_file (line 48)
[INFO] [stdout] 
[INFO] [stdout] test result: FAILED. 1 passed; 4 failed; 0 ignored; 0 measured; 0 filtered out; finished in 0.14s
[INFO] [stdout] 
[INFO] [stderr] error: doctest failed, to rerun pass `--doc`
[INFO] running `Command { std: "docker" "inspect" "9a40004cb0638116c9f4baacaabcb85faa449ea9bad754023f35270379e24478", kill_on_drop: false }`
[INFO] running `Command { std: "docker" "rm" "-f" "9a40004cb0638116c9f4baacaabcb85faa449ea9bad754023f35270379e24478", kill_on_drop: false }`
[INFO] [stdout] 9a40004cb0638116c9f4baacaabcb85faa449ea9bad754023f35270379e24478
