[INFO] fetching crate fibers_rpc 0.3.4...
[INFO] testing fibers_rpc-0.3.4 against 1.69.0 for beta-1.70-1
[INFO] extracting crate fibers_rpc 0.3.4 into /workspace/builds/worker-0-tc1/source
[INFO] validating manifest of crates.io crate fibers_rpc 0.3.4 on toolchain 1.69.0
[INFO] running `Command { std: CARGO_HOME="/workspace/cargo-home" RUSTUP_HOME="/workspace/rustup-home" "/workspace/cargo-home/bin/cargo" "+1.69.0" "metadata" "--manifest-path" "Cargo.toml" "--no-deps", kill_on_drop: false }`
[INFO] started tweaking crates.io crate fibers_rpc 0.3.4
[INFO] finished tweaking crates.io crate fibers_rpc 0.3.4
[INFO] tweaked toml for crates.io crate fibers_rpc 0.3.4 written to /workspace/builds/worker-0-tc1/source/Cargo.toml
[INFO] crate crates.io crate fibers_rpc 0.3.4 already has a lockfile, it will not be regenerated
[INFO] running `Command { std: CARGO_HOME="/workspace/cargo-home" RUSTUP_HOME="/workspace/rustup-home" "/workspace/cargo-home/bin/cargo" "+1.69.0" "fetch" "--manifest-path" "Cargo.toml", kill_on_drop: false }`
[INFO] [stderr]  Downloading crates ...
[INFO] [stderr]   Downloaded slog-kvfilter v0.7.0
[INFO] [stderr]   Downloaded futures v0.1.29
[INFO] [stderr]   Downloaded rle-decode-fast v1.0.1
[INFO] [stderr]   Downloaded bytecodec v0.4.13
[INFO] [stderr]   Downloaded fibers_tasque v0.1.2
[INFO] [stderr]   Downloaded slog-async v2.5.0
[INFO] [stderr]   Downloaded procinfo v0.4.2
[INFO] [stderr]   Downloaded slog-stdlog v3.0.5
[INFO] [stderr]   Downloaded atomic_immut v0.1.4
[INFO] [stderr]   Downloaded prometrics v0.1.13
[INFO] [stderr]   Downloaded libflate v0.1.27
[INFO] [stderr]   Downloaded splay_tree v0.2.10
[INFO] [stderr]   Downloaded factory v0.1.2
[INFO] [stderr]   Downloaded sloggers v0.3.6
[INFO] [stderr]   Downloaded tasque v0.1.5
[INFO] [stderr]   Downloaded rust-argon2 v0.8.2
[INFO] [stderr]   Downloaded dirs-sys v0.3.5
[INFO] [stderr]   Downloaded syn v1.0.40
[INFO] [stderr]   Downloaded slog-scope v4.3.0
[INFO] [stderr]   Downloaded slog v2.5.2
[INFO] [stderr]   Downloaded slog-term v2.6.0
[INFO] [stderr]   Downloaded proc-macro2 v1.0.20
[INFO] [stderr]   Downloaded trackable_derive v0.1.3
[INFO] [stderr]   Downloaded trackable v0.2.23
[INFO] [stderr]   Downloaded fibers_global v0.1.2
[INFO] [stderr]   Downloaded nbchan v0.1.3
[INFO] [stderr]   Downloaded fibers v0.1.13
[INFO] [stderr]   Downloaded chrono v0.4.15
[INFO] running `Command { std: "docker" "create" "-v" "/var/lib/crater-agent-workspace/builds/worker-0-tc1/target:/opt/rustwide/target:rw,Z" "-v" "/var/lib/crater-agent-workspace/builds/worker-0-tc1/source:/opt/rustwide/workdir:ro,Z" "-v" "/var/lib/crater-agent-workspace/cargo-home:/opt/rustwide/cargo-home:ro,Z" "-v" "/var/lib/crater-agent-workspace/rustup-home:/opt/rustwide/rustup-home:ro,Z" "-e" "SOURCE_DIR=/opt/rustwide/workdir" "-e" "CARGO_TARGET_DIR=/opt/rustwide/target" "-e" "CARGO_HOME=/opt/rustwide/cargo-home" "-e" "RUSTUP_HOME=/opt/rustwide/rustup-home" "-w" "/opt/rustwide/workdir" "-m" "1610612736" "--user" "0:0" "--network" "none" "ghcr.io/rust-lang/crates-build-env/linux@sha256:5ff2268d62e97bff2cde7d5815dd6ed5b47097566f13b8d0ca110b04b60e07ed" "/opt/rustwide/cargo-home/bin/cargo" "+1.69.0" "metadata" "--no-deps" "--format-version=1", kill_on_drop: false }`
[INFO] [stdout] 6af979753693de6eeeab0d68fcfc9804f2577f74e0ee1268bc5c715965b4a661
[INFO] running `Command { std: "docker" "start" "-a" "6af979753693de6eeeab0d68fcfc9804f2577f74e0ee1268bc5c715965b4a661", kill_on_drop: false }`
[INFO] running `Command { std: "docker" "inspect" "6af979753693de6eeeab0d68fcfc9804f2577f74e0ee1268bc5c715965b4a661", kill_on_drop: false }`
[INFO] running `Command { std: "docker" "rm" "-f" "6af979753693de6eeeab0d68fcfc9804f2577f74e0ee1268bc5c715965b4a661", kill_on_drop: false }`
[INFO] [stdout] 6af979753693de6eeeab0d68fcfc9804f2577f74e0ee1268bc5c715965b4a661
[INFO] running `Command { std: "docker" "create" "-v" "/var/lib/crater-agent-workspace/builds/worker-0-tc1/target:/opt/rustwide/target:rw,Z" "-v" "/var/lib/crater-agent-workspace/builds/worker-0-tc1/source:/opt/rustwide/workdir:ro,Z" "-v" "/var/lib/crater-agent-workspace/cargo-home:/opt/rustwide/cargo-home:ro,Z" "-v" "/var/lib/crater-agent-workspace/rustup-home:/opt/rustwide/rustup-home:ro,Z" "-e" "SOURCE_DIR=/opt/rustwide/workdir" "-e" "CARGO_TARGET_DIR=/opt/rustwide/target" "-e" "CARGO_INCREMENTAL=0" "-e" "RUST_BACKTRACE=full" "-e" "RUSTFLAGS=--cap-lints=warn" "-e" "RUSTDOCFLAGS=--cap-lints=warn" "-e" "CARGO_HOME=/opt/rustwide/cargo-home" "-e" "RUSTUP_HOME=/opt/rustwide/rustup-home" "-w" "/opt/rustwide/workdir" "-m" "1610612736" "--user" "0:0" "--network" "none" "ghcr.io/rust-lang/crates-build-env/linux@sha256:5ff2268d62e97bff2cde7d5815dd6ed5b47097566f13b8d0ca110b04b60e07ed" "/opt/rustwide/cargo-home/bin/cargo" "+1.69.0" "build" "--frozen" "--message-format=json", kill_on_drop: false }`
[INFO] [stdout] bd32d25037677afce344e6c97d2ba755109cf604e5ab8fafacf4aa0c3b0b4932
[INFO] running `Command { std: "docker" "start" "-a" "bd32d25037677afce344e6c97d2ba755109cf604e5ab8fafacf4aa0c3b0b4932", kill_on_drop: false }`
[INFO] [stderr]    Compiling libc v0.2.76
[INFO] [stderr]    Compiling proc-macro2 v1.0.20
[INFO] [stderr]    Compiling unicode-xid v0.2.1
[INFO] [stderr]    Compiling syn v1.0.40
[INFO] [stderr]    Compiling semver-parser v0.7.0
[INFO] [stderr]    Compiling byteorder v1.3.4
[INFO] [stderr]    Compiling log v0.4.11
[INFO] [stderr]    Compiling nom v2.2.1
[INFO] [stderr]    Compiling slab v0.4.2
[INFO] [stderr]    Compiling semver v0.9.0
[INFO] [stderr]    Compiling atomic_immut v0.1.4
[INFO] [stderr]    Compiling rustc_version v0.2.3
[INFO] [stderr]    Compiling nbchan v0.1.3
[INFO] [stderr]    Compiling splay_tree v0.2.10
[INFO] [stderr]    Compiling slog v2.5.2
[INFO] [stderr]    Compiling futures v0.1.29
[INFO] [stderr]    Compiling procinfo v0.4.2
[INFO] [stderr]    Compiling factory v0.1.2
[INFO] [stderr]    Compiling quote v1.0.7
[INFO] [stderr]    Compiling net2 v0.2.34
[INFO] [stderr]    Compiling iovec v0.1.4
[INFO] [stderr]    Compiling num_cpus v1.13.0
[INFO] [stderr]    Compiling mio v0.6.22
[INFO] [stderr]    Compiling fibers v0.1.13
[INFO] [stderr]    Compiling trackable_derive v0.1.3
[INFO] [stderr]    Compiling trackable v0.2.23
[INFO] [stderr]    Compiling bytecodec v0.4.13
[INFO] [stderr]    Compiling prometrics v0.1.13
[INFO] [stderr]    Compiling tasque v0.1.5
[INFO] [stderr]    Compiling fibers_tasque v0.1.2
[INFO] [stderr]    Compiling fibers_rpc v0.3.4 (/opt/rustwide/workdir)
[INFO] [stderr]     Finished dev [unoptimized + debuginfo] target(s) in 24.49s
[INFO] [stderr] warning: the following packages contain code that will be rejected by a future version of Rust: nom v2.2.1
[INFO] [stderr] note: to see what the problems were, use the option `--future-incompat-report`, or run `cargo report future-incompatibilities --id 1`
[INFO] running `Command { std: "docker" "inspect" "bd32d25037677afce344e6c97d2ba755109cf604e5ab8fafacf4aa0c3b0b4932", kill_on_drop: false }`
[INFO] running `Command { std: "docker" "rm" "-f" "bd32d25037677afce344e6c97d2ba755109cf604e5ab8fafacf4aa0c3b0b4932", kill_on_drop: false }`
[INFO] [stdout] bd32d25037677afce344e6c97d2ba755109cf604e5ab8fafacf4aa0c3b0b4932
[INFO] running `Command { std: "docker" "create" "-v" "/var/lib/crater-agent-workspace/builds/worker-0-tc1/target:/opt/rustwide/target:rw,Z" "-v" "/var/lib/crater-agent-workspace/builds/worker-0-tc1/source:/opt/rustwide/workdir:ro,Z" "-v" "/var/lib/crater-agent-workspace/cargo-home:/opt/rustwide/cargo-home:ro,Z" "-v" "/var/lib/crater-agent-workspace/rustup-home:/opt/rustwide/rustup-home:ro,Z" "-e" "SOURCE_DIR=/opt/rustwide/workdir" "-e" "CARGO_TARGET_DIR=/opt/rustwide/target" "-e" "CARGO_INCREMENTAL=0" "-e" "RUST_BACKTRACE=full" "-e" "RUSTFLAGS=--cap-lints=warn" "-e" "RUSTDOCFLAGS=--cap-lints=warn" "-e" "CARGO_HOME=/opt/rustwide/cargo-home" "-e" "RUSTUP_HOME=/opt/rustwide/rustup-home" "-w" "/opt/rustwide/workdir" "-m" "1610612736" "--user" "0:0" "--network" "none" "ghcr.io/rust-lang/crates-build-env/linux@sha256:5ff2268d62e97bff2cde7d5815dd6ed5b47097566f13b8d0ca110b04b60e07ed" "/opt/rustwide/cargo-home/bin/cargo" "+1.69.0" "test" "--frozen" "--no-run" "--message-format=json", kill_on_drop: false }`
[INFO] [stdout] 201cbf6dc4bb4f489ebc57cfcb2f5defc9f068dbe76f992205a04056209d1552
[INFO] running `Command { std: "docker" "start" "-a" "201cbf6dc4bb4f489ebc57cfcb2f5defc9f068dbe76f992205a04056209d1552", kill_on_drop: false }`
[INFO] [stderr]    Compiling num-traits v0.2.12
[INFO] [stderr]    Compiling memchr v2.3.3
[INFO] [stderr]    Compiling thread_local v1.0.1
[INFO] [stderr]    Compiling crossbeam-utils v0.7.2
[INFO] [stderr]    Compiling num-integer v0.1.43
[INFO] [stderr]    Compiling dirs-sys v0.3.5
[INFO] [stderr]    Compiling crc32fast v1.2.0
[INFO] [stderr]    Compiling atty v0.2.14
[INFO] [stderr]    Compiling time v0.1.44
[INFO] [stderr]    Compiling dirs v2.0.2
[INFO] [stderr]    Compiling serde_derive v1.0.115
[INFO] [stderr]    Compiling bitflags v1.2.1
[INFO] [stderr]    Compiling arc-swap v0.4.7
[INFO] [stderr]    Compiling regex-syntax v0.6.18
[INFO] [stderr]    Compiling serde v1.0.115
[INFO] [stderr]    Compiling take_mut v0.2.2
[INFO] [stderr]    Compiling aho-corasick v0.7.13
[INFO] [stderr]    Compiling slog-scope v4.3.0
[INFO] [stderr]    Compiling term v0.6.1
[INFO] [stderr]    Compiling crossbeam-channel v0.4.4
[INFO] [stderr]    Compiling log v0.3.9
[INFO] [stderr]    Compiling crossbeam v0.2.12
[INFO] [stderr]    Compiling unicode-width v0.1.8
[INFO] [stderr]    Compiling adler32 v1.2.0
[INFO] [stderr]    Compiling rle-decode-fast v1.0.1
[INFO] [stderr]    Compiling slog-stdlog v3.0.5
[INFO] [stderr]    Compiling libflate v0.1.27
[INFO] [stderr]    Compiling textwrap v0.11.0
[INFO] [stderr]    Compiling slog-async v2.5.0
[INFO] [stderr]    Compiling chrono v0.4.15
[INFO] [stderr]    Compiling vec_map v0.8.2
[INFO] [stderr]    Compiling fibers_global v0.1.2
[INFO] [stderr]    Compiling clap v2.33.3
[INFO] [stderr]    Compiling slog-term v2.6.0
[INFO] [stderr]    Compiling regex v1.3.9
[INFO] [stderr]    Compiling slog-kvfilter v0.7.0
[INFO] [stderr]    Compiling sloggers v0.3.6
[INFO] [stderr]    Compiling fibers_rpc v0.3.4 (/opt/rustwide/workdir)
[INFO] [stderr]     Finished test [unoptimized + debuginfo] target(s) in 40.76s
[INFO] [stderr] warning: the following packages contain code that will be rejected by a future version of Rust: nom v2.2.1
[INFO] [stderr] note: to see what the problems were, use the option `--future-incompat-report`, or run `cargo report future-incompatibilities --id 1`
[INFO] running `Command { std: "docker" "inspect" "201cbf6dc4bb4f489ebc57cfcb2f5defc9f068dbe76f992205a04056209d1552", kill_on_drop: false }`
[INFO] running `Command { std: "docker" "rm" "-f" "201cbf6dc4bb4f489ebc57cfcb2f5defc9f068dbe76f992205a04056209d1552", kill_on_drop: false }`
[INFO] [stdout] 201cbf6dc4bb4f489ebc57cfcb2f5defc9f068dbe76f992205a04056209d1552
[INFO] running `Command { std: "docker" "create" "-v" "/var/lib/crater-agent-workspace/builds/worker-0-tc1/target:/opt/rustwide/target:rw,Z" "-v" "/var/lib/crater-agent-workspace/builds/worker-0-tc1/source:/opt/rustwide/workdir:ro,Z" "-v" "/var/lib/crater-agent-workspace/cargo-home:/opt/rustwide/cargo-home:ro,Z" "-v" "/var/lib/crater-agent-workspace/rustup-home:/opt/rustwide/rustup-home:ro,Z" "-e" "SOURCE_DIR=/opt/rustwide/workdir" "-e" "CARGO_TARGET_DIR=/opt/rustwide/target" "-e" "CARGO_INCREMENTAL=0" "-e" "RUST_BACKTRACE=full" "-e" "RUSTFLAGS=--cap-lints=warn" "-e" "RUSTDOCFLAGS=--cap-lints=warn" "-e" "CARGO_HOME=/opt/rustwide/cargo-home" "-e" "RUSTUP_HOME=/opt/rustwide/rustup-home" "-w" "/opt/rustwide/workdir" "-m" "1610612736" "--user" "0:0" "--network" "none" "ghcr.io/rust-lang/crates-build-env/linux@sha256:5ff2268d62e97bff2cde7d5815dd6ed5b47097566f13b8d0ca110b04b60e07ed" "/opt/rustwide/cargo-home/bin/cargo" "+1.69.0" "test" "--frozen", kill_on_drop: false }`
[INFO] [stdout] e7e89675705d14dd403648443c3d85ec8ad26ca22cb2aefbcd374e484fee405e
[INFO] running `Command { std: "docker" "start" "-a" "e7e89675705d14dd403648443c3d85ec8ad26ca22cb2aefbcd374e484fee405e", kill_on_drop: false }`
[INFO] [stderr]     Finished test [unoptimized + debuginfo] target(s) in 0.16s
[INFO] [stderr] warning: the following packages contain code that will be rejected by a future version of Rust: nom v2.2.1
[INFO] [stderr] note: to see what the problems were, use the option `--future-incompat-report`, or run `cargo report future-incompatibilities --id 1`
[INFO] [stderr]      Running unittests src/lib.rs (/opt/rustwide/target/debug/deps/fibers_rpc-7a16c460cfcce703)
[INFO] [stdout] 
[INFO] [stdout] running 5 tests
[INFO] [stdout] test message::tests::message_id_next_works ... ok
[INFO] [stdout] test metrics::tests::correction_works ... ok
[INFO] [stdout] test tests::large_message_works ... FAILED
[INFO] [stdout] test tests::it_works ... FAILED
[INFO] [stdout] test tests::async_works ... FAILED
[INFO] [stdout] 
[INFO] [stdout] failures:
[INFO] [stdout] 
[INFO] [stdout] ---- tests::large_message_works stdout ----
[INFO] [stdout] Error: Other (cause; Invalid argument (os error 22))
[INFO] [stdout] HISTORY:
[INFO] [stdout]   [0] at src/rpc_server.rs:409
[INFO] [stdout]   [1] at src/rpc_server.rs:253
[INFO] [stdout]   [2] at src/lib.rs:354
[INFO] [stdout] 
[INFO] [stdout] 
[INFO] [stdout] ---- tests::it_works stdout ----
[INFO] [stdout] Error: Other (cause; Invalid argument (os error 22))
[INFO] [stdout] HISTORY:
[INFO] [stdout]   [0] at src/rpc_server.rs:409
[INFO] [stdout]   [1] at src/rpc_server.rs:253
[INFO] [stdout]   [2] at src/lib.rs:320
[INFO] [stdout] 
[INFO] [stdout] 
[INFO] [stdout] ---- tests::async_works stdout ----
[INFO] [stdout] Error: Other (cause; Invalid argument (os error 22))
[INFO] [stdout] HISTORY:
[INFO] [stdout]   [0] at src/rpc_server.rs:409
[INFO] [stdout]   [1] at src/rpc_server.rs:253
[INFO] [stdout]   [2] at src/lib.rs:375
[INFO] [stdout] 
[INFO] [stdout] 
[INFO] [stdout] 
[INFO] [stdout] failures:
[INFO] [stdout]     tests::async_works
[INFO] [stdout]     tests::it_works
[INFO] [stdout]     tests::large_message_works
[INFO] [stdout] 
[INFO] [stdout] test result: FAILED. 2 passed; 3 failed; 0 ignored; 0 measured; 0 filtered out; finished in 0.05s
[INFO] [stdout] 
[INFO] [stderr] error: test failed, to rerun pass `--lib`
[INFO] running `Command { std: "docker" "inspect" "e7e89675705d14dd403648443c3d85ec8ad26ca22cb2aefbcd374e484fee405e", kill_on_drop: false }`
[INFO] running `Command { std: "docker" "rm" "-f" "e7e89675705d14dd403648443c3d85ec8ad26ca22cb2aefbcd374e484fee405e", kill_on_drop: false }`
[INFO] [stdout] e7e89675705d14dd403648443c3d85ec8ad26ca22cb2aefbcd374e484fee405e
