[INFO] fetching crate fibers 0.1.13...
[INFO] testing fibers-0.1.13 against 1.69.0 for beta-1.70-1
[INFO] extracting crate fibers 0.1.13 into /workspace/builds/worker-2-tc1/source
[INFO] validating manifest of crates.io crate fibers 0.1.13 on toolchain 1.69.0
[INFO] running `Command { std: CARGO_HOME="/workspace/cargo-home" RUSTUP_HOME="/workspace/rustup-home" "/workspace/cargo-home/bin/cargo" "+1.69.0" "metadata" "--manifest-path" "Cargo.toml" "--no-deps", kill_on_drop: false }`
[INFO] started tweaking crates.io crate fibers 0.1.13
[INFO] finished tweaking crates.io crate fibers 0.1.13
[INFO] tweaked toml for crates.io crate fibers 0.1.13 written to /workspace/builds/worker-2-tc1/source/Cargo.toml
[INFO] crate crates.io crate fibers 0.1.13 already has a lockfile, it will not be regenerated
[INFO] running `Command { std: CARGO_HOME="/workspace/cargo-home" RUSTUP_HOME="/workspace/rustup-home" "/workspace/cargo-home/bin/cargo" "+1.69.0" "fetch" "--manifest-path" "Cargo.toml", kill_on_drop: false }`
[INFO] [stderr]  Downloading crates ...
[INFO] [stderr]   Downloaded nbchan v0.1.3
[INFO] [stderr]   Downloaded splay_tree v0.2.10
[INFO] [stderr]   Downloaded num_cpus v1.11.1
[INFO] [stderr]   Downloaded hermit-abi v0.1.3
[INFO] [stderr]   Downloaded futures v0.1.29
[INFO] [stderr]   Downloaded handy_async v0.2.13
[INFO] running `Command { std: "docker" "create" "-v" "/var/lib/crater-agent-workspace/builds/worker-2-tc1/target:/opt/rustwide/target:rw,Z" "-v" "/var/lib/crater-agent-workspace/builds/worker-2-tc1/source:/opt/rustwide/workdir:ro,Z" "-v" "/var/lib/crater-agent-workspace/cargo-home:/opt/rustwide/cargo-home:ro,Z" "-v" "/var/lib/crater-agent-workspace/rustup-home:/opt/rustwide/rustup-home:ro,Z" "-e" "SOURCE_DIR=/opt/rustwide/workdir" "-e" "CARGO_TARGET_DIR=/opt/rustwide/target" "-e" "CARGO_HOME=/opt/rustwide/cargo-home" "-e" "RUSTUP_HOME=/opt/rustwide/rustup-home" "-w" "/opt/rustwide/workdir" "-m" "1610612736" "--user" "0:0" "--network" "none" "ghcr.io/rust-lang/crates-build-env/linux@sha256:5ff2268d62e97bff2cde7d5815dd6ed5b47097566f13b8d0ca110b04b60e07ed" "/opt/rustwide/cargo-home/bin/cargo" "+1.69.0" "metadata" "--no-deps" "--format-version=1", kill_on_drop: false }`
[INFO] [stdout] d66b79528bcecba349f46bf01b5e1f1a9f9268754f9d2429a8da96d417ec8492
[INFO] running `Command { std: "docker" "start" "-a" "d66b79528bcecba349f46bf01b5e1f1a9f9268754f9d2429a8da96d417ec8492", kill_on_drop: false }`
[INFO] running `Command { std: "docker" "inspect" "d66b79528bcecba349f46bf01b5e1f1a9f9268754f9d2429a8da96d417ec8492", kill_on_drop: false }`
[INFO] running `Command { std: "docker" "rm" "-f" "d66b79528bcecba349f46bf01b5e1f1a9f9268754f9d2429a8da96d417ec8492", kill_on_drop: false }`
[INFO] [stdout] d66b79528bcecba349f46bf01b5e1f1a9f9268754f9d2429a8da96d417ec8492
[INFO] running `Command { std: "docker" "create" "-v" "/var/lib/crater-agent-workspace/builds/worker-2-tc1/target:/opt/rustwide/target:rw,Z" "-v" "/var/lib/crater-agent-workspace/builds/worker-2-tc1/source:/opt/rustwide/workdir:ro,Z" "-v" "/var/lib/crater-agent-workspace/cargo-home:/opt/rustwide/cargo-home:ro,Z" "-v" "/var/lib/crater-agent-workspace/rustup-home:/opt/rustwide/rustup-home:ro,Z" "-e" "SOURCE_DIR=/opt/rustwide/workdir" "-e" "CARGO_TARGET_DIR=/opt/rustwide/target" "-e" "CARGO_INCREMENTAL=0" "-e" "RUST_BACKTRACE=full" "-e" "RUSTFLAGS=--cap-lints=warn" "-e" "RUSTDOCFLAGS=--cap-lints=warn" "-e" "CARGO_HOME=/opt/rustwide/cargo-home" "-e" "RUSTUP_HOME=/opt/rustwide/rustup-home" "-w" "/opt/rustwide/workdir" "-m" "1610612736" "--user" "0:0" "--network" "none" "ghcr.io/rust-lang/crates-build-env/linux@sha256:5ff2268d62e97bff2cde7d5815dd6ed5b47097566f13b8d0ca110b04b60e07ed" "/opt/rustwide/cargo-home/bin/cargo" "+1.69.0" "build" "--frozen" "--message-format=json", kill_on_drop: false }`
[INFO] [stdout] 767d1de6e094ff7233f7d1333beaa2338ccd99495bdd800891605eb844dc3286
[INFO] running `Command { std: "docker" "start" "-a" "767d1de6e094ff7233f7d1333beaa2338ccd99495bdd800891605eb844dc3286", kill_on_drop: false }`
[INFO] [stderr]    Compiling libc v0.2.65
[INFO] [stderr]    Compiling cfg-if v0.1.10
[INFO] [stderr]    Compiling log v0.4.8
[INFO] [stderr]    Compiling slab v0.4.2
[INFO] [stderr]    Compiling futures v0.1.29
[INFO] [stderr]    Compiling splay_tree v0.2.10
[INFO] [stderr]    Compiling nbchan v0.1.3
[INFO] [stderr]    Compiling iovec v0.1.4
[INFO] [stderr]    Compiling net2 v0.2.33
[INFO] [stderr]    Compiling num_cpus v1.11.1
[INFO] [stderr]    Compiling mio v0.6.19
[INFO] [stderr]    Compiling fibers v0.1.13 (/opt/rustwide/workdir)
[INFO] [stdout] warning: field `pollers` is never read
[INFO] [stdout]   --> src/executor/thread_pool.rs:48:5
[INFO] [stdout]    |
[INFO] [stdout] 46 | pub struct ThreadPoolExecutor {
[INFO] [stdout]    |            ------------------ field in this struct
[INFO] [stdout] 47 |     pool: SchedulerPool,
[INFO] [stdout] 48 |     pollers: PollerPool,
[INFO] [stdout]    |     ^^^^^^^
[INFO] [stdout]    |
[INFO] [stdout]    = note: `ThreadPoolExecutor` has a derived impl for the trait `Debug`, but this is intentionally ignored during dead code analysis
[INFO] [stdout]    = note: `#[warn(dead_code)]` on by default
[INFO] [stdout] 
[INFO] [stdout] 
[INFO] [stdout] warning: field `links` is never read
[INFO] [stdout]    --> src/executor/thread_pool.rs:144:5
[INFO] [stdout]     |
[INFO] [stdout] 142 | struct PollerPool {
[INFO] [stdout]     |        ---------- field in this struct
[INFO] [stdout] 143 |     pollers: Vec<poll::PollerHandle>,
[INFO] [stdout] 144 |     links: Vec<Link<(), io::Error>>,
[INFO] [stdout]     |     ^^^^^
[INFO] [stdout]     |
[INFO] [stdout]     = note: `PollerPool` has a derived impl for the trait `Debug`, but this is intentionally ignored during dead code analysis
[INFO] [stdout] 
[INFO] [stdout] 
[INFO] [stdout] warning: 2 warnings emitted
[INFO] [stdout] 
[INFO] [stdout] 
[INFO] [stderr]     Finished dev [unoptimized + debuginfo] target(s) in 2.29s
[INFO] running `Command { std: "docker" "inspect" "767d1de6e094ff7233f7d1333beaa2338ccd99495bdd800891605eb844dc3286", kill_on_drop: false }`
[INFO] running `Command { std: "docker" "rm" "-f" "767d1de6e094ff7233f7d1333beaa2338ccd99495bdd800891605eb844dc3286", kill_on_drop: false }`
[INFO] [stdout] 767d1de6e094ff7233f7d1333beaa2338ccd99495bdd800891605eb844dc3286
[INFO] running `Command { std: "docker" "create" "-v" "/var/lib/crater-agent-workspace/builds/worker-2-tc1/target:/opt/rustwide/target:rw,Z" "-v" "/var/lib/crater-agent-workspace/builds/worker-2-tc1/source:/opt/rustwide/workdir:ro,Z" "-v" "/var/lib/crater-agent-workspace/cargo-home:/opt/rustwide/cargo-home:ro,Z" "-v" "/var/lib/crater-agent-workspace/rustup-home:/opt/rustwide/rustup-home:ro,Z" "-e" "SOURCE_DIR=/opt/rustwide/workdir" "-e" "CARGO_TARGET_DIR=/opt/rustwide/target" "-e" "CARGO_INCREMENTAL=0" "-e" "RUST_BACKTRACE=full" "-e" "RUSTFLAGS=--cap-lints=warn" "-e" "RUSTDOCFLAGS=--cap-lints=warn" "-e" "CARGO_HOME=/opt/rustwide/cargo-home" "-e" "RUSTUP_HOME=/opt/rustwide/rustup-home" "-w" "/opt/rustwide/workdir" "-m" "1610612736" "--user" "0:0" "--network" "none" "ghcr.io/rust-lang/crates-build-env/linux@sha256:5ff2268d62e97bff2cde7d5815dd6ed5b47097566f13b8d0ca110b04b60e07ed" "/opt/rustwide/cargo-home/bin/cargo" "+1.69.0" "test" "--frozen" "--no-run" "--message-format=json", kill_on_drop: false }`
[INFO] [stdout] 32fdfe8295fb6540dafd68381dfeab3ed62a7845a86361e95cfd1229bac66137
[INFO] running `Command { std: "docker" "start" "-a" "32fdfe8295fb6540dafd68381dfeab3ed62a7845a86361e95cfd1229bac66137", kill_on_drop: false }`
[INFO] [stderr]    Compiling byteorder v1.3.2
[INFO] [stderr]    Compiling unicode-width v0.1.6
[INFO] [stderr]    Compiling httparse v1.3.4
[INFO] [stderr]    Compiling vec_map v0.8.1
[INFO] [stderr]    Compiling atty v0.2.13
[INFO] [stdout] warning: field `pollers` is never read
[INFO] [stdout]   --> src/executor/thread_pool.rs:48:5
[INFO] [stdout]    |
[INFO] [stdout] 46 | pub struct ThreadPoolExecutor {
[INFO] [stdout]    |            ------------------ field in this struct
[INFO] [stdout] 47 |     pool: SchedulerPool,
[INFO] [stdout] 48 |     pollers: PollerPool,
[INFO] [stdout]    |     ^^^^^^^
[INFO] [stdout]    |
[INFO] [stdout]    = note: `ThreadPoolExecutor` has a derived impl for the trait `Debug`, but this is intentionally ignored during dead code analysis
[INFO] [stdout]    = note: `#[warn(dead_code)]` on by default
[INFO] [stdout] 
[INFO] [stdout] 
[INFO] [stdout] warning: field `links` is never read
[INFO] [stdout]    --> src/executor/thread_pool.rs:144:5
[INFO] [stdout]     |
[INFO] [stdout] 142 | struct PollerPool {
[INFO] [stdout]     |        ---------- field in this struct
[INFO] [stdout] 143 |     pollers: Vec<poll::PollerHandle>,
[INFO] [stdout] 144 |     links: Vec<Link<(), io::Error>>,
[INFO] [stdout]     |     ^^^^^
[INFO] [stdout]     |
[INFO] [stdout]     = note: `PollerPool` has a derived impl for the trait `Debug`, but this is intentionally ignored during dead code analysis
[INFO] [stdout] 
[INFO] [stdout] 
[INFO] [stdout] warning: 2 warnings emitted
[INFO] [stdout] 
[INFO] [stdout] 
[INFO] [stderr]    Compiling textwrap v0.11.0
[INFO] [stderr]    Compiling clap v2.33.0
[INFO] [stderr]    Compiling handy_async v0.2.13
[INFO] [stderr]    Compiling fibers v0.1.13 (/opt/rustwide/workdir)
[INFO] [stdout] warning: field `pollers` is never read
[INFO] [stdout]   --> src/executor/thread_pool.rs:48:5
[INFO] [stdout]    |
[INFO] [stdout] 46 | pub struct ThreadPoolExecutor {
[INFO] [stdout]    |            ------------------ field in this struct
[INFO] [stdout] 47 |     pool: SchedulerPool,
[INFO] [stdout] 48 |     pollers: PollerPool,
[INFO] [stdout]    |     ^^^^^^^
[INFO] [stdout]    |
[INFO] [stdout]    = note: `ThreadPoolExecutor` has a derived impl for the trait `Debug`, but this is intentionally ignored during dead code analysis
[INFO] [stdout]    = note: `#[warn(dead_code)]` on by default
[INFO] [stdout] 
[INFO] [stdout] 
[INFO] [stdout] warning: field `links` is never read
[INFO] [stdout]    --> src/executor/thread_pool.rs:144:5
[INFO] [stdout]     |
[INFO] [stdout] 142 | struct PollerPool {
[INFO] [stdout]     |        ---------- field in this struct
[INFO] [stdout] 143 |     pollers: Vec<poll::PollerHandle>,
[INFO] [stdout] 144 |     links: Vec<Link<(), io::Error>>,
[INFO] [stdout]     |     ^^^^^
[INFO] [stdout]     |
[INFO] [stdout]     = note: `PollerPool` has a derived impl for the trait `Debug`, but this is intentionally ignored during dead code analysis
[INFO] [stdout] 
[INFO] [stdout] 
[INFO] [stdout] warning: 2 warnings emitted
[INFO] [stdout] 
[INFO] [stdout] 
[INFO] [stderr]     Finished test [unoptimized + debuginfo] target(s) in 4.06s
[INFO] running `Command { std: "docker" "inspect" "32fdfe8295fb6540dafd68381dfeab3ed62a7845a86361e95cfd1229bac66137", kill_on_drop: false }`
[INFO] running `Command { std: "docker" "rm" "-f" "32fdfe8295fb6540dafd68381dfeab3ed62a7845a86361e95cfd1229bac66137", kill_on_drop: false }`
[INFO] [stdout] 32fdfe8295fb6540dafd68381dfeab3ed62a7845a86361e95cfd1229bac66137
[INFO] running `Command { std: "docker" "create" "-v" "/var/lib/crater-agent-workspace/builds/worker-2-tc1/target:/opt/rustwide/target:rw,Z" "-v" "/var/lib/crater-agent-workspace/builds/worker-2-tc1/source:/opt/rustwide/workdir:ro,Z" "-v" "/var/lib/crater-agent-workspace/cargo-home:/opt/rustwide/cargo-home:ro,Z" "-v" "/var/lib/crater-agent-workspace/rustup-home:/opt/rustwide/rustup-home:ro,Z" "-e" "SOURCE_DIR=/opt/rustwide/workdir" "-e" "CARGO_TARGET_DIR=/opt/rustwide/target" "-e" "CARGO_INCREMENTAL=0" "-e" "RUST_BACKTRACE=full" "-e" "RUSTFLAGS=--cap-lints=warn" "-e" "RUSTDOCFLAGS=--cap-lints=warn" "-e" "CARGO_HOME=/opt/rustwide/cargo-home" "-e" "RUSTUP_HOME=/opt/rustwide/rustup-home" "-w" "/opt/rustwide/workdir" "-m" "1610612736" "--user" "0:0" "--network" "none" "ghcr.io/rust-lang/crates-build-env/linux@sha256:5ff2268d62e97bff2cde7d5815dd6ed5b47097566f13b8d0ca110b04b60e07ed" "/opt/rustwide/cargo-home/bin/cargo" "+1.69.0" "test" "--frozen", kill_on_drop: false }`
[INFO] [stdout] 8d88d82da96b57a46b2156c78c6219b52bb7ad8b7a986a73f1dfc88fd4b03712
[INFO] running `Command { std: "docker" "start" "-a" "8d88d82da96b57a46b2156c78c6219b52bb7ad8b7a986a73f1dfc88fd4b03712", kill_on_drop: false }`
[INFO] [stderr] warning: field `pollers` is never read
[INFO] [stderr]   --> src/executor/thread_pool.rs:48:5
[INFO] [stderr]    |
[INFO] [stderr] 46 | pub struct ThreadPoolExecutor {
[INFO] [stderr]    |            ------------------ field in this struct
[INFO] [stderr] 47 |     pool: SchedulerPool,
[INFO] [stderr] 48 |     pollers: PollerPool,
[INFO] [stderr]    |     ^^^^^^^
[INFO] [stderr]    |
[INFO] [stderr]    = note: `ThreadPoolExecutor` has a derived impl for the trait `Debug`, but this is intentionally ignored during dead code analysis
[INFO] [stderr]    = note: `#[warn(dead_code)]` on by default
[INFO] [stderr] 
[INFO] [stderr] warning: field `links` is never read
[INFO] [stderr]    --> src/executor/thread_pool.rs:144:5
[INFO] [stderr]     |
[INFO] [stderr] 142 | struct PollerPool {
[INFO] [stderr]     |        ---------- field in this struct
[INFO] [stderr] 143 |     pollers: Vec<poll::PollerHandle>,
[INFO] [stderr] 144 |     links: Vec<Link<(), io::Error>>,
[INFO] [stderr]     |     ^^^^^
[INFO] [stderr]     |
[INFO] [stderr]     = note: `PollerPool` has a derived impl for the trait `Debug`, but this is intentionally ignored during dead code analysis
[INFO] [stderr] 
[INFO] [stderr] warning: `fibers` (lib) generated 2 warnings
[INFO] [stderr] warning: `fibers` (lib test) generated 2 warnings (2 duplicates)
[INFO] [stderr]     Finished test [unoptimized + debuginfo] target(s) in 0.02s
[INFO] [stderr]      Running unittests src/lib.rs (/opt/rustwide/target/debug/deps/fibers-91ce581d46b8d7c8)
[INFO] [stdout] 
[INFO] [stdout] running 4 tests
[INFO] [stdout] test collections::test::it_works ... ok
[INFO] [stdout] test sync_atomic::test::it_works ... ok
[INFO] [stdout] test time::timer::test::it_works ... ok
[INFO] [stdout] test time::timer::test::timeout_after_works ... ok
[INFO] [stdout] 
[INFO] [stdout] test result: ok. 4 passed; 0 failed; 0 ignored; 0 measured; 0 filtered out; finished in 0.00s
[INFO] [stdout] 
[INFO] [stderr]    Doc-tests fibers
[INFO] [stdout] 
[INFO] [stdout] running 17 tests
[INFO] [stdout] test src/lib.rs - (line 30) ... ignored
[INFO] [stdout] test src/lib.rs - (line 113) - compile ... ok
[INFO] [stdout] test src/sync/oneshot.rs - sync::oneshot::MonitorError<E>::unwrap_or (line 306) ... ok
[INFO] [stdout] test src/sync/oneshot.rs - sync::oneshot::MonitorError<E>::map (line 281) ... ok
[INFO] [stdout] test src/sync/oneshot.rs - sync::oneshot::monitor (line 190) ... ok
[INFO] [stdout] test src/sync/oneshot.rs - sync::oneshot::monitor (line 155) ... ok
[INFO] [stdout] test src/fiber/mod.rs - fiber::Spawn::spawn_link (line 73) ... ok
[INFO] [stdout] test src/sync/mpsc.rs - sync::mpsc (line 14) ... ok
[INFO] [stdout] test src/fiber/schedule.rs - fiber::schedule::yield_poll (line 260) ... ok
[INFO] [stdout] test src/sync/oneshot.rs - sync::oneshot::channel (line 30) ... ok
[INFO] [stdout] test src/sync/mpsc.rs - sync::mpsc::channel (line 76) ... ok
[INFO] [stdout] test src/net/tcp.rs - net::tcp::TcpStream (line 216) ... FAILED
[INFO] [stdout] test src/net/tcp.rs - net::tcp::TcpListener (line 22) ... FAILED
[INFO] [stdout] test src/executor/thread_pool.rs - executor::thread_pool::ThreadPoolExecutor (line 24) ... ok
[INFO] [stdout] test src/net/udp.rs - net::udp::UdpSocket (line 19) ... ok
[INFO] [stdout] test src/executor/in_place.rs - executor::in_place::InPlaceExecutor (line 18) ... ok
[INFO] [stdout] test src/lib.rs - (line 77) ... ok
[INFO] [stdout] 
[INFO] [stdout] failures:
[INFO] [stdout] 
[INFO] [stdout] ---- src/net/tcp.rs - net::tcp::TcpStream (line 216) stdout ----
[INFO] [stdout] Test executable failed (exit status: 101).
[INFO] [stdout] 
[INFO] [stdout] stderr:
[INFO] [stdout] thread 'main' panicked at 'Os { code: 22, kind: InvalidInput, message: "Invalid argument" }', src/net/tcp.rs:26:18
[INFO] [stdout] stack backtrace:
[INFO] [stdout]    0:     0x55b22688e24a - std::backtrace_rs::backtrace::libunwind::trace::ha9053a9a07ca49cb
[INFO] [stdout]                                at /rustc/84c898d65adf2f39a5a98507f1fe0ce10a2b8dbc/library/std/src/../../backtrace/src/backtrace/libunwind.rs:93:5
[INFO] [stdout]    1:     0x55b22688e24a - std::backtrace_rs::backtrace::trace_unsynchronized::h9c2852a457ad564e
[INFO] [stdout]                                at /rustc/84c898d65adf2f39a5a98507f1fe0ce10a2b8dbc/library/std/src/../../backtrace/src/backtrace/mod.rs:66:5
[INFO] [stdout]    2:     0x55b22688e24a - std::sys_common::backtrace::_print_fmt::h457936fbfaa0070f
[INFO] [stdout]                                at /rustc/84c898d65adf2f39a5a98507f1fe0ce10a2b8dbc/library/std/src/sys_common/backtrace.rs:65:5
[INFO] [stdout]    3:     0x55b22688e24a - <std::sys_common::backtrace::_print::DisplayBacktrace as core::fmt::Display>::fmt::h5779d7bf7f70cb0c
[INFO] [stdout]                                at /rustc/84c898d65adf2f39a5a98507f1fe0ce10a2b8dbc/library/std/src/sys_common/backtrace.rs:44:22
[INFO] [stdout]    4:     0x55b2268ab26e - core::fmt::write::h5a4baaff1bcd3eb5
[INFO] [stdout]                                at /rustc/84c898d65adf2f39a5a98507f1fe0ce10a2b8dbc/library/core/src/fmt/mod.rs:1232:17
[INFO] [stdout]    5:     0x55b22688bd35 - std::io::Write::write_fmt::h4bc1f301cb9e9cce
[INFO] [stdout]                                at /rustc/84c898d65adf2f39a5a98507f1fe0ce10a2b8dbc/library/std/src/io/mod.rs:1684:15
[INFO] [stdout]    6:     0x55b22688e015 - std::sys_common::backtrace::_print::h5fcdc36060f177e8
[INFO] [stdout]                                at /rustc/84c898d65adf2f39a5a98507f1fe0ce10a2b8dbc/library/std/src/sys_common/backtrace.rs:47:5
[INFO] [stdout]    7:     0x55b22688e015 - std::sys_common::backtrace::print::h54ca9458b876c8bf
[INFO] [stdout]                                at /rustc/84c898d65adf2f39a5a98507f1fe0ce10a2b8dbc/library/std/src/sys_common/backtrace.rs:34:9
[INFO] [stdout]    8:     0x55b22688f66f - std::panicking::default_hook::{{closure}}::hbe471161c7664ed6
[INFO] [stdout]                                at /rustc/84c898d65adf2f39a5a98507f1fe0ce10a2b8dbc/library/std/src/panicking.rs:271:22
[INFO] [stdout]    9:     0x55b22688f3ab - std::panicking::default_hook::ha3500da57aa4ac4f
[INFO] [stdout]                                at /rustc/84c898d65adf2f39a5a98507f1fe0ce10a2b8dbc/library/std/src/panicking.rs:290:9
[INFO] [stdout]   10:     0x55b22688fc18 - std::panicking::rust_panic_with_hook::h50c09d000dc561d2
[INFO] [stdout]                                at /rustc/84c898d65adf2f39a5a98507f1fe0ce10a2b8dbc/library/std/src/panicking.rs:692:13
[INFO] [stdout]   11:     0x55b22688fb19 - std::panicking::begin_panic_handler::{{closure}}::h9e2b2176e00e0d9c
[INFO] [stdout]                                at /rustc/84c898d65adf2f39a5a98507f1fe0ce10a2b8dbc/library/std/src/panicking.rs:583:13
[INFO] [stdout]   12:     0x55b22688e6b6 - std::sys_common::backtrace::__rust_end_short_backtrace::h5739b8e512c09d02
[INFO] [stdout]                                at /rustc/84c898d65adf2f39a5a98507f1fe0ce10a2b8dbc/library/std/src/sys_common/backtrace.rs:150:18
[INFO] [stdout]   13:     0x55b22688f822 - rust_begin_unwind
[INFO] [stdout]                                at /rustc/84c898d65adf2f39a5a98507f1fe0ce10a2b8dbc/library/std/src/panicking.rs:579:5
[INFO] [stdout]   14:     0x55b226815493 - core::panicking::panic_fmt::hf33a1475b4dc5c3e
[INFO] [stdout]                                at /rustc/84c898d65adf2f39a5a98507f1fe0ce10a2b8dbc/library/core/src/panicking.rs:64:14
[INFO] [stdout]   15:     0x55b22681c417 - rust_out::main::_doctest_main_src_net_tcp_rs_216_0::{{closure}}::h6cfa36c2be3238ce
[INFO] [stdout]   16:     0x55b226817798 - core::result::Result<T,E>::map_err::hecc1e8db41eabbc9
[INFO] [stdout]   17:     0x55b22681b3d0 - <futures::future::map_err::MapErr<A,F> as futures::future::Future>::poll::h9f51f05087dc4ed9
[INFO] [stdout]   18:     0x55b226874302 - <alloc::boxed::Box<F> as futures::future::Future>::poll::hc2920d4713eb71f1
[INFO] [stdout]                                at /opt/rustwide/cargo-home/registry/src/github.com-1ecc6299db9ec823/futures-0.1.29/src/future/mod.rs:113:13
[INFO] [stdout]   19:     0x55b22682e2f7 - fibers::fiber::FiberState::run_once::hf3db037378a5c4a3
[INFO] [stdout]                                at /opt/rustwide/workdir/src/fiber/mod.rs:169:38
[INFO] [stdout]   20:     0x55b226832b12 - fibers::fiber::schedule::Scheduler::run_fiber::hc60f048cf4c6ff81
[INFO] [stdout]                                at /opt/rustwide/workdir/src/fiber/schedule.rs:157:24
[INFO] [stdout]   21:     0x55b22683277d - fibers::fiber::schedule::Scheduler::run_once::h51b36a5ff1274618
[INFO] [stdout]                                at /opt/rustwide/workdir/src/fiber/schedule.rs:103:17
[INFO] [stdout]   22:     0x55b22684467d - <fibers::executor::in_place::InPlaceExecutor as fibers::executor::Executor>::run_once::had0dcdd836305648
[INFO] [stdout]                                at /opt/rustwide/workdir/src/executor/in_place.rs:68:9
[INFO] [stdout]   23:     0x55b22681bfec - rust_out::main::_doctest_main_src_net_tcp_rs_216_0::h913eb7daecb80e44
[INFO] [stdout]   24:     0x55b22681bcf6 - rust_out::main::h045d0fd74ed7290e
[INFO] [stdout]   25:     0x55b226816353 - core::ops::function::FnOnce::call_once::h5b89dea722ea21ad
[INFO] [stdout]   26:     0x55b226815be9 - std::sys_common::backtrace::__rust_begin_short_backtrace::hc178e4cfacf1803d
[INFO] [stdout]   27:     0x55b226815c39 - std::rt::lang_start::{{closure}}::he8c5d60628d06093
[INFO] [stdout]   28:     0x55b2268890ec - core::ops::function::impls::<impl core::ops::function::FnOnce<A> for &F>::call_once::hd6efcd3bec896f2c
[INFO] [stdout]                                at /rustc/84c898d65adf2f39a5a98507f1fe0ce10a2b8dbc/library/core/src/ops/function.rs:287:13
[INFO] [stdout]   29:     0x55b2268890ec - std::panicking::try::do_call::hce04e543bb1f4cbb
[INFO] [stdout]                                at /rustc/84c898d65adf2f39a5a98507f1fe0ce10a2b8dbc/library/std/src/panicking.rs:487:40
[INFO] [stdout]   30:     0x55b2268890ec - std::panicking::try::h3342dd4e1f680968
[INFO] [stdout]                                at /rustc/84c898d65adf2f39a5a98507f1fe0ce10a2b8dbc/library/std/src/panicking.rs:451:19
[INFO] [stdout]   31:     0x55b2268890ec - std::panic::catch_unwind::h148ce1e59ac0cee7
[INFO] [stdout]                                at /rustc/84c898d65adf2f39a5a98507f1fe0ce10a2b8dbc/library/std/src/panic.rs:140:14
[INFO] [stdout]   32:     0x55b2268890ec - std::rt::lang_start_internal::{{closure}}::h25f9dda2057a67fe
[INFO] [stdout]                                at /rustc/84c898d65adf2f39a5a98507f1fe0ce10a2b8dbc/library/std/src/rt.rs:148:48
[INFO] [stdout]   33:     0x55b2268890ec - std::panicking::try::do_call::h7caaaeaf9401650b
[INFO] [stdout]                                at /rustc/84c898d65adf2f39a5a98507f1fe0ce10a2b8dbc/library/std/src/panicking.rs:487:40
[INFO] [stdout]   34:     0x55b2268890ec - std::panicking::try::he7d15285746cbbc2
[INFO] [stdout]                                at /rustc/84c898d65adf2f39a5a98507f1fe0ce10a2b8dbc/library/std/src/panicking.rs:451:19
[INFO] [stdout]   35:     0x55b2268890ec - std::panic::catch_unwind::h89fb4f50c0301fe0
[INFO] [stdout]                                at /rustc/84c898d65adf2f39a5a98507f1fe0ce10a2b8dbc/library/std/src/panic.rs:140:14
[INFO] [stdout]   36:     0x55b2268890ec - std::rt::lang_start_internal::h078acd489417d3c1
[INFO] [stdout]                                at /rustc/84c898d65adf2f39a5a98507f1fe0ce10a2b8dbc/library/std/src/rt.rs:148:20
[INFO] [stdout]   37:     0x55b226815c17 - std::rt::lang_start::h335d6166ecad8ac7
[INFO] [stdout]   38:     0x55b22681c635 - main
[INFO] [stdout]   39:     0x7fcced3b1d90 - <unknown>
[INFO] [stdout]   40:     0x7fcced3b1e40 - __libc_start_main
[INFO] [stdout]   41:     0x55b226815a65 - _start
[INFO] [stdout]   42:                0x0 - <unknown>
[INFO] [stdout] 
[INFO] [stdout] 
[INFO] [stdout] ---- src/net/tcp.rs - net::tcp::TcpListener (line 22) stdout ----
[INFO] [stdout] Test executable failed (exit status: 101).
[INFO] [stdout] 
[INFO] [stdout] stderr:
[INFO] [stdout] thread 'main' panicked at 'Os { code: 22, kind: InvalidInput, message: "Invalid argument" }', src/net/tcp.rs:26:18
[INFO] [stdout] stack backtrace:
[INFO] [stdout]    0:     0x5653f432165a - std::backtrace_rs::backtrace::libunwind::trace::ha9053a9a07ca49cb
[INFO] [stdout]                                at /rustc/84c898d65adf2f39a5a98507f1fe0ce10a2b8dbc/library/std/src/../../backtrace/src/backtrace/libunwind.rs:93:5
[INFO] [stdout]    1:     0x5653f432165a - std::backtrace_rs::backtrace::trace_unsynchronized::h9c2852a457ad564e
[INFO] [stdout]                                at /rustc/84c898d65adf2f39a5a98507f1fe0ce10a2b8dbc/library/std/src/../../backtrace/src/backtrace/mod.rs:66:5
[INFO] [stdout]    2:     0x5653f432165a - std::sys_common::backtrace::_print_fmt::h457936fbfaa0070f
[INFO] [stdout]                                at /rustc/84c898d65adf2f39a5a98507f1fe0ce10a2b8dbc/library/std/src/sys_common/backtrace.rs:65:5
[INFO] [stdout]    3:     0x5653f432165a - <std::sys_common::backtrace::_print::DisplayBacktrace as core::fmt::Display>::fmt::h5779d7bf7f70cb0c
[INFO] [stdout]                                at /rustc/84c898d65adf2f39a5a98507f1fe0ce10a2b8dbc/library/std/src/sys_common/backtrace.rs:44:22
[INFO] [stdout]    4:     0x5653f433e67e - core::fmt::write::h5a4baaff1bcd3eb5
[INFO] [stdout]                                at /rustc/84c898d65adf2f39a5a98507f1fe0ce10a2b8dbc/library/core/src/fmt/mod.rs:1232:17
[INFO] [stdout]    5:     0x5653f431f195 - std::io::Write::write_fmt::h4bc1f301cb9e9cce
[INFO] [stdout]                                at /rustc/84c898d65adf2f39a5a98507f1fe0ce10a2b8dbc/library/std/src/io/mod.rs:1684:15
[INFO] [stdout]    6:     0x5653f4321425 - std::sys_common::backtrace::_print::h5fcdc36060f177e8
[INFO] [stdout]                                at /rustc/84c898d65adf2f39a5a98507f1fe0ce10a2b8dbc/library/std/src/sys_common/backtrace.rs:47:5
[INFO] [stdout]    7:     0x5653f4321425 - std::sys_common::backtrace::print::h54ca9458b876c8bf
[INFO] [stdout]                                at /rustc/84c898d65adf2f39a5a98507f1fe0ce10a2b8dbc/library/std/src/sys_common/backtrace.rs:34:9
[INFO] [stdout]    8:     0x5653f4322a7f - std::panicking::default_hook::{{closure}}::hbe471161c7664ed6
[INFO] [stdout]                                at /rustc/84c898d65adf2f39a5a98507f1fe0ce10a2b8dbc/library/std/src/panicking.rs:271:22
[INFO] [stdout]    9:     0x5653f43227bb - std::panicking::default_hook::ha3500da57aa4ac4f
[INFO] [stdout]                                at /rustc/84c898d65adf2f39a5a98507f1fe0ce10a2b8dbc/library/std/src/panicking.rs:290:9
[INFO] [stdout]   10:     0x5653f4323028 - std::panicking::rust_panic_with_hook::h50c09d000dc561d2
[INFO] [stdout]                                at /rustc/84c898d65adf2f39a5a98507f1fe0ce10a2b8dbc/library/std/src/panicking.rs:692:13
[INFO] [stdout]   11:     0x5653f4322f29 - std::panicking::begin_panic_handler::{{closure}}::h9e2b2176e00e0d9c
[INFO] [stdout]                                at /rustc/84c898d65adf2f39a5a98507f1fe0ce10a2b8dbc/library/std/src/panicking.rs:583:13
[INFO] [stdout]   12:     0x5653f4321ac6 - std::sys_common::backtrace::__rust_end_short_backtrace::h5739b8e512c09d02
[INFO] [stdout]                                at /rustc/84c898d65adf2f39a5a98507f1fe0ce10a2b8dbc/library/std/src/sys_common/backtrace.rs:150:18
[INFO] [stdout]   13:     0x5653f4322c32 - rust_begin_unwind
[INFO] [stdout]                                at /rustc/84c898d65adf2f39a5a98507f1fe0ce10a2b8dbc/library/std/src/panicking.rs:579:5
[INFO] [stdout]   14:     0x5653f42a9493 - core::panicking::panic_fmt::hf33a1475b4dc5c3e
[INFO] [stdout]                                at /rustc/84c898d65adf2f39a5a98507f1fe0ce10a2b8dbc/library/core/src/panicking.rs:64:14
[INFO] [stdout]   15:     0x5653f42b0417 - rust_out::main::_doctest_main_src_net_tcp_rs_22_0::{{closure}}::hb059147abef58bb1
[INFO] [stdout]   16:     0x5653f42ab798 - core::result::Result<T,E>::map_err::hbb915642d54985ac
[INFO] [stdout]   17:     0x5653f42af530 - <futures::future::map_err::MapErr<A,F> as futures::future::Future>::poll::h9caf411ec5482388
[INFO] [stdout]   18:     0x5653f4307762 - <alloc::boxed::Box<F> as futures::future::Future>::poll::hc2920d4713eb71f1
[INFO] [stdout]                                at /opt/rustwide/cargo-home/registry/src/github.com-1ecc6299db9ec823/futures-0.1.29/src/future/mod.rs:113:13
[INFO] [stdout]   19:     0x5653f42c2277 - fibers::fiber::FiberState::run_once::hf3db037378a5c4a3
[INFO] [stdout]                                at /opt/rustwide/workdir/src/fiber/mod.rs:169:38
[INFO] [stdout]   20:     0x5653f42c6a92 - fibers::fiber::schedule::Scheduler::run_fiber::hc60f048cf4c6ff81
[INFO] [stdout]                                at /opt/rustwide/workdir/src/fiber/schedule.rs:157:24
[INFO] [stdout]   21:     0x5653f42c66fd - fibers::fiber::schedule::Scheduler::run_once::h51b36a5ff1274618
[INFO] [stdout]                                at /opt/rustwide/workdir/src/fiber/schedule.rs:103:17
[INFO] [stdout]   22:     0x5653f42d7d1d - <fibers::executor::in_place::InPlaceExecutor as fibers::executor::Executor>::run_once::had0dcdd836305648
[INFO] [stdout]                                at /opt/rustwide/workdir/src/executor/in_place.rs:68:9
[INFO] [stdout]   23:     0x5653f42affec - rust_out::main::_doctest_main_src_net_tcp_rs_22_0::hfbcb49bc0df734fd
[INFO] [stdout]   24:     0x5653f42afcf6 - rust_out::main::h045d0fd74ed7290e
[INFO] [stdout]   25:     0x5653f42aa353 - core::ops::function::FnOnce::call_once::h5b89dea722ea21ad
[INFO] [stdout]   26:     0x5653f42a9be9 - std::sys_common::backtrace::__rust_begin_short_backtrace::hc178e4cfacf1803d
[INFO] [stdout]   27:     0x5653f42a9c39 - std::rt::lang_start::{{closure}}::he8c5d60628d06093
[INFO] [stdout]   28:     0x5653f431c54c - core::ops::function::impls::<impl core::ops::function::FnOnce<A> for &F>::call_once::hd6efcd3bec896f2c
[INFO] [stdout]                                at /rustc/84c898d65adf2f39a5a98507f1fe0ce10a2b8dbc/library/core/src/ops/function.rs:287:13
[INFO] [stdout]   29:     0x5653f431c54c - std::panicking::try::do_call::hce04e543bb1f4cbb
[INFO] [stdout]                                at /rustc/84c898d65adf2f39a5a98507f1fe0ce10a2b8dbc/library/std/src/panicking.rs:487:40
[INFO] [stdout]   30:     0x5653f431c54c - std::panicking::try::h3342dd4e1f680968
[INFO] [stdout]                                at /rustc/84c898d65adf2f39a5a98507f1fe0ce10a2b8dbc/library/std/src/panicking.rs:451:19
[INFO] [stdout]   31:     0x5653f431c54c - std::panic::catch_unwind::h148ce1e59ac0cee7
[INFO] [stdout]                                at /rustc/84c898d65adf2f39a5a98507f1fe0ce10a2b8dbc/library/std/src/panic.rs:140:14
[INFO] [stdout]   32:     0x5653f431c54c - std::rt::lang_start_internal::{{closure}}::h25f9dda2057a67fe
[INFO] [stdout]                                at /rustc/84c898d65adf2f39a5a98507f1fe0ce10a2b8dbc/library/std/src/rt.rs:148:48
[INFO] [stdout]   33:     0x5653f431c54c - std::panicking::try::do_call::h7caaaeaf9401650b
[INFO] [stdout]                                at /rustc/84c898d65adf2f39a5a98507f1fe0ce10a2b8dbc/library/std/src/panicking.rs:487:40
[INFO] [stdout]   34:     0x5653f431c54c - std::panicking::try::he7d15285746cbbc2
[INFO] [stdout]                                at /rustc/84c898d65adf2f39a5a98507f1fe0ce10a2b8dbc/library/std/src/panicking.rs:451:19
[INFO] [stdout]   35:     0x5653f431c54c - std::panic::catch_unwind::h89fb4f50c0301fe0
[INFO] [stdout]                                at /rustc/84c898d65adf2f39a5a98507f1fe0ce10a2b8dbc/library/std/src/panic.rs:140:14
[INFO] [stdout]   36:     0x5653f431c54c - std::rt::lang_start_internal::h078acd489417d3c1
[INFO] [stdout]                                at /rustc/84c898d65adf2f39a5a98507f1fe0ce10a2b8dbc/library/std/src/rt.rs:148:20
[INFO] [stdout]   37:     0x5653f42a9c17 - std::rt::lang_start::h335d6166ecad8ac7
[INFO] [stdout]   38:     0x5653f42b0605 - main
[INFO] [stdout]   39:     0x7f13e71d6d90 - <unknown>
[INFO] [stdout]   40:     0x7f13e71d6e40 - __libc_start_main
[INFO] [stdout]   41:     0x5653f42a9a65 - _start
[INFO] [stdout]   42:                0x0 - <unknown>
[INFO] [stdout] 
[INFO] [stdout] 
[INFO] [stdout] 
[INFO] [stdout] failures:
[INFO] [stdout]     src/net/tcp.rs - net::tcp::TcpListener (line 22)
[INFO] [stdout]     src/net/tcp.rs - net::tcp::TcpStream (line 216)
[INFO] [stdout] 
[INFO] [stdout] test result: FAILED. 14 passed; 2 failed; 1 ignored; 0 measured; 0 filtered out; finished in 0.70s
[INFO] [stdout] 
[INFO] [stderr] error: doctest failed, to rerun pass `--doc`
[INFO] running `Command { std: "docker" "inspect" "8d88d82da96b57a46b2156c78c6219b52bb7ad8b7a986a73f1dfc88fd4b03712", kill_on_drop: false }`
[INFO] running `Command { std: "docker" "rm" "-f" "8d88d82da96b57a46b2156c78c6219b52bb7ad8b7a986a73f1dfc88fd4b03712", kill_on_drop: false }`
[INFO] [stdout] 8d88d82da96b57a46b2156c78c6219b52bb7ad8b7a986a73f1dfc88fd4b03712
