[INFO] fetching crate ffmpeg-dev 0.3.8...
[INFO] testing ffmpeg-dev-0.3.8 against 1.69.0 for beta-1.70-1
[INFO] extracting crate ffmpeg-dev 0.3.8 into /workspace/builds/worker-4-tc1/source
[INFO] validating manifest of crates.io crate ffmpeg-dev 0.3.8 on toolchain 1.69.0
[INFO] running `Command { std: CARGO_HOME="/workspace/cargo-home" RUSTUP_HOME="/workspace/rustup-home" "/workspace/cargo-home/bin/cargo" "+1.69.0" "metadata" "--manifest-path" "Cargo.toml" "--no-deps", kill_on_drop: false }`
[INFO] started tweaking crates.io crate ffmpeg-dev 0.3.8
[INFO] finished tweaking crates.io crate ffmpeg-dev 0.3.8
[INFO] tweaked toml for crates.io crate ffmpeg-dev 0.3.8 written to /workspace/builds/worker-4-tc1/source/Cargo.toml
[INFO] crate crates.io crate ffmpeg-dev 0.3.8 already has a lockfile, it will not be regenerated
[INFO] running `Command { std: CARGO_HOME="/workspace/cargo-home" RUSTUP_HOME="/workspace/rustup-home" "/workspace/cargo-home/bin/cargo" "+1.69.0" "fetch" "--manifest-path" "Cargo.toml", kill_on_drop: false }`
[INFO] [stderr]  Downloading crates ...
[INFO] [stderr]   Downloaded flate2 v1.0.13
[INFO] [stderr]   Downloaded which v3.1.0
[INFO] [stderr]   Downloaded miniz_oxide v0.3.5
[INFO] [stderr]   Downloaded rustc-hash v1.0.1
[INFO] [stderr]   Downloaded hermit-abi v0.1.3
[INFO] running `Command { std: "docker" "create" "-v" "/var/lib/crater-agent-workspace/builds/worker-4-tc1/target:/opt/rustwide/target:rw,Z" "-v" "/var/lib/crater-agent-workspace/builds/worker-4-tc1/source:/opt/rustwide/workdir:ro,Z" "-v" "/var/lib/crater-agent-workspace/cargo-home:/opt/rustwide/cargo-home:ro,Z" "-v" "/var/lib/crater-agent-workspace/rustup-home:/opt/rustwide/rustup-home:ro,Z" "-e" "SOURCE_DIR=/opt/rustwide/workdir" "-e" "CARGO_TARGET_DIR=/opt/rustwide/target" "-e" "CARGO_HOME=/opt/rustwide/cargo-home" "-e" "RUSTUP_HOME=/opt/rustwide/rustup-home" "-w" "/opt/rustwide/workdir" "-m" "1610612736" "--user" "0:0" "--network" "none" "ghcr.io/rust-lang/crates-build-env/linux@sha256:5ff2268d62e97bff2cde7d5815dd6ed5b47097566f13b8d0ca110b04b60e07ed" "/opt/rustwide/cargo-home/bin/cargo" "+1.69.0" "metadata" "--no-deps" "--format-version=1", kill_on_drop: false }`
[INFO] [stdout] 55257dbf84de1e516be55ce86f8aeb664c971675d09341ded8d6d9c336648609
[INFO] running `Command { std: "docker" "start" "-a" "55257dbf84de1e516be55ce86f8aeb664c971675d09341ded8d6d9c336648609", kill_on_drop: false }`
[INFO] running `Command { std: "docker" "inspect" "55257dbf84de1e516be55ce86f8aeb664c971675d09341ded8d6d9c336648609", kill_on_drop: false }`
[INFO] running `Command { std: "docker" "rm" "-f" "55257dbf84de1e516be55ce86f8aeb664c971675d09341ded8d6d9c336648609", kill_on_drop: false }`
[INFO] [stdout] 55257dbf84de1e516be55ce86f8aeb664c971675d09341ded8d6d9c336648609
[INFO] running `Command { std: "docker" "create" "-v" "/var/lib/crater-agent-workspace/builds/worker-4-tc1/target:/opt/rustwide/target:rw,Z" "-v" "/var/lib/crater-agent-workspace/builds/worker-4-tc1/source:/opt/rustwide/workdir:ro,Z" "-v" "/var/lib/crater-agent-workspace/cargo-home:/opt/rustwide/cargo-home:ro,Z" "-v" "/var/lib/crater-agent-workspace/rustup-home:/opt/rustwide/rustup-home:ro,Z" "-e" "SOURCE_DIR=/opt/rustwide/workdir" "-e" "CARGO_TARGET_DIR=/opt/rustwide/target" "-e" "CARGO_INCREMENTAL=0" "-e" "RUST_BACKTRACE=full" "-e" "RUSTFLAGS=--cap-lints=warn" "-e" "RUSTDOCFLAGS=--cap-lints=warn" "-e" "CARGO_HOME=/opt/rustwide/cargo-home" "-e" "RUSTUP_HOME=/opt/rustwide/rustup-home" "-w" "/opt/rustwide/workdir" "-m" "1610612736" "--user" "0:0" "--network" "none" "ghcr.io/rust-lang/crates-build-env/linux@sha256:5ff2268d62e97bff2cde7d5815dd6ed5b47097566f13b8d0ca110b04b60e07ed" "/opt/rustwide/cargo-home/bin/cargo" "+1.69.0" "build" "--frozen" "--message-format=json", kill_on_drop: false }`
[INFO] [stdout] 2e8cdc6e85d2d4287375e78c5fb16f699c59fb0f0eb273e4af31928d1cdb248c
[INFO] running `Command { std: "docker" "start" "-a" "2e8cdc6e85d2d4287375e78c5fb16f699c59fb0f0eb273e4af31928d1cdb248c", kill_on_drop: false }`
[INFO] [stderr]    Compiling libc v0.2.66
[INFO] [stderr]    Compiling memchr v2.2.1
[INFO] [stderr]    Compiling cc v1.0.48
[INFO] [stderr]    Compiling byteorder v1.3.2
[INFO] [stderr]    Compiling proc-macro2 v1.0.6
[INFO] [stderr]    Compiling thread_local v0.3.6
[INFO] [stderr]    Compiling quick-error v1.2.2
[INFO] [stderr]    Compiling regex-syntax v0.6.12
[INFO] [stderr]    Compiling crc32fast v1.2.0
[INFO] [stderr]    Compiling unicode-xid v0.2.0
[INFO] [stderr]    Compiling humantime v1.3.0
[INFO] [stderr]    Compiling termcolor v1.0.5
[INFO] [stderr]    Compiling adler32 v1.0.4
[INFO] [stderr]    Compiling rustc-hash v1.0.1
[INFO] [stderr]    Compiling aho-corasick v0.7.6
[INFO] [stderr]    Compiling atty v0.2.13
[INFO] [stderr]    Compiling nom v4.2.3
[INFO] [stderr]    Compiling clap v2.33.0
[INFO] [stderr]    Compiling xattr v0.2.2
[INFO] [stderr]    Compiling which v3.1.0
[INFO] [stderr]    Compiling filetime v0.2.8
[INFO] [stderr]    Compiling libloading v0.5.2
[INFO] [stderr]    Compiling miniz_oxide v0.3.5
[INFO] [stderr]    Compiling quote v1.0.2
[INFO] [stderr]    Compiling bindgen v0.51.1
[INFO] [stderr]    Compiling regex v1.3.1
[INFO] [stderr]    Compiling cexpr v0.3.6
[INFO] [stderr]    Compiling clang-sys v0.28.1
[INFO] [stderr]    Compiling flate2 v1.0.13
[INFO] [stderr]    Compiling tar v0.4.26
[INFO] [stderr]    Compiling num_cpus v1.11.1
[INFO] [stderr]    Compiling env_logger v0.6.2
[INFO] [stderr]    Compiling ffmpeg-dev v0.3.8 (/opt/rustwide/workdir)
[INFO] [stderr] warning: cbits/img_utils.c: In function 'mp4_packager':
[INFO] [stderr] warning: cbits/img_utils.c:248: warning: ignoring '#pragma clang diagnostic' [-Wunknown-pragmas]
[INFO] [stderr] warning:   248 |         #pragma clang diagnostic ignored "-Wdeprecated-declarations"
[INFO] [stderr] warning:       |
[INFO] [stderr] warning: cbits/img_utils.c:249:14: warning: 'codec' is deprecated [-Wdeprecated-declarations]
[INFO] [stderr] warning:   249 |         enum AVCodecID codec_id = ifmt_ctx->streams[stream_index]->codec->codec_id;
[INFO] [stderr] warning:       |              ^~~~~~~~~
[INFO] [stderr] warning: In file included from cbits/img_utils.c:26:
[INFO] [stderr] warning: /opt/rustwide/target/debug/build/ffmpeg-dev-f9c169cb648116af/out/FFmpeg-FFmpeg-2722fc2/libavformat/avformat.h:885:21: note: declared here
[INFO] [stderr] warning:   885 |     AVCodecContext *codec;
[INFO] [stderr] warning:       |                     ^~~~~
[INFO] [stderr] warning: cbits/img_utils.c: At top level:
[INFO] [stderr] warning: cbits/img_utils.c:477: warning: ignoring '#pragma clang diagnostic' [-Wunknown-pragmas]
[INFO] [stderr] warning:   477 | #pragma clang diagnostic ignored "-Wunused-parameter"
[INFO] [stderr] warning:       |
[INFO] [stderr] warning: cbits/img_utils.c: In function 'decode_packet':
[INFO] [stderr] warning: cbits/img_utils.c:488: warning: ignoring '#pragma clang diagnostic' [-Wunknown-pragmas]
[INFO] [stderr] warning:   488 |         #pragma clang diagnostic ignored "-Wdeprecated-declarations"
[INFO] [stderr] warning:       |
[INFO] [stderr] warning: cbits/img_utils.c:489:9: warning: 'avcodec_decode_video2' is deprecated [-Wdeprecated-declarations]
[INFO] [stderr] warning:   489 |         int res = avcodec_decode_video2(
[INFO] [stderr] warning:       |         ^~~
[INFO] [stderr] warning: In file included from /opt/rustwide/target/debug/build/ffmpeg-dev-f9c169cb648116af/out/FFmpeg-FFmpeg-2722fc2/libavformat/avformat.h:317,
[INFO] [stderr] warning:                  from cbits/img_utils.c:26:
[INFO] [stderr] warning: /opt/rustwide/target/debug/build/ffmpeg-dev-f9c169cb648116af/out/FFmpeg-FFmpeg-2722fc2/libavcodec/avcodec.h:4828:5: note: declared here
[INFO] [stderr] warning:  4828 | int avcodec_decode_video2(AVCodecContext *avctx, AVFrame *picture,
[INFO] [stderr] warning:       |     ^~~~~~~~~~~~~~~~~~~~~
[INFO] [stderr] warning: cbits/img_utils.c:482:9: warning: unused parameter 'cached' [-Wunused-parameter]
[INFO] [stderr] warning:   482 |     int cached,
[INFO] [stderr] warning:       |     ~~~~^~~~~~
[INFO] [stdout] warning: lint `safe_packed_borrows` has been removed: converted into hard error, see issue #82523 <https://github.com/rust-lang/rust/issues/82523> for more information
[INFO] [stdout]   --> src/sys.rs:11:10
[INFO] [stdout]    |
[INFO] [stdout] 11 | #![allow(safe_packed_borrows)]
[INFO] [stdout]    |          ^^^^^^^^^^^^^^^^^^^
[INFO] [stdout]    |
[INFO] [stdout]    = note: `#[warn(renamed_and_removed_lints)]` on by default
[INFO] [stdout] 
[INFO] [stdout] 
[INFO] [stdout] warning: lint `safe_packed_borrows` has been removed: converted into hard error, see issue #82523 <https://github.com/rust-lang/rust/issues/82523> for more information
[INFO] [stdout]  --> src/api.rs:6:10
[INFO] [stdout]   |
[INFO] [stdout] 6 | #![allow(safe_packed_borrows)]
[INFO] [stdout]   |          ^^^^^^^^^^^^^^^^^^^
[INFO] [stdout] 
[INFO] [stdout] 
[INFO] [stdout] warning: 2 warnings emitted
[INFO] [stdout] 
[INFO] [stdout] 
[INFO] [stdout] warning: lint `safe_packed_borrows` has been removed: converted into hard error, see issue #82523 <https://github.com/rust-lang/rust/issues/82523> for more information
[INFO] [stdout]   --> src/sys.rs:11:10
[INFO] [stdout]    |
[INFO] [stdout] 11 | #![allow(safe_packed_borrows)]
[INFO] [stdout]    |          ^^^^^^^^^^^^^^^^^^^
[INFO] [stdout]    |
[INFO] [stdout]    = note: `#[warn(renamed_and_removed_lints)]` on by default
[INFO] [stdout] 
[INFO] [stdout] 
[INFO] [stdout] warning: lint `safe_packed_borrows` has been removed: converted into hard error, see issue #82523 <https://github.com/rust-lang/rust/issues/82523> for more information
[INFO] [stdout]  --> src/api.rs:6:10
[INFO] [stdout]   |
[INFO] [stdout] 6 | #![allow(safe_packed_borrows)]
[INFO] [stdout]   |          ^^^^^^^^^^^^^^^^^^^
[INFO] [stdout] 
[INFO] [stdout] 
[INFO] [stdout] warning: 2 warnings emitted
[INFO] [stdout] 
[INFO] [stdout] 
[INFO] [stderr]     Finished dev [unoptimized + debuginfo] target(s) in 3m 58s
[INFO] [stderr] warning: the following packages contain code that will be rejected by a future version of Rust: cexpr v0.3.6, nom v4.2.3
[INFO] [stderr] note: to see what the problems were, use the option `--future-incompat-report`, or run `cargo report future-incompatibilities --id 2`
[INFO] running `Command { std: "docker" "inspect" "2e8cdc6e85d2d4287375e78c5fb16f699c59fb0f0eb273e4af31928d1cdb248c", kill_on_drop: false }`
[INFO] running `Command { std: "docker" "rm" "-f" "2e8cdc6e85d2d4287375e78c5fb16f699c59fb0f0eb273e4af31928d1cdb248c", kill_on_drop: false }`
[INFO] [stdout] 2e8cdc6e85d2d4287375e78c5fb16f699c59fb0f0eb273e4af31928d1cdb248c
[INFO] running `Command { std: "docker" "create" "-v" "/var/lib/crater-agent-workspace/builds/worker-4-tc1/target:/opt/rustwide/target:rw,Z" "-v" "/var/lib/crater-agent-workspace/builds/worker-4-tc1/source:/opt/rustwide/workdir:ro,Z" "-v" "/var/lib/crater-agent-workspace/cargo-home:/opt/rustwide/cargo-home:ro,Z" "-v" "/var/lib/crater-agent-workspace/rustup-home:/opt/rustwide/rustup-home:ro,Z" "-e" "SOURCE_DIR=/opt/rustwide/workdir" "-e" "CARGO_TARGET_DIR=/opt/rustwide/target" "-e" "CARGO_INCREMENTAL=0" "-e" "RUST_BACKTRACE=full" "-e" "RUSTFLAGS=--cap-lints=warn" "-e" "RUSTDOCFLAGS=--cap-lints=warn" "-e" "CARGO_HOME=/opt/rustwide/cargo-home" "-e" "RUSTUP_HOME=/opt/rustwide/rustup-home" "-w" "/opt/rustwide/workdir" "-m" "1610612736" "--user" "0:0" "--network" "none" "ghcr.io/rust-lang/crates-build-env/linux@sha256:5ff2268d62e97bff2cde7d5815dd6ed5b47097566f13b8d0ca110b04b60e07ed" "/opt/rustwide/cargo-home/bin/cargo" "+1.69.0" "test" "--frozen" "--no-run" "--message-format=json", kill_on_drop: false }`
[INFO] [stdout] fb4a6a6d3a962f6d99288359db269d2812a0985780e7853e4de5e820050b4c35
[INFO] running `Command { std: "docker" "start" "-a" "fb4a6a6d3a962f6d99288359db269d2812a0985780e7853e4de5e820050b4c35", kill_on_drop: false }`
[INFO] [stderr] warning: cbits/img_utils.c: In function 'mp4_packager':
[INFO] [stderr] warning: cbits/img_utils.c:248: warning: ignoring '#pragma clang diagnostic' [-Wunknown-pragmas]
[INFO] [stderr] warning:   248 |         #pragma clang diagnostic ignored "-Wdeprecated-declarations"
[INFO] [stderr] warning:       |
[INFO] [stderr] warning: cbits/img_utils.c:249:14: warning: 'codec' is deprecated [-Wdeprecated-declarations]
[INFO] [stderr] warning:   249 |         enum AVCodecID codec_id = ifmt_ctx->streams[stream_index]->codec->codec_id;
[INFO] [stderr] warning:       |              ^~~~~~~~~
[INFO] [stderr] warning: In file included from cbits/img_utils.c:26:
[INFO] [stderr] warning: /opt/rustwide/target/debug/build/ffmpeg-dev-f9c169cb648116af/out/FFmpeg-FFmpeg-2722fc2/libavformat/avformat.h:885:21: note: declared here
[INFO] [stderr] warning:   885 |     AVCodecContext *codec;
[INFO] [stderr] warning:       |                     ^~~~~
[INFO] [stderr] warning: cbits/img_utils.c: At top level:
[INFO] [stderr] warning: cbits/img_utils.c:477: warning: ignoring '#pragma clang diagnostic' [-Wunknown-pragmas]
[INFO] [stderr] warning:   477 | #pragma clang diagnostic ignored "-Wunused-parameter"
[INFO] [stderr] warning:       |
[INFO] [stderr] warning: cbits/img_utils.c: In function 'decode_packet':
[INFO] [stderr] warning: cbits/img_utils.c:488: warning: ignoring '#pragma clang diagnostic' [-Wunknown-pragmas]
[INFO] [stderr] warning:   488 |         #pragma clang diagnostic ignored "-Wdeprecated-declarations"
[INFO] [stderr] warning:       |
[INFO] [stderr] warning: cbits/img_utils.c:489:9: warning: 'avcodec_decode_video2' is deprecated [-Wdeprecated-declarations]
[INFO] [stderr] warning:   489 |         int res = avcodec_decode_video2(
[INFO] [stderr] warning:       |         ^~~
[INFO] [stderr] warning: In file included from /opt/rustwide/target/debug/build/ffmpeg-dev-f9c169cb648116af/out/FFmpeg-FFmpeg-2722fc2/libavformat/avformat.h:317,
[INFO] [stderr] warning:                  from cbits/img_utils.c:26:
[INFO] [stderr] warning: /opt/rustwide/target/debug/build/ffmpeg-dev-f9c169cb648116af/out/FFmpeg-FFmpeg-2722fc2/libavcodec/avcodec.h:4828:5: note: declared here
[INFO] [stderr] warning:  4828 | int avcodec_decode_video2(AVCodecContext *avctx, AVFrame *picture,
[INFO] [stderr] warning:       |     ^~~~~~~~~~~~~~~~~~~~~
[INFO] [stderr] warning: cbits/img_utils.c:482:9: warning: unused parameter 'cached' [-Wunused-parameter]
[INFO] [stderr] warning:   482 |     int cached,
[INFO] [stderr] warning:       |     ~~~~^~~~~~
[INFO] [stderr]    Compiling ffmpeg-dev v0.3.8 (/opt/rustwide/workdir)
[INFO] [stdout] warning: lint `safe_packed_borrows` has been removed: converted into hard error, see issue #82523 <https://github.com/rust-lang/rust/issues/82523> for more information
[INFO] [stdout]   --> src/sys.rs:11:10
[INFO] [stdout]    |
[INFO] [stdout] 11 | #![allow(safe_packed_borrows)]
[INFO] [stdout]    |          ^^^^^^^^^^^^^^^^^^^
[INFO] [stdout]    |
[INFO] [stdout]    = note: `#[warn(renamed_and_removed_lints)]` on by default
[INFO] [stdout] 
[INFO] [stdout] 
[INFO] [stdout] warning: lint `safe_packed_borrows` has been removed: converted into hard error, see issue #82523 <https://github.com/rust-lang/rust/issues/82523> for more information
[INFO] [stdout]  --> src/api.rs:6:10
[INFO] [stdout]   |
[INFO] [stdout] 6 | #![allow(safe_packed_borrows)]
[INFO] [stdout]   |          ^^^^^^^^^^^^^^^^^^^
[INFO] [stdout] 
[INFO] [stdout] 
[INFO] [stdout] warning: 2 warnings emitted
[INFO] [stdout] 
[INFO] [stdout] 
[INFO] [stdout] warning: lint `safe_packed_borrows` has been removed: converted into hard error, see issue #82523 <https://github.com/rust-lang/rust/issues/82523> for more information
[INFO] [stdout]   --> src/sys.rs:11:10
[INFO] [stdout]    |
[INFO] [stdout] 11 | #![allow(safe_packed_borrows)]
[INFO] [stdout]    |          ^^^^^^^^^^^^^^^^^^^
[INFO] [stdout]    |
[INFO] [stdout]    = note: `#[warn(renamed_and_removed_lints)]` on by default
[INFO] [stdout] 
[INFO] [stdout] 
[INFO] [stdout] warning: lint `safe_packed_borrows` has been removed: converted into hard error, see issue #82523 <https://github.com/rust-lang/rust/issues/82523> for more information
[INFO] [stdout]  --> src/api.rs:6:10
[INFO] [stdout]   |
[INFO] [stdout] 6 | #![allow(safe_packed_borrows)]
[INFO] [stdout]   |          ^^^^^^^^^^^^^^^^^^^
[INFO] [stdout] 
[INFO] [stdout] 
[INFO] [stdout] warning: lint `safe_packed_borrows` has been removed: converted into hard error, see issue #82523 <https://github.com/rust-lang/rust/issues/82523> for more information
[INFO] [stdout]   --> src/sys.rs:11:10
[INFO] [stdout]    |
[INFO] [stdout] 11 | #![allow(safe_packed_borrows)]
[INFO] [stdout]    |          ^^^^^^^^^^^^^^^^^^^
[INFO] [stdout]    |
[INFO] [stdout]    = note: `#[warn(renamed_and_removed_lints)]` on by default
[INFO] [stdout] 
[INFO] [stdout] 
[INFO] [stdout] warning: lint `safe_packed_borrows` has been removed: converted into hard error, see issue #82523 <https://github.com/rust-lang/rust/issues/82523> for more information
[INFO] [stdout]  --> src/api.rs:6:10
[INFO] [stdout]   |
[INFO] [stdout] 6 | #![allow(safe_packed_borrows)]
[INFO] [stdout]   |          ^^^^^^^^^^^^^^^^^^^
[INFO] [stdout] 
[INFO] [stdout] 
[INFO] [stdout] warning: 2 warnings emitted
[INFO] [stdout] 
[INFO] [stdout] 
[INFO] [stdout] warning: 2 warnings emitted
[INFO] [stdout] 
[INFO] [stdout] 
[INFO] [stderr]     Finished test [unoptimized + debuginfo] target(s) in 2.82s
[INFO] [stderr] warning: the following packages contain code that will be rejected by a future version of Rust: cexpr v0.3.6, nom v4.2.3
[INFO] [stderr] note: to see what the problems were, use the option `--future-incompat-report`, or run `cargo report future-incompatibilities --id 2`
[INFO] running `Command { std: "docker" "inspect" "fb4a6a6d3a962f6d99288359db269d2812a0985780e7853e4de5e820050b4c35", kill_on_drop: false }`
[INFO] running `Command { std: "docker" "rm" "-f" "fb4a6a6d3a962f6d99288359db269d2812a0985780e7853e4de5e820050b4c35", kill_on_drop: false }`
[INFO] [stdout] fb4a6a6d3a962f6d99288359db269d2812a0985780e7853e4de5e820050b4c35
[INFO] running `Command { std: "docker" "create" "-v" "/var/lib/crater-agent-workspace/builds/worker-4-tc1/target:/opt/rustwide/target:rw,Z" "-v" "/var/lib/crater-agent-workspace/builds/worker-4-tc1/source:/opt/rustwide/workdir:ro,Z" "-v" "/var/lib/crater-agent-workspace/cargo-home:/opt/rustwide/cargo-home:ro,Z" "-v" "/var/lib/crater-agent-workspace/rustup-home:/opt/rustwide/rustup-home:ro,Z" "-e" "SOURCE_DIR=/opt/rustwide/workdir" "-e" "CARGO_TARGET_DIR=/opt/rustwide/target" "-e" "CARGO_INCREMENTAL=0" "-e" "RUST_BACKTRACE=full" "-e" "RUSTFLAGS=--cap-lints=warn" "-e" "RUSTDOCFLAGS=--cap-lints=warn" "-e" "CARGO_HOME=/opt/rustwide/cargo-home" "-e" "RUSTUP_HOME=/opt/rustwide/rustup-home" "-w" "/opt/rustwide/workdir" "-m" "1610612736" "--user" "0:0" "--network" "none" "ghcr.io/rust-lang/crates-build-env/linux@sha256:5ff2268d62e97bff2cde7d5815dd6ed5b47097566f13b8d0ca110b04b60e07ed" "/opt/rustwide/cargo-home/bin/cargo" "+1.69.0" "test" "--frozen", kill_on_drop: false }`
[INFO] [stdout] 537d7fd9034a9a60ea1aac19a28532ac59811f13ee6b94b2a69bd0b7bbf4ecaf
[INFO] running `Command { std: "docker" "start" "-a" "537d7fd9034a9a60ea1aac19a28532ac59811f13ee6b94b2a69bd0b7bbf4ecaf", kill_on_drop: false }`
[INFO] [stderr] warning: cbits/img_utils.c: In function 'mp4_packager':
[INFO] [stderr] warning: cbits/img_utils.c:248: warning: ignoring '#pragma clang diagnostic' [-Wunknown-pragmas]
[INFO] [stderr] warning:   248 |         #pragma clang diagnostic ignored "-Wdeprecated-declarations"
[INFO] [stderr] warning:       |
[INFO] [stderr] warning: cbits/img_utils.c:249:14: warning: 'codec' is deprecated [-Wdeprecated-declarations]
[INFO] [stderr] warning:   249 |         enum AVCodecID codec_id = ifmt_ctx->streams[stream_index]->codec->codec_id;
[INFO] [stderr] warning:       |              ^~~~~~~~~
[INFO] [stderr] warning: In file included from cbits/img_utils.c:26:
[INFO] [stderr] warning: /opt/rustwide/target/debug/build/ffmpeg-dev-f9c169cb648116af/out/FFmpeg-FFmpeg-2722fc2/libavformat/avformat.h:885:21: note: declared here
[INFO] [stderr] warning:   885 |     AVCodecContext *codec;
[INFO] [stderr] warning:       |                     ^~~~~
[INFO] [stderr] warning: cbits/img_utils.c: At top level:
[INFO] [stderr] warning: cbits/img_utils.c:477: warning: ignoring '#pragma clang diagnostic' [-Wunknown-pragmas]
[INFO] [stderr] warning:   477 | #pragma clang diagnostic ignored "-Wunused-parameter"
[INFO] [stderr] warning:       |
[INFO] [stderr] warning: cbits/img_utils.c: In function 'decode_packet':
[INFO] [stderr] warning: cbits/img_utils.c:488: warning: ignoring '#pragma clang diagnostic' [-Wunknown-pragmas]
[INFO] [stderr] warning:   488 |         #pragma clang diagnostic ignored "-Wdeprecated-declarations"
[INFO] [stderr] warning:       |
[INFO] [stderr] warning: cbits/img_utils.c:489:9: warning: 'avcodec_decode_video2' is deprecated [-Wdeprecated-declarations]
[INFO] [stderr] warning:   489 |         int res = avcodec_decode_video2(
[INFO] [stderr] warning:       |         ^~~
[INFO] [stderr] warning: In file included from /opt/rustwide/target/debug/build/ffmpeg-dev-f9c169cb648116af/out/FFmpeg-FFmpeg-2722fc2/libavformat/avformat.h:317,
[INFO] [stderr] warning:                  from cbits/img_utils.c:26:
[INFO] [stderr] warning: /opt/rustwide/target/debug/build/ffmpeg-dev-f9c169cb648116af/out/FFmpeg-FFmpeg-2722fc2/libavcodec/avcodec.h:4828:5: note: declared here
[INFO] [stderr] warning:  4828 | int avcodec_decode_video2(AVCodecContext *avctx, AVFrame *picture,
[INFO] [stderr] warning:       |     ^~~~~~~~~~~~~~~~~~~~~
[INFO] [stderr] warning: cbits/img_utils.c:482:9: warning: unused parameter 'cached' [-Wunused-parameter]
[INFO] [stderr] warning:   482 |     int cached,
[INFO] [stderr] warning:       |     ~~~~^~~~~~
[INFO] [stderr] warning: lint `safe_packed_borrows` has been removed: converted into hard error, see issue #82523 <https://github.com/rust-lang/rust/issues/82523> for more information
[INFO] [stderr]   --> src/sys.rs:11:10
[INFO] [stderr]    |
[INFO] [stderr] 11 | #![allow(safe_packed_borrows)]
[INFO] [stderr]    |          ^^^^^^^^^^^^^^^^^^^
[INFO] [stderr]    |
[INFO] [stderr]    = note: `#[warn(renamed_and_removed_lints)]` on by default
[INFO] [stderr] 
[INFO] [stderr] warning: lint `safe_packed_borrows` has been removed: converted into hard error, see issue #82523 <https://github.com/rust-lang/rust/issues/82523> for more information
[INFO] [stderr]  --> src/api.rs:6:10
[INFO] [stderr]   |
[INFO] [stderr] 6 | #![allow(safe_packed_borrows)]
[INFO] [stderr]   |          ^^^^^^^^^^^^^^^^^^^
[INFO] [stderr] 
[INFO] [stderr] warning: `ffmpeg-dev` (lib) generated 2 warnings
[INFO] [stderr] warning: `ffmpeg-dev` (bin "ffmpeg-dev" test) generated 2 warnings (2 duplicates)
[INFO] [stderr] warning: `ffmpeg-dev` (lib test) generated 2 warnings (2 duplicates)
[INFO] [stderr]     Finished test [unoptimized + debuginfo] target(s) in 0.06s
[INFO] [stderr] warning: the following packages contain code that will be rejected by a future version of Rust: cexpr v0.3.6, nom v4.2.3
[INFO] [stderr] note: to see what the problems were, use the option `--future-incompat-report`, or run `cargo report future-incompatibilities --id 2`
[INFO] [stderr]      Running unittests src/lib.rs (/opt/rustwide/target/debug/deps/ffmpeg_dev-09605fe35f301c32)
[INFO] [stderr]      Running unittests src/main.rs (/opt/rustwide/target/debug/deps/ffmpeg_dev-f593f0fb4935d4ef)
[INFO] [stdout] 
[INFO] [stdout] running 0 tests
[INFO] [stdout] 
[INFO] [stdout] test result: ok. 0 passed; 0 failed; 0 ignored; 0 measured; 0 filtered out; finished in 0.00s
[INFO] [stdout] 
[INFO] [stdout] 
[INFO] [stdout] running 0 tests
[INFO] [stdout] 
[INFO] [stdout] test result: ok. 0 passed; 0 failed; 0 ignored; 0 measured; 0 filtered out; finished in 0.00s
[INFO] [stdout] 
[INFO] [stderr]    Doc-tests ffmpeg-dev
[INFO] [stderr] warning: lint `safe_packed_borrows` has been removed: converted into hard error, see issue #82523 <https://github.com/rust-lang/rust/issues/82523> for more information
[INFO] [stderr]   --> /opt/rustwide/workdir/src/sys.rs:11:10
[INFO] [stderr]    |
[INFO] [stderr] 11 | #![allow(safe_packed_borrows)]
[INFO] [stderr]    |          ^^^^^^^^^^^^^^^^^^^
[INFO] [stderr]    |
[INFO] [stderr]    = note: `#[warn(renamed_and_removed_lints)]` on by default
[INFO] [stderr] 
[INFO] [stderr] warning: lint `safe_packed_borrows` has been removed: converted into hard error, see issue #82523 <https://github.com/rust-lang/rust/issues/82523> for more information
[INFO] [stderr]  --> /opt/rustwide/workdir/src/api.rs:6:10
[INFO] [stderr]   |
[INFO] [stderr] 6 | #![allow(safe_packed_borrows)]
[INFO] [stderr]   |          ^^^^^^^^^^^^^^^^^^^
[INFO] [stderr] 
[INFO] [stderr] warning: 2 warnings emitted
[INFO] [stderr] 
[INFO] [stdout] 
[INFO] [stdout] running 10 tests
[INFO] [stdout] test /opt/rustwide/target/debug/build/ffmpeg-dev-f9c169cb648116af/out/bindings_ffmpeg.rs - sys::av_parser_parse2 (line 28) ... FAILED
[INFO] [stdout] test /opt/rustwide/target/debug/build/ffmpeg-dev-f9c169cb648116af/out/bindings_ffmpeg.rs - sys::AVCodecContext::hw_frames_ctx (line 22) ... FAILED
[INFO] [stdout] test /opt/rustwide/target/debug/build/ffmpeg-dev-f9c169cb648116af/out/bindings_ffmpeg.rs - sys::AVChromaLocation (line 10) ... FAILED
[INFO] [stdout] test /opt/rustwide/target/debug/build/ffmpeg-dev-f9c169cb648116af/out/bindings_ffmpeg.rs - sys::avcodec_encode_audio2 (line 22) ... FAILED
[INFO] [stdout] test /opt/rustwide/target/debug/build/ffmpeg-dev-f9c169cb648116af/out/bindings_ffmpeg.rs - sys::avcodec_send_frame (line 19) ... FAILED
[INFO] [stdout] test /opt/rustwide/target/debug/build/ffmpeg-dev-f9c169cb648116af/out/bindings_ffmpeg.rs - sys::AVOptionType (line 86) ... FAILED
[INFO] [stdout] test /opt/rustwide/target/debug/build/ffmpeg-dev-f9c169cb648116af/out/bindings_ffmpeg.rs - sys::ff_formats_unref (line 7) ... FAILED
[INFO] [stdout] test /opt/rustwide/target/debug/build/ffmpeg-dev-f9c169cb648116af/out/bindings_ffmpeg.rs - sys::AVCodecContext::hw_frames_ctx (line 12) ... FAILED
[INFO] [stdout] test /opt/rustwide/target/debug/build/ffmpeg-dev-f9c169cb648116af/out/bindings_ffmpeg.rs - sys::avcodec_encode_video2 (line 22) ... FAILED
[INFO] [stdout] test /opt/rustwide/target/debug/build/ffmpeg-dev-f9c169cb648116af/out/bindings_ffmpeg.rs - sys::ff_formats_changeref (line 3) ... FAILED
[INFO] [stdout] 
[INFO] [stdout] failures:
[INFO] [stdout] 
[INFO] [stdout] ---- /opt/rustwide/target/debug/build/ffmpeg-dev-f9c169cb648116af/out/bindings_ffmpeg.rs - sys::av_parser_parse2 (line 28) stdout ----
[INFO] [stdout] error: expected `{`, found `decode_frame`
[INFO] [stdout]  --> /opt/rustwide/target/debug/build/ffmpeg-dev-f9c169cb648116af/out/bindings_ffmpeg.rs:30:7
[INFO] [stdout]   |
[INFO] [stdout] 4 |       decode_frame(data, size);
[INFO] [stdout]   |       ^^^^^^^^^^^^ expected `{`
[INFO] [stdout]   |
[INFO] [stdout] note: the `if` expression is missing a block after this condition
[INFO] [stdout]  --> /opt/rustwide/target/debug/build/ffmpeg-dev-f9c169cb648116af/out/bindings_ffmpeg.rs:29:3
[INFO] [stdout]   |
[INFO] [stdout] 3 | if(size)
[INFO] [stdout]   |   ^^^^^^
[INFO] [stdout] help: try placing this code inside a block
[INFO] [stdout]   |
[INFO] [stdout] 4 |       { decode_frame(data, size); }
[INFO] [stdout]   |       +                           +
[INFO] [stdout] 
[INFO] [stdout] error: aborting due to previous error
[INFO] [stdout] 
[INFO] [stdout] Couldn't compile the test.
[INFO] [stdout] ---- /opt/rustwide/target/debug/build/ffmpeg-dev-f9c169cb648116af/out/bindings_ffmpeg.rs - sys::AVCodecContext::hw_frames_ctx (line 22) stdout ----
[INFO] [stdout] error: expected one of `!`, `.`, `::`, `;`, `?`, `{`, `}`, or an operator, found `field`
[INFO] [stdout]  --> /opt/rustwide/target/debug/build/ffmpeg-dev-f9c169cb648116af/out/bindings_ffmpeg.rs:23:6
[INFO] [stdout]   |
[INFO] [stdout] 3 | This field should be set before avcodec_open2() is called.
[INFO] [stdout]   |      ^^^^^ expected one of 8 possible tokens
[INFO] [stdout] 
[INFO] [stdout] error: aborting due to previous error
[INFO] [stdout] 
[INFO] [stdout] Couldn't compile the test.
[INFO] [stdout] ---- /opt/rustwide/target/debug/build/ffmpeg-dev-f9c169cb648116af/out/bindings_ffmpeg.rs - sys::AVChromaLocation (line 10) stdout ----
[INFO] [stdout] error: expected one of `.`, `;`, `?`, `}`, or an operator, found `2nd`
[INFO] [stdout]  --> /opt/rustwide/target/debug/build/ffmpeg-dev-f9c169cb648116af/out/bindings_ffmpeg.rs:11:5
[INFO] [stdout]   |
[INFO] [stdout] 3 | 1st 2nd       1st 2nd horizontal luma sample positions
[INFO] [stdout]   |     ^^^ expected one of `.`, `;`, `?`, `}`, or an operator
[INFO] [stdout] 
[INFO] [stdout] error: aborting due to previous error
[INFO] [stdout] 
[INFO] [stdout] Couldn't compile the test.
[INFO] [stdout] ---- /opt/rustwide/target/debug/build/ffmpeg-dev-f9c169cb648116af/out/bindings_ffmpeg.rs - sys::avcodec_encode_audio2 (line 22) stdout ----
[INFO] [stdout] error: expected one of `!`, `.`, `::`, `;`, `?`, `{`, `}`, or an operator, found `this`
[INFO] [stdout]  --> /opt/rustwide/target/debug/build/ffmpeg-dev-f9c169cb648116af/out/bindings_ffmpeg.rs:23:4
[INFO] [stdout]   |
[INFO] [stdout] 3 | If this function fails or produces no output, avpkt will be
[INFO] [stdout]   |    ^^^^ expected one of 8 possible tokens
[INFO] [stdout] 
[INFO] [stdout] error: aborting due to previous error
[INFO] [stdout] 
[INFO] [stdout] Couldn't compile the test.
[INFO] [stdout] ---- /opt/rustwide/target/debug/build/ffmpeg-dev-f9c169cb648116af/out/bindings_ffmpeg.rs - sys::avcodec_send_frame (line 19) stdout ----
[INFO] [stdout] error: expected one of `!`, `.`, `::`, `;`, `?`, `{`, `}`, or an operator, found `audio`
[INFO] [stdout]  --> /opt/rustwide/target/debug/build/ffmpeg-dev-f9c169cb648116af/out/bindings_ffmpeg.rs:20:5
[INFO] [stdout]   |
[INFO] [stdout] 3 | For audio:
[INFO] [stdout]   |     ^^^^^ expected one of 8 possible tokens
[INFO] [stdout] 
[INFO] [stdout] error: aborting due to previous error
[INFO] [stdout] 
[INFO] [stdout] Couldn't compile the test.
[INFO] [stdout] ---- /opt/rustwide/target/debug/build/ffmpeg-dev-f9c169cb648116af/out/bindings_ffmpeg.rs - sys::AVOptionType (line 86) stdout ----
[INFO] [stdout] error: expected expression, found `@`
[INFO] [stdout]  --> /opt/rustwide/target/debug/build/ffmpeg-dev-f9c169cb648116af/out/bindings_ffmpeg.rs:87:1
[INFO] [stdout]   |
[INFO] [stdout] 3 | @code
[INFO] [stdout]   | ^ expected expression
[INFO] [stdout] 
[INFO] [stdout] error: aborting due to previous error
[INFO] [stdout] 
[INFO] [stdout] Couldn't compile the test.
[INFO] [stdout] ---- /opt/rustwide/target/debug/build/ffmpeg-dev-f9c169cb648116af/out/bindings_ffmpeg.rs - sys::ff_formats_unref (line 7) stdout ----
[INFO] [stdout] error: expected one of `!`, `.`, `::`, `;`, `?`, `{`, `}`, or an operator, found `After`
[INFO] [stdout]  --> /opt/rustwide/target/debug/build/ffmpeg-dev-f9c169cb648116af/out/bindings_ffmpeg.rs:8:40
[INFO] [stdout]   |
[INFO] [stdout] 3 | Before                                 After
[INFO] [stdout]   |                                        ^^^^^ expected one of 8 possible tokens
[INFO] [stdout] 
[INFO] [stdout] error: aborting due to previous error
[INFO] [stdout] 
[INFO] [stdout] Couldn't compile the test.
[INFO] [stdout] ---- /opt/rustwide/target/debug/build/ffmpeg-dev-f9c169cb648116af/out/bindings_ffmpeg.rs - sys::AVCodecContext::hw_frames_ctx (line 12) stdout ----
[INFO] [stdout] error: expected one of `!`, `.`, `::`, `;`, `?`, `{`, `}`, or an operator, found `the`
[INFO] [stdout]  --> /opt/rustwide/target/debug/build/ffmpeg-dev-f9c169cb648116af/out/bindings_ffmpeg.rs:13:4
[INFO] [stdout]   |
[INFO] [stdout] 3 | If the default get_buffer2() is used with a hwaccel pixel
[INFO] [stdout]   |    ^^^ expected one of 8 possible tokens
[INFO] [stdout] 
[INFO] [stdout] error: aborting due to previous error
[INFO] [stdout] 
[INFO] [stdout] Couldn't compile the test.
[INFO] [stdout] ---- /opt/rustwide/target/debug/build/ffmpeg-dev-f9c169cb648116af/out/bindings_ffmpeg.rs - sys::avcodec_encode_video2 (line 22) stdout ----
[INFO] [stdout] error: expected one of `!`, `.`, `::`, `;`, `?`, `{`, `}`, or an operator, found `this`
[INFO] [stdout]  --> /opt/rustwide/target/debug/build/ffmpeg-dev-f9c169cb648116af/out/bindings_ffmpeg.rs:23:4
[INFO] [stdout]   |
[INFO] [stdout] 3 | If this function fails or produces no output, avpkt will be
[INFO] [stdout]   |    ^^^^ expected one of 8 possible tokens
[INFO] [stdout] 
[INFO] [stdout] error: aborting due to previous error
[INFO] [stdout] 
[INFO] [stdout] Couldn't compile the test.
[INFO] [stdout] ---- /opt/rustwide/target/debug/build/ffmpeg-dev-f9c169cb648116af/out/bindings_ffmpeg.rs - sys::ff_formats_changeref (line 3) stdout ----
[INFO] [stdout] error: expected one of `!`, `.`, `::`, `;`, `?`, `{`, `}`, or an operator, found `After`
[INFO] [stdout]  --> /opt/rustwide/target/debug/build/ffmpeg-dev-f9c169cb648116af/out/bindings_ffmpeg.rs:4:40
[INFO] [stdout]   |
[INFO] [stdout] 3 | Before                                 After
[INFO] [stdout]   |                                        ^^^^^ expected one of 8 possible tokens
[INFO] [stdout] 
[INFO] [stdout] error: aborting due to previous error
[INFO] [stdout] 
[INFO] [stdout] Couldn't compile the test.
[INFO] [stdout] 
[INFO] [stdout] failures:
[INFO] [stdout]     /opt/rustwide/target/debug/build/ffmpeg-dev-f9c169cb648116af/out/bindings_ffmpeg.rs - sys::AVChromaLocation (line 10)
[INFO] [stdout]     /opt/rustwide/target/debug/build/ffmpeg-dev-f9c169cb648116af/out/bindings_ffmpeg.rs - sys::AVCodecContext::hw_frames_ctx (line 12)
[INFO] [stdout]     /opt/rustwide/target/debug/build/ffmpeg-dev-f9c169cb648116af/out/bindings_ffmpeg.rs - sys::AVCodecContext::hw_frames_ctx (line 22)
[INFO] [stdout]     /opt/rustwide/target/debug/build/ffmpeg-dev-f9c169cb648116af/out/bindings_ffmpeg.rs - sys::AVOptionType (line 86)
[INFO] [stdout]     /opt/rustwide/target/debug/build/ffmpeg-dev-f9c169cb648116af/out/bindings_ffmpeg.rs - sys::av_parser_parse2 (line 28)
[INFO] [stdout]     /opt/rustwide/target/debug/build/ffmpeg-dev-f9c169cb648116af/out/bindings_ffmpeg.rs - sys::avcodec_encode_audio2 (line 22)
[INFO] [stdout]     /opt/rustwide/target/debug/build/ffmpeg-dev-f9c169cb648116af/out/bindings_ffmpeg.rs - sys::avcodec_encode_video2 (line 22)
[INFO] [stdout]     /opt/rustwide/target/debug/build/ffmpeg-dev-f9c169cb648116af/out/bindings_ffmpeg.rs - sys::avcodec_send_frame (line 19)
[INFO] [stdout]     /opt/rustwide/target/debug/build/ffmpeg-dev-f9c169cb648116af/out/bindings_ffmpeg.rs - sys::ff_formats_changeref (line 3)
[INFO] [stdout]     /opt/rustwide/target/debug/build/ffmpeg-dev-f9c169cb648116af/out/bindings_ffmpeg.rs - sys::ff_formats_unref (line 7)
[INFO] [stdout] 
[INFO] [stdout] test result: FAILED. 0 passed; 10 failed; 0 ignored; 0 measured; 0 filtered out; finished in 0.20s
[INFO] [stdout] 
[INFO] [stderr] error: doctest failed, to rerun pass `--doc`
[INFO] running `Command { std: "docker" "inspect" "537d7fd9034a9a60ea1aac19a28532ac59811f13ee6b94b2a69bd0b7bbf4ecaf", kill_on_drop: false }`
[INFO] running `Command { std: "docker" "rm" "-f" "537d7fd9034a9a60ea1aac19a28532ac59811f13ee6b94b2a69bd0b7bbf4ecaf", kill_on_drop: false }`
[INFO] [stdout] 537d7fd9034a9a60ea1aac19a28532ac59811f13ee6b94b2a69bd0b7bbf4ecaf
