[INFO] fetching crate fe2o3-amqp-ws 0.3.1...
[INFO] testing fe2o3-amqp-ws-0.3.1 against beta-2023-04-20 for beta-1.70-1
[INFO] extracting crate fe2o3-amqp-ws 0.3.1 into /workspace/builds/worker-5-tc2/source
[INFO] validating manifest of crates.io crate fe2o3-amqp-ws 0.3.1 on toolchain beta-2023-04-20
[INFO] running `Command { std: CARGO_HOME="/workspace/cargo-home" RUSTUP_HOME="/workspace/rustup-home" "/workspace/cargo-home/bin/cargo" "+beta-2023-04-20" "metadata" "--manifest-path" "Cargo.toml" "--no-deps", kill_on_drop: false }`
[INFO] started tweaking crates.io crate fe2o3-amqp-ws 0.3.1
[INFO] finished tweaking crates.io crate fe2o3-amqp-ws 0.3.1
[INFO] tweaked toml for crates.io crate fe2o3-amqp-ws 0.3.1 written to /workspace/builds/worker-5-tc2/source/Cargo.toml
[INFO] running `Command { std: CARGO_HOME="/workspace/cargo-home" RUSTUP_HOME="/workspace/rustup-home" __CARGO_TEST_CHANNEL_OVERRIDE_DO_NOT_USE_THIS="nightly" "/workspace/cargo-home/bin/cargo" "+beta-2023-04-20" "generate-lockfile" "--manifest-path" "Cargo.toml" "-Zno-index-update", kill_on_drop: false }`
[INFO] running `Command { std: CARGO_HOME="/workspace/cargo-home" RUSTUP_HOME="/workspace/rustup-home" "/workspace/cargo-home/bin/cargo" "+beta-2023-04-20" "fetch" "--manifest-path" "Cargo.toml", kill_on_drop: false }`
[INFO] [stderr]  Downloading crates ...
[INFO] [stderr]   Downloaded openssl-src v111.25.3+1.1.1t
[INFO] running `Command { std: "docker" "create" "-v" "/var/lib/crater-agent-workspace/builds/worker-5-tc2/target:/opt/rustwide/target:rw,Z" "-v" "/var/lib/crater-agent-workspace/builds/worker-5-tc2/source:/opt/rustwide/workdir:ro,Z" "-v" "/var/lib/crater-agent-workspace/cargo-home:/opt/rustwide/cargo-home:ro,Z" "-v" "/var/lib/crater-agent-workspace/rustup-home:/opt/rustwide/rustup-home:ro,Z" "-e" "SOURCE_DIR=/opt/rustwide/workdir" "-e" "CARGO_TARGET_DIR=/opt/rustwide/target" "-e" "CARGO_HOME=/opt/rustwide/cargo-home" "-e" "RUSTUP_HOME=/opt/rustwide/rustup-home" "-w" "/opt/rustwide/workdir" "-m" "1610612736" "--user" "0:0" "--network" "none" "ghcr.io/rust-lang/crates-build-env/linux@sha256:5ff2268d62e97bff2cde7d5815dd6ed5b47097566f13b8d0ca110b04b60e07ed" "/opt/rustwide/cargo-home/bin/cargo" "+beta-2023-04-20" "metadata" "--no-deps" "--format-version=1", kill_on_drop: false }`
[INFO] [stdout] d28700fa6370dc4c872ba011adecf785c2b86500624b37364ad6fa5c377bc7e1
[INFO] running `Command { std: "docker" "start" "-a" "d28700fa6370dc4c872ba011adecf785c2b86500624b37364ad6fa5c377bc7e1", kill_on_drop: false }`
[INFO] running `Command { std: "docker" "inspect" "d28700fa6370dc4c872ba011adecf785c2b86500624b37364ad6fa5c377bc7e1", kill_on_drop: false }`
[INFO] running `Command { std: "docker" "rm" "-f" "d28700fa6370dc4c872ba011adecf785c2b86500624b37364ad6fa5c377bc7e1", kill_on_drop: false }`
[INFO] [stdout] d28700fa6370dc4c872ba011adecf785c2b86500624b37364ad6fa5c377bc7e1
[INFO] running `Command { std: "docker" "create" "-v" "/var/lib/crater-agent-workspace/builds/worker-5-tc2/target:/opt/rustwide/target:rw,Z" "-v" "/var/lib/crater-agent-workspace/builds/worker-5-tc2/source:/opt/rustwide/workdir:ro,Z" "-v" "/var/lib/crater-agent-workspace/cargo-home:/opt/rustwide/cargo-home:ro,Z" "-v" "/var/lib/crater-agent-workspace/rustup-home:/opt/rustwide/rustup-home:ro,Z" "-e" "SOURCE_DIR=/opt/rustwide/workdir" "-e" "CARGO_TARGET_DIR=/opt/rustwide/target" "-e" "CARGO_INCREMENTAL=0" "-e" "RUST_BACKTRACE=full" "-e" "RUSTFLAGS=--cap-lints=warn" "-e" "RUSTDOCFLAGS=--cap-lints=warn" "-e" "CARGO_HOME=/opt/rustwide/cargo-home" "-e" "RUSTUP_HOME=/opt/rustwide/rustup-home" "-w" "/opt/rustwide/workdir" "-m" "1610612736" "--user" "0:0" "--network" "none" "ghcr.io/rust-lang/crates-build-env/linux@sha256:5ff2268d62e97bff2cde7d5815dd6ed5b47097566f13b8d0ca110b04b60e07ed" "/opt/rustwide/cargo-home/bin/cargo" "+beta-2023-04-20" "build" "--frozen" "--message-format=json", kill_on_drop: false }`
[INFO] [stdout] b9897d4aff8fb03e9d678402975aaa227224faa87ef7f82b4c8757b78ed25069
[INFO] running `Command { std: "docker" "start" "-a" "b9897d4aff8fb03e9d678402975aaa227224faa87ef7f82b4c8757b78ed25069", kill_on_drop: false }`
[INFO] [stderr]    Compiling typenum v1.16.0
[INFO] [stderr]    Compiling tinyvec_macros v0.1.1
[INFO] [stderr]    Compiling thiserror v1.0.40
[INFO] [stderr]    Compiling futures-core v0.3.28
[INFO] [stderr]    Compiling unicode-bidi v0.3.13
[INFO] [stderr]    Compiling generic-array v0.14.7
[INFO] [stderr]    Compiling tokio v1.28.0
[INFO] [stderr]    Compiling getrandom v0.2.9
[INFO] [stderr]    Compiling futures-util v0.3.28
[INFO] [stderr]    Compiling cpufeatures v0.2.7
[INFO] [stderr]    Compiling syn v2.0.15
[INFO] [stderr]    Compiling futures-sink v0.3.28
[INFO] [stderr]    Compiling tinyvec v1.6.0
[INFO] [stderr]    Compiling rand_core v0.6.4
[INFO] [stderr]    Compiling rand_chacha v0.3.1
[INFO] [stderr]    Compiling rand v0.8.5
[INFO] [stderr]    Compiling unicode-normalization v0.1.22
[INFO] [stderr]    Compiling idna v0.3.0
[INFO] [stderr]    Compiling block-buffer v0.10.4
[INFO] [stderr]    Compiling crypto-common v0.1.6
[INFO] [stderr]    Compiling digest v0.10.6
[INFO] [stderr]    Compiling url v2.3.1
[INFO] [stderr]    Compiling sha1 v0.10.5
[INFO] [stderr]    Compiling thiserror-impl v1.0.40
[INFO] [stderr]    Compiling futures-macro v0.3.28
[INFO] [stderr]    Compiling tungstenite v0.18.0
[INFO] [stderr]    Compiling tokio-tungstenite v0.18.0
[INFO] [stderr]    Compiling fe2o3-amqp-ws v0.3.1 (/opt/rustwide/workdir)
[INFO] [stderr]     Finished dev [unoptimized + debuginfo] target(s) in 8.42s
[INFO] running `Command { std: "docker" "inspect" "b9897d4aff8fb03e9d678402975aaa227224faa87ef7f82b4c8757b78ed25069", kill_on_drop: false }`
[INFO] running `Command { std: "docker" "rm" "-f" "b9897d4aff8fb03e9d678402975aaa227224faa87ef7f82b4c8757b78ed25069", kill_on_drop: false }`
[INFO] [stdout] b9897d4aff8fb03e9d678402975aaa227224faa87ef7f82b4c8757b78ed25069
[INFO] running `Command { std: "docker" "create" "-v" "/var/lib/crater-agent-workspace/builds/worker-5-tc2/target:/opt/rustwide/target:rw,Z" "-v" "/var/lib/crater-agent-workspace/builds/worker-5-tc2/source:/opt/rustwide/workdir:ro,Z" "-v" "/var/lib/crater-agent-workspace/cargo-home:/opt/rustwide/cargo-home:ro,Z" "-v" "/var/lib/crater-agent-workspace/rustup-home:/opt/rustwide/rustup-home:ro,Z" "-e" "SOURCE_DIR=/opt/rustwide/workdir" "-e" "CARGO_TARGET_DIR=/opt/rustwide/target" "-e" "CARGO_INCREMENTAL=0" "-e" "RUST_BACKTRACE=full" "-e" "RUSTFLAGS=--cap-lints=warn" "-e" "RUSTDOCFLAGS=--cap-lints=warn" "-e" "CARGO_HOME=/opt/rustwide/cargo-home" "-e" "RUSTUP_HOME=/opt/rustwide/rustup-home" "-w" "/opt/rustwide/workdir" "-m" "1610612736" "--user" "0:0" "--network" "none" "ghcr.io/rust-lang/crates-build-env/linux@sha256:5ff2268d62e97bff2cde7d5815dd6ed5b47097566f13b8d0ca110b04b60e07ed" "/opt/rustwide/cargo-home/bin/cargo" "+beta-2023-04-20" "test" "--frozen" "--no-run" "--message-format=json", kill_on_drop: false }`
[INFO] [stdout] 67c9c992f0aae91ce409fe86c864fbabec3a1a5954df4bd0a10b11c1a366a4a9
[INFO] running `Command { std: "docker" "start" "-a" "67c9c992f0aae91ce409fe86c864fbabec3a1a5954df4bd0a10b11c1a366a4a9", kill_on_drop: false }`
[INFO] [stderr]    Compiling tokio v1.28.0
[INFO] [stderr]    Compiling tokio-tungstenite v0.18.0
[INFO] [stderr]    Compiling fe2o3-amqp-ws v0.3.1 (/opt/rustwide/workdir)
[INFO] [stderr]     Finished test [unoptimized + debuginfo] target(s) in 3.43s
[INFO] running `Command { std: "docker" "inspect" "67c9c992f0aae91ce409fe86c864fbabec3a1a5954df4bd0a10b11c1a366a4a9", kill_on_drop: false }`
[INFO] running `Command { std: "docker" "rm" "-f" "67c9c992f0aae91ce409fe86c864fbabec3a1a5954df4bd0a10b11c1a366a4a9", kill_on_drop: false }`
[INFO] [stdout] 67c9c992f0aae91ce409fe86c864fbabec3a1a5954df4bd0a10b11c1a366a4a9
[INFO] running `Command { std: "docker" "create" "-v" "/var/lib/crater-agent-workspace/builds/worker-5-tc2/target:/opt/rustwide/target:rw,Z" "-v" "/var/lib/crater-agent-workspace/builds/worker-5-tc2/source:/opt/rustwide/workdir:ro,Z" "-v" "/var/lib/crater-agent-workspace/cargo-home:/opt/rustwide/cargo-home:ro,Z" "-v" "/var/lib/crater-agent-workspace/rustup-home:/opt/rustwide/rustup-home:ro,Z" "-e" "SOURCE_DIR=/opt/rustwide/workdir" "-e" "CARGO_TARGET_DIR=/opt/rustwide/target" "-e" "CARGO_INCREMENTAL=0" "-e" "RUST_BACKTRACE=full" "-e" "RUSTFLAGS=--cap-lints=warn" "-e" "RUSTDOCFLAGS=--cap-lints=warn" "-e" "CARGO_HOME=/opt/rustwide/cargo-home" "-e" "RUSTUP_HOME=/opt/rustwide/rustup-home" "-w" "/opt/rustwide/workdir" "-m" "1610612736" "--user" "0:0" "--network" "none" "ghcr.io/rust-lang/crates-build-env/linux@sha256:5ff2268d62e97bff2cde7d5815dd6ed5b47097566f13b8d0ca110b04b60e07ed" "/opt/rustwide/cargo-home/bin/cargo" "+beta-2023-04-20" "test" "--frozen", kill_on_drop: false }`
[INFO] [stdout] e344b40e397acfd765f159196c630b5c875f912fcf950cd15d8e331767691a18
[INFO] running `Command { std: "docker" "start" "-a" "e344b40e397acfd765f159196c630b5c875f912fcf950cd15d8e331767691a18", kill_on_drop: false }`
[INFO] [stderr]     Finished test [unoptimized + debuginfo] target(s) in 0.04s
[INFO] [stderr]      Running unittests src/lib.rs (/opt/rustwide/target/debug/deps/fe2o3_amqp_ws-12732c956b922275)
[INFO] [stdout] 
[INFO] [stdout] running 0 tests
[INFO] [stdout] 
[INFO] [stdout] test result: ok. 0 passed; 0 failed; 0 ignored; 0 measured; 0 filtered out; finished in 0.00s
[INFO] [stdout] 
[INFO] [stderr]    Doc-tests fe2o3-amqp-ws
[INFO] [stdout] 
[INFO] [stdout] running 2 tests
[INFO] [stdout] test src/lib.rs - (line 28) ... FAILED
[INFO] [stdout] test src/lib.rs - WebSocketStream (line 124) ... FAILED
[INFO] [stdout] 
[INFO] [stdout] failures:
[INFO] [stdout] 
[INFO] [stdout] ---- src/lib.rs - (line 28) stdout ----
[INFO] [stdout] error[E0433]: failed to resolve: use of undeclared crate or module `fe2o3_amqp`
[INFO] [stdout]  --> src/lib.rs:29:5
[INFO] [stdout]   |
[INFO] [stdout] 3 | use fe2o3_amqp::{
[INFO] [stdout]   |     ^^^^^^^^^^ use of undeclared crate or module `fe2o3_amqp`
[INFO] [stdout]   |
[INFO] [stdout] help: there is a crate or module with a similar name
[INFO] [stdout]   |
[INFO] [stdout] 3 | use fe2o3_amqp_ws::{
[INFO] [stdout]   |     ~~~~~~~~~~~~~
[INFO] [stdout] 
[INFO] [stdout] error[E0432]: unresolved import `fe2o3_amqp`
[INFO] [stdout]  --> src/lib.rs:29:5
[INFO] [stdout]   |
[INFO] [stdout] 3 | use fe2o3_amqp::{
[INFO] [stdout]   |     ^^^^^^^^^^ use of undeclared crate or module `fe2o3_amqp`
[INFO] [stdout]   |
[INFO] [stdout] help: there is a crate or module with a similar name
[INFO] [stdout]   |
[INFO] [stdout] 3 | use fe2o3_amqp_ws::{
[INFO] [stdout]   |     ~~~~~~~~~~~~~
[INFO] [stdout] 
[INFO] [stdout] error[E0433]: failed to resolve: could not find `main` in `tokio`
[INFO] [stdout]  --> src/lib.rs:35:10
[INFO] [stdout]   |
[INFO] [stdout] 9 | #[tokio::main]
[INFO] [stdout]   |          ^^^^ could not find `main` in `tokio`
[INFO] [stdout] 
[INFO] [stdout] error[E0752]: `main` function is not allowed to be `async`
[INFO] [stdout]   --> src/lib.rs:36:1
[INFO] [stdout]    |
[INFO] [stdout] 10 | async fn main() {
[INFO] [stdout]    | ^^^^^^^^^^^^^^^ `main` function is not allowed to be `async`
[INFO] [stdout] 
[INFO] [stdout] error: aborting due to 4 previous errors
[INFO] [stdout] 
[INFO] [stdout] Some errors have detailed explanations: E0432, E0433, E0752.
[INFO] [stdout] For more information about an error, try `rustc --explain E0432`.
[INFO] [stdout] Couldn't compile the test.
[INFO] [stdout] ---- src/lib.rs - WebSocketStream (line 124) stdout ----
[INFO] [stdout] error[E0433]: failed to resolve: use of undeclared crate or module `fe2o3_amqp`
[INFO] [stdout]  --> src/lib.rs:125:5
[INFO] [stdout]   |
[INFO] [stdout] 3 | use fe2o3_amqp::{
[INFO] [stdout]   |     ^^^^^^^^^^ use of undeclared crate or module `fe2o3_amqp`
[INFO] [stdout]   |
[INFO] [stdout] help: there is a crate or module with a similar name
[INFO] [stdout]   |
[INFO] [stdout] 3 | use fe2o3_amqp_ws::{
[INFO] [stdout]   |     ~~~~~~~~~~~~~
[INFO] [stdout] 
[INFO] [stdout] error[E0432]: unresolved import `fe2o3_amqp`
[INFO] [stdout]  --> src/lib.rs:125:5
[INFO] [stdout]   |
[INFO] [stdout] 3 | use fe2o3_amqp::{
[INFO] [stdout]   |     ^^^^^^^^^^ use of undeclared crate or module `fe2o3_amqp`
[INFO] [stdout]   |
[INFO] [stdout] help: there is a crate or module with a similar name
[INFO] [stdout]   |
[INFO] [stdout] 3 | use fe2o3_amqp_ws::{
[INFO] [stdout]   |     ~~~~~~~~~~~~~
[INFO] [stdout] 
[INFO] [stdout] error[E0433]: failed to resolve: could not find `main` in `tokio`
[INFO] [stdout]  --> src/lib.rs:131:10
[INFO] [stdout]   |
[INFO] [stdout] 9 | #[tokio::main]
[INFO] [stdout]   |          ^^^^ could not find `main` in `tokio`
[INFO] [stdout] 
[INFO] [stdout] error[E0308]: mismatched types
[INFO] [stdout]   --> src/lib.rs:133:9
[INFO] [stdout]    |
[INFO] [stdout] 11 |       let (ws_stream, _response) = WebSocketStream::connect("ws://localhost:5673")
[INFO] [stdout]    |  _________^^^^^^^^^^^^^^^^^^^^^^___-
[INFO] [stdout]    | |         |
[INFO] [stdout]    | |         expected `WebSocketStream<TokioWebSocketStream<...>>`, found `(_, _)`
[INFO] [stdout] 12 | |         .await
[INFO] [stdout] 13 | |         .unwrap();
[INFO] [stdout]    | |_________________- this expression has type `WebSocketStream<TokioWebSocketStream<tokio_tungstenite::stream::MaybeTlsStream<tokio::net::TcpStream>>>`
[INFO] [stdout]    |
[INFO] [stdout]    = note: expected struct `WebSocketStream<TokioWebSocketStream<tokio_tungstenite::stream::MaybeTlsStream<tokio::net::TcpStream>>>`
[INFO] [stdout]                found tuple `(_, _)`
[INFO] [stdout] 
[INFO] [stdout] error[E0752]: `main` function is not allowed to be `async`
[INFO] [stdout]   --> src/lib.rs:132:1
[INFO] [stdout]    |
[INFO] [stdout] 10 | async fn main() {
[INFO] [stdout]    | ^^^^^^^^^^^^^^^ `main` function is not allowed to be `async`
[INFO] [stdout] 
[INFO] [stdout] error: aborting due to 5 previous errors
[INFO] [stdout] 
[INFO] [stdout] Some errors have detailed explanations: E0308, E0432, E0433, E0752.
[INFO] [stdout] For more information about an error, try `rustc --explain E0308`.
[INFO] [stdout] Couldn't compile the test.
[INFO] [stdout] 
[INFO] [stdout] failures:
[INFO] [stdout]     src/lib.rs - (line 28)
[INFO] [stdout]     src/lib.rs - WebSocketStream (line 124)
[INFO] [stdout] 
[INFO] [stdout] test result: FAILED. 0 passed; 2 failed; 0 ignored; 0 measured; 0 filtered out; finished in 0.17s
[INFO] [stdout] 
[INFO] [stderr] error: doctest failed, to rerun pass `--doc`
[INFO] running `Command { std: "docker" "inspect" "e344b40e397acfd765f159196c630b5c875f912fcf950cd15d8e331767691a18", kill_on_drop: false }`
[INFO] running `Command { std: "docker" "rm" "-f" "e344b40e397acfd765f159196c630b5c875f912fcf950cd15d8e331767691a18", kill_on_drop: false }`
[INFO] [stdout] e344b40e397acfd765f159196c630b5c875f912fcf950cd15d8e331767691a18
