[INFO] fetching crate fcm 0.9.2...
[INFO] testing fcm-0.9.2 against 1.69.0 for beta-1.70-1
[INFO] extracting crate fcm 0.9.2 into /workspace/builds/worker-0-tc1/source
[INFO] validating manifest of crates.io crate fcm 0.9.2 on toolchain 1.69.0
[INFO] running `Command { std: CARGO_HOME="/workspace/cargo-home" RUSTUP_HOME="/workspace/rustup-home" "/workspace/cargo-home/bin/cargo" "+1.69.0" "metadata" "--manifest-path" "Cargo.toml" "--no-deps", kill_on_drop: false }`
[INFO] started tweaking crates.io crate fcm 0.9.2
[INFO] finished tweaking crates.io crate fcm 0.9.2
[INFO] tweaked toml for crates.io crate fcm 0.9.2 written to /workspace/builds/worker-0-tc1/source/Cargo.toml
[INFO] crate crates.io crate fcm 0.9.2 already has a lockfile, it will not be regenerated
[INFO] running `Command { std: CARGO_HOME="/workspace/cargo-home" RUSTUP_HOME="/workspace/rustup-home" "/workspace/cargo-home/bin/cargo" "+1.69.0" "fetch" "--manifest-path" "Cargo.toml", kill_on_drop: false }`
[INFO] [stderr]  Downloading crates ...
[INFO] [stderr]   Downloaded bytes v1.2.0
[INFO] [stderr]   Downloaded serde_derive v1.0.140
[INFO] [stderr]   Downloaded openssl-sys v0.9.75
[INFO] [stderr]   Downloaded serde_json v1.0.82
[INFO] [stderr]   Downloaded openssl v0.10.41
[INFO] [stderr]   Downloaded argparse v0.2.2
[INFO] [stderr]   Downloaded pretty_env_logger v0.3.1
[INFO] [stderr]   Downloaded tracing-core v0.1.28
[INFO] [stderr]   Downloaded erased-serde v0.3.21
[INFO] [stderr]   Downloaded serde v1.0.140
[INFO] [stderr]   Downloaded openssl-src v111.22.0+1.1.1q
[INFO] running `Command { std: "docker" "create" "-v" "/var/lib/crater-agent-workspace/builds/worker-0-tc1/target:/opt/rustwide/target:rw,Z" "-v" "/var/lib/crater-agent-workspace/builds/worker-0-tc1/source:/opt/rustwide/workdir:ro,Z" "-v" "/var/lib/crater-agent-workspace/cargo-home:/opt/rustwide/cargo-home:ro,Z" "-v" "/var/lib/crater-agent-workspace/rustup-home:/opt/rustwide/rustup-home:ro,Z" "-e" "SOURCE_DIR=/opt/rustwide/workdir" "-e" "CARGO_TARGET_DIR=/opt/rustwide/target" "-e" "CARGO_HOME=/opt/rustwide/cargo-home" "-e" "RUSTUP_HOME=/opt/rustwide/rustup-home" "-w" "/opt/rustwide/workdir" "-m" "1610612736" "--user" "0:0" "--network" "none" "ghcr.io/rust-lang/crates-build-env/linux@sha256:5ff2268d62e97bff2cde7d5815dd6ed5b47097566f13b8d0ca110b04b60e07ed" "/opt/rustwide/cargo-home/bin/cargo" "+1.69.0" "metadata" "--no-deps" "--format-version=1", kill_on_drop: false }`
[INFO] [stdout] 3c904ebb2c6795a2c0431c4ce0a11ff1b9ab4f9c7be174f1b5c2d78900e98f2a
[INFO] running `Command { std: "docker" "start" "-a" "3c904ebb2c6795a2c0431c4ce0a11ff1b9ab4f9c7be174f1b5c2d78900e98f2a", kill_on_drop: false }`
[INFO] running `Command { std: "docker" "inspect" "3c904ebb2c6795a2c0431c4ce0a11ff1b9ab4f9c7be174f1b5c2d78900e98f2a", kill_on_drop: false }`
[INFO] running `Command { std: "docker" "rm" "-f" "3c904ebb2c6795a2c0431c4ce0a11ff1b9ab4f9c7be174f1b5c2d78900e98f2a", kill_on_drop: false }`
[INFO] [stdout] 3c904ebb2c6795a2c0431c4ce0a11ff1b9ab4f9c7be174f1b5c2d78900e98f2a
[INFO] running `Command { std: "docker" "create" "-v" "/var/lib/crater-agent-workspace/builds/worker-0-tc1/target:/opt/rustwide/target:rw,Z" "-v" "/var/lib/crater-agent-workspace/builds/worker-0-tc1/source:/opt/rustwide/workdir:ro,Z" "-v" "/var/lib/crater-agent-workspace/cargo-home:/opt/rustwide/cargo-home:ro,Z" "-v" "/var/lib/crater-agent-workspace/rustup-home:/opt/rustwide/rustup-home:ro,Z" "-e" "SOURCE_DIR=/opt/rustwide/workdir" "-e" "CARGO_TARGET_DIR=/opt/rustwide/target" "-e" "CARGO_INCREMENTAL=0" "-e" "RUST_BACKTRACE=full" "-e" "RUSTFLAGS=--cap-lints=warn" "-e" "RUSTDOCFLAGS=--cap-lints=warn" "-e" "CARGO_HOME=/opt/rustwide/cargo-home" "-e" "RUSTUP_HOME=/opt/rustwide/rustup-home" "-w" "/opt/rustwide/workdir" "-m" "1610612736" "--user" "0:0" "--network" "none" "ghcr.io/rust-lang/crates-build-env/linux@sha256:5ff2268d62e97bff2cde7d5815dd6ed5b47097566f13b8d0ca110b04b60e07ed" "/opt/rustwide/cargo-home/bin/cargo" "+1.69.0" "build" "--frozen" "--message-format=json", kill_on_drop: false }`
[INFO] [stdout] 71076e4b6e862521efc738200583c9a5828372a4d80ea97264b03b330a94bf9b
[INFO] running `Command { std: "docker" "start" "-a" "71076e4b6e862521efc738200583c9a5828372a4d80ea97264b03b330a94bf9b", kill_on_drop: false }`
[INFO] [stderr]     Blocking waiting for file lock on package cache
[INFO] [stderr]    Compiling proc-macro2 v1.0.42
[INFO] [stderr]    Compiling unicode-ident v1.0.2
[INFO] [stderr]    Compiling quote v1.0.20
[INFO] [stderr]    Compiling syn v1.0.98
[INFO] [stderr]    Compiling libc v0.2.126
[INFO] [stderr]    Compiling once_cell v1.13.0
[INFO] [stderr]    Compiling pkg-config v0.3.25
[INFO] [stderr]    Compiling cc v1.0.73
[INFO] [stderr]    Compiling futures-core v0.3.21
[INFO] [stderr]    Compiling bytes v1.2.0
[INFO] [stderr]    Compiling tokio v1.20.1
[INFO] [stderr]    Compiling itoa v1.0.2
[INFO] [stderr]    Compiling serde_derive v1.0.140
[INFO] [stderr]    Compiling futures-task v0.3.21
[INFO] [stderr]    Compiling tracing-core v0.1.28
[INFO] [stderr]    Compiling indexmap v1.9.1
[INFO] [stderr]    Compiling slab v0.4.7
[INFO] [stderr]    Compiling socket2 v0.4.4
[INFO] [stderr]    Compiling num_cpus v1.13.1
[INFO] [stderr]    Compiling mio v0.8.4
[INFO] [stderr]    Compiling openssl-sys v0.9.75
[INFO] [stderr]    Compiling futures-util v0.3.21
[INFO] [stderr]    Compiling openssl v0.10.41
[INFO] [stderr]    Compiling foreign-types-shared v0.1.1
[INFO] [stderr]    Compiling serde v1.0.140
[INFO] [stderr]    Compiling foreign-types v0.3.2
[INFO] [stderr]    Compiling http v0.2.8
[INFO] [stderr]    Compiling tracing v0.1.35
[INFO] [stderr]    Compiling futures-channel v0.3.21
[INFO] [stderr]    Compiling native-tls v0.2.10
[INFO] [stderr]    Compiling httparse v1.7.1
[INFO] [stderr]    Compiling futures-sink v0.3.21
[INFO] [stderr]    Compiling matches v0.1.9
[INFO] [stderr]    Compiling tinyvec_macros v0.1.0
[INFO] [stderr]    Compiling tinyvec v1.6.0
[INFO] [stderr]    Compiling percent-encoding v2.1.0
[INFO] [stderr]    Compiling openssl-probe v0.1.5
[INFO] [stderr]    Compiling try-lock v0.2.3
[INFO] [stderr]    Compiling form_urlencoded v1.0.1
[INFO] [stderr]    Compiling want v0.3.0
[INFO] [stderr]    Compiling http-body v0.4.5
[INFO] [stderr]    Compiling unicode-normalization v0.1.21
[INFO] [stderr]    Compiling ryu v1.0.10
[INFO] [stderr]    Compiling unicode-bidi v0.3.8
[INFO] [stderr]    Compiling serde_json v1.0.82
[INFO] [stderr]    Compiling encoding_rs v0.8.31
[INFO] [stderr]    Compiling erased-serde v0.3.21
[INFO] [stderr]    Compiling time v0.1.44
[INFO] [stderr]    Compiling base64 v0.13.0
[INFO] [stderr]    Compiling idna v0.2.3
[INFO] [stderr]    Compiling mime v0.3.16
[INFO] [stderr]    Compiling ipnet v2.5.0
[INFO] [stderr]    Compiling chrono v0.4.19
[INFO] [stderr]    Compiling url v2.2.2
[INFO] [stderr]    Compiling tokio-macros v1.8.0
[INFO] [stderr]    Compiling openssl-macros v0.1.0
[INFO] [stderr]    Compiling tokio-util v0.7.3
[INFO] [stderr]    Compiling tokio-native-tls v0.3.0
[INFO] [stderr]    Compiling h2 v0.3.13
[INFO] [stderr]    Compiling serde_urlencoded v0.7.1
[INFO] [stderr]    Compiling hyper v0.14.20
[INFO] [stderr]    Compiling hyper-tls v0.5.0
[INFO] [stderr]    Compiling reqwest v0.11.11
[INFO] [stderr]    Compiling fcm v0.9.2 (/opt/rustwide/workdir)
[INFO] [stderr]     Finished dev [unoptimized + debuginfo] target(s) in 21.55s
[INFO] running `Command { std: "docker" "inspect" "71076e4b6e862521efc738200583c9a5828372a4d80ea97264b03b330a94bf9b", kill_on_drop: false }`
[INFO] running `Command { std: "docker" "rm" "-f" "71076e4b6e862521efc738200583c9a5828372a4d80ea97264b03b330a94bf9b", kill_on_drop: false }`
[INFO] [stdout] 71076e4b6e862521efc738200583c9a5828372a4d80ea97264b03b330a94bf9b
[INFO] running `Command { std: "docker" "create" "-v" "/var/lib/crater-agent-workspace/builds/worker-0-tc1/target:/opt/rustwide/target:rw,Z" "-v" "/var/lib/crater-agent-workspace/builds/worker-0-tc1/source:/opt/rustwide/workdir:ro,Z" "-v" "/var/lib/crater-agent-workspace/cargo-home:/opt/rustwide/cargo-home:ro,Z" "-v" "/var/lib/crater-agent-workspace/rustup-home:/opt/rustwide/rustup-home:ro,Z" "-e" "SOURCE_DIR=/opt/rustwide/workdir" "-e" "CARGO_TARGET_DIR=/opt/rustwide/target" "-e" "CARGO_INCREMENTAL=0" "-e" "RUST_BACKTRACE=full" "-e" "RUSTFLAGS=--cap-lints=warn" "-e" "RUSTDOCFLAGS=--cap-lints=warn" "-e" "CARGO_HOME=/opt/rustwide/cargo-home" "-e" "RUSTUP_HOME=/opt/rustwide/rustup-home" "-w" "/opt/rustwide/workdir" "-m" "1610612736" "--user" "0:0" "--network" "none" "ghcr.io/rust-lang/crates-build-env/linux@sha256:5ff2268d62e97bff2cde7d5815dd6ed5b47097566f13b8d0ca110b04b60e07ed" "/opt/rustwide/cargo-home/bin/cargo" "+1.69.0" "test" "--frozen" "--no-run" "--message-format=json", kill_on_drop: false }`
[INFO] [stdout] 79932658216c166ac0ca4b9420097efc6e01598783f8515eadd443564bb76a33
[INFO] running `Command { std: "docker" "start" "-a" "79932658216c166ac0ca4b9420097efc6e01598783f8515eadd443564bb76a33", kill_on_drop: false }`
[INFO] [stderr]    Compiling aho-corasick v0.7.18
[INFO] [stderr]    Compiling quick-error v1.2.3
[INFO] [stderr]    Compiling regex-syntax v0.6.27
[INFO] [stderr]    Compiling atty v0.2.14
[INFO] [stderr]    Compiling termcolor v1.1.3
[INFO] [stderr]    Compiling argparse v0.2.2
[INFO] [stderr]    Compiling humantime v1.3.0
[INFO] [stderr]    Compiling regex v1.6.0
[INFO] [stderr]    Compiling env_logger v0.6.2
[INFO] [stderr]    Compiling pretty_env_logger v0.3.1
[INFO] [stderr]    Compiling fcm v0.9.2 (/opt/rustwide/workdir)
[INFO] [stderr]     Finished test [unoptimized + debuginfo] target(s) in 10.48s
[INFO] running `Command { std: "docker" "inspect" "79932658216c166ac0ca4b9420097efc6e01598783f8515eadd443564bb76a33", kill_on_drop: false }`
[INFO] running `Command { std: "docker" "rm" "-f" "79932658216c166ac0ca4b9420097efc6e01598783f8515eadd443564bb76a33", kill_on_drop: false }`
[INFO] [stdout] 79932658216c166ac0ca4b9420097efc6e01598783f8515eadd443564bb76a33
[INFO] running `Command { std: "docker" "create" "-v" "/var/lib/crater-agent-workspace/builds/worker-0-tc1/target:/opt/rustwide/target:rw,Z" "-v" "/var/lib/crater-agent-workspace/builds/worker-0-tc1/source:/opt/rustwide/workdir:ro,Z" "-v" "/var/lib/crater-agent-workspace/cargo-home:/opt/rustwide/cargo-home:ro,Z" "-v" "/var/lib/crater-agent-workspace/rustup-home:/opt/rustwide/rustup-home:ro,Z" "-e" "SOURCE_DIR=/opt/rustwide/workdir" "-e" "CARGO_TARGET_DIR=/opt/rustwide/target" "-e" "CARGO_INCREMENTAL=0" "-e" "RUST_BACKTRACE=full" "-e" "RUSTFLAGS=--cap-lints=warn" "-e" "RUSTDOCFLAGS=--cap-lints=warn" "-e" "CARGO_HOME=/opt/rustwide/cargo-home" "-e" "RUSTUP_HOME=/opt/rustwide/rustup-home" "-w" "/opt/rustwide/workdir" "-m" "1610612736" "--user" "0:0" "--network" "none" "ghcr.io/rust-lang/crates-build-env/linux@sha256:5ff2268d62e97bff2cde7d5815dd6ed5b47097566f13b8d0ca110b04b60e07ed" "/opt/rustwide/cargo-home/bin/cargo" "+1.69.0" "test" "--frozen", kill_on_drop: false }`
[INFO] [stdout] 989e78270294041605c2f8ce5a5c31f0023c3d793b272b5175e41c6e19f4a88e
[INFO] running `Command { std: "docker" "start" "-a" "989e78270294041605c2f8ce5a5c31f0023c3d793b272b5175e41c6e19f4a88e", kill_on_drop: false }`
[INFO] [stderr]     Finished test [unoptimized + debuginfo] target(s) in 0.14s
[INFO] [stderr]      Running unittests src/lib.rs (/opt/rustwide/target/debug/deps/fcm-7b81984c7e7a466d)
[INFO] [stdout] 
[INFO] [stdout] running 30 tests
[INFO] [stdout] test client::response::tests::test_retry_after_from_date ... ok
[INFO] [stdout] test message::tests::should_create_new_message ... ok
[INFO] [stdout] test message::tests::should_be_able_to_render_a_full_message_to_json ... ok
[INFO] [stdout] test client::response::tests::test_retry_after_from_seconds ... ok
[INFO] [stdout] test message::tests::should_set_collapse_key ... ok
[INFO] [stdout] test message::tests::should_set_content_available ... ok
[INFO] [stdout] test client::response::tests::test_some_errors ... ok
[INFO] [stdout] test message::tests::should_add_custom_data_to_the_payload ... ok
[INFO] [stdout] test message::tests::should_set_delay_while_idle ... ok
[INFO] [stdout] test message::tests::should_set_dry_run ... ok
[INFO] [stdout] test message::tests::should_leave_nones_out_of_the_json ... ok
[INFO] [stdout] test message::tests::should_set_mutable_content ... ok
[INFO] [stdout] test message::tests::should_set_restricted_package_name ... ok
[INFO] [stdout] test message::tests::should_set_registration_ids ... ok
[INFO] [stdout] test message::tests::should_set_time_to_live ... ok
[INFO] [stdout] test message::tests::should_set_priority ... ok
[INFO] [stdout] test message::tests::should_set_notifications ... ok
[INFO] [stdout] test notification::tests::should_be_able_to_render_a_full_notification_to_json ... ok
[INFO] [stdout] test notification::tests::should_set_notification_body_loc_args ... ok
[INFO] [stdout] test notification::tests::should_set_notification_body ... ok
[INFO] [stdout] test notification::tests::should_set_notification_body_loc_key ... ok
[INFO] [stdout] test notification::tests::should_set_notification_click_action ... ok
[INFO] [stdout] test notification::tests::should_set_notification_icon ... ok
[INFO] [stdout] test notification::tests::should_set_notification_sound ... ok
[INFO] [stdout] test notification::tests::should_set_notification_tag ... ok
[INFO] [stdout] test notification::tests::should_set_notification_title ... ok
[INFO] [stdout] test notification::tests::should_set_notification_color ... ok
[INFO] [stdout] test notification::tests::should_set_notification_badge ... ok
[INFO] [stdout] test notification::tests::should_set_notification_title_loc_args ... ok
[INFO] [stdout] test notification::tests::should_set_notification_title_loc_key ... ok
[INFO] [stdout] 
[INFO] [stdout] test result: ok. 30 passed; 0 failed; 0 ignored; 0 measured; 0 filtered out; finished in 0.01s
[INFO] [stdout] 
[INFO] [stderr]    Doc-tests fcm
[INFO] [stdout] 
[INFO] [stdout] running 9 tests
[INFO] [stdout] test src/lib.rs - (line 11) - compile ... ok
[INFO] [stdout] test src/lib.rs - (line 42) - compile ... ok
[INFO] [stdout] test src/lib.rs - (line 31) ... FAILED
[INFO] [stdout] test src/message/mod.rs - message::MessageBuilder<'a>::notification (line 231) ... ok
[INFO] [stdout] test src/notification/mod.rs - notification::NotificationBuilder (line 53) ... ok
[INFO] [stdout] test src/message/mod.rs - message::MessageBuilder (line 78) ... ok
[INFO] [stdout] test src/message/mod.rs - message::MessageBuilder<'a>::priority (line 165) ... ok
[INFO] [stdout] test src/message/mod.rs - message::MessageBuilder<'a>::data (line 213) ... ok
[INFO] [stdout] test src/message/mod.rs - message::Message (line 60) ... ok
[INFO] [stdout] 
[INFO] [stdout] failures:
[INFO] [stdout] 
[INFO] [stdout] ---- src/lib.rs - (line 31) stdout ----
[INFO] [stdout] error: linking with `cc` failed: exit status: 1
[INFO] [stdout]   |
[INFO] [stdout]   = note: LC_ALL="C" PATH="/opt/rustwide/rustup-home/toolchains/1.69.0-x86_64-unknown-linux-gnu/lib/rustlib/x86_64-unknown-linux-gnu/bin:/opt/rustwide/cargo-home/bin:/usr/local/sbin:/usr/local/bin:/usr/sbin:/usr/bin:/sbin:/bin" VSLANG="1033" "cc" "-m64" "/tmp/rustcblLR3B/symbols.o" "/tmp/rustdoctestLTsiqb/rust_out.rust_out.5bfee551-cgu.0.rcgu.o" "/tmp/rustdoctestLTsiqb/rust_out.j00p4ncf7xg64kg.rcgu.o" "-Wl,--as-needed" "-L" "/opt/rustwide/target/debug/deps" "-L" "/opt/rustwide/target/debug/deps" "-L" "/opt/rustwide/rustup-home/toolchains/1.69.0-x86_64-unknown-linux-gnu/lib/rustlib/x86_64-unknown-linux-gnu/lib" "-Wl,-Bstatic" "/opt/rustwide/target/debug/deps/libfcm-3375fa7bb3121375.rlib" "/opt/rustwide/target/debug/deps/liberased_serde-5be1394040879fcb.rlib" "/opt/rustwide/target/debug/deps/libreqwest-d9addcb11a0be549.rlib" "/opt/rustwide/target/debug/deps/libhyper_tls-06cbc28f85806276.rlib" "/opt/rustwide/target/debug/deps/libserde_urlencoded-36b3004626256550.rlib" "/opt/rustwide/target/debug/deps/libipnet-7bd9fab3c03404f4.rlib" "/opt/rustwide/target/debug/deps/libtokio_native_tls-b9556f6a43177696.rlib" "/opt/rustwide/target/debug/deps/libmime-2a4c3a9a364f5972.rlib" "/opt/rustwide/target/debug/deps/libencoding_rs-445b6023340cc421.rlib" "/opt/rustwide/target/debug/deps/libbase64-007e7c1fbda2b30a.rlib" "/opt/rustwide/target/debug/deps/libnative_tls-dcd22fc7c3eeb925.rlib" "/opt/rustwide/target/debug/deps/libopenssl_probe-2d1cd15c290ad1de.rlib" "/opt/rustwide/target/debug/deps/libopenssl-19832ae83a9cfa34.rlib" "/opt/rustwide/target/debug/deps/libbitflags-82cc2d155c6eb112.rlib" "/opt/rustwide/target/debug/deps/libforeign_types-f2b053f84105065c.rlib" "/opt/rustwide/target/debug/deps/libforeign_types_shared-48f8f1f9ea32d068.rlib" "/opt/rustwide/target/debug/deps/libopenssl_sys-174580585424a0da.rlib" "/opt/rustwide/target/debug/deps/libhyper-633fc639a765c57f.rlib" "/opt/rustwide/target/debug/deps/libwant-39e2e15258c9e251.rlib" "/opt/rustwide/target/debug/deps/libtry_lock-372cab8856e9ce9d.rlib" "/opt/rustwide/target/debug/deps/libhttparse-ccf81f7f581c40b8.rlib" "/opt/rustwide/target/debug/deps/libh2-00e98cb259569adc.rlib" "/opt/rustwide/target/debug/deps/libindexmap-ca426f148cb16a73.rlib" "/opt/rustwide/target/debug/deps/libhashbrown-f669da50cece7aa5.rlib" "/opt/rustwide/target/debug/deps/libslab-adc206ca6c0d0a92.rlib" "/opt/rustwide/target/debug/deps/libtokio_util-2268fecff284f24d.rlib" "/opt/rustwide/target/debug/deps/libfutures_sink-4aec2d803aa18c12.rlib" "/opt/rustwide/target/debug/deps/libtower_service-a82a463fea06a00e.rlib" "/opt/rustwide/target/debug/deps/libtracing-9c8a9432ed6af66e.rlib" "/opt/rustwide/target/debug/deps/libtracing_core-83c401ab3d8c656d.rlib" "/opt/rustwide/target/debug/deps/libonce_cell-d1197491957c0c17.rlib" "/opt/rustwide/target/debug/deps/libfutures_channel-294427afe0d2b4d3.rlib" "/opt/rustwide/target/debug/deps/libfutures_util-db3c7751e1777e96.rlib" "/opt/rustwide/target/debug/deps/libfutures_task-c9a7f605ba65d146.rlib" "/opt/rustwide/target/debug/deps/libpin_utils-0d8eaf4ac0fcb221.rlib" "/opt/rustwide/target/debug/deps/libtokio-e1b0596cc06d8c33.rlib" "/opt/rustwide/target/debug/deps/libnum_cpus-8a0b4c0cca8d469c.rlib" "/opt/rustwide/target/debug/deps/libsocket2-431520c5e007ac57.rlib" "/opt/rustwide/target/debug/deps/libmemchr-b18e4aa3c7a38625.rlib" "/opt/rustwide/target/debug/deps/libmio-830b501beb7391d5.rlib" "/opt/rustwide/target/debug/deps/libhttp_body-e86b8b12802ab2a4.rlib" "/opt/rustwide/target/debug/deps/libpin_project_lite-e66e1bab7310d569.rlib" "/opt/rustwide/target/debug/deps/liblog-e4acea3c8ca43b70.rlib" "/opt/rustwide/target/debug/deps/libcfg_if-e5e118dd7d121aaa.rlib" "/opt/rustwide/target/debug/deps/libfutures_core-64eaaeb4b64b7eca.rlib" "/opt/rustwide/target/debug/deps/liblazy_static-a15e1ed0a3c31761.rlib" "/opt/rustwide/target/debug/deps/liburl-1d787e535ab12a0c.rlib" "/opt/rustwide/target/debug/deps/libidna-87c29311e43d0460.rlib" "/opt/rustwide/target/debug/deps/libunicode_normalization-c65dbbd51e5592c1.rlib" "/opt/rustwide/target/debug/deps/libtinyvec-dcb099dba038fed5.rlib" "/opt/rustwide/target/debug/deps/libtinyvec_macros-5ffb2ea8a2d866f2.rlib" "/opt/rustwide/target/debug/deps/libunicode_bidi-0c08def1fa98a3f7.rlib" "/opt/rustwide/target/debug/deps/libform_urlencoded-0fe912f6e457e008.rlib" "/opt/rustwide/target/debug/deps/libpercent_encoding-5186c2668f567217.rlib" "/opt/rustwide/target/debug/deps/libmatches-278cbf5ab72c0d9c.rlib" "/opt/rustwide/target/debug/deps/libhttp-9fdd78fc01350f50.rlib" "/opt/rustwide/target/debug/deps/libbytes-c04ef6baac878eb0.rlib" "/opt/rustwide/target/debug/deps/libfnv-41a559218f992797.rlib" "/opt/rustwide/target/debug/deps/libchrono-a3f7941c4edafc5e.rlib" "/opt/rustwide/target/debug/deps/libnum_integer-8056a34aec203bba.rlib" "/opt/rustwide/target/debug/deps/libnum_traits-11c9b029deaf19dd.rlib" "/opt/rustwide/target/debug/deps/libtime-1aa045bddd936550.rlib" "/opt/rustwide/target/debug/deps/liblibc-aa460ef2c24f42df.rlib" "/opt/rustwide/target/debug/deps/libserde_json-0814ed5ad7f8be63.rlib" "/opt/rustwide/target/debug/deps/libryu-782eb6e27593dc3a.rlib" "/opt/rustwide/target/debug/deps/libitoa-b7abbc6655863a77.rlib" "/opt/rustwide/target/debug/deps/libserde-e1b5b8a30e83846d.rlib" "/opt/rustwide/rustup-home/toolchains/1.69.0-x86_64-unknown-linux-gnu/lib/rustlib/x86_64-unknown-linux-gnu/lib/libstd-89bc084783fdc439.rlib" "/opt/rustwide/rustup-home/toolchains/1.69.0-x86_64-unknown-linux-gnu/lib/rustlib/x86_64-unknown-linux-gnu/lib/libpanic_unwind-8bee4b287d4367c1.rlib" "/opt/rustwide/rustup-home/toolchains/1.69.0-x86_64-unknown-linux-gnu/lib/rustlib/x86_64-unknown-linux-gnu/lib/libobject-d61707aed80694c0.rlib" "/opt/rustwide/rustup-home/toolchains/1.69.0-x86_64-unknown-linux-gnu/lib/rustlib/x86_64-unknown-linux-gnu/lib/libmemchr-d85366256f22345b.rlib" "/opt/rustwide/rustup-home/toolchains/1.69.0-x86_64-unknown-linux-gnu/lib/rustlib/x86_64-unknown-linux-gnu/lib/libaddr2line-96069b86b8a8cae9.rlib" "/opt/rustwide/rustup-home/toolchains/1.69.0-x86_64-unknown-linux-gnu/lib/rustlib/x86_64-unknown-linux-gnu/lib/libgimli-d19d53abf68dfa6c.rlib" "/opt/rustwide/rustup-home/toolchains/1.69.0-x86_64-unknown-linux-gnu/lib/rustlib/x86_64-unknown-linux-gnu/lib/librustc_demangle-787cbccd19d64ac6.rlib" "/opt/rustwide/rustup-home/toolchains/1.69.0-x86_64-unknown-linux-gnu/lib/rustlib/x86_64-unknown-linux-gnu/lib/libstd_detect-b3837a36b830e0d0.rlib" "/opt/rustwide/rustup-home/toolchains/1.69.0-x86_64-unknown-linux-gnu/lib/rustlib/x86_64-unknown-linux-gnu/lib/libhashbrown-e3deb0e7e3f04966.rlib" "/opt/rustwide/rustup-home/toolchains/1.69.0-x86_64-unknown-linux-gnu/lib/rustlib/x86_64-unknown-linux-gnu/lib/libminiz_oxide-dabbb79c9815def4.rlib" "/opt/rustwide/rustup-home/toolchains/1.69.0-x86_64-unknown-linux-gnu/lib/rustlib/x86_64-unknown-linux-gnu/lib/libadler-305b01f34c9409f2.rlib" "/opt/rustwide/rustup-home/toolchains/1.69.0-x86_64-unknown-linux-gnu/lib/rustlib/x86_64-unknown-linux-gnu/lib/librustc_std_workspace_alloc-f833521df6074e73.rlib" "/opt/rustwide/rustup-home/toolchains/1.69.0-x86_64-unknown-linux-gnu/lib/rustlib/x86_64-unknown-linux-gnu/lib/libunwind-9ac333113350d171.rlib" "/opt/rustwide/rustup-home/toolchains/1.69.0-x86_64-unknown-linux-gnu/lib/rustlib/x86_64-unknown-linux-gnu/lib/libcfg_if-1c126114322d0eee.rlib" "/opt/rustwide/rustup-home/toolchains/1.69.0-x86_64-unknown-linux-gnu/lib/rustlib/x86_64-unknown-linux-gnu/lib/liblibc-bad9164fdeeecf92.rlib" "/opt/rustwide/rustup-home/toolchains/1.69.0-x86_64-unknown-linux-gnu/lib/rustlib/x86_64-unknown-linux-gnu/lib/liballoc-f9374b1e480fa681.rlib" "/opt/rustwide/rustup-home/toolchains/1.69.0-x86_64-unknown-linux-gnu/lib/rustlib/x86_64-unknown-linux-gnu/lib/librustc_std_workspace_core-207f06e41d9603af.rlib" "/opt/rustwide/rustup-home/toolchains/1.69.0-x86_64-unknown-linux-gnu/lib/rustlib/x86_64-unknown-linux-gnu/lib/libcore-7e2768e66e984e85.rlib" "/opt/rustwide/rustup-home/toolchains/1.69.0-x86_64-unknown-linux-gnu/lib/rustlib/x86_64-unknown-linux-gnu/lib/libcompiler_builtins-957b4aff41f8cd46.rlib" "-Wl,-Bdynamic" "-lssl" "-lcrypto" "-lgcc_s" "-lutil" "-lrt" "-lpthread" "-lm" "-ldl" "-lc" "-Wl,--eh-frame-hdr" "-Wl,-z,noexecstack" "-L" "/opt/rustwide/rustup-home/toolchains/1.69.0-x86_64-unknown-linux-gnu/lib/rustlib/x86_64-unknown-linux-gnu/lib" "-o" "/tmp/rustdoctestLTsiqb/rust_out" "-Wl,--gc-sections" "-pie" "-Wl,-z,relro,-z,now" "-nodefaultlibs"
[INFO] [stdout]   = note: collect2: fatal error: ld terminated with signal 9 [Killed]
[INFO] [stdout]           compilation terminated.
[INFO] [stdout]           
[INFO] [stdout] 
[INFO] [stdout] error: aborting due to previous error
[INFO] [stdout] 
[INFO] [stdout] Couldn't compile the test.
[INFO] [stdout] 
[INFO] [stdout] failures:
[INFO] [stdout]     src/lib.rs - (line 31)
[INFO] [stdout] 
[INFO] [stdout] test result: FAILED. 8 passed; 1 failed; 0 ignored; 0 measured; 0 filtered out; finished in 3.94s
[INFO] [stdout] 
[INFO] [stderr] error: doctest failed, to rerun pass `--doc`
[INFO] running `Command { std: "docker" "inspect" "989e78270294041605c2f8ce5a5c31f0023c3d793b272b5175e41c6e19f4a88e", kill_on_drop: false }`
[INFO] running `Command { std: "docker" "rm" "-f" "989e78270294041605c2f8ce5a5c31f0023c3d793b272b5175e41c6e19f4a88e", kill_on_drop: false }`
[INFO] [stdout] 989e78270294041605c2f8ce5a5c31f0023c3d793b272b5175e41c6e19f4a88e
