[INFO] fetching crate fastserve 0.2.3...
[INFO] testing fastserve-0.2.3 against 1.69.0 for beta-1.70-1
[INFO] extracting crate fastserve 0.2.3 into /workspace/builds/worker-4-tc1/source
[INFO] validating manifest of crates.io crate fastserve 0.2.3 on toolchain 1.69.0
[INFO] running `Command { std: CARGO_HOME="/workspace/cargo-home" RUSTUP_HOME="/workspace/rustup-home" "/workspace/cargo-home/bin/cargo" "+1.69.0" "metadata" "--manifest-path" "Cargo.toml" "--no-deps", kill_on_drop: false }`
[INFO] started tweaking crates.io crate fastserve 0.2.3
[INFO] finished tweaking crates.io crate fastserve 0.2.3
[INFO] tweaked toml for crates.io crate fastserve 0.2.3 written to /workspace/builds/worker-4-tc1/source/Cargo.toml
[INFO] running `Command { std: CARGO_HOME="/workspace/cargo-home" RUSTUP_HOME="/workspace/rustup-home" __CARGO_TEST_CHANNEL_OVERRIDE_DO_NOT_USE_THIS="nightly" "/workspace/cargo-home/bin/cargo" "+1.69.0" "generate-lockfile" "--manifest-path" "Cargo.toml" "-Zno-index-update", kill_on_drop: false }`
[INFO] running `Command { std: CARGO_HOME="/workspace/cargo-home" RUSTUP_HOME="/workspace/rustup-home" "/workspace/cargo-home/bin/cargo" "+1.69.0" "fetch" "--manifest-path" "Cargo.toml", kill_on_drop: false }`
[INFO] running `Command { std: "docker" "create" "-v" "/var/lib/crater-agent-workspace/builds/worker-4-tc1/target:/opt/rustwide/target:rw,Z" "-v" "/var/lib/crater-agent-workspace/builds/worker-4-tc1/source:/opt/rustwide/workdir:ro,Z" "-v" "/var/lib/crater-agent-workspace/cargo-home:/opt/rustwide/cargo-home:ro,Z" "-v" "/var/lib/crater-agent-workspace/rustup-home:/opt/rustwide/rustup-home:ro,Z" "-e" "SOURCE_DIR=/opt/rustwide/workdir" "-e" "CARGO_TARGET_DIR=/opt/rustwide/target" "-e" "CARGO_HOME=/opt/rustwide/cargo-home" "-e" "RUSTUP_HOME=/opt/rustwide/rustup-home" "-w" "/opt/rustwide/workdir" "-m" "1610612736" "--user" "0:0" "--network" "none" "ghcr.io/rust-lang/crates-build-env/linux@sha256:5ff2268d62e97bff2cde7d5815dd6ed5b47097566f13b8d0ca110b04b60e07ed" "/opt/rustwide/cargo-home/bin/cargo" "+1.69.0" "metadata" "--no-deps" "--format-version=1", kill_on_drop: false }`
[INFO] [stdout] d1f66347248b7e9fe2cb243bc591ebf105eb4929ad602aca53a957fba8b9ea2c
[INFO] running `Command { std: "docker" "start" "-a" "d1f66347248b7e9fe2cb243bc591ebf105eb4929ad602aca53a957fba8b9ea2c", kill_on_drop: false }`
[INFO] running `Command { std: "docker" "inspect" "d1f66347248b7e9fe2cb243bc591ebf105eb4929ad602aca53a957fba8b9ea2c", kill_on_drop: false }`
[INFO] running `Command { std: "docker" "rm" "-f" "d1f66347248b7e9fe2cb243bc591ebf105eb4929ad602aca53a957fba8b9ea2c", kill_on_drop: false }`
[INFO] [stdout] d1f66347248b7e9fe2cb243bc591ebf105eb4929ad602aca53a957fba8b9ea2c
[INFO] running `Command { std: "docker" "create" "-v" "/var/lib/crater-agent-workspace/builds/worker-4-tc1/target:/opt/rustwide/target:rw,Z" "-v" "/var/lib/crater-agent-workspace/builds/worker-4-tc1/source:/opt/rustwide/workdir:ro,Z" "-v" "/var/lib/crater-agent-workspace/cargo-home:/opt/rustwide/cargo-home:ro,Z" "-v" "/var/lib/crater-agent-workspace/rustup-home:/opt/rustwide/rustup-home:ro,Z" "-e" "SOURCE_DIR=/opt/rustwide/workdir" "-e" "CARGO_TARGET_DIR=/opt/rustwide/target" "-e" "CARGO_INCREMENTAL=0" "-e" "RUST_BACKTRACE=full" "-e" "RUSTFLAGS=--cap-lints=warn" "-e" "RUSTDOCFLAGS=--cap-lints=warn" "-e" "CARGO_HOME=/opt/rustwide/cargo-home" "-e" "RUSTUP_HOME=/opt/rustwide/rustup-home" "-w" "/opt/rustwide/workdir" "-m" "1610612736" "--user" "0:0" "--network" "none" "ghcr.io/rust-lang/crates-build-env/linux@sha256:5ff2268d62e97bff2cde7d5815dd6ed5b47097566f13b8d0ca110b04b60e07ed" "/opt/rustwide/cargo-home/bin/cargo" "+1.69.0" "build" "--frozen" "--message-format=json", kill_on_drop: false }`
[INFO] [stdout] 43035dbf85f08429c2972671d6749fc65a3ef47bcdec12dc318c62adf2083a1f
[INFO] running `Command { std: "docker" "start" "-a" "43035dbf85f08429c2972671d6749fc65a3ef47bcdec12dc318c62adf2083a1f", kill_on_drop: false }`
[INFO] [stderr]     Blocking waiting for file lock on package cache
[INFO] [stderr]    Compiling openssl-sys v0.9.87
[INFO] [stderr]    Compiling num-traits v0.2.15
[INFO] [stderr]    Compiling itoa v1.0.6
[INFO] [stderr]    Compiling tracing-core v0.1.30
[INFO] [stderr]    Compiling indexmap v1.9.3
[INFO] [stderr]    Compiling num-integer v0.1.45
[INFO] [stderr]    Compiling futures-util v0.3.28
[INFO] [stderr]    Compiling openssl v0.10.52
[INFO] [stderr]    Compiling openssl-macros v0.1.1
[INFO] [stderr]    Compiling futures-sink v0.3.28
[INFO] [stderr]    Compiling futures-channel v0.3.28
[INFO] [stderr]    Compiling native-tls v0.2.11
[INFO] [stderr]    Compiling num-bigint v0.2.6
[INFO] [stderr]    Compiling want v0.3.0
[INFO] [stderr]    Compiling getrandom v0.2.9
[INFO] [stderr]    Compiling num-complex v0.2.4
[INFO] [stderr]    Compiling num-iter v0.1.43
[INFO] [stderr]    Compiling http v0.2.9
[INFO] [stderr]    Compiling num-rational v0.2.4
[INFO] [stderr]    Compiling serde_json v1.0.96
[INFO] [stderr]    Compiling ryu v1.0.13
[INFO] [stderr]    Compiling idna v0.3.0
[INFO] [stderr]    Compiling tracing v0.1.37
[INFO] [stderr]    Compiling rand_core v0.6.4
[INFO] [stderr]    Compiling tokio-util v0.7.8
[INFO] [stderr]    Compiling serde_urlencoded v0.7.1
[INFO] [stderr]    Compiling ipnet v2.7.2
[INFO] [stderr]    Compiling rand_chacha v0.3.1
[INFO] [stderr]    Compiling mime v0.3.17
[INFO] [stderr]    Compiling lazy_static v0.1.16
[INFO] [stderr]    Compiling url v2.3.1
[INFO] [stderr]    Compiling rand v0.8.5
[INFO] [stderr]    Compiling http-body v0.4.5
[INFO] [stderr]    Compiling h2 v0.3.18
[INFO] [stderr]    Compiling num v0.2.1
[INFO] [stderr]    Compiling tokio-native-tls v0.3.1
[INFO] [stderr]    Compiling hyper v0.14.26
[INFO] [stderr]    Compiling hyper-tls v0.5.0
[INFO] [stderr]    Compiling reqwest v0.11.17
[INFO] [stderr]    Compiling fastserve v0.2.3 (/opt/rustwide/workdir)
[INFO] [stderr]     Finished dev [unoptimized + debuginfo] target(s) in 12.66s
[INFO] running `Command { std: "docker" "inspect" "43035dbf85f08429c2972671d6749fc65a3ef47bcdec12dc318c62adf2083a1f", kill_on_drop: false }`
[INFO] running `Command { std: "docker" "rm" "-f" "43035dbf85f08429c2972671d6749fc65a3ef47bcdec12dc318c62adf2083a1f", kill_on_drop: false }`
[INFO] [stdout] 43035dbf85f08429c2972671d6749fc65a3ef47bcdec12dc318c62adf2083a1f
[INFO] running `Command { std: "docker" "create" "-v" "/var/lib/crater-agent-workspace/builds/worker-4-tc1/target:/opt/rustwide/target:rw,Z" "-v" "/var/lib/crater-agent-workspace/builds/worker-4-tc1/source:/opt/rustwide/workdir:ro,Z" "-v" "/var/lib/crater-agent-workspace/cargo-home:/opt/rustwide/cargo-home:ro,Z" "-v" "/var/lib/crater-agent-workspace/rustup-home:/opt/rustwide/rustup-home:ro,Z" "-e" "SOURCE_DIR=/opt/rustwide/workdir" "-e" "CARGO_TARGET_DIR=/opt/rustwide/target" "-e" "CARGO_INCREMENTAL=0" "-e" "RUST_BACKTRACE=full" "-e" "RUSTFLAGS=--cap-lints=warn" "-e" "RUSTDOCFLAGS=--cap-lints=warn" "-e" "CARGO_HOME=/opt/rustwide/cargo-home" "-e" "RUSTUP_HOME=/opt/rustwide/rustup-home" "-w" "/opt/rustwide/workdir" "-m" "1610612736" "--user" "0:0" "--network" "none" "ghcr.io/rust-lang/crates-build-env/linux@sha256:5ff2268d62e97bff2cde7d5815dd6ed5b47097566f13b8d0ca110b04b60e07ed" "/opt/rustwide/cargo-home/bin/cargo" "+1.69.0" "test" "--frozen" "--no-run" "--message-format=json", kill_on_drop: false }`
[INFO] [stdout] eb558907a66278ac5fa5db90fcacf7adae4181c18193a003839c89b759003fc3
[INFO] running `Command { std: "docker" "start" "-a" "eb558907a66278ac5fa5db90fcacf7adae4181c18193a003839c89b759003fc3", kill_on_drop: false }`
[INFO] [stderr]    Compiling fastserve v0.2.3 (/opt/rustwide/workdir)
[INFO] [stderr]     Finished test [unoptimized + debuginfo] target(s) in 0.37s
[INFO] running `Command { std: "docker" "inspect" "eb558907a66278ac5fa5db90fcacf7adae4181c18193a003839c89b759003fc3", kill_on_drop: false }`
[INFO] running `Command { std: "docker" "rm" "-f" "eb558907a66278ac5fa5db90fcacf7adae4181c18193a003839c89b759003fc3", kill_on_drop: false }`
[INFO] [stdout] eb558907a66278ac5fa5db90fcacf7adae4181c18193a003839c89b759003fc3
[INFO] running `Command { std: "docker" "create" "-v" "/var/lib/crater-agent-workspace/builds/worker-4-tc1/target:/opt/rustwide/target:rw,Z" "-v" "/var/lib/crater-agent-workspace/builds/worker-4-tc1/source:/opt/rustwide/workdir:ro,Z" "-v" "/var/lib/crater-agent-workspace/cargo-home:/opt/rustwide/cargo-home:ro,Z" "-v" "/var/lib/crater-agent-workspace/rustup-home:/opt/rustwide/rustup-home:ro,Z" "-e" "SOURCE_DIR=/opt/rustwide/workdir" "-e" "CARGO_TARGET_DIR=/opt/rustwide/target" "-e" "CARGO_INCREMENTAL=0" "-e" "RUST_BACKTRACE=full" "-e" "RUSTFLAGS=--cap-lints=warn" "-e" "RUSTDOCFLAGS=--cap-lints=warn" "-e" "CARGO_HOME=/opt/rustwide/cargo-home" "-e" "RUSTUP_HOME=/opt/rustwide/rustup-home" "-w" "/opt/rustwide/workdir" "-m" "1610612736" "--user" "0:0" "--network" "none" "ghcr.io/rust-lang/crates-build-env/linux@sha256:5ff2268d62e97bff2cde7d5815dd6ed5b47097566f13b8d0ca110b04b60e07ed" "/opt/rustwide/cargo-home/bin/cargo" "+1.69.0" "test" "--frozen", kill_on_drop: false }`
[INFO] [stdout] f04cbaec8d6f512b9f62a71277c9f12e7958b6955fd14ae90a290659ff327cba
[INFO] running `Command { std: "docker" "start" "-a" "f04cbaec8d6f512b9f62a71277c9f12e7958b6955fd14ae90a290659ff327cba", kill_on_drop: false }`
[INFO] [stderr]     Finished test [unoptimized + debuginfo] target(s) in 0.07s
[INFO] [stderr]      Running unittests src/lib.rs (/opt/rustwide/target/debug/deps/fastserve-9569ad20a0aeb279)
[INFO] [stdout] 
[INFO] [stderr]    Doc-tests fastserve
[INFO] [stdout] running 0 tests
[INFO] [stdout] 
[INFO] [stdout] test result: ok. 0 passed; 0 failed; 0 ignored; 0 measured; 0 filtered out; finished in 0.00s
[INFO] [stdout] 
[INFO] [stdout] 
[INFO] [stdout] running 4 tests
[INFO] [stdout] test src/utils.rs - utils::expect_headers (line 206) ... FAILED
[INFO] [stdout] test src/utils.rs - utils::respond (line 146) ... FAILED
[INFO] [stdout] test src/utils.rs - utils::log (line 248) ... FAILED
[INFO] [stdout] test src/lib.rs - start (line 73) ... FAILED
[INFO] [stdout] 
[INFO] [stdout] failures:
[INFO] [stdout] 
[INFO] [stdout] ---- src/utils.rs - utils::expect_headers (line 206) stdout ----
[INFO] [stdout] error[E0425]: cannot find function `expect_headers` in this scope
[INFO] [stdout]  --> src/utils.rs:207:5
[INFO] [stdout]   |
[INFO] [stdout] 3 | if !expect_headers(&mut stream, &headers, vec!["Content-Type", "Content-Length"]) {
[INFO] [stdout]   |     ^^^^^^^^^^^^^^ not found in this scope
[INFO] [stdout]   |
[INFO] [stdout] help: consider importing this function
[INFO] [stdout]   |
[INFO] [stdout] 2 | use fastserve::expect_headers;
[INFO] [stdout]   |
[INFO] [stdout] 
[INFO] [stdout] error[E0425]: cannot find value `stream` in this scope
[INFO] [stdout]  --> src/utils.rs:207:25
[INFO] [stdout]   |
[INFO] [stdout] 3 | if !expect_headers(&mut stream, &headers, vec!["Content-Type", "Content-Length"]) {
[INFO] [stdout]   |                         ^^^^^^ not found in this scope
[INFO] [stdout] 
[INFO] [stdout] error[E0425]: cannot find value `headers` in this scope
[INFO] [stdout]  --> src/utils.rs:207:34
[INFO] [stdout]   |
[INFO] [stdout] 3 | if !expect_headers(&mut stream, &headers, vec!["Content-Type", "Content-Length"]) {
[INFO] [stdout]   |                                  ^^^^^^^ not found in this scope
[INFO] [stdout] 
[INFO] [stdout] error: aborting due to 3 previous errors
[INFO] [stdout] 
[INFO] [stdout] For more information about this error, try `rustc --explain E0425`.
[INFO] [stdout] Couldn't compile the test.
[INFO] [stdout] ---- src/utils.rs - utils::respond (line 146) stdout ----
[INFO] [stdout] error[E0433]: failed to resolve: use of undeclared type `ResponseType`
[INFO] [stdout]  --> src/utils.rs:147:35
[INFO] [stdout]   |
[INFO] [stdout] 3 | respond(&mut stream, 200u16, Some(ResponseType::Text), "Hello World");
[INFO] [stdout]   |                                   ^^^^^^^^^^^^ use of undeclared type `ResponseType`
[INFO] [stdout] 
[INFO] [stdout] error[E0425]: cannot find function `respond` in this scope
[INFO] [stdout]  --> src/utils.rs:147:1
[INFO] [stdout]   |
[INFO] [stdout] 3 | respond(&mut stream, 200u16, Some(ResponseType::Text), "Hello World");
[INFO] [stdout]   | ^^^^^^^ not found in this scope
[INFO] [stdout]   |
[INFO] [stdout] help: consider importing this function
[INFO] [stdout]   |
[INFO] [stdout] 2 | use fastserve::respond;
[INFO] [stdout]   |
[INFO] [stdout] 
[INFO] [stdout] error[E0425]: cannot find value `stream` in this scope
[INFO] [stdout]  --> src/utils.rs:147:14
[INFO] [stdout]   |
[INFO] [stdout] 3 | respond(&mut stream, 200u16, Some(ResponseType::Text), "Hello World");
[INFO] [stdout]   |              ^^^^^^ not found in this scope
[INFO] [stdout] 
[INFO] [stdout] error: aborting due to 3 previous errors
[INFO] [stdout] 
[INFO] [stdout] Some errors have detailed explanations: E0425, E0433.
[INFO] [stdout] For more information about an error, try `rustc --explain E0425`.
[INFO] [stdout] Couldn't compile the test.
[INFO] [stdout] ---- src/utils.rs - utils::log (line 248) stdout ----
[INFO] [stdout] error[E0433]: failed to resolve: use of undeclared type `Color`
[INFO] [stdout]  --> src/utils.rs:249:5
[INFO] [stdout]   |
[INFO] [stdout] 3 | log(Color::Green, "Hello World");
[INFO] [stdout]   |     ^^^^^ use of undeclared type `Color`
[INFO] [stdout] 
[INFO] [stdout] error[E0425]: cannot find function `log` in this scope
[INFO] [stdout]  --> src/utils.rs:249:1
[INFO] [stdout]   |
[INFO] [stdout] 3 | log(Color::Green, "Hello World");
[INFO] [stdout]   | ^^^ not found in this scope
[INFO] [stdout]   |
[INFO] [stdout] help: consider importing this function
[INFO] [stdout]   |
[INFO] [stdout] 2 | use fastserve::log;
[INFO] [stdout]   |
[INFO] [stdout] 
[INFO] [stdout] error: aborting due to 2 previous errors
[INFO] [stdout] 
[INFO] [stdout] Some errors have detailed explanations: E0425, E0433.
[INFO] [stdout] For more information about an error, try `rustc --explain E0425`.
[INFO] [stdout] Couldn't compile the test.
[INFO] [stdout] ---- src/lib.rs - start (line 73) stdout ----
[INFO] [stdout] error: expected identifier, found `...`
[INFO] [stdout]  --> src/lib.rs:74:23
[INFO] [stdout]   |
[INFO] [stdout] 3 | start(ServerOptions { ... })
[INFO] [stdout]   |       -------------   ^^^ expected identifier
[INFO] [stdout]   |       |
[INFO] [stdout]   |       while parsing this struct
[INFO] [stdout] 
[INFO] [stdout] error[E0423]: expected function, found built-in attribute `start`
[INFO] [stdout]  --> src/lib.rs:74:1
[INFO] [stdout]   |
[INFO] [stdout] 3 | start(ServerOptions { ... })
[INFO] [stdout]   | ^^^^^ not a function
[INFO] [stdout]   |
[INFO] [stdout] help: consider importing this function instead
[INFO] [stdout]   |
[INFO] [stdout] 2 | use fastserve::start;
[INFO] [stdout]   |
[INFO] [stdout] 
[INFO] [stdout] error[E0422]: cannot find struct, variant or union type `ServerOptions` in this scope
[INFO] [stdout]  --> src/lib.rs:74:7
[INFO] [stdout]   |
[INFO] [stdout] 3 | start(ServerOptions { ... })
[INFO] [stdout]   |       ^^^^^^^^^^^^^ not found in this scope
[INFO] [stdout]   |
[INFO] [stdout] help: consider importing this struct
[INFO] [stdout]   |
[INFO] [stdout] 2 | use fastserve::ServerOptions;
[INFO] [stdout]   |
[INFO] [stdout] 
[INFO] [stdout] error: aborting due to 3 previous errors
[INFO] [stdout] 
[INFO] [stdout] Some errors have detailed explanations: E0422, E0423.
[INFO] [stdout] For more information about an error, try `rustc --explain E0422`.
[INFO] [stdout] Couldn't compile the test.
[INFO] [stdout] 
[INFO] [stdout] failures:
[INFO] [stdout]     src/lib.rs - start (line 73)
[INFO] [stdout]     src/utils.rs - utils::expect_headers (line 206)
[INFO] [stdout]     src/utils.rs - utils::log (line 248)
[INFO] [stdout]     src/utils.rs - utils::respond (line 146)
[INFO] [stdout] 
[INFO] [stdout] test result: FAILED. 0 passed; 4 failed; 0 ignored; 0 measured; 0 filtered out; finished in 0.06s
[INFO] [stdout] 
[INFO] [stderr] error: doctest failed, to rerun pass `--doc`
[INFO] running `Command { std: "docker" "inspect" "f04cbaec8d6f512b9f62a71277c9f12e7958b6955fd14ae90a290659ff327cba", kill_on_drop: false }`
[INFO] running `Command { std: "docker" "rm" "-f" "f04cbaec8d6f512b9f62a71277c9f12e7958b6955fd14ae90a290659ff327cba", kill_on_drop: false }`
[INFO] [stdout] f04cbaec8d6f512b9f62a71277c9f12e7958b6955fd14ae90a290659ff327cba
