[INFO] fetching crate fastsend 1.2.3...
[INFO] testing fastsend-1.2.3 against beta-2023-04-20 for beta-1.70-1
[INFO] extracting crate fastsend 1.2.3 into /workspace/builds/worker-7-tc2/source
[INFO] validating manifest of crates.io crate fastsend 1.2.3 on toolchain beta-2023-04-20
[INFO] running `Command { std: CARGO_HOME="/workspace/cargo-home" RUSTUP_HOME="/workspace/rustup-home" "/workspace/cargo-home/bin/cargo" "+beta-2023-04-20" "metadata" "--manifest-path" "Cargo.toml" "--no-deps", kill_on_drop: false }`
[INFO] started tweaking crates.io crate fastsend 1.2.3
[INFO] finished tweaking crates.io crate fastsend 1.2.3
[INFO] tweaked toml for crates.io crate fastsend 1.2.3 written to /workspace/builds/worker-7-tc2/source/Cargo.toml
[INFO] running `Command { std: CARGO_HOME="/workspace/cargo-home" RUSTUP_HOME="/workspace/rustup-home" __CARGO_TEST_CHANNEL_OVERRIDE_DO_NOT_USE_THIS="nightly" "/workspace/cargo-home/bin/cargo" "+beta-2023-04-20" "generate-lockfile" "--manifest-path" "Cargo.toml" "-Zno-index-update", kill_on_drop: false }`
[INFO] running `Command { std: CARGO_HOME="/workspace/cargo-home" RUSTUP_HOME="/workspace/rustup-home" "/workspace/cargo-home/bin/cargo" "+beta-2023-04-20" "fetch" "--manifest-path" "Cargo.toml", kill_on_drop: false }`
[INFO] [stderr]  Downloading crates ...
[INFO] [stderr]   Downloaded sha-1 v0.10.1
[INFO] running `Command { std: "docker" "create" "-v" "/var/lib/crater-agent-workspace/builds/worker-7-tc2/target:/opt/rustwide/target:rw,Z" "-v" "/var/lib/crater-agent-workspace/builds/worker-7-tc2/source:/opt/rustwide/workdir:ro,Z" "-v" "/var/lib/crater-agent-workspace/cargo-home:/opt/rustwide/cargo-home:ro,Z" "-v" "/var/lib/crater-agent-workspace/rustup-home:/opt/rustwide/rustup-home:ro,Z" "-e" "SOURCE_DIR=/opt/rustwide/workdir" "-e" "CARGO_TARGET_DIR=/opt/rustwide/target" "-e" "CARGO_HOME=/opt/rustwide/cargo-home" "-e" "RUSTUP_HOME=/opt/rustwide/rustup-home" "-w" "/opt/rustwide/workdir" "-m" "1610612736" "--user" "0:0" "--network" "none" "ghcr.io/rust-lang/crates-build-env/linux@sha256:5ff2268d62e97bff2cde7d5815dd6ed5b47097566f13b8d0ca110b04b60e07ed" "/opt/rustwide/cargo-home/bin/cargo" "+beta-2023-04-20" "metadata" "--no-deps" "--format-version=1", kill_on_drop: false }`
[INFO] [stdout] 8375256ddba917dea0c2219065bef7d0bf40ebced1ba4e6fceecf63e2d563d78
[INFO] running `Command { std: "docker" "start" "-a" "8375256ddba917dea0c2219065bef7d0bf40ebced1ba4e6fceecf63e2d563d78", kill_on_drop: false }`
[INFO] running `Command { std: "docker" "inspect" "8375256ddba917dea0c2219065bef7d0bf40ebced1ba4e6fceecf63e2d563d78", kill_on_drop: false }`
[INFO] running `Command { std: "docker" "rm" "-f" "8375256ddba917dea0c2219065bef7d0bf40ebced1ba4e6fceecf63e2d563d78", kill_on_drop: false }`
[INFO] [stdout] 8375256ddba917dea0c2219065bef7d0bf40ebced1ba4e6fceecf63e2d563d78
[INFO] running `Command { std: "docker" "create" "-v" "/var/lib/crater-agent-workspace/builds/worker-7-tc2/target:/opt/rustwide/target:rw,Z" "-v" "/var/lib/crater-agent-workspace/builds/worker-7-tc2/source:/opt/rustwide/workdir:ro,Z" "-v" "/var/lib/crater-agent-workspace/cargo-home:/opt/rustwide/cargo-home:ro,Z" "-v" "/var/lib/crater-agent-workspace/rustup-home:/opt/rustwide/rustup-home:ro,Z" "-e" "SOURCE_DIR=/opt/rustwide/workdir" "-e" "CARGO_TARGET_DIR=/opt/rustwide/target" "-e" "CARGO_INCREMENTAL=0" "-e" "RUST_BACKTRACE=full" "-e" "RUSTFLAGS=--cap-lints=warn" "-e" "RUSTDOCFLAGS=--cap-lints=warn" "-e" "CARGO_HOME=/opt/rustwide/cargo-home" "-e" "RUSTUP_HOME=/opt/rustwide/rustup-home" "-w" "/opt/rustwide/workdir" "-m" "1610612736" "--user" "0:0" "--network" "none" "ghcr.io/rust-lang/crates-build-env/linux@sha256:5ff2268d62e97bff2cde7d5815dd6ed5b47097566f13b8d0ca110b04b60e07ed" "/opt/rustwide/cargo-home/bin/cargo" "+beta-2023-04-20" "build" "--frozen" "--message-format=json", kill_on_drop: false }`
[INFO] [stdout] d6935b872da7d0e8b2e344973c4bedc19e60e760bf5f773e194290f7d57d285a
[INFO] running `Command { std: "docker" "start" "-a" "d6935b872da7d0e8b2e344973c4bedc19e60e760bf5f773e194290f7d57d285a", kill_on_drop: false }`
[INFO] [stderr]    Compiling libc v0.2.142
[INFO] [stderr]    Compiling futures-core v0.3.28
[INFO] [stderr]    Compiling crossbeam-utils v0.8.15
[INFO] [stderr]    Compiling futures-channel v0.3.28
[INFO] [stderr]    Compiling futures-task v0.3.28
[INFO] [stderr]    Compiling slab v0.4.8
[INFO] [stderr]    Compiling memoffset v0.8.0
[INFO] [stderr]    Compiling futures-sink v0.3.28
[INFO] [stderr]    Compiling crossbeam-epoch v0.9.14
[INFO] [stderr]    Compiling futures-util v0.3.28
[INFO] [stderr]    Compiling num-integer v0.1.45
[INFO] [stderr]    Compiling tokio v1.28.0
[INFO] [stderr]    Compiling futures-io v0.3.28
[INFO] [stderr]    Compiling crossbeam-queue v0.3.8
[INFO] [stderr]    Compiling futures-macro v0.3.28
[INFO] [stderr]    Compiling ppv-lite86 v0.2.17
[INFO] [stderr]    Compiling iana-time-zone v0.1.56
[INFO] [stderr]    Compiling crossbeam-channel v0.5.8
[INFO] [stderr]    Compiling crossbeam-deque v0.8.3
[INFO] [stderr]    Compiling crossbeam v0.8.2
[INFO] [stderr]    Compiling getrandom v0.2.9
[INFO] [stderr]    Compiling time v0.1.45
[INFO] [stderr]    Compiling rand_core v0.6.4
[INFO] [stderr]    Compiling chrono v0.4.24
[INFO] [stderr]    Compiling futures-locks v0.7.1
[INFO] [stderr]    Compiling rand_chacha v0.3.1
[INFO] [stderr]    Compiling rand v0.8.5
[INFO] [stderr]    Compiling futures-executor v0.3.28
[INFO] [stderr]    Compiling futures v0.3.28
[INFO] [stderr]    Compiling fastsend v1.2.3 (/opt/rustwide/workdir)
[INFO] [stdout] warning: function `to_string_radix` is never used
[INFO] [stdout]    --> src/serial/mod.rs:264:4
[INFO] [stdout]     |
[INFO] [stdout] 264 | fn to_string_radix(mut n: usize, radix: usize, size: usize, digit_first: bool) -> String {
[INFO] [stdout]     |    ^^^^^^^^^^^^^^^
[INFO] [stdout]     |
[INFO] [stdout]     = note: `#[warn(dead_code)]` on by default
[INFO] [stdout] 
[INFO] [stdout] 
[INFO] [stdout] warning: 1 warning emitted
[INFO] [stdout] 
[INFO] [stdout] 
[INFO] [stderr]     Finished dev [unoptimized + debuginfo] target(s) in 4.43s
[INFO] running `Command { std: "docker" "inspect" "d6935b872da7d0e8b2e344973c4bedc19e60e760bf5f773e194290f7d57d285a", kill_on_drop: false }`
[INFO] running `Command { std: "docker" "rm" "-f" "d6935b872da7d0e8b2e344973c4bedc19e60e760bf5f773e194290f7d57d285a", kill_on_drop: false }`
[INFO] [stdout] d6935b872da7d0e8b2e344973c4bedc19e60e760bf5f773e194290f7d57d285a
[INFO] running `Command { std: "docker" "create" "-v" "/var/lib/crater-agent-workspace/builds/worker-7-tc2/target:/opt/rustwide/target:rw,Z" "-v" "/var/lib/crater-agent-workspace/builds/worker-7-tc2/source:/opt/rustwide/workdir:ro,Z" "-v" "/var/lib/crater-agent-workspace/cargo-home:/opt/rustwide/cargo-home:ro,Z" "-v" "/var/lib/crater-agent-workspace/rustup-home:/opt/rustwide/rustup-home:ro,Z" "-e" "SOURCE_DIR=/opt/rustwide/workdir" "-e" "CARGO_TARGET_DIR=/opt/rustwide/target" "-e" "CARGO_INCREMENTAL=0" "-e" "RUST_BACKTRACE=full" "-e" "RUSTFLAGS=--cap-lints=warn" "-e" "RUSTDOCFLAGS=--cap-lints=warn" "-e" "CARGO_HOME=/opt/rustwide/cargo-home" "-e" "RUSTUP_HOME=/opt/rustwide/rustup-home" "-w" "/opt/rustwide/workdir" "-m" "1610612736" "--user" "0:0" "--network" "none" "ghcr.io/rust-lang/crates-build-env/linux@sha256:5ff2268d62e97bff2cde7d5815dd6ed5b47097566f13b8d0ca110b04b60e07ed" "/opt/rustwide/cargo-home/bin/cargo" "+beta-2023-04-20" "test" "--frozen" "--no-run" "--message-format=json", kill_on_drop: false }`
[INFO] [stdout] 90e5b438a83246b035f239541ec7dfce125199fec85a6fac49f6e2e10f7bb83c
[INFO] running `Command { std: "docker" "start" "-a" "90e5b438a83246b035f239541ec7dfce125199fec85a6fac49f6e2e10f7bb83c", kill_on_drop: false }`
[INFO] [stderr]    Compiling parking_lot_core v0.9.7
[INFO] [stderr]    Compiling tokio v1.28.0
[INFO] [stderr]    Compiling socket2 v0.4.9
[INFO] [stderr]    Compiling mio v0.8.6
[INFO] [stderr]    Compiling signal-hook-registry v1.4.1
[INFO] [stderr]    Compiling num_cpus v1.15.0
[INFO] [stderr]    Compiling bytes v1.4.0
[INFO] [stderr]    Compiling tokio-macros v2.1.0
[INFO] [stderr]    Compiling parking_lot v0.12.1
[INFO] [stderr]    Compiling futures-locks v0.7.1
[INFO] [stderr]    Compiling fastsend v1.2.3 (/opt/rustwide/workdir)
[INFO] [stdout] warning: function `to_string_radix` is never used
[INFO] [stdout]    --> src/serial/mod.rs:264:4
[INFO] [stdout]     |
[INFO] [stdout] 264 | fn to_string_radix(mut n: usize, radix: usize, size: usize, digit_first: bool) -> String {
[INFO] [stdout]     |    ^^^^^^^^^^^^^^^
[INFO] [stdout]     |
[INFO] [stdout]     = note: `#[warn(dead_code)]` on by default
[INFO] [stdout] 
[INFO] [stdout] 
[INFO] [stdout] warning: 1 warning emitted
[INFO] [stdout] 
[INFO] [stdout] 
[INFO] [stdout] warning: function `to_string_radix` is never used
[INFO] [stdout]    --> src/serial/mod.rs:264:4
[INFO] [stdout]     |
[INFO] [stdout] 264 | fn to_string_radix(mut n: usize, radix: usize, size: usize, digit_first: bool) -> String {
[INFO] [stdout]     |    ^^^^^^^^^^^^^^^
[INFO] [stdout]     |
[INFO] [stdout]     = note: `#[warn(dead_code)]` on by default
[INFO] [stdout] 
[INFO] [stdout] 
[INFO] [stdout] warning: 1 warning emitted
[INFO] [stdout] 
[INFO] [stdout] 
[INFO] [stderr]     Finished test [unoptimized + debuginfo] target(s) in 7.59s
[INFO] running `Command { std: "docker" "inspect" "90e5b438a83246b035f239541ec7dfce125199fec85a6fac49f6e2e10f7bb83c", kill_on_drop: false }`
[INFO] running `Command { std: "docker" "rm" "-f" "90e5b438a83246b035f239541ec7dfce125199fec85a6fac49f6e2e10f7bb83c", kill_on_drop: false }`
[INFO] [stdout] 90e5b438a83246b035f239541ec7dfce125199fec85a6fac49f6e2e10f7bb83c
[INFO] running `Command { std: "docker" "create" "-v" "/var/lib/crater-agent-workspace/builds/worker-7-tc2/target:/opt/rustwide/target:rw,Z" "-v" "/var/lib/crater-agent-workspace/builds/worker-7-tc2/source:/opt/rustwide/workdir:ro,Z" "-v" "/var/lib/crater-agent-workspace/cargo-home:/opt/rustwide/cargo-home:ro,Z" "-v" "/var/lib/crater-agent-workspace/rustup-home:/opt/rustwide/rustup-home:ro,Z" "-e" "SOURCE_DIR=/opt/rustwide/workdir" "-e" "CARGO_TARGET_DIR=/opt/rustwide/target" "-e" "CARGO_INCREMENTAL=0" "-e" "RUST_BACKTRACE=full" "-e" "RUSTFLAGS=--cap-lints=warn" "-e" "RUSTDOCFLAGS=--cap-lints=warn" "-e" "CARGO_HOME=/opt/rustwide/cargo-home" "-e" "RUSTUP_HOME=/opt/rustwide/rustup-home" "-w" "/opt/rustwide/workdir" "-m" "1610612736" "--user" "0:0" "--network" "none" "ghcr.io/rust-lang/crates-build-env/linux@sha256:5ff2268d62e97bff2cde7d5815dd6ed5b47097566f13b8d0ca110b04b60e07ed" "/opt/rustwide/cargo-home/bin/cargo" "+beta-2023-04-20" "test" "--frozen", kill_on_drop: false }`
[INFO] [stdout] 1c04ece8bba212cdc452324996e6b8e8d0539c082f3675438fb92529b98a4d77
[INFO] running `Command { std: "docker" "start" "-a" "1c04ece8bba212cdc452324996e6b8e8d0539c082f3675438fb92529b98a4d77", kill_on_drop: false }`
[INFO] [stderr] warning: function `to_string_radix` is never used
[INFO] [stderr]    --> src/serial/mod.rs:264:4
[INFO] [stderr]     |
[INFO] [stderr] 264 | fn to_string_radix(mut n: usize, radix: usize, size: usize, digit_first: bool) -> String {
[INFO] [stderr]     |    ^^^^^^^^^^^^^^^
[INFO] [stderr]     |
[INFO] [stderr]     = note: `#[warn(dead_code)]` on by default
[INFO] [stderr] 
[INFO] [stderr] warning: `fastsend` (lib) generated 1 warning
[INFO] [stderr] warning: `fastsend` (lib test) generated 1 warning (1 duplicate)
[INFO] [stderr]     Finished test [unoptimized + debuginfo] target(s) in 0.04s
[INFO] [stderr]      Running unittests src/lib.rs (/opt/rustwide/target/debug/deps/fastsend-1122f2db1482df78)
[INFO] [stdout] 
[INFO] [stdout] running 0 tests
[INFO] [stdout] 
[INFO] [stdout] test result: ok. 0 passed; 0 failed; 0 ignored; 0 measured; 0 filtered out; finished in 0.00s
[INFO] [stdout] 
[INFO] [stderr]      Running tests/test_token.rs (/opt/rustwide/target/debug/deps/test_token-351bdc28bad85b64)
[INFO] [stdout] 
[INFO] [stdout] running 3 tests
[INFO] [stdout] test test_unique_id_concurrently ... ok
[INFO] [stdout] test test_unique_id ... ok
[INFO] [stdout] test test_unique_serial_concurrently ... ok
[INFO] [stdout] 
[INFO] [stdout] test result: ok. 3 passed; 0 failed; 0 ignored; 0 measured; 0 filtered out; finished in 6.88s
[INFO] [stdout] 
[INFO] [stderr]    Doc-tests fastsend
[INFO] [stdout] 
[INFO] [stdout] running 4 tests
[INFO] [stdout] test src/lib.rs - ID::id (line 43) - compile ... ok
[INFO] [stdout] test src/lib.rs - (line 11) ... FAILED
[INFO] [stdout] test src/lib.rs - (line 45) ... FAILED
[INFO] [stdout] test src/lib.rs - (line 29) ... ok
[INFO] [stdout] 
[INFO] [stdout] failures:
[INFO] [stdout] 
[INFO] [stdout] ---- src/lib.rs - (line 11) stdout ----
[INFO] [stdout] error: unknown start of token: \u{ff0c}
[INFO] [stdout]  --> src/lib.rs:12:12
[INFO] [stdout]   |
[INFO] [stdout] 4 | 1. 使用毫秒级时间戳，预计可用年限为 40 年，而我对程序可用性的要求是至少 100 年（虽然我可能一定活不到 100 岁）；                                            ...
[INFO] [stdout]   |                    ^^
[INFO] [stdout]   |
[INFO] [stdout] help: Unicode character '，' (Fullwidth Comma) looks like ',' (Comma), but it is not
[INFO] [stdout]   |
[INFO] [stdout] 4 | 1. 使用毫秒级时间戳,预计可用年限为 40 年，而我对程序可用性的要求是至少 100 年（虽然我可能一定活不到 100 岁）；
[INFO] [stdout]   |                    ~
[INFO] [stdout] 
[INFO] [stdout] error: unknown start of token: \u{ff0c}
[INFO] [stdout]  --> src/lib.rs:12:25
[INFO] [stdout]   |
[INFO] [stdout] 4 | 1. 使用毫秒级时间戳，预计可用年限为 40 年，而我对程序可用性的要求是至少 100 年（虽然我可能一定活不到 100 岁）；                                            ...
[INFO] [stdout]   |                                          ^^
[INFO] [stdout]   |
[INFO] [stdout] help: Unicode character '，' (Fullwidth Comma) looks like ',' (Comma), but it is not
[INFO] [stdout]   |
[INFO] [stdout] 4 | 1. 使用毫秒级时间戳，预计可用年限为 40 年,而我对程序可用性的要求是至少 100 年（虽然我可能一定活不到 100 岁）；
[INFO] [stdout]   |                                          ~
[INFO] [stdout] 
[INFO] [stdout] error: unknown start of token: \u{ff08}
[INFO] [stdout]  --> src/lib.rs:12:46
[INFO] [stdout]   |
[INFO] [stdout] 4 | 1. 使用毫秒级时间戳，预计可用年限为 40 年，而我对程序可用性的要求是至少 100 年（虽然我可能一定活不到 100 岁）；                                            ...
[INFO] [stdout]   |                                                                               ^^
[INFO] [stdout]   |
[INFO] [stdout] help: Unicode character '（' (Fullwidth Left Parenthesis) looks like '(' (Left Parenthesis), but it is not
[INFO] [stdout]   |
[INFO] [stdout] 4 | 1. 使用毫秒级时间戳，预计可用年限为 40 年，而我对程序可用性的要求是至少 100 年(虽然我可能一定活不到 100 岁）；
[INFO] [stdout]   |                                                                               ~
[INFO] [stdout] 
[INFO] [stdout] error: unknown start of token: \u{ff09}
[INFO] [stdout]  --> src/lib.rs:12:63
[INFO] [stdout]   |
[INFO] [stdout] 4 | 1. 使用毫秒级时间戳，预计可用年限为 40 年，而我对程序可用性的要求是至少 100 年（虽然我可能一定活不到 100 岁）；                                            ...
[INFO] [stdout]   |                                                                                                            ^^
[INFO] [stdout]   |
[INFO] [stdout] help: Unicode character '）' (Fullwidth Right Parenthesis) looks like ')' (Right Parenthesis), but it is not
[INFO] [stdout]   |
[INFO] [stdout] 4 | 1. 使用毫秒级时间戳，预计可用年限为 40 年，而我对程序可用性的要求是至少 100 年（虽然我可能一定活不到 100 岁)；
[INFO] [stdout]   |                                                                                                            ~
[INFO] [stdout] 
[INFO] [stdout] error: unknown start of token: \u{ff1b}
[INFO] [stdout]  --> src/lib.rs:12:64
[INFO] [stdout]   |
[INFO] [stdout] 4 | 1. 使用毫秒级时间戳，预计可用年限为 40 年，而我对程序可用性的要求是至少 100 年（虽然我可能一定活不到 100 岁）；                                            ...
[INFO] [stdout]   |                                                                                                              ^^
[INFO] [stdout]   |
[INFO] [stdout] help: Unicode character '；' (Fullwidth Semicolon) looks like ';' (Semicolon), but it is not
[INFO] [stdout]   |
[INFO] [stdout] 4 | 1. 使用毫秒级时间戳，预计可用年限为 40 年，而我对程序可用性的要求是至少 100 年（虽然我可能一定活不到 100 岁）;
[INFO] [stdout]   |                                                                                                              ~
[INFO] [stdout] 
[INFO] [stdout] error: unknown start of token: \u{ff0c}
[INFO] [stdout]  --> src/lib.rs:13:29
[INFO] [stdout]   |
[INFO] [stdout] 5 | 2. Snowflake 的设计是为特别大量的并发考虑的，每台机器每毫秒可生成 1000 个 ID，而这也是我所不需要的（也因此                                       ...
[INFO] [stdout]   |                                            ^^
[INFO] [stdout]   |
[INFO] [stdout] help: Unicode character '，' (Fullwidth Comma) looks like ',' (Comma), but it is not
[INFO] [stdout]   |
[INFO] [stdout] 5 | 2. Snowflake 的设计是为特别大量的并发考虑的,每台机器每毫秒可生成 1000 个 ID，而这也是我所不需要的（也因此
[INFO] [stdout]   |                                            ~
[INFO] [stdout] 
[INFO] [stdout] error: unknown start of token: \u{ff0c}
[INFO] [stdout]  --> src/lib.rs:13:50
[INFO] [stdout]   |
[INFO] [stdout] 5 | 2. Snowflake 的设计是为特别大量的并发考虑的，每台机器每毫秒可生成 1000 个 ID，而这也是我所不需要的（也因此                                       ...
[INFO] [stdout]   |                                                                             ^^
[INFO] [stdout]   |
[INFO] [stdout] help: Unicode character '，' (Fullwidth Comma) looks like ',' (Comma), but it is not
[INFO] [stdout]   |
[INFO] [stdout] 5 | 2. Snowflake 的设计是为特别大量的并发考虑的，每台机器每毫秒可生成 1000 个 ID,而这也是我所不需要的（也因此
[INFO] [stdout]   |                                                                             ~
[INFO] [stdout] 
[INFO] [stdout] error: unknown start of token: \u{ff08}
[INFO] [stdout]  --> src/lib.rs:13:61
[INFO] [stdout]   |
[INFO] [stdout] 5 | 2. Snowflake 的设计是为特别大量的并发考虑的，每台机器每毫秒可生成 1000 个 ID，而这也是我所不需要的（也因此                                       ...
[INFO] [stdout]   |                                                                                                   ^^
[INFO] [stdout]   |
[INFO] [stdout] help: Unicode character '（' (Fullwidth Left Parenthesis) looks like '(' (Left Parenthesis), but it is not
[INFO] [stdout]   |
[INFO] [stdout] 5 | 2. Snowflake 的设计是为特别大量的并发考虑的，每台机器每毫秒可生成 1000 个 ID，而这也是我所不需要的(也因此
[INFO] [stdout]   |                                                                                                   ~
[INFO] [stdout] 
[INFO] [stdout] error: unknown start of token: \u{ff0c}
[INFO] [stdout]  --> src/lib.rs:14:19
[INFO] [stdout]   |
[INFO] [stdout] 6 |    我在设计 fastsend 时，仅要求每秒生成 65536 个 ID，相差了 100 个数量级）；
[INFO] [stdout]   |                        ^^
[INFO] [stdout]   |
[INFO] [stdout] help: Unicode character '，' (Fullwidth Comma) looks like ',' (Comma), but it is not
[INFO] [stdout]   |
[INFO] [stdout] 6 |    我在设计 fastsend 时,仅要求每秒生成 65536 个 ID，相差了 100 个数量级）；
[INFO] [stdout]   |                        ~
[INFO] [stdout] 
[INFO] [stdout] error: unknown start of token: \u{ff0c}
[INFO] [stdout]  --> src/lib.rs:14:38
[INFO] [stdout]   |
[INFO] [stdout] 6 |    我在设计 fastsend 时，仅要求每秒生成 65536 个 ID，相差了 100 个数量级）；
[INFO] [stdout]   |                                                    ^^
[INFO] [stdout]   |
[INFO] [stdout] help: Unicode character '，' (Fullwidth Comma) looks like ',' (Comma), but it is not
[INFO] [stdout]   |
[INFO] [stdout] 6 |    我在设计 fastsend 时，仅要求每秒生成 65536 个 ID,相差了 100 个数量级）；
[INFO] [stdout]   |                                                    ~
[INFO] [stdout] 
[INFO] [stdout] error: unknown start of token: \u{ff09}
[INFO] [stdout]  --> src/lib.rs:14:51
[INFO] [stdout]   |
[INFO] [stdout] 6 |    我在设计 fastsend 时，仅要求每秒生成 65536 个 ID，相差了 100 个数量级）；
[INFO] [stdout]   |                                                                         ^^
[INFO] [stdout]   |
[INFO] [stdout] help: Unicode character '）' (Fullwidth Right Parenthesis) looks like ')' (Right Parenthesis), but it is not
[INFO] [stdout]   |
[INFO] [stdout] 6 |    我在设计 fastsend 时，仅要求每秒生成 65536 个 ID，相差了 100 个数量级)；
[INFO] [stdout]   |                                                                         ~
[INFO] [stdout] 
[INFO] [stdout] error: unknown start of token: \u{ff1b}
[INFO] [stdout]  --> src/lib.rs:14:52
[INFO] [stdout]   |
[INFO] [stdout] 6 |    我在设计 fastsend 时，仅要求每秒生成 65536 个 ID，相差了 100 个数量级）；
[INFO] [stdout]   |                                                                           ^^
[INFO] [stdout]   |
[INFO] [stdout] help: Unicode character '；' (Fullwidth Semicolon) looks like ';' (Semicolon), but it is not
[INFO] [stdout]   |
[INFO] [stdout] 6 |    我在设计 fastsend 时，仅要求每秒生成 65536 个 ID，相差了 100 个数量级）;
[INFO] [stdout]   |                                                                           ~
[INFO] [stdout] 
[INFO] [stdout] error: unknown start of token: \u{ff0c}
[INFO] [stdout]  --> src/lib.rs:15:12
[INFO] [stdout]   |
[INFO] [stdout] 7 | 3. 实时生成并无必要，完全可以预先生成，按需分配（这种实现的一个必要条件在于，我们并不需要从 ID 中获取任何业务                                                ...
[INFO] [stdout]   |                    ^^
[INFO] [stdout]   |
[INFO] [stdout] help: Unicode character '，' (Fullwidth Comma) looks like ',' (Comma), but it is not
[INFO] [stdout]   |
[INFO] [stdout] 7 | 3. 实时生成并无必要,完全可以预先生成，按需分配（这种实现的一个必要条件在于，我们并不需要从 ID 中获取任何业务
[INFO] [stdout]   |                    ~
[INFO] [stdout] 
[INFO] [stdout] error: unknown start of token: \u{ff0c}
[INFO] [stdout]  --> src/lib.rs:15:21
[INFO] [stdout]   |
[INFO] [stdout] 7 | 3. 实时生成并无必要，完全可以预先生成，按需分配（这种实现的一个必要条件在于，我们并不需要从 ID 中获取任何业务                                                ...
[INFO] [stdout]   |                                      ^^
[INFO] [stdout]   |
[INFO] [stdout] help: Unicode character '，' (Fullwidth Comma) looks like ',' (Comma), but it is not
[INFO] [stdout]   |
[INFO] [stdout] 7 | 3. 实时生成并无必要，完全可以预先生成,按需分配（这种实现的一个必要条件在于，我们并不需要从 ID 中获取任何业务
[INFO] [stdout]   |                                      ~
[INFO] [stdout] 
[INFO] [stdout] error: unknown start of token: \u{ff08}
[INFO] [stdout]  --> src/lib.rs:15:26
[INFO] [stdout]   |
[INFO] [stdout] 7 | 3. 实时生成并无必要，完全可以预先生成，按需分配（这种实现的一个必要条件在于，我们并不需要从 ID 中获取任何业务                                                ...
[INFO] [stdout]   |                                                ^^
[INFO] [stdout]   |
[INFO] [stdout] help: Unicode character '（' (Fullwidth Left Parenthesis) looks like '(' (Left Parenthesis), but it is not
[INFO] [stdout]   |
[INFO] [stdout] 7 | 3. 实时生成并无必要，完全可以预先生成，按需分配(这种实现的一个必要条件在于，我们并不需要从 ID 中获取任何业务
[INFO] [stdout]   |                                                ~
[INFO] [stdout] 
[INFO] [stdout] error: unknown start of token: \u{ff0c}
[INFO] [stdout]  --> src/lib.rs:15:40
[INFO] [stdout]   |
[INFO] [stdout] 7 | 3. 实时生成并无必要，完全可以预先生成，按需分配（这种实现的一个必要条件在于，我们并不需要从 ID 中获取任何业务                                                ...
[INFO] [stdout]   |                                                                            ^^
[INFO] [stdout]   |
[INFO] [stdout] help: Unicode character '，' (Fullwidth Comma) looks like ',' (Comma), but it is not
[INFO] [stdout]   |
[INFO] [stdout] 7 | 3. 实时生成并无必要，完全可以预先生成，按需分配（这种实现的一个必要条件在于,我们并不需要从 ID 中获取任何业务
[INFO] [stdout]   |                                                                            ~
[INFO] [stdout] 
[INFO] [stdout] error: unknown start of token: \u{ff0c}
[INFO] [stdout]  --> src/lib.rs:16:9
[INFO] [stdout]   |
[INFO] [stdout] 8 |    相关的信息，仅只作为一个唯一标识符，如果需要包含业务信息，应使用序列号）；
[INFO] [stdout]   |              ^^
[INFO] [stdout]   |
[INFO] [stdout] help: Unicode character '，' (Fullwidth Comma) looks like ',' (Comma), but it is not
[INFO] [stdout]   |
[INFO] [stdout] 8 |    相关的信息,仅只作为一个唯一标识符，如果需要包含业务信息，应使用序列号）；
[INFO] [stdout]   |              ~
[INFO] [stdout] 
[INFO] [stdout] error: unknown start of token: \u{ff0c}
[INFO] [stdout]  --> src/lib.rs:16:21
[INFO] [stdout]   |
[INFO] [stdout] 8 |    相关的信息，仅只作为一个唯一标识符，如果需要包含业务信息，应使用序列号）；
[INFO] [stdout]   |                                      ^^
[INFO] [stdout]   |
[INFO] [stdout] help: Unicode character '，' (Fullwidth Comma) looks like ',' (Comma), but it is not
[INFO] [stdout]   |
[INFO] [stdout] 8 |    相关的信息，仅只作为一个唯一标识符,如果需要包含业务信息，应使用序列号）；
[INFO] [stdout]   |                                      ~
[INFO] [stdout] 
[INFO] [stdout] error: unknown start of token: \u{ff0c}
[INFO] [stdout]  --> src/lib.rs:16:32
[INFO] [stdout]   |
[INFO] [stdout] 8 |    相关的信息，仅只作为一个唯一标识符，如果需要包含业务信息，应使用序列号）；
[INFO] [stdout]   |                                                            ^^
[INFO] [stdout]   |
[INFO] [stdout] help: Unicode character '，' (Fullwidth Comma) looks like ',' (Comma), but it is not
[INFO] [stdout]   |
[INFO] [stdout] 8 |    相关的信息，仅只作为一个唯一标识符，如果需要包含业务信息,应使用序列号）；
[INFO] [stdout]   |                                                            ~
[INFO] [stdout] 
[INFO] [stdout] error: unknown start of token: \u{ff09}
[INFO] [stdout]  --> src/lib.rs:16:39
[INFO] [stdout]   |
[INFO] [stdout] 8 |    相关的信息，仅只作为一个唯一标识符，如果需要包含业务信息，应使用序列号）；
[INFO] [stdout]   |                                                                          ^^
[INFO] [stdout]   |
[INFO] [stdout] help: Unicode character '）' (Fullwidth Right Parenthesis) looks like ')' (Right Parenthesis), but it is not
[INFO] [stdout]   |
[INFO] [stdout] 8 |    相关的信息，仅只作为一个唯一标识符，如果需要包含业务信息，应使用序列号)；
[INFO] [stdout]   |                                                                          ~
[INFO] [stdout] 
[INFO] [stdout] error: unknown start of token: \u{ff1b}
[INFO] [stdout]  --> src/lib.rs:16:40
[INFO] [stdout]   |
[INFO] [stdout] 8 |    相关的信息，仅只作为一个唯一标识符，如果需要包含业务信息，应使用序列号）；
[INFO] [stdout]   |                                                                            ^^
[INFO] [stdout]   |
[INFO] [stdout] help: Unicode character '；' (Fullwidth Semicolon) looks like ';' (Semicolon), but it is not
[INFO] [stdout]   |
[INFO] [stdout] 8 |    相关的信息，仅只作为一个唯一标识符，如果需要包含业务信息，应使用序列号）;
[INFO] [stdout]   |                                                                            ~
[INFO] [stdout] 
[INFO] [stdout] error: expected one of `.`, `;`, `?`, `}`, or an operator, found `使用毫秒级时间戳`
[INFO] [stdout]  --> src/lib.rs:12:4
[INFO] [stdout]   |
[INFO] [stdout] 4 | 1. 使用毫秒级时间戳，预计可用年限为 40 年，而我对程序可用性的要求是至少 100 年（虽然我可能一定活不到 100 岁）；                                            ...
[INFO] [stdout]   |    ^^^^^^^^^^^^^^^^ expected one of `.`, `;`, `?`, `}`, or an operator
[INFO] [stdout] 
[INFO] [stdout] error: aborting due to 22 previous errors
[INFO] [stdout] 
[INFO] [stdout] Couldn't compile the test.
[INFO] [stdout] ---- src/lib.rs - (line 45) stdout ----
[INFO] [stdout] error[E0405]: cannot find trait `Display` in this scope
[INFO] [stdout]  --> src/lib.rs:48:18
[INFO] [stdout]   |
[INFO] [stdout] 5 |     type Output: Display;
[INFO] [stdout]   |                  ^^^^^^^ not found in this scope
[INFO] [stdout]   |
[INFO] [stdout] help: consider importing one of these items
[INFO] [stdout]   |
[INFO] [stdout] 2 + use core::fmt::Display;
[INFO] [stdout]   |
[INFO] [stdout] 2 + use std::fmt::Display;
[INFO] [stdout]   |
[INFO] [stdout] 
[INFO] [stdout] error[E0405]: cannot find trait `Future` in this scope
[INFO] [stdout]  --> src/lib.rs:50:35
[INFO] [stdout]   |
[INFO] [stdout] 7 |     fn build(self) -> Pin<Box<dyn Future<Output = Self::Output> + Send + 'static>>;
[INFO] [stdout]   |                                   ^^^^^^ not found in this scope
[INFO] [stdout]   |
[INFO] [stdout] help: consider importing one of these items
[INFO] [stdout]   |
[INFO] [stdout] 2 + use core::future::Future;
[INFO] [stdout]   |
[INFO] [stdout] 2 + use futures::Future;
[INFO] [stdout]   |
[INFO] [stdout] 2 + use std::future::Future;
[INFO] [stdout]   |
[INFO] [stdout] 2 + use tokio::macros::support::Future;
[INFO] [stdout]   |
[INFO] [stdout] 
[INFO] [stdout] error: aborting due to 2 previous errors
[INFO] [stdout] 
[INFO] [stdout] For more information about this error, try `rustc --explain E0405`.
[INFO] [stdout] Couldn't compile the test.
[INFO] [stdout] 
[INFO] [stdout] failures:
[INFO] [stdout]     src/lib.rs - (line 11)
[INFO] [stdout]     src/lib.rs - (line 45)
[INFO] [stdout] 
[INFO] [stdout] test result: FAILED. 2 passed; 2 failed; 0 ignored; 0 measured; 0 filtered out; finished in 0.15s
[INFO] [stdout] 
[INFO] [stderr] error: doctest failed, to rerun pass `--doc`
[INFO] running `Command { std: "docker" "inspect" "1c04ece8bba212cdc452324996e6b8e8d0539c082f3675438fb92529b98a4d77", kill_on_drop: false }`
[INFO] running `Command { std: "docker" "rm" "-f" "1c04ece8bba212cdc452324996e6b8e8d0539c082f3675438fb92529b98a4d77", kill_on_drop: false }`
[INFO] [stdout] 1c04ece8bba212cdc452324996e6b8e8d0539c082f3675438fb92529b98a4d77
