[INFO] fetching crate fastbloom-rs 0.5.3...
[INFO] testing fastbloom-rs-0.5.3 against beta-2023-04-20 for beta-1.70-1
[INFO] extracting crate fastbloom-rs 0.5.3 into /workspace/builds/worker-2-tc2/source
[INFO] validating manifest of crates.io crate fastbloom-rs 0.5.3 on toolchain beta-2023-04-20
[INFO] running `Command { std: CARGO_HOME="/workspace/cargo-home" RUSTUP_HOME="/workspace/rustup-home" "/workspace/cargo-home/bin/cargo" "+beta-2023-04-20" "metadata" "--manifest-path" "Cargo.toml" "--no-deps", kill_on_drop: false }`
[INFO] started tweaking crates.io crate fastbloom-rs 0.5.3
[INFO] finished tweaking crates.io crate fastbloom-rs 0.5.3
[INFO] tweaked toml for crates.io crate fastbloom-rs 0.5.3 written to /workspace/builds/worker-2-tc2/source/Cargo.toml
[INFO] crate crates.io crate fastbloom-rs 0.5.3 already has a lockfile, it will not be regenerated
[INFO] running `Command { std: CARGO_HOME="/workspace/cargo-home" RUSTUP_HOME="/workspace/rustup-home" "/workspace/cargo-home/bin/cargo" "+beta-2023-04-20" "fetch" "--manifest-path" "Cargo.toml", kill_on_drop: false }`
[INFO] [stderr] warning: only one of `license` or `license-file` is necessary
[INFO] [stderr] `license` should be used if the package license can be expressed with a standard SPDX expression.
[INFO] [stderr] `license-file` should be used if the package uses a non-standard license.
[INFO] [stderr] See https://doc.rust-lang.org/cargo/reference/manifest.html#the-license-and-license-file-fields for more information.
[INFO] [stderr]     Updating crates.io index
[INFO] [stderr]  Downloading crates ...
[INFO] [stderr]   Downloaded fastmurmur3 v0.1.2
[INFO] [stderr]   Downloaded xxhash-rust v0.8.6
[INFO] [stderr]   Downloaded cuckoofilter v0.5.0
[INFO] [stderr]   Downloaded xorfilter-rs v0.5.1
[INFO] running `Command { std: "docker" "create" "-v" "/var/lib/crater-agent-workspace/builds/worker-2-tc2/target:/opt/rustwide/target:rw,Z" "-v" "/var/lib/crater-agent-workspace/builds/worker-2-tc2/source:/opt/rustwide/workdir:ro,Z" "-v" "/var/lib/crater-agent-workspace/cargo-home:/opt/rustwide/cargo-home:ro,Z" "-v" "/var/lib/crater-agent-workspace/rustup-home:/opt/rustwide/rustup-home:ro,Z" "-e" "SOURCE_DIR=/opt/rustwide/workdir" "-e" "CARGO_TARGET_DIR=/opt/rustwide/target" "-e" "CARGO_HOME=/opt/rustwide/cargo-home" "-e" "RUSTUP_HOME=/opt/rustwide/rustup-home" "-w" "/opt/rustwide/workdir" "-m" "1610612736" "--user" "0:0" "--network" "none" "ghcr.io/rust-lang/crates-build-env/linux@sha256:5ff2268d62e97bff2cde7d5815dd6ed5b47097566f13b8d0ca110b04b60e07ed" "/opt/rustwide/cargo-home/bin/cargo" "+beta-2023-04-20" "metadata" "--no-deps" "--format-version=1", kill_on_drop: false }`
[INFO] [stdout] 1b8cb6c32c73361bd5966aaa83ba1e07dfb8d736f43fa999908d3ce7f5e8b9ed
[INFO] running `Command { std: "docker" "start" "-a" "1b8cb6c32c73361bd5966aaa83ba1e07dfb8d736f43fa999908d3ce7f5e8b9ed", kill_on_drop: false }`
[INFO] running `Command { std: "docker" "inspect" "1b8cb6c32c73361bd5966aaa83ba1e07dfb8d736f43fa999908d3ce7f5e8b9ed", kill_on_drop: false }`
[INFO] running `Command { std: "docker" "rm" "-f" "1b8cb6c32c73361bd5966aaa83ba1e07dfb8d736f43fa999908d3ce7f5e8b9ed", kill_on_drop: false }`
[INFO] [stdout] 1b8cb6c32c73361bd5966aaa83ba1e07dfb8d736f43fa999908d3ce7f5e8b9ed
[INFO] running `Command { std: "docker" "create" "-v" "/var/lib/crater-agent-workspace/builds/worker-2-tc2/target:/opt/rustwide/target:rw,Z" "-v" "/var/lib/crater-agent-workspace/builds/worker-2-tc2/source:/opt/rustwide/workdir:ro,Z" "-v" "/var/lib/crater-agent-workspace/cargo-home:/opt/rustwide/cargo-home:ro,Z" "-v" "/var/lib/crater-agent-workspace/rustup-home:/opt/rustwide/rustup-home:ro,Z" "-e" "SOURCE_DIR=/opt/rustwide/workdir" "-e" "CARGO_TARGET_DIR=/opt/rustwide/target" "-e" "CARGO_INCREMENTAL=0" "-e" "RUST_BACKTRACE=full" "-e" "RUSTFLAGS=--cap-lints=warn" "-e" "RUSTDOCFLAGS=--cap-lints=warn" "-e" "CARGO_HOME=/opt/rustwide/cargo-home" "-e" "RUSTUP_HOME=/opt/rustwide/rustup-home" "-w" "/opt/rustwide/workdir" "-m" "1610612736" "--user" "0:0" "--network" "none" "ghcr.io/rust-lang/crates-build-env/linux@sha256:5ff2268d62e97bff2cde7d5815dd6ed5b47097566f13b8d0ca110b04b60e07ed" "/opt/rustwide/cargo-home/bin/cargo" "+beta-2023-04-20" "build" "--frozen" "--message-format=json", kill_on_drop: false }`
[INFO] [stdout] b10d7bbc5953078eefbff8baf4c4574f62feeee21a47a6ef6c2222f53cd351e8
[INFO] running `Command { std: "docker" "start" "-a" "b10d7bbc5953078eefbff8baf4c4574f62feeee21a47a6ef6c2222f53cd351e8", kill_on_drop: false }`
[INFO] [stderr] warning: only one of `license` or `license-file` is necessary
[INFO] [stderr] `license` should be used if the package license can be expressed with a standard SPDX expression.
[INFO] [stderr] `license-file` should be used if the package uses a non-standard license.
[INFO] [stderr] See https://doc.rust-lang.org/cargo/reference/manifest.html#the-license-and-license-file-fields for more information.
[INFO] [stderr]    Compiling libc v0.2.139
[INFO] [stderr]    Compiling getrandom v0.1.16
[INFO] [stderr]    Compiling ppv-lite86 v0.2.17
[INFO] [stderr]    Compiling fastmurmur3 v0.1.2
[INFO] [stderr]    Compiling xorfilter-rs v0.5.1
[INFO] [stderr]    Compiling xxhash-rust v0.8.6
[INFO] [stderr]    Compiling rand_core v0.5.1
[INFO] [stderr]    Compiling rand_chacha v0.2.2
[INFO] [stderr]    Compiling rand v0.7.3
[INFO] [stderr]    Compiling cuckoofilter v0.5.0
[INFO] [stderr]    Compiling fastbloom-rs v0.5.3 (/opt/rustwide/workdir)
[INFO] [stdout] warning: unused import: `crate::Membership`
[INFO] [stdout]  --> src/builder.rs:2:5
[INFO] [stdout]   |
[INFO] [stdout] 2 | use crate::Membership;
[INFO] [stdout]   |     ^^^^^^^^^^^^^^^^^
[INFO] [stdout]   |
[INFO] [stdout]   = note: `#[warn(unused_imports)]` on by default
[INFO] [stdout] 
[INFO] [stdout] 
[INFO] [stdout] warning: unused import: `std::clone`
[INFO] [stdout]  --> src/bloom.rs:1:5
[INFO] [stdout]   |
[INFO] [stdout] 1 | use std::clone;
[INFO] [stdout]   |     ^^^^^^^^^^
[INFO] [stdout] 
[INFO] [stdout] 
[INFO] [stdout] warning: unused import: `fastmurmur3::murmur3_x64_128`
[INFO] [stdout]  --> src/bloom.rs:5:5
[INFO] [stdout]   |
[INFO] [stdout] 5 | use fastmurmur3::murmur3_x64_128;
[INFO] [stdout]   |     ^^^^^^^^^^^^^^^^^^^^^^^^^^^^
[INFO] [stdout] 
[INFO] [stdout] 
[INFO] [stdout] warning: unused import: `core::mem::size_of`
[INFO] [stdout]  --> src/vec.rs:1:5
[INFO] [stdout]   |
[INFO] [stdout] 1 | use core::mem::size_of;
[INFO] [stdout]   |     ^^^^^^^^^^^^^^^^^^
[INFO] [stdout] 
[INFO] [stdout] 
[INFO] [stdout] warning: unused variable: `bit_set`
[INFO] [stdout]   --> src/bloom.rs:46:20
[INFO] [stdout]    |
[INFO] [stdout] 46 | fn get_bit_indices(bit_set: &BloomBitVec, value: &[u8], m: u64, k: u64) -> Vec<u64> {
[INFO] [stdout]    |                    ^^^^^^^ help: if this is intentional, prefix it with an underscore: `_bit_set`
[INFO] [stdout]    |
[INFO] [stdout]    = note: `#[warn(unused_variables)]` on by default
[INFO] [stdout] 
[INFO] [stdout] 
[INFO] [stdout] warning: methods `expected_elements`, `false_positive_probability`, and `size` are never used
[INFO] [stdout]    --> src/builder.rs:108:8
[INFO] [stdout]     |
[INFO] [stdout] 67  | impl FilterBuilder {
[INFO] [stdout]     | ------------------ methods in this implementation
[INFO] [stdout] ...
[INFO] [stdout] 108 |     fn expected_elements(&mut self, expected_elements: u64) {
[INFO] [stdout]     |        ^^^^^^^^^^^^^^^^^
[INFO] [stdout] ...
[INFO] [stdout] 114 |     fn false_positive_probability(&mut self, false_positive_probability: f64) {
[INFO] [stdout]     |        ^^^^^^^^^^^^^^^^^^^^^^^^^^
[INFO] [stdout] ...
[INFO] [stdout] 152 |     fn size(&mut self, size: u64) {
[INFO] [stdout]     |        ^^^^
[INFO] [stdout]     |
[INFO] [stdout]     = note: `#[warn(dead_code)]` on by default
[INFO] [stdout] 
[INFO] [stdout] 
[INFO] [stdout] warning: method `set_bit_vec` is never used
[INFO] [stdout]    --> src/bloom.rs:349:19
[INFO] [stdout]     |
[INFO] [stdout] 118 | impl BloomFilter {
[INFO] [stdout]     | ---------------- method in this implementation
[INFO] [stdout] ...
[INFO] [stdout] 349 |     pub(crate) fn set_bit_vec(&mut self, bit_vec: BloomBitVec) {
[INFO] [stdout]     |                   ^^^^^^^^^^^
[INFO] [stdout] 
[INFO] [stdout] 
[INFO] [stdout] warning: methods `set_counting_vec` and `compatible` are never used
[INFO] [stdout]    --> src/bloom.rs:411:19
[INFO] [stdout]     |
[INFO] [stdout] 401 | impl CountingBloomFilter {
[INFO] [stdout]     | ------------------------ methods in this implementation
[INFO] [stdout] ...
[INFO] [stdout] 411 |     pub(crate) fn set_counting_vec(&mut self, counting_vec: CountingVec) {
[INFO] [stdout]     |                   ^^^^^^^^^^^^^^^^
[INFO] [stdout] ...
[INFO] [stdout] 418 |     fn compatible(&self, other: &BloomFilter) -> bool {
[INFO] [stdout]     |        ^^^^^^^^^^
[INFO] [stdout] 
[INFO] [stdout] 
[INFO] [stdout] warning: field `nbits` is never read
[INFO] [stdout]   --> src/vec.rs:17:16
[INFO] [stdout]    |
[INFO] [stdout] 13 | pub(crate) struct BloomBitVec {
[INFO] [stdout]    |                   ----------- field in this struct
[INFO] [stdout] ...
[INFO] [stdout] 17 |     pub(crate) nbits: u64,
[INFO] [stdout]    |                ^^^^^
[INFO] [stdout]    |
[INFO] [stdout]    = note: `BloomBitVec` has derived impls for the traits `Debug` and `Clone`, but these are intentionally ignored during dead code analysis
[INFO] [stdout] 
[INFO] [stdout] 
[INFO] [stdout] warning: associated items `from_elem`, `xor`, `nor`, `xnor`, `nand`, and `difference` are never used
[INFO] [stdout]   --> src/vec.rs:27:12
[INFO] [stdout]    |
[INFO] [stdout] 20 | impl BloomBitVec {
[INFO] [stdout]    | ---------------- associated items in this implementation
[INFO] [stdout] ...
[INFO] [stdout] 27 |     pub fn from_elem(slots: usize, bit: bool) -> Self {
[INFO] [stdout]    |            ^^^^^^^^^
[INFO] [stdout] ...
[INFO] [stdout] 62 |     pub fn xor(&mut self, other: &BloomBitVec) {
[INFO] [stdout]    |            ^^^
[INFO] [stdout] ...
[INFO] [stdout] 68 |     pub fn nor(&mut self, other: &Self) {
[INFO] [stdout]    |            ^^^
[INFO] [stdout] ...
[INFO] [stdout] 74 |     pub fn xnor(&mut self, other: &Self) {
[INFO] [stdout]    |            ^^^^
[INFO] [stdout] ...
[INFO] [stdout] 86 |     pub fn nand(&mut self, other: &Self) {
[INFO] [stdout]    |            ^^^^
[INFO] [stdout] ...
[INFO] [stdout] 92 |     pub fn difference(&mut self, other: &Self) {
[INFO] [stdout]    |            ^^^^^^^^^^
[INFO] [stdout] 
[INFO] [stdout] 
[INFO] [stdout] warning: fields `counters` and `counter_per_slot` are never read
[INFO] [stdout]    --> src/vec.rs:115:16
[INFO] [stdout]     |
[INFO] [stdout] 111 | pub(crate) struct CountingVec {
[INFO] [stdout]     |                   ----------- fields in this struct
[INFO] [stdout] ...
[INFO] [stdout] 115 |     pub(crate) counters: u64,
[INFO] [stdout]     |                ^^^^^^^^
[INFO] [stdout] 116 |     /// The number of valid counter in a slot which mean usize.
[INFO] [stdout] 117 |     pub(crate) counter_per_slot: usize,
[INFO] [stdout]     |                ^^^^^^^^^^^^^^^^
[INFO] [stdout]     |
[INFO] [stdout]     = note: `CountingVec` has derived impls for the traits `Debug` and `Clone`, but these are intentionally ignored during dead code analysis
[INFO] [stdout] 
[INFO] [stdout] 
[INFO] [stdout] warning: 11 warnings emitted
[INFO] [stdout] 
[INFO] [stdout] 
[INFO] [stderr]     Finished dev [unoptimized + debuginfo] target(s) in 6.28s
[INFO] running `Command { std: "docker" "inspect" "b10d7bbc5953078eefbff8baf4c4574f62feeee21a47a6ef6c2222f53cd351e8", kill_on_drop: false }`
[INFO] running `Command { std: "docker" "rm" "-f" "b10d7bbc5953078eefbff8baf4c4574f62feeee21a47a6ef6c2222f53cd351e8", kill_on_drop: false }`
[INFO] [stdout] b10d7bbc5953078eefbff8baf4c4574f62feeee21a47a6ef6c2222f53cd351e8
[INFO] running `Command { std: "docker" "create" "-v" "/var/lib/crater-agent-workspace/builds/worker-2-tc2/target:/opt/rustwide/target:rw,Z" "-v" "/var/lib/crater-agent-workspace/builds/worker-2-tc2/source:/opt/rustwide/workdir:ro,Z" "-v" "/var/lib/crater-agent-workspace/cargo-home:/opt/rustwide/cargo-home:ro,Z" "-v" "/var/lib/crater-agent-workspace/rustup-home:/opt/rustwide/rustup-home:ro,Z" "-e" "SOURCE_DIR=/opt/rustwide/workdir" "-e" "CARGO_TARGET_DIR=/opt/rustwide/target" "-e" "CARGO_INCREMENTAL=0" "-e" "RUST_BACKTRACE=full" "-e" "RUSTFLAGS=--cap-lints=warn" "-e" "RUSTDOCFLAGS=--cap-lints=warn" "-e" "CARGO_HOME=/opt/rustwide/cargo-home" "-e" "RUSTUP_HOME=/opt/rustwide/rustup-home" "-w" "/opt/rustwide/workdir" "-m" "1610612736" "--user" "0:0" "--network" "none" "ghcr.io/rust-lang/crates-build-env/linux@sha256:5ff2268d62e97bff2cde7d5815dd6ed5b47097566f13b8d0ca110b04b60e07ed" "/opt/rustwide/cargo-home/bin/cargo" "+beta-2023-04-20" "test" "--frozen" "--no-run" "--message-format=json", kill_on_drop: false }`
[INFO] [stdout] 93391d12b60b9f8877c2c4c0a7def0ebe2f39e736271fe9a2e6a755a4a261f9b
[INFO] running `Command { std: "docker" "start" "-a" "93391d12b60b9f8877c2c4c0a7def0ebe2f39e736271fe9a2e6a755a4a261f9b", kill_on_drop: false }`
[INFO] [stderr] warning: only one of `license` or `license-file` is necessary
[INFO] [stderr] `license` should be used if the package license can be expressed with a standard SPDX expression.
[INFO] [stderr] `license-file` should be used if the package uses a non-standard license.
[INFO] [stderr] See https://doc.rust-lang.org/cargo/reference/manifest.html#the-license-and-license-file-fields for more information.
[INFO] [stderr]    Compiling fastbloom-rs v0.5.3 (/opt/rustwide/workdir)
[INFO] [stdout] warning: unused import: `crate::Membership`
[INFO] [stdout]  --> src/builder.rs:2:5
[INFO] [stdout]   |
[INFO] [stdout] 2 | use crate::Membership;
[INFO] [stdout]   |     ^^^^^^^^^^^^^^^^^
[INFO] [stdout]   |
[INFO] [stdout]   = note: `#[warn(unused_imports)]` on by default
[INFO] [stdout] 
[INFO] [stdout] 
[INFO] [stdout] warning: unused import: `std::clone`
[INFO] [stdout]  --> src/bloom.rs:1:5
[INFO] [stdout]   |
[INFO] [stdout] 1 | use std::clone;
[INFO] [stdout]   |     ^^^^^^^^^^
[INFO] [stdout] 
[INFO] [stdout] 
[INFO] [stdout] warning: unused import: `fastmurmur3::murmur3_x64_128`
[INFO] [stdout]  --> src/bloom.rs:5:5
[INFO] [stdout]   |
[INFO] [stdout] 5 | use fastmurmur3::murmur3_x64_128;
[INFO] [stdout]   |     ^^^^^^^^^^^^^^^^^^^^^^^^^^^^
[INFO] [stdout] 
[INFO] [stdout] 
[INFO] [stdout] warning: unused import: `core::mem::size_of`
[INFO] [stdout]  --> src/vec.rs:1:5
[INFO] [stdout]   |
[INFO] [stdout] 1 | use core::mem::size_of;
[INFO] [stdout]   |     ^^^^^^^^^^^^^^^^^^
[INFO] [stdout] 
[INFO] [stdout] 
[INFO] [stdout] warning: unused variable: `bit_set`
[INFO] [stdout]   --> src/bloom.rs:46:20
[INFO] [stdout]    |
[INFO] [stdout] 46 | fn get_bit_indices(bit_set: &BloomBitVec, value: &[u8], m: u64, k: u64) -> Vec<u64> {
[INFO] [stdout]    |                    ^^^^^^^ help: if this is intentional, prefix it with an underscore: `_bit_set`
[INFO] [stdout]    |
[INFO] [stdout]    = note: `#[warn(unused_variables)]` on by default
[INFO] [stdout] 
[INFO] [stdout] 
[INFO] [stdout] warning: methods `expected_elements`, `false_positive_probability`, and `size` are never used
[INFO] [stdout]    --> src/builder.rs:108:8
[INFO] [stdout]     |
[INFO] [stdout] 67  | impl FilterBuilder {
[INFO] [stdout]     | ------------------ methods in this implementation
[INFO] [stdout] ...
[INFO] [stdout] 108 |     fn expected_elements(&mut self, expected_elements: u64) {
[INFO] [stdout]     |        ^^^^^^^^^^^^^^^^^
[INFO] [stdout] ...
[INFO] [stdout] 114 |     fn false_positive_probability(&mut self, false_positive_probability: f64) {
[INFO] [stdout]     |        ^^^^^^^^^^^^^^^^^^^^^^^^^^
[INFO] [stdout] ...
[INFO] [stdout] 152 |     fn size(&mut self, size: u64) {
[INFO] [stdout]     |        ^^^^
[INFO] [stdout]     |
[INFO] [stdout]     = note: `#[warn(dead_code)]` on by default
[INFO] [stdout] 
[INFO] [stdout] 
[INFO] [stdout] warning: method `set_bit_vec` is never used
[INFO] [stdout]    --> src/bloom.rs:349:19
[INFO] [stdout]     |
[INFO] [stdout] 118 | impl BloomFilter {
[INFO] [stdout]     | ---------------- method in this implementation
[INFO] [stdout] ...
[INFO] [stdout] 349 |     pub(crate) fn set_bit_vec(&mut self, bit_vec: BloomBitVec) {
[INFO] [stdout]     |                   ^^^^^^^^^^^
[INFO] [stdout] 
[INFO] [stdout] 
[INFO] [stdout] warning: methods `set_counting_vec` and `compatible` are never used
[INFO] [stdout]    --> src/bloom.rs:411:19
[INFO] [stdout]     |
[INFO] [stdout] 401 | impl CountingBloomFilter {
[INFO] [stdout]     | ------------------------ methods in this implementation
[INFO] [stdout] ...
[INFO] [stdout] 411 |     pub(crate) fn set_counting_vec(&mut self, counting_vec: CountingVec) {
[INFO] [stdout]     |                   ^^^^^^^^^^^^^^^^
[INFO] [stdout] ...
[INFO] [stdout] 418 |     fn compatible(&self, other: &BloomFilter) -> bool {
[INFO] [stdout]     |        ^^^^^^^^^^
[INFO] [stdout] 
[INFO] [stdout] 
[INFO] [stdout] warning: field `nbits` is never read
[INFO] [stdout]   --> src/vec.rs:17:16
[INFO] [stdout]    |
[INFO] [stdout] 13 | pub(crate) struct BloomBitVec {
[INFO] [stdout]    |                   ----------- field in this struct
[INFO] [stdout] ...
[INFO] [stdout] 17 |     pub(crate) nbits: u64,
[INFO] [stdout]    |                ^^^^^
[INFO] [stdout]    |
[INFO] [stdout]    = note: `BloomBitVec` has derived impls for the traits `Debug` and `Clone`, but these are intentionally ignored during dead code analysis
[INFO] [stdout] 
[INFO] [stdout] 
[INFO] [stdout] warning: associated items `from_elem`, `xor`, `nor`, `xnor`, `nand`, and `difference` are never used
[INFO] [stdout]   --> src/vec.rs:27:12
[INFO] [stdout]    |
[INFO] [stdout] 20 | impl BloomBitVec {
[INFO] [stdout]    | ---------------- associated items in this implementation
[INFO] [stdout] ...
[INFO] [stdout] 27 |     pub fn from_elem(slots: usize, bit: bool) -> Self {
[INFO] [stdout]    |            ^^^^^^^^^
[INFO] [stdout] ...
[INFO] [stdout] 62 |     pub fn xor(&mut self, other: &BloomBitVec) {
[INFO] [stdout]    |            ^^^
[INFO] [stdout] ...
[INFO] [stdout] 68 |     pub fn nor(&mut self, other: &Self) {
[INFO] [stdout]    |            ^^^
[INFO] [stdout] ...
[INFO] [stdout] 74 |     pub fn xnor(&mut self, other: &Self) {
[INFO] [stdout]    |            ^^^^
[INFO] [stdout] ...
[INFO] [stdout] 86 |     pub fn nand(&mut self, other: &Self) {
[INFO] [stdout]    |            ^^^^
[INFO] [stdout] ...
[INFO] [stdout] 92 |     pub fn difference(&mut self, other: &Self) {
[INFO] [stdout]    |            ^^^^^^^^^^
[INFO] [stdout] 
[INFO] [stdout] 
[INFO] [stdout] warning: fields `counters` and `counter_per_slot` are never read
[INFO] [stdout]    --> src/vec.rs:115:16
[INFO] [stdout]     |
[INFO] [stdout] 111 | pub(crate) struct CountingVec {
[INFO] [stdout]     |                   ----------- fields in this struct
[INFO] [stdout] ...
[INFO] [stdout] 115 |     pub(crate) counters: u64,
[INFO] [stdout]     |                ^^^^^^^^
[INFO] [stdout] 116 |     /// The number of valid counter in a slot which mean usize.
[INFO] [stdout] 117 |     pub(crate) counter_per_slot: usize,
[INFO] [stdout]     |                ^^^^^^^^^^^^^^^^
[INFO] [stdout]     |
[INFO] [stdout]     = note: `CountingVec` has derived impls for the traits `Debug` and `Clone`, but these are intentionally ignored during dead code analysis
[INFO] [stdout] 
[INFO] [stdout] 
[INFO] [stdout] warning: 11 warnings emitted
[INFO] [stdout] 
[INFO] [stdout] 
[INFO] [stdout] warning: unused import: `std::clone`
[INFO] [stdout]  --> src/bloom.rs:1:5
[INFO] [stdout]   |
[INFO] [stdout] 1 | use std::clone;
[INFO] [stdout]   |     ^^^^^^^^^^
[INFO] [stdout]   |
[INFO] [stdout]   = note: `#[warn(unused_imports)]` on by default
[INFO] [stdout] 
[INFO] [stdout] 
[INFO] [stdout] warning: unused import: `fastmurmur3::murmur3_x64_128`
[INFO] [stdout]  --> src/bloom.rs:5:5
[INFO] [stdout]   |
[INFO] [stdout] 5 | use fastmurmur3::murmur3_x64_128;
[INFO] [stdout]   |     ^^^^^^^^^^^^^^^^^^^^^^^^^^^^
[INFO] [stdout] 
[INFO] [stdout] 
[INFO] [stdout] warning: unused import: `core::mem::size_of`
[INFO] [stdout]  --> src/vec.rs:1:5
[INFO] [stdout]   |
[INFO] [stdout] 1 | use core::mem::size_of;
[INFO] [stdout]   |     ^^^^^^^^^^^^^^^^^^
[INFO] [stdout] 
[INFO] [stdout] 
[INFO] [stdout] warning: unused variable: `bit_set`
[INFO] [stdout]   --> src/bloom.rs:46:20
[INFO] [stdout]    |
[INFO] [stdout] 46 | fn get_bit_indices(bit_set: &BloomBitVec, value: &[u8], m: u64, k: u64) -> Vec<u64> {
[INFO] [stdout]    |                    ^^^^^^^ help: if this is intentional, prefix it with an underscore: `_bit_set`
[INFO] [stdout]    |
[INFO] [stdout]    = note: `#[warn(unused_variables)]` on by default
[INFO] [stdout] 
[INFO] [stdout] 
[INFO] [stdout] warning: variable does not need to be mutable
[INFO] [stdout]    --> src/bloom.rs:675:13
[INFO] [stdout]     |
[INFO] [stdout] 675 |         let mut bloom2 = BloomFilter::from_u64_array(bloom.get_u64_array(), bloom.hashes());
[INFO] [stdout]     |             ----^^^^^^
[INFO] [stdout]     |             |
[INFO] [stdout]     |             help: remove this `mut`
[INFO] [stdout]     |
[INFO] [stdout]     = note: `#[warn(unused_mut)]` on by default
[INFO] [stdout] 
[INFO] [stdout] 
[INFO] [stdout] warning: methods `expected_elements`, `false_positive_probability`, and `size` are never used
[INFO] [stdout]    --> src/builder.rs:108:8
[INFO] [stdout]     |
[INFO] [stdout] 67  | impl FilterBuilder {
[INFO] [stdout]     | ------------------ methods in this implementation
[INFO] [stdout] ...
[INFO] [stdout] 108 |     fn expected_elements(&mut self, expected_elements: u64) {
[INFO] [stdout]     |        ^^^^^^^^^^^^^^^^^
[INFO] [stdout] ...
[INFO] [stdout] 114 |     fn false_positive_probability(&mut self, false_positive_probability: f64) {
[INFO] [stdout]     |        ^^^^^^^^^^^^^^^^^^^^^^^^^^
[INFO] [stdout] ...
[INFO] [stdout] 152 |     fn size(&mut self, size: u64) {
[INFO] [stdout]     |        ^^^^
[INFO] [stdout]     |
[INFO] [stdout]     = note: `#[warn(dead_code)]` on by default
[INFO] [stdout] 
[INFO] [stdout] 
[INFO] [stdout] warning: method `set_bit_vec` is never used
[INFO] [stdout]    --> src/bloom.rs:349:19
[INFO] [stdout]     |
[INFO] [stdout] 118 | impl BloomFilter {
[INFO] [stdout]     | ---------------- method in this implementation
[INFO] [stdout] ...
[INFO] [stdout] 349 |     pub(crate) fn set_bit_vec(&mut self, bit_vec: BloomBitVec) {
[INFO] [stdout]     |                   ^^^^^^^^^^^
[INFO] [stdout] 
[INFO] [stdout] 
[INFO] [stdout] warning: methods `set_counting_vec` and `compatible` are never used
[INFO] [stdout]    --> src/bloom.rs:411:19
[INFO] [stdout]     |
[INFO] [stdout] 401 | impl CountingBloomFilter {
[INFO] [stdout]     | ------------------------ methods in this implementation
[INFO] [stdout] ...
[INFO] [stdout] 411 |     pub(crate) fn set_counting_vec(&mut self, counting_vec: CountingVec) {
[INFO] [stdout]     |                   ^^^^^^^^^^^^^^^^
[INFO] [stdout] ...
[INFO] [stdout] 418 |     fn compatible(&self, other: &BloomFilter) -> bool {
[INFO] [stdout]     |        ^^^^^^^^^^
[INFO] [stdout] 
[INFO] [stdout] 
[INFO] [stdout] warning: field `nbits` is never read
[INFO] [stdout]   --> src/vec.rs:17:16
[INFO] [stdout]    |
[INFO] [stdout] 13 | pub(crate) struct BloomBitVec {
[INFO] [stdout]    |                   ----------- field in this struct
[INFO] [stdout] ...
[INFO] [stdout] 17 |     pub(crate) nbits: u64,
[INFO] [stdout]    |                ^^^^^
[INFO] [stdout]    |
[INFO] [stdout]    = note: `BloomBitVec` has derived impls for the traits `Debug` and `Clone`, but these are intentionally ignored during dead code analysis
[INFO] [stdout] 
[INFO] [stdout] 
[INFO] [stdout] warning: associated items `from_elem`, `xor`, `nor`, `xnor`, `nand`, and `difference` are never used
[INFO] [stdout]   --> src/vec.rs:27:12
[INFO] [stdout]    |
[INFO] [stdout] 20 | impl BloomBitVec {
[INFO] [stdout]    | ---------------- associated items in this implementation
[INFO] [stdout] ...
[INFO] [stdout] 27 |     pub fn from_elem(slots: usize, bit: bool) -> Self {
[INFO] [stdout]    |            ^^^^^^^^^
[INFO] [stdout] ...
[INFO] [stdout] 62 |     pub fn xor(&mut self, other: &BloomBitVec) {
[INFO] [stdout]    |            ^^^
[INFO] [stdout] ...
[INFO] [stdout] 68 |     pub fn nor(&mut self, other: &Self) {
[INFO] [stdout]    |            ^^^
[INFO] [stdout] ...
[INFO] [stdout] 74 |     pub fn xnor(&mut self, other: &Self) {
[INFO] [stdout]    |            ^^^^
[INFO] [stdout] ...
[INFO] [stdout] 86 |     pub fn nand(&mut self, other: &Self) {
[INFO] [stdout]    |            ^^^^
[INFO] [stdout] ...
[INFO] [stdout] 92 |     pub fn difference(&mut self, other: &Self) {
[INFO] [stdout]    |            ^^^^^^^^^^
[INFO] [stdout] 
[INFO] [stdout] 
[INFO] [stdout] warning: fields `counters` and `counter_per_slot` are never read
[INFO] [stdout]    --> src/vec.rs:115:16
[INFO] [stdout]     |
[INFO] [stdout] 111 | pub(crate) struct CountingVec {
[INFO] [stdout]     |                   ----------- fields in this struct
[INFO] [stdout] ...
[INFO] [stdout] 115 |     pub(crate) counters: u64,
[INFO] [stdout]     |                ^^^^^^^^
[INFO] [stdout] 116 |     /// The number of valid counter in a slot which mean usize.
[INFO] [stdout] 117 |     pub(crate) counter_per_slot: usize,
[INFO] [stdout]     |                ^^^^^^^^^^^^^^^^
[INFO] [stdout]     |
[INFO] [stdout]     = note: `CountingVec` has derived impls for the traits `Debug` and `Clone`, but these are intentionally ignored during dead code analysis
[INFO] [stdout] 
[INFO] [stdout] 
[INFO] [stdout] warning: 11 warnings emitted
[INFO] [stdout] 
[INFO] [stdout] 
[INFO] [stderr]     Finished test [unoptimized + debuginfo] target(s) in 1.05s
[INFO] running `Command { std: "docker" "inspect" "93391d12b60b9f8877c2c4c0a7def0ebe2f39e736271fe9a2e6a755a4a261f9b", kill_on_drop: false }`
[INFO] running `Command { std: "docker" "rm" "-f" "93391d12b60b9f8877c2c4c0a7def0ebe2f39e736271fe9a2e6a755a4a261f9b", kill_on_drop: false }`
[INFO] [stdout] 93391d12b60b9f8877c2c4c0a7def0ebe2f39e736271fe9a2e6a755a4a261f9b
[INFO] running `Command { std: "docker" "create" "-v" "/var/lib/crater-agent-workspace/builds/worker-2-tc2/target:/opt/rustwide/target:rw,Z" "-v" "/var/lib/crater-agent-workspace/builds/worker-2-tc2/source:/opt/rustwide/workdir:ro,Z" "-v" "/var/lib/crater-agent-workspace/cargo-home:/opt/rustwide/cargo-home:ro,Z" "-v" "/var/lib/crater-agent-workspace/rustup-home:/opt/rustwide/rustup-home:ro,Z" "-e" "SOURCE_DIR=/opt/rustwide/workdir" "-e" "CARGO_TARGET_DIR=/opt/rustwide/target" "-e" "CARGO_INCREMENTAL=0" "-e" "RUST_BACKTRACE=full" "-e" "RUSTFLAGS=--cap-lints=warn" "-e" "RUSTDOCFLAGS=--cap-lints=warn" "-e" "CARGO_HOME=/opt/rustwide/cargo-home" "-e" "RUSTUP_HOME=/opt/rustwide/rustup-home" "-w" "/opt/rustwide/workdir" "-m" "1610612736" "--user" "0:0" "--network" "none" "ghcr.io/rust-lang/crates-build-env/linux@sha256:5ff2268d62e97bff2cde7d5815dd6ed5b47097566f13b8d0ca110b04b60e07ed" "/opt/rustwide/cargo-home/bin/cargo" "+beta-2023-04-20" "test" "--frozen", kill_on_drop: false }`
[INFO] [stdout] d6759fccef83ac40c737336a8af34097b1fbdd82711c61f6c851d8c0033882a3
[INFO] running `Command { std: "docker" "start" "-a" "d6759fccef83ac40c737336a8af34097b1fbdd82711c61f6c851d8c0033882a3", kill_on_drop: false }`
[INFO] [stderr] warning: only one of `license` or `license-file` is necessary
[INFO] [stderr] `license` should be used if the package license can be expressed with a standard SPDX expression.
[INFO] [stderr] `license-file` should be used if the package uses a non-standard license.
[INFO] [stderr] See https://doc.rust-lang.org/cargo/reference/manifest.html#the-license-and-license-file-fields for more information.
[INFO] [stderr] warning: unused import: `crate::Membership`
[INFO] [stderr]  --> src/builder.rs:2:5
[INFO] [stderr]   |
[INFO] [stderr] 2 | use crate::Membership;
[INFO] [stderr]   |     ^^^^^^^^^^^^^^^^^
[INFO] [stderr]   |
[INFO] [stderr]   = note: `#[warn(unused_imports)]` on by default
[INFO] [stderr] 
[INFO] [stderr] warning: unused import: `std::clone`
[INFO] [stderr]  --> src/bloom.rs:1:5
[INFO] [stderr]   |
[INFO] [stderr] 1 | use std::clone;
[INFO] [stderr]   |     ^^^^^^^^^^
[INFO] [stderr] 
[INFO] [stderr] warning: unused import: `fastmurmur3::murmur3_x64_128`
[INFO] [stderr]  --> src/bloom.rs:5:5
[INFO] [stderr]   |
[INFO] [stderr] 5 | use fastmurmur3::murmur3_x64_128;
[INFO] [stderr]   |     ^^^^^^^^^^^^^^^^^^^^^^^^^^^^
[INFO] [stderr] 
[INFO] [stderr] warning: unused import: `core::mem::size_of`
[INFO] [stderr]  --> src/vec.rs:1:5
[INFO] [stderr]   |
[INFO] [stderr] 1 | use core::mem::size_of;
[INFO] [stderr]   |     ^^^^^^^^^^^^^^^^^^
[INFO] [stderr] 
[INFO] [stderr] warning: unused variable: `bit_set`
[INFO] [stderr]   --> src/bloom.rs:46:20
[INFO] [stderr]    |
[INFO] [stderr] 46 | fn get_bit_indices(bit_set: &BloomBitVec, value: &[u8], m: u64, k: u64) -> Vec<u64> {
[INFO] [stderr]    |                    ^^^^^^^ help: if this is intentional, prefix it with an underscore: `_bit_set`
[INFO] [stderr]    |
[INFO] [stderr]    = note: `#[warn(unused_variables)]` on by default
[INFO] [stderr] 
[INFO] [stderr] warning: methods `expected_elements`, `false_positive_probability`, and `size` are never used
[INFO] [stderr]    --> src/builder.rs:108:8
[INFO] [stderr]     |
[INFO] [stderr] 67  | impl FilterBuilder {
[INFO] [stderr]     | ------------------ methods in this implementation
[INFO] [stderr] ...
[INFO] [stderr] 108 |     fn expected_elements(&mut self, expected_elements: u64) {
[INFO] [stderr]     |        ^^^^^^^^^^^^^^^^^
[INFO] [stderr] ...
[INFO] [stderr] 114 |     fn false_positive_probability(&mut self, false_positive_probability: f64) {
[INFO] [stderr]     |        ^^^^^^^^^^^^^^^^^^^^^^^^^^
[INFO] [stderr] ...
[INFO] [stderr] 152 |     fn size(&mut self, size: u64) {
[INFO] [stderr]     |        ^^^^
[INFO] [stderr]     |
[INFO] [stderr]     = note: `#[warn(dead_code)]` on by default
[INFO] [stderr] 
[INFO] [stderr] warning: method `set_bit_vec` is never used
[INFO] [stderr]    --> src/bloom.rs:349:19
[INFO] [stderr]     |
[INFO] [stderr] 118 | impl BloomFilter {
[INFO] [stderr]     | ---------------- method in this implementation
[INFO] [stderr] ...
[INFO] [stderr] 349 |     pub(crate) fn set_bit_vec(&mut self, bit_vec: BloomBitVec) {
[INFO] [stderr]     |                   ^^^^^^^^^^^
[INFO] [stderr] 
[INFO] [stderr] warning: methods `set_counting_vec` and `compatible` are never used
[INFO] [stderr]    --> src/bloom.rs:411:19
[INFO] [stderr]     |
[INFO] [stderr] 401 | impl CountingBloomFilter {
[INFO] [stderr]     | ------------------------ methods in this implementation
[INFO] [stderr] ...
[INFO] [stderr] 411 |     pub(crate) fn set_counting_vec(&mut self, counting_vec: CountingVec) {
[INFO] [stderr]     |                   ^^^^^^^^^^^^^^^^
[INFO] [stderr] ...
[INFO] [stderr] 418 |     fn compatible(&self, other: &BloomFilter) -> bool {
[INFO] [stderr]     |        ^^^^^^^^^^
[INFO] [stderr] 
[INFO] [stderr] warning: field `nbits` is never read
[INFO] [stderr]   --> src/vec.rs:17:16
[INFO] [stderr]    |
[INFO] [stderr] 13 | pub(crate) struct BloomBitVec {
[INFO] [stderr]    |                   ----------- field in this struct
[INFO] [stderr] ...
[INFO] [stderr] 17 |     pub(crate) nbits: u64,
[INFO] [stderr]    |                ^^^^^
[INFO] [stderr]    |
[INFO] [stderr]    = note: `BloomBitVec` has derived impls for the traits `Debug` and `Clone`, but these are intentionally ignored during dead code analysis
[INFO] [stderr] 
[INFO] [stderr] warning: associated items `from_elem`, `xor`, `nor`, `xnor`, `nand`, and `difference` are never used
[INFO] [stderr]   --> src/vec.rs:27:12
[INFO] [stderr]    |
[INFO] [stderr] 20 | impl BloomBitVec {
[INFO] [stderr]    | ---------------- associated items in this implementation
[INFO] [stderr] ...
[INFO] [stderr] 27 |     pub fn from_elem(slots: usize, bit: bool) -> Self {
[INFO] [stderr]    |            ^^^^^^^^^
[INFO] [stderr] ...
[INFO] [stderr] 62 |     pub fn xor(&mut self, other: &BloomBitVec) {
[INFO] [stderr]    |            ^^^
[INFO] [stderr] ...
[INFO] [stderr] 68 |     pub fn nor(&mut self, other: &Self) {
[INFO] [stderr]    |            ^^^
[INFO] [stderr] ...
[INFO] [stderr] 74 |     pub fn xnor(&mut self, other: &Self) {
[INFO] [stderr]    |            ^^^^
[INFO] [stderr] ...
[INFO] [stderr] 86 |     pub fn nand(&mut self, other: &Self) {
[INFO] [stderr]    |            ^^^^
[INFO] [stderr] ...
[INFO] [stderr] 92 |     pub fn difference(&mut self, other: &Self) {
[INFO] [stderr]    |            ^^^^^^^^^^
[INFO] [stderr] 
[INFO] [stderr] warning: fields `counters` and `counter_per_slot` are never read
[INFO] [stderr]    --> src/vec.rs:115:16
[INFO] [stderr]     |
[INFO] [stderr] 111 | pub(crate) struct CountingVec {
[INFO] [stderr]     |                   ----------- fields in this struct
[INFO] [stderr] ...
[INFO] [stderr] 115 |     pub(crate) counters: u64,
[INFO] [stderr]     |                ^^^^^^^^
[INFO] [stderr] 116 |     /// The number of valid counter in a slot which mean usize.
[INFO] [stderr] 117 |     pub(crate) counter_per_slot: usize,
[INFO] [stderr]     |                ^^^^^^^^^^^^^^^^
[INFO] [stderr]     |
[INFO] [stderr]     = note: `CountingVec` has derived impls for the traits `Debug` and `Clone`, but these are intentionally ignored during dead code analysis
[INFO] [stderr] 
[INFO] [stderr] warning: unused import: `std::clone`
[INFO] [stderr]  --> src/bloom.rs:1:5
[INFO] [stderr]   |
[INFO] [stderr] 1 | use std::clone;
[INFO] [stderr]   |     ^^^^^^^^^^
[INFO] [stderr]   |
[INFO] [stderr]   = note: `#[warn(unused_imports)]` on by default
[INFO] [stderr] 
[INFO] [stderr] warning: variable does not need to be mutable
[INFO] [stderr]    --> src/bloom.rs:675:13
[INFO] [stderr]     |
[INFO] [stderr] 675 |         let mut bloom2 = BloomFilter::from_u64_array(bloom.get_u64_array(), bloom.hashes());
[INFO] [stderr]     |             ----^^^^^^
[INFO] [stderr]     |             |
[INFO] [stderr]     |             help: remove this `mut`
[INFO] [stderr]     |
[INFO] [stderr]     = note: `#[warn(unused_mut)]` on by default
[INFO] [stderr] 
[INFO] [stderr] warning: `fastbloom-rs` (lib) generated 11 warnings (run `cargo fix --lib -p fastbloom-rs` to apply 5 suggestions)
[INFO] [stderr] warning: `fastbloom-rs` (lib test) generated 11 warnings (9 duplicates) (run `cargo fix --lib -p fastbloom-rs --tests` to apply 2 suggestions)
[INFO] [stderr]     Finished test [unoptimized + debuginfo] target(s) in 0.02s
[INFO] [stderr]      Running unittests src/lib.rs (/opt/rustwide/target/debug/deps/fastbloom_rs-370b23fdb8075a01)
[INFO] [stdout] 
[INFO] [stdout] running 12 tests
[INFO] [stdout] test bloom::counting_bloom_hash_indices_test ... ok
[INFO] [stdout] test builder::optimal_test ... ok
[INFO] [stdout] test builder::builder_test ... ok
[INFO] [stdout] test vec::test_size ... ok
[INFO] [stdout] test bloom::counting_bloom_estimate_count ... ok
[INFO] [stdout] test bloom::bloom_hash_indices_test ... ok
[INFO] [stdout] test bloom::counting_bloom_test ... ok
[INFO] [stdout] test vec::test_count_vec ... ok
[INFO] [stdout] test vec::test_vec ... ok
[INFO] [stdout] test bloom::counting_bloom_repeat_test ... ok
[INFO] [stdout] test bloom::bloom_test ... ok
[INFO] [stdout] test bloom::counting_bloom_from_test ... ok
[INFO] [stderr]      Running unittests src/bin/false_positive_test.rs (/opt/rustwide/target/debug/deps/false_positive_test-b77083a9e1a10eed)
[INFO] [stdout] 
[INFO] [stdout] test result: ok. 12 passed; 0 failed; 0 ignored; 0 measured; 0 filtered out; finished in 0.29s
[INFO] [stdout] 
[INFO] [stdout] 
[INFO] [stdout] running 0 tests
[INFO] [stdout] 
[INFO] [stdout] test result: ok. 0 passed; 0 failed; 0 ignored; 0 measured; 0 filtered out; finished in 0.00s
[INFO] [stdout] 
[INFO] [stderr]    Doc-tests fastbloom-rs
[INFO] [stdout] 
[INFO] [stdout] running 9 tests
[INFO] [stdout] test src/bloom.rs - bloom::BloomFilter::from_u8_array (line 142) ... FAILED
[INFO] [stdout] test src/bloom.rs - bloom::BloomFilter::from_u32_array (line 201) ... FAILED
[INFO] [stdout] test src/bloom.rs - bloom::BloomFilter::from_u16_array (line 171) ... FAILED
[INFO] [stdout] test src/bloom.rs - bloom::BloomFilter::from_u64_array (line 230) ... FAILED
[INFO] [stdout] test src/bloom.rs - bloom::BloomFilter::config (line 258) ... ok
[INFO] [stdout] test src/bloom.rs - bloom::CountingBloomFilter::config (line 425) ... ok
[INFO] [stdout] test src/builder.rs - builder::FilterBuilder::enable_repeat_insert (line 123) ... ok
[INFO] [stdout] test src/bloom.rs - bloom::BloomFilter::new (line 123) ... ok
[INFO] [stdout] test src/builder.rs - builder::FilterBuilder::new (line 74) ... ok
[INFO] [stderr] error: doctest failed, to rerun pass `--doc`
[INFO] [stdout] 
[INFO] [stdout] failures:
[INFO] [stdout] 
[INFO] [stdout] ---- src/bloom.rs - bloom::BloomFilter::from_u8_array (line 142) stdout ----
[INFO] [stdout] error[E0599]: no method named `as_bytes` found for struct `Vec<u8>` in the current scope
[INFO] [stdout]  --> src/bloom.rs:145:46
[INFO] [stdout]   |
[INFO] [stdout] 6 | let bloom = BloomFilter::from_u8_array(array.as_bytes(), 4);
[INFO] [stdout]   |                                              ^^^^^^^^ method not found in `Vec<u8>`
[INFO] [stdout] 
[INFO] [stdout] error: aborting due to previous error
[INFO] [stdout] 
[INFO] [stdout] For more information about this error, try `rustc --explain E0599`.
[INFO] [stdout] Couldn't compile the test.
[INFO] [stdout] ---- src/bloom.rs - bloom::BloomFilter::from_u32_array (line 201) stdout ----
[INFO] [stdout] error[E0599]: no method named `as_bytes` found for struct `Vec<u32>` in the current scope
[INFO] [stdout]  --> src/bloom.rs:204:47
[INFO] [stdout]   |
[INFO] [stdout] 6 | let bloom = BloomFilter::from_u32_array(array.as_bytes(), 4);
[INFO] [stdout]   |                                               ^^^^^^^^ method not found in `Vec<u32>`
[INFO] [stdout] 
[INFO] [stdout] error: aborting due to previous error
[INFO] [stdout] 
[INFO] [stdout] For more information about this error, try `rustc --explain E0599`.
[INFO] [stdout] Couldn't compile the test.
[INFO] [stdout] ---- src/bloom.rs - bloom::BloomFilter::from_u16_array (line 171) stdout ----
[INFO] [stdout] error[E0599]: no method named `as_bytes` found for struct `Vec<u16>` in the current scope
[INFO] [stdout]  --> src/bloom.rs:174:47
[INFO] [stdout]   |
[INFO] [stdout] 6 | let bloom = BloomFilter::from_u16_array(array.as_bytes(), 4);
[INFO] [stdout]   |                                               ^^^^^^^^ method not found in `Vec<u16>`
[INFO] [stdout] 
[INFO] [stdout] error: aborting due to previous error
[INFO] [stdout] 
[INFO] [stdout] For more information about this error, try `rustc --explain E0599`.
[INFO] [stdout] Couldn't compile the test.
[INFO] [stdout] ---- src/bloom.rs - bloom::BloomFilter::from_u64_array (line 230) stdout ----
[INFO] [stdout] error[E0599]: no method named `as_bytes` found for struct `Vec<u64>` in the current scope
[INFO] [stdout]  --> src/bloom.rs:233:47
[INFO] [stdout]   |
[INFO] [stdout] 6 | let bloom = BloomFilter::from_u32_array(array.as_bytes(), 4);
[INFO] [stdout]   |                                               ^^^^^^^^ method not found in `Vec<u64>`
[INFO] [stdout] 
[INFO] [stdout] error: aborting due to previous error
[INFO] [stdout] 
[INFO] [stdout] For more information about this error, try `rustc --explain E0599`.
[INFO] [stdout] Couldn't compile the test.
[INFO] [stdout] 
[INFO] [stdout] failures:
[INFO] [stdout]     src/bloom.rs - bloom::BloomFilter::from_u16_array (line 171)
[INFO] [stdout]     src/bloom.rs - bloom::BloomFilter::from_u32_array (line 201)
[INFO] [stdout]     src/bloom.rs - bloom::BloomFilter::from_u64_array (line 230)
[INFO] [stdout]     src/bloom.rs - bloom::BloomFilter::from_u8_array (line 142)
[INFO] [stdout] 
[INFO] [stdout] test result: FAILED. 5 passed; 4 failed; 0 ignored; 0 measured; 0 filtered out; finished in 1.17s
[INFO] [stdout] 
[INFO] running `Command { std: "docker" "inspect" "d6759fccef83ac40c737336a8af34097b1fbdd82711c61f6c851d8c0033882a3", kill_on_drop: false }`
[INFO] running `Command { std: "docker" "rm" "-f" "d6759fccef83ac40c737336a8af34097b1fbdd82711c61f6c851d8c0033882a3", kill_on_drop: false }`
[INFO] [stdout] d6759fccef83ac40c737336a8af34097b1fbdd82711c61f6c851d8c0033882a3
