[INFO] fetching crate fast_markup5ever 0.11.0...
[INFO] testing fast_markup5ever-0.11.0 against beta-2023-04-20 for beta-1.70-1
[INFO] extracting crate fast_markup5ever 0.11.0 into /workspace/builds/worker-1-tc2/source
[INFO] validating manifest of crates.io crate fast_markup5ever 0.11.0 on toolchain beta-2023-04-20
[INFO] running `Command { std: CARGO_HOME="/workspace/cargo-home" RUSTUP_HOME="/workspace/rustup-home" "/workspace/cargo-home/bin/cargo" "+beta-2023-04-20" "metadata" "--manifest-path" "Cargo.toml" "--no-deps", kill_on_drop: false }`
[INFO] started tweaking crates.io crate fast_markup5ever 0.11.0
[INFO] finished tweaking crates.io crate fast_markup5ever 0.11.0
[INFO] tweaked toml for crates.io crate fast_markup5ever 0.11.0 written to /workspace/builds/worker-1-tc2/source/Cargo.toml
[INFO] running `Command { std: CARGO_HOME="/workspace/cargo-home" RUSTUP_HOME="/workspace/rustup-home" __CARGO_TEST_CHANNEL_OVERRIDE_DO_NOT_USE_THIS="nightly" "/workspace/cargo-home/bin/cargo" "+beta-2023-04-20" "generate-lockfile" "--manifest-path" "Cargo.toml" "-Zno-index-update", kill_on_drop: false }`
[INFO] running `Command { std: CARGO_HOME="/workspace/cargo-home" RUSTUP_HOME="/workspace/rustup-home" "/workspace/cargo-home/bin/cargo" "+beta-2023-04-20" "fetch" "--manifest-path" "Cargo.toml", kill_on_drop: false }`
[INFO] [stderr]  Downloading crates ...
[INFO] [stderr]   Downloaded string_cache v0.8.7
[INFO] [stderr]   Downloaded phf_codegen v0.11.1
[INFO] running `Command { std: "docker" "create" "-v" "/var/lib/crater-agent-workspace/builds/worker-1-tc2/target:/opt/rustwide/target:rw,Z" "-v" "/var/lib/crater-agent-workspace/builds/worker-1-tc2/source:/opt/rustwide/workdir:ro,Z" "-v" "/var/lib/crater-agent-workspace/cargo-home:/opt/rustwide/cargo-home:ro,Z" "-v" "/var/lib/crater-agent-workspace/rustup-home:/opt/rustwide/rustup-home:ro,Z" "-e" "SOURCE_DIR=/opt/rustwide/workdir" "-e" "CARGO_TARGET_DIR=/opt/rustwide/target" "-e" "CARGO_HOME=/opt/rustwide/cargo-home" "-e" "RUSTUP_HOME=/opt/rustwide/rustup-home" "-w" "/opt/rustwide/workdir" "-m" "1610612736" "--user" "0:0" "--network" "none" "ghcr.io/rust-lang/crates-build-env/linux@sha256:5ff2268d62e97bff2cde7d5815dd6ed5b47097566f13b8d0ca110b04b60e07ed" "/opt/rustwide/cargo-home/bin/cargo" "+beta-2023-04-20" "metadata" "--no-deps" "--format-version=1", kill_on_drop: false }`
[INFO] [stdout] 3700f03b8e52acb2574b203add9fcfd100a0b62e97b07ec5b581032f24a407f4
[INFO] running `Command { std: "docker" "start" "-a" "3700f03b8e52acb2574b203add9fcfd100a0b62e97b07ec5b581032f24a407f4", kill_on_drop: false }`
[INFO] running `Command { std: "docker" "inspect" "3700f03b8e52acb2574b203add9fcfd100a0b62e97b07ec5b581032f24a407f4", kill_on_drop: false }`
[INFO] running `Command { std: "docker" "rm" "-f" "3700f03b8e52acb2574b203add9fcfd100a0b62e97b07ec5b581032f24a407f4", kill_on_drop: false }`
[INFO] [stdout] 3700f03b8e52acb2574b203add9fcfd100a0b62e97b07ec5b581032f24a407f4
[INFO] running `Command { std: "docker" "create" "-v" "/var/lib/crater-agent-workspace/builds/worker-1-tc2/target:/opt/rustwide/target:rw,Z" "-v" "/var/lib/crater-agent-workspace/builds/worker-1-tc2/source:/opt/rustwide/workdir:ro,Z" "-v" "/var/lib/crater-agent-workspace/cargo-home:/opt/rustwide/cargo-home:ro,Z" "-v" "/var/lib/crater-agent-workspace/rustup-home:/opt/rustwide/rustup-home:ro,Z" "-e" "SOURCE_DIR=/opt/rustwide/workdir" "-e" "CARGO_TARGET_DIR=/opt/rustwide/target" "-e" "CARGO_INCREMENTAL=0" "-e" "RUST_BACKTRACE=full" "-e" "RUSTFLAGS=--cap-lints=warn" "-e" "RUSTDOCFLAGS=--cap-lints=warn" "-e" "CARGO_HOME=/opt/rustwide/cargo-home" "-e" "RUSTUP_HOME=/opt/rustwide/rustup-home" "-w" "/opt/rustwide/workdir" "-m" "1610612736" "--user" "0:0" "--network" "none" "ghcr.io/rust-lang/crates-build-env/linux@sha256:5ff2268d62e97bff2cde7d5815dd6ed5b47097566f13b8d0ca110b04b60e07ed" "/opt/rustwide/cargo-home/bin/cargo" "+beta-2023-04-20" "build" "--frozen" "--message-format=json", kill_on_drop: false }`
[INFO] [stdout] e6b09d241bbab02adab5db0ca7da72138571b16da7cc85a84d07420fc7259bbc
[INFO] running `Command { std: "docker" "start" "-a" "e6b09d241bbab02adab5db0ca7da72138571b16da7cc85a84d07420fc7259bbc", kill_on_drop: false }`
[INFO] [stderr]    Compiling libc v0.2.142
[INFO] [stderr]    Compiling siphasher v0.3.10
[INFO] [stderr]    Compiling ppv-lite86 v0.2.17
[INFO] [stderr]    Compiling parking_lot_core v0.9.7
[INFO] [stderr]    Compiling lock_api v0.4.9
[INFO] [stderr]    Compiling serde v1.0.160
[INFO] [stderr]    Compiling new_debug_unreachable v1.0.4
[INFO] [stderr]    Compiling smallvec v1.10.0
[INFO] [stderr]    Compiling mac v0.1.1
[INFO] [stderr]    Compiling futf v0.1.5
[INFO] [stderr]    Compiling phf_shared v0.10.0
[INFO] [stderr]    Compiling phf_shared v0.11.1
[INFO] [stderr]    Compiling once_cell v1.17.1
[INFO] [stderr]    Compiling precomputed-hash v0.1.1
[INFO] [stderr]    Compiling utf-8 v0.7.6
[INFO] [stderr]    Compiling phf v0.11.1
[INFO] [stderr]    Compiling tendril v0.4.3
[INFO] [stderr]    Compiling getrandom v0.2.9
[INFO] [stderr]    Compiling rand_core v0.6.4
[INFO] [stderr]    Compiling parking_lot v0.12.1
[INFO] [stderr]    Compiling rand_chacha v0.3.1
[INFO] [stderr]    Compiling rand v0.8.5
[INFO] [stderr]    Compiling phf_generator v0.10.0
[INFO] [stderr]    Compiling phf_generator v0.11.1
[INFO] [stderr]    Compiling string_cache_codegen v0.5.2
[INFO] [stderr]    Compiling phf_codegen v0.11.1
[INFO] [stderr]    Compiling fast_markup5ever v0.11.0 (/opt/rustwide/workdir)
[INFO] [stderr]    Compiling string_cache v0.8.7
[INFO] [stderr]     Finished dev [unoptimized + debuginfo] target(s) in 4.48s
[INFO] running `Command { std: "docker" "inspect" "e6b09d241bbab02adab5db0ca7da72138571b16da7cc85a84d07420fc7259bbc", kill_on_drop: false }`
[INFO] running `Command { std: "docker" "rm" "-f" "e6b09d241bbab02adab5db0ca7da72138571b16da7cc85a84d07420fc7259bbc", kill_on_drop: false }`
[INFO] [stdout] e6b09d241bbab02adab5db0ca7da72138571b16da7cc85a84d07420fc7259bbc
[INFO] running `Command { std: "docker" "create" "-v" "/var/lib/crater-agent-workspace/builds/worker-1-tc2/target:/opt/rustwide/target:rw,Z" "-v" "/var/lib/crater-agent-workspace/builds/worker-1-tc2/source:/opt/rustwide/workdir:ro,Z" "-v" "/var/lib/crater-agent-workspace/cargo-home:/opt/rustwide/cargo-home:ro,Z" "-v" "/var/lib/crater-agent-workspace/rustup-home:/opt/rustwide/rustup-home:ro,Z" "-e" "SOURCE_DIR=/opt/rustwide/workdir" "-e" "CARGO_TARGET_DIR=/opt/rustwide/target" "-e" "CARGO_INCREMENTAL=0" "-e" "RUST_BACKTRACE=full" "-e" "RUSTFLAGS=--cap-lints=warn" "-e" "RUSTDOCFLAGS=--cap-lints=warn" "-e" "CARGO_HOME=/opt/rustwide/cargo-home" "-e" "RUSTUP_HOME=/opt/rustwide/rustup-home" "-w" "/opt/rustwide/workdir" "-m" "1610612736" "--user" "0:0" "--network" "none" "ghcr.io/rust-lang/crates-build-env/linux@sha256:5ff2268d62e97bff2cde7d5815dd6ed5b47097566f13b8d0ca110b04b60e07ed" "/opt/rustwide/cargo-home/bin/cargo" "+beta-2023-04-20" "test" "--frozen" "--no-run" "--message-format=json", kill_on_drop: false }`
[INFO] [stdout] 183fbdceecfcd1048efc8e4d9d056d1338f6bef2dcef68713705e686e93b53db
[INFO] running `Command { std: "docker" "start" "-a" "183fbdceecfcd1048efc8e4d9d056d1338f6bef2dcef68713705e686e93b53db", kill_on_drop: false }`
[INFO] [stderr]    Compiling fast_markup5ever v0.11.0 (/opt/rustwide/workdir)
[INFO] [stderr]     Finished test [unoptimized + debuginfo] target(s) in 0.90s
[INFO] running `Command { std: "docker" "inspect" "183fbdceecfcd1048efc8e4d9d056d1338f6bef2dcef68713705e686e93b53db", kill_on_drop: false }`
[INFO] running `Command { std: "docker" "rm" "-f" "183fbdceecfcd1048efc8e4d9d056d1338f6bef2dcef68713705e686e93b53db", kill_on_drop: false }`
[INFO] [stdout] 183fbdceecfcd1048efc8e4d9d056d1338f6bef2dcef68713705e686e93b53db
[INFO] running `Command { std: "docker" "create" "-v" "/var/lib/crater-agent-workspace/builds/worker-1-tc2/target:/opt/rustwide/target:rw,Z" "-v" "/var/lib/crater-agent-workspace/builds/worker-1-tc2/source:/opt/rustwide/workdir:ro,Z" "-v" "/var/lib/crater-agent-workspace/cargo-home:/opt/rustwide/cargo-home:ro,Z" "-v" "/var/lib/crater-agent-workspace/rustup-home:/opt/rustwide/rustup-home:ro,Z" "-e" "SOURCE_DIR=/opt/rustwide/workdir" "-e" "CARGO_TARGET_DIR=/opt/rustwide/target" "-e" "CARGO_INCREMENTAL=0" "-e" "RUST_BACKTRACE=full" "-e" "RUSTFLAGS=--cap-lints=warn" "-e" "RUSTDOCFLAGS=--cap-lints=warn" "-e" "CARGO_HOME=/opt/rustwide/cargo-home" "-e" "RUSTUP_HOME=/opt/rustwide/rustup-home" "-w" "/opt/rustwide/workdir" "-m" "1610612736" "--user" "0:0" "--network" "none" "ghcr.io/rust-lang/crates-build-env/linux@sha256:5ff2268d62e97bff2cde7d5815dd6ed5b47097566f13b8d0ca110b04b60e07ed" "/opt/rustwide/cargo-home/bin/cargo" "+beta-2023-04-20" "test" "--frozen", kill_on_drop: false }`
[INFO] [stdout] 6a98c64880122a8c80e78085d06f187869deba77a76ae870d905760535367738
[INFO] running `Command { std: "docker" "start" "-a" "6a98c64880122a8c80e78085d06f187869deba77a76ae870d905760535367738", kill_on_drop: false }`
[INFO] [stderr]     Blocking waiting for file lock on package cache
[INFO] [stderr]     Finished test [unoptimized + debuginfo] target(s) in 0.04s
[INFO] [stderr]      Running unittests lib.rs (/opt/rustwide/target/debug/deps/fast_markup5ever-f92db1db59bc899c)
[INFO] [stdout] 
[INFO] [stdout] running 6 tests
[INFO] [stdout] test interface::tests::ns_macro ... ok
[INFO] [stdout] test util::buffer_queue::test::can_unconsume ... ok
[INFO] [stdout] test util::buffer_queue::test::can_eat ... ok
[INFO] [stdout] test util::buffer_queue::test::can_pop_except_set ... ok
[INFO] [stdout] test util::buffer_queue::test::smoke_test ... ok
[INFO] [stdout] test util::smallcharset::test::nonmember_prefix ... ok
[INFO] [stdout] 
[INFO] [stdout] test result: ok. 6 passed; 0 failed; 0 ignored; 0 measured; 0 filtered out; finished in 0.02s
[INFO] [stdout] 
[INFO] [stderr]    Doc-tests fast_markup5ever
[INFO] [stdout] 
[INFO] [stdout] running 14 tests
[INFO] [stdout] test /opt/rustwide/target/debug/build/fast_markup5ever-83c508291b26180c/out/named_entities.rs - data::NAMED_ENTITIES (line 7) ... FAILED
[INFO] [stdout] test interface/mod.rs - interface::QualName::local (line 211) ... FAILED
[INFO] [stdout] test interface/mod.rs - interface::QualName::new (line 261) ... FAILED
[INFO] [stdout] test interface/mod.rs - interface::QualName::ns (line 171) ... FAILED
[INFO] [stdout] test interface/mod.rs - interface::QualName::prefix (line 153) ... FAILED
[INFO] [stdout] test util/smallcharset.rs - util::smallcharset::SmallCharSet::contains (line 28) ... ignored
[INFO] [stdout] test interface/mod.rs - interface::QualName::new (line 284) ... FAILED
[INFO] [stdout] test interface/mod.rs - interface::QualName::ns (line 189) ... FAILED
[INFO] [stdout] test interface/mod.rs - interface::QualName::local (line 226) ... FAILED
[INFO] [stdout] test util/buffer_queue.rs - util::buffer_queue::BufferQueue::eat (line 184) ... FAILED
[INFO] [stdout] test lib.rs - small_char_set (line 16) ... FAILED
[INFO] [stdout] test interface/mod.rs - interface::expanded_name (line 56) ... FAILED
[INFO] [stdout] test util/smallcharset.rs - util::smallcharset::SmallCharSet::nonmember_prefix_len (line 47) ... FAILED
[INFO] [stdout] test util/buffer_queue.rs - util::buffer_queue::BufferQueue::pop_except_from (line 126) ... FAILED
[INFO] [stdout] 
[INFO] [stdout] failures:
[INFO] [stdout] 
[INFO] [stdout] ---- /opt/rustwide/target/debug/build/fast_markup5ever-83c508291b26180c/out/named_entities.rs - data::NAMED_ENTITIES (line 7) stdout ----
[INFO] [stdout] error[E0433]: failed to resolve: use of undeclared crate or module `markup5ever`
[INFO] [stdout]  --> /opt/rustwide/target/debug/build/fast_markup5ever-83c508291b26180c/out/named_entities.rs:8:5
[INFO] [stdout]   |
[INFO] [stdout] 3 | use markup5ever::data::NAMED_ENTITIES;
[INFO] [stdout]   |     ^^^^^^^^^^^ use of undeclared crate or module `markup5ever`
[INFO] [stdout] 
[INFO] [stdout] error: aborting due to previous error
[INFO] [stdout] 
[INFO] [stdout] For more information about this error, try `rustc --explain E0433`.
[INFO] [stdout] Couldn't compile the test.
[INFO] [stdout] ---- interface/mod.rs - interface::QualName::local (line 211) stdout ----
[INFO] [stdout] error[E0432]: unresolved import `markup5ever`
[INFO] [stdout]  --> interface/mod.rs:212:5
[INFO] [stdout]   |
[INFO] [stdout] 2 | use markup5ever::{QualName, Namespace, LocalName, Prefix};
[INFO] [stdout]   |     ^^^^^^^^^^^ use of undeclared crate or module `markup5ever`
[INFO] [stdout] 
[INFO] [stdout] error: aborting due to previous error
[INFO] [stdout] 
[INFO] [stdout] For more information about this error, try `rustc --explain E0432`.
[INFO] [stdout] Couldn't compile the test.
[INFO] [stdout] ---- interface/mod.rs - interface::QualName::new (line 261) stdout ----
[INFO] [stdout] error[E0432]: unresolved import `markup5ever`
[INFO] [stdout]  --> interface/mod.rs:262:5
[INFO] [stdout]   |
[INFO] [stdout] 2 | use markup5ever::{QualName, Namespace, LocalName, Prefix};
[INFO] [stdout]   |     ^^^^^^^^^^^ use of undeclared crate or module `markup5ever`
[INFO] [stdout] 
[INFO] [stdout] error: aborting due to previous error
[INFO] [stdout] 
[INFO] [stdout] For more information about this error, try `rustc --explain E0432`.
[INFO] [stdout] Couldn't compile the test.
[INFO] [stdout] ---- interface/mod.rs - interface::QualName::ns (line 171) stdout ----
[INFO] [stdout] error[E0432]: unresolved import `markup5ever`
[INFO] [stdout]  --> interface/mod.rs:172:5
[INFO] [stdout]   |
[INFO] [stdout] 2 | use markup5ever::{QualName, Namespace, LocalName, Prefix};
[INFO] [stdout]   |     ^^^^^^^^^^^ use of undeclared crate or module `markup5ever`
[INFO] [stdout] 
[INFO] [stdout] error: aborting due to previous error
[INFO] [stdout] 
[INFO] [stdout] For more information about this error, try `rustc --explain E0432`.
[INFO] [stdout] Couldn't compile the test.
[INFO] [stdout] ---- interface/mod.rs - interface::QualName::prefix (line 153) stdout ----
[INFO] [stdout] error[E0432]: unresolved import `markup5ever`
[INFO] [stdout]  --> interface/mod.rs:156:5
[INFO] [stdout]   |
[INFO] [stdout] 4 | use markup5ever::{QualName, Namespace, LocalName, Prefix};
[INFO] [stdout]   |     ^^^^^^^^^^^ use of undeclared crate or module `markup5ever`
[INFO] [stdout] 
[INFO] [stdout] error: aborting due to previous error
[INFO] [stdout] 
[INFO] [stdout] For more information about this error, try `rustc --explain E0432`.
[INFO] [stdout] Couldn't compile the test.
[INFO] [stdout] ---- interface/mod.rs - interface::QualName::new (line 284) stdout ----
[INFO] [stdout] error[E0463]: can't find crate for `markup5ever`
[INFO] [stdout]  --> interface/mod.rs:285:14
[INFO] [stdout]   |
[INFO] [stdout] 2 | #[macro_use] extern crate markup5ever;
[INFO] [stdout]   |              ^^^^^^^^^^^^^^^^^^^^^^^^^ can't find crate
[INFO] [stdout] 
[INFO] [stdout] error: cannot find macro `ns` in this scope
[INFO] [stdout]  --> interface/mod.rs:291:5
[INFO] [stdout]   |
[INFO] [stdout] 8 |     ns!(html),
[INFO] [stdout]   |     ^^
[INFO] [stdout]   |
[INFO] [stdout]   = help: consider importing this macro:
[INFO] [stdout]           fast_markup5ever::ns
[INFO] [stdout] 
[INFO] [stdout] error: cannot find macro `local_name` in this scope
[INFO] [stdout]  --> interface/mod.rs:292:5
[INFO] [stdout]   |
[INFO] [stdout] 9 |     local_name!("table")
[INFO] [stdout]   |     ^^^^^^^^^^
[INFO] [stdout]   |
[INFO] [stdout]   = help: consider importing this macro:
[INFO] [stdout]           fast_markup5ever::local_name
[INFO] [stdout] 
[INFO] [stdout] error: aborting due to 3 previous errors
[INFO] [stdout] 
[INFO] [stdout] For more information about this error, try `rustc --explain E0463`.
[INFO] [stdout] Couldn't compile the test.
[INFO] [stdout] ---- interface/mod.rs - interface::QualName::ns (line 189) stdout ----
[INFO] [stdout] error[E0463]: can't find crate for `markup5ever`
[INFO] [stdout]  --> interface/mod.rs:189:14
[INFO] [stdout]   |
[INFO] [stdout] 2 | #[macro_use] extern crate markup5ever;
[INFO] [stdout]   |              ^^^^^^^^^^^^^^^^^^^^^^^^^ can't find crate
[INFO] [stdout] 
[INFO] [stdout] error: cannot find macro `ns` in this scope
[INFO] [stdout]   --> interface/mod.rs:202:5
[INFO] [stdout]    |
[INFO] [stdout] 15 |     ns!(html) => true,
[INFO] [stdout]    |     ^^
[INFO] [stdout]    |
[INFO] [stdout]    = help: consider importing this macro:
[INFO] [stdout]            fast_markup5ever::ns
[INFO] [stdout] 
[INFO] [stdout] error: cannot find macro `ns` in this scope
[INFO] [stdout]  --> interface/mod.rs:196:4
[INFO] [stdout]   |
[INFO] [stdout] 9 |    ns!(html),
[INFO] [stdout]   |    ^^
[INFO] [stdout]   |
[INFO] [stdout]   = help: consider importing this macro:
[INFO] [stdout]           fast_markup5ever::ns
[INFO] [stdout] 
[INFO] [stdout] error: aborting due to 3 previous errors
[INFO] [stdout] 
[INFO] [stdout] For more information about this error, try `rustc --explain E0463`.
[INFO] [stdout] Couldn't compile the test.
[INFO] [stdout] ---- interface/mod.rs - interface::QualName::local (line 226) stdout ----
[INFO] [stdout] error[E0463]: can't find crate for `markup5ever`
[INFO] [stdout]  --> interface/mod.rs:226:14
[INFO] [stdout]   |
[INFO] [stdout] 2 | #[macro_use] extern crate markup5ever;
[INFO] [stdout]   |              ^^^^^^^^^^^^^^^^^^^^^^^^^ can't find crate
[INFO] [stdout] 
[INFO] [stdout] error: cannot find macro `local_name` in this scope
[INFO] [stdout]   --> interface/mod.rs:241:5
[INFO] [stdout]    |
[INFO] [stdout] 17 |     local_name!("table") => true,
[INFO] [stdout]    |     ^^^^^^^^^^
[INFO] [stdout]    |
[INFO] [stdout]    = help: consider importing this macro:
[INFO] [stdout]            fast_markup5ever::local_name
[INFO] [stdout] 
[INFO] [stdout] error: aborting due to 2 previous errors
[INFO] [stdout] 
[INFO] [stdout] For more information about this error, try `rustc --explain E0463`.
[INFO] [stdout] Couldn't compile the test.
[INFO] [stdout] ---- util/buffer_queue.rs - util::buffer_queue::BufferQueue::eat (line 184) stdout ----
[INFO] [stdout] error[E0463]: can't find crate for `markup5ever`
[INFO] [stdout]  --> util/buffer_queue.rs:185:1
[INFO] [stdout]   |
[INFO] [stdout] 2 | extern crate markup5ever;
[INFO] [stdout]   | ^^^^^^^^^^^^^^^^^^^^^^^^^ can't find crate
[INFO] [stdout] 
[INFO] [stdout] error: aborting due to previous error
[INFO] [stdout] 
[INFO] [stdout] For more information about this error, try `rustc --explain E0463`.
[INFO] [stdout] Couldn't compile the test.
[INFO] [stdout] ---- lib.rs - small_char_set (line 16) stdout ----
[INFO] [stdout] error[E0463]: can't find crate for `markup5ever`
[INFO] [stdout]  --> lib.rs:17:14
[INFO] [stdout]   |
[INFO] [stdout] 2 | #[macro_use] extern crate markup5ever;
[INFO] [stdout]   |              ^^^^^^^^^^^^^^^^^^^^^^^^^ can't find crate
[INFO] [stdout] 
[INFO] [stdout] error: cannot find macro `small_char_set` in this scope
[INFO] [stdout]  --> lib.rs:19:11
[INFO] [stdout]   |
[INFO] [stdout] 4 | let set = small_char_set!(12 54 42);
[INFO] [stdout]   |           ^^^^^^^^^^^^^^
[INFO] [stdout]   |
[INFO] [stdout]   = help: consider importing this macro:
[INFO] [stdout]           fast_markup5ever::small_char_set
[INFO] [stdout] 
[INFO] [stdout] error: aborting due to 2 previous errors
[INFO] [stdout] 
[INFO] [stdout] For more information about this error, try `rustc --explain E0463`.
[INFO] [stdout] Couldn't compile the test.
[INFO] [stdout] ---- interface/mod.rs - interface::expanded_name (line 56) stdout ----
[INFO] [stdout] error[E0463]: can't find crate for `markup5ever`
[INFO] [stdout]  --> interface/mod.rs:57:14
[INFO] [stdout]   |
[INFO] [stdout] 2 | #[macro_use] extern crate markup5ever;
[INFO] [stdout]   |              ^^^^^^^^^^^^^^^^^^^^^^^^^ can't find crate
[INFO] [stdout] 
[INFO] [stdout] error: cannot find macro `expanded_name` in this scope
[INFO] [stdout]   --> interface/mod.rs:71:5
[INFO] [stdout]    |
[INFO] [stdout] 16 |     expanded_name!(html "div"),
[INFO] [stdout]    |     ^^^^^^^^^^^^^
[INFO] [stdout]    |
[INFO] [stdout]    = help: consider importing this macro:
[INFO] [stdout]            fast_markup5ever::expanded_name
[INFO] [stdout] 
[INFO] [stdout] error: cannot find macro `ns` in this scope
[INFO] [stdout]   --> interface/mod.rs:73:14
[INFO] [stdout]    |
[INFO] [stdout] 18 |         ns: &ns!(html),
[INFO] [stdout]    |              ^^
[INFO] [stdout]    |
[INFO] [stdout]    = help: consider importing this macro:
[INFO] [stdout]            fast_markup5ever::ns
[INFO] [stdout] 
[INFO] [stdout] error: cannot find macro `local_name` in this scope
[INFO] [stdout]   --> interface/mod.rs:74:17
[INFO] [stdout]    |
[INFO] [stdout] 19 |         local: &local_name!("div")
[INFO] [stdout]    |                 ^^^^^^^^^^
[INFO] [stdout]    |
[INFO] [stdout]    = help: consider importing this macro:
[INFO] [stdout]            fast_markup5ever::local_name
[INFO] [stdout] 
[INFO] [stdout] error: cannot find macro `local_name` in this scope
[INFO] [stdout]   --> interface/mod.rs:66:17
[INFO] [stdout]    |
[INFO] [stdout] 11 |         local: &local_name!("div")
[INFO] [stdout]    |                 ^^^^^^^^^^
[INFO] [stdout]    |
[INFO] [stdout]    = help: consider importing this macro:
[INFO] [stdout]            fast_markup5ever::local_name
[INFO] [stdout] 
[INFO] [stdout] error: cannot find macro `ns` in this scope
[INFO] [stdout]   --> interface/mod.rs:65:14
[INFO] [stdout]    |
[INFO] [stdout] 10 |         ns: &ns!(),
[INFO] [stdout]    |              ^^
[INFO] [stdout]    |
[INFO] [stdout]    = help: consider importing this macro:
[INFO] [stdout]            fast_markup5ever::ns
[INFO] [stdout] 
[INFO] [stdout] error: cannot find macro `expanded_name` in this scope
[INFO] [stdout]  --> interface/mod.rs:63:5
[INFO] [stdout]   |
[INFO] [stdout] 8 |     expanded_name!("", "div"),
[INFO] [stdout]   |     ^^^^^^^^^^^^^
[INFO] [stdout]   |
[INFO] [stdout]   = help: consider importing this macro:
[INFO] [stdout]           fast_markup5ever::expanded_name
[INFO] [stdout] 
[INFO] [stdout] error: aborting due to 7 previous errors
[INFO] [stdout] 
[INFO] [stdout] For more information about this error, try `rustc --explain E0463`.
[INFO] [stdout] Couldn't compile the test.
[INFO] [stdout] ---- util/smallcharset.rs - util::smallcharset::SmallCharSet::nonmember_prefix_len (line 47) stdout ----
[INFO] [stdout] error[E0463]: can't find crate for `markup5ever`
[INFO] [stdout]  --> util/smallcharset.rs:48:14
[INFO] [stdout]   |
[INFO] [stdout] 2 | #[macro_use] extern crate markup5ever;
[INFO] [stdout]   |              ^^^^^^^^^^^^^^^^^^^^^^^^^ can't find crate
[INFO] [stdout] 
[INFO] [stdout] error: cannot find macro `small_char_set` in this scope
[INFO] [stdout]  --> util/smallcharset.rs:50:11
[INFO] [stdout]   |
[INFO] [stdout] 4 | let set = small_char_set!(48 49 50); // '0' '1' '2'
[INFO] [stdout]   |           ^^^^^^^^^^^^^^
[INFO] [stdout]   |
[INFO] [stdout]   = help: consider importing this macro:
[INFO] [stdout]           fast_markup5ever::small_char_set
[INFO] [stdout] 
[INFO] [stdout] error: aborting due to 2 previous errors
[INFO] [stdout] 
[INFO] [stdout] For more information about this error, try `rustc --explain E0463`.
[INFO] [stdout] Couldn't compile the test.
[INFO] [stdout] ---- util/buffer_queue.rs - util::buffer_queue::BufferQueue::pop_except_from (line 126) stdout ----
[INFO] [stdout] error[E0463]: can't find crate for `markup5ever`
[INFO] [stdout]  --> util/buffer_queue.rs:127:14
[INFO] [stdout]   |
[INFO] [stdout] 2 | #[macro_use] extern crate markup5ever;
[INFO] [stdout]   |              ^^^^^^^^^^^^^^^^^^^^^^^^^ can't find crate
[INFO] [stdout] 
[INFO] [stdout] error: cannot find macro `small_char_set` in this scope
[INFO] [stdout]  --> util/buffer_queue.rs:134:11
[INFO] [stdout]   |
[INFO] [stdout] 9 | let set = small_char_set!(b'<' b'>' b' ' b'=' b'"' b'/');
[INFO] [stdout]   |           ^^^^^^^^^^^^^^
[INFO] [stdout]   |
[INFO] [stdout]   = help: consider importing this macro:
[INFO] [stdout]           fast_markup5ever::small_char_set
[INFO] [stdout] 
[INFO] [stdout] error: aborting due to 2 previous errors
[INFO] [stdout] 
[INFO] [stdout] For more information about this error, try `rustc --explain E0463`.
[INFO] [stdout] Couldn't compile the test.
[INFO] [stdout] 
[INFO] [stdout] failures:
[INFO] [stdout]     /opt/rustwide/target/debug/build/fast_markup5ever-83c508291b26180c/out/named_entities.rs - data::NAMED_ENTITIES (line 7)
[INFO] [stdout]     interface/mod.rs - interface::QualName::local (line 211)
[INFO] [stdout]     interface/mod.rs - interface::QualName::local (line 226)
[INFO] [stdout]     interface/mod.rs - interface::QualName::new (line 261)
[INFO] [stdout]     interface/mod.rs - interface::QualName::new (line 284)
[INFO] [stdout]     interface/mod.rs - interface::QualName::ns (line 171)
[INFO] [stdout]     interface/mod.rs - interface::QualName::ns (line 189)
[INFO] [stdout]     interface/mod.rs - interface::QualName::prefix (line 153)
[INFO] [stdout]     interface/mod.rs - interface::expanded_name (line 56)
[INFO] [stdout]     lib.rs - small_char_set (line 16)
[INFO] [stdout]     util/buffer_queue.rs - util::buffer_queue::BufferQueue::eat (line 184)
[INFO] [stdout]     util/buffer_queue.rs - util::buffer_queue::BufferQueue::pop_except_from (line 126)
[INFO] [stdout]     util/smallcharset.rs - util::smallcharset::SmallCharSet::nonmember_prefix_len (line 47)
[INFO] [stdout] 
[INFO] [stdout] test result: FAILED. 0 passed; 13 failed; 1 ignored; 0 measured; 0 filtered out; finished in 0.07s
[INFO] [stdout] 
[INFO] [stderr] error: doctest failed, to rerun pass `--doc`
[INFO] running `Command { std: "docker" "inspect" "6a98c64880122a8c80e78085d06f187869deba77a76ae870d905760535367738", kill_on_drop: false }`
[INFO] running `Command { std: "docker" "rm" "-f" "6a98c64880122a8c80e78085d06f187869deba77a76ae870d905760535367738", kill_on_drop: false }`
[INFO] [stdout] 6a98c64880122a8c80e78085d06f187869deba77a76ae870d905760535367738
