[INFO] fetching crate farcaster-rs 1.0.1...
[INFO] testing farcaster-rs-1.0.1 against 1.69.0 for beta-1.70-1
[INFO] extracting crate farcaster-rs 1.0.1 into /workspace/builds/worker-0-tc1/source
[INFO] validating manifest of crates.io crate farcaster-rs 1.0.1 on toolchain 1.69.0
[INFO] running `Command { std: CARGO_HOME="/workspace/cargo-home" RUSTUP_HOME="/workspace/rustup-home" "/workspace/cargo-home/bin/cargo" "+1.69.0" "metadata" "--manifest-path" "Cargo.toml" "--no-deps", kill_on_drop: false }`
[INFO] started tweaking crates.io crate farcaster-rs 1.0.1
[INFO] finished tweaking crates.io crate farcaster-rs 1.0.1
[INFO] tweaked toml for crates.io crate farcaster-rs 1.0.1 written to /workspace/builds/worker-0-tc1/source/Cargo.toml
[INFO] running `Command { std: CARGO_HOME="/workspace/cargo-home" RUSTUP_HOME="/workspace/rustup-home" __CARGO_TEST_CHANNEL_OVERRIDE_DO_NOT_USE_THIS="nightly" "/workspace/cargo-home/bin/cargo" "+1.69.0" "generate-lockfile" "--manifest-path" "Cargo.toml" "-Zno-index-update", kill_on_drop: false }`
[INFO] running `Command { std: CARGO_HOME="/workspace/cargo-home" RUSTUP_HOME="/workspace/rustup-home" "/workspace/cargo-home/bin/cargo" "+1.69.0" "fetch" "--manifest-path" "Cargo.toml", kill_on_drop: false }`
[INFO] [stderr]  Downloading crates ...
[INFO] [stderr]   Downloaded ethers v1.0.2
[INFO] [stderr]   Downloaded ethers-signers v1.0.2
[INFO] [stderr]   Downloaded ethers-core v1.0.2
[INFO] [stderr]   Downloaded ethers-providers v1.0.2
[INFO] [stderr]   Downloaded ethers-etherscan v1.0.2
[INFO] [stderr]   Downloaded ethers-middleware v1.0.2
[INFO] [stderr]   Downloaded ethers-addressbook v1.0.2
[INFO] [stderr]   Downloaded ethers-contract-abigen v1.0.2
[INFO] [stderr]   Downloaded ethers-contract-derive v1.0.2
[INFO] [stderr]   Downloaded ethers-contract v1.0.2
[INFO] [stderr]   Downloaded scale-info v2.6.0
[INFO] [stderr]   Downloaded scale-info-derive v2.6.0
[INFO] running `Command { std: "docker" "create" "-v" "/var/lib/crater-agent-workspace/builds/worker-0-tc1/target:/opt/rustwide/target:rw,Z" "-v" "/var/lib/crater-agent-workspace/builds/worker-0-tc1/source:/opt/rustwide/workdir:ro,Z" "-v" "/var/lib/crater-agent-workspace/cargo-home:/opt/rustwide/cargo-home:ro,Z" "-v" "/var/lib/crater-agent-workspace/rustup-home:/opt/rustwide/rustup-home:ro,Z" "-e" "SOURCE_DIR=/opt/rustwide/workdir" "-e" "CARGO_TARGET_DIR=/opt/rustwide/target" "-e" "CARGO_HOME=/opt/rustwide/cargo-home" "-e" "RUSTUP_HOME=/opt/rustwide/rustup-home" "-w" "/opt/rustwide/workdir" "-m" "1610612736" "--user" "0:0" "--network" "none" "ghcr.io/rust-lang/crates-build-env/linux@sha256:5ff2268d62e97bff2cde7d5815dd6ed5b47097566f13b8d0ca110b04b60e07ed" "/opt/rustwide/cargo-home/bin/cargo" "+1.69.0" "metadata" "--no-deps" "--format-version=1", kill_on_drop: false }`
[INFO] [stdout] b1cbee983e474252f90dfbebf1087cc67249e02c8e253f4c123ee67b551574f3
[INFO] running `Command { std: "docker" "start" "-a" "b1cbee983e474252f90dfbebf1087cc67249e02c8e253f4c123ee67b551574f3", kill_on_drop: false }`
[INFO] running `Command { std: "docker" "inspect" "b1cbee983e474252f90dfbebf1087cc67249e02c8e253f4c123ee67b551574f3", kill_on_drop: false }`
[INFO] running `Command { std: "docker" "rm" "-f" "b1cbee983e474252f90dfbebf1087cc67249e02c8e253f4c123ee67b551574f3", kill_on_drop: false }`
[INFO] [stdout] b1cbee983e474252f90dfbebf1087cc67249e02c8e253f4c123ee67b551574f3
[INFO] running `Command { std: "docker" "create" "-v" "/var/lib/crater-agent-workspace/builds/worker-0-tc1/target:/opt/rustwide/target:rw,Z" "-v" "/var/lib/crater-agent-workspace/builds/worker-0-tc1/source:/opt/rustwide/workdir:ro,Z" "-v" "/var/lib/crater-agent-workspace/cargo-home:/opt/rustwide/cargo-home:ro,Z" "-v" "/var/lib/crater-agent-workspace/rustup-home:/opt/rustwide/rustup-home:ro,Z" "-e" "SOURCE_DIR=/opt/rustwide/workdir" "-e" "CARGO_TARGET_DIR=/opt/rustwide/target" "-e" "CARGO_INCREMENTAL=0" "-e" "RUST_BACKTRACE=full" "-e" "RUSTFLAGS=--cap-lints=warn" "-e" "RUSTDOCFLAGS=--cap-lints=warn" "-e" "CARGO_HOME=/opt/rustwide/cargo-home" "-e" "RUSTUP_HOME=/opt/rustwide/rustup-home" "-w" "/opt/rustwide/workdir" "-m" "1610612736" "--user" "0:0" "--network" "none" "ghcr.io/rust-lang/crates-build-env/linux@sha256:5ff2268d62e97bff2cde7d5815dd6ed5b47097566f13b8d0ca110b04b60e07ed" "/opt/rustwide/cargo-home/bin/cargo" "+1.69.0" "build" "--frozen" "--message-format=json", kill_on_drop: false }`
[INFO] [stdout] 735163428b02bb03339c26040aae567145923cec235cc7ccf1236680baed46f7
[INFO] running `Command { std: "docker" "start" "-a" "735163428b02bb03339c26040aae567145923cec235cc7ccf1236680baed46f7", kill_on_drop: false }`
[INFO] [stderr]    Compiling proc-macro2 v1.0.56
[INFO] [stderr]    Compiling unicode-ident v1.0.8
[INFO] [stderr]    Compiling serde v1.0.160
[INFO] [stderr]    Compiling subtle v2.4.1
[INFO] [stderr]    Compiling syn v1.0.109
[INFO] [stderr]    Compiling quote v1.0.26
[INFO] [stderr]    Compiling generic-array v0.14.7
[INFO] [stderr]    Compiling toml_datetime v0.6.1
[INFO] [stderr]    Compiling winnow v0.4.4
[INFO] [stderr]    Compiling crunchy v0.2.2
[INFO] [stderr]    Compiling base64ct v1.6.0
[INFO] [stderr]    Compiling zeroize v1.6.0
[INFO] [stderr]    Compiling rustc-hex v2.1.0
[INFO] [stderr]    Compiling byte-slice-cast v1.2.2
[INFO] [stderr]    Compiling arrayvec v0.7.2
[INFO] [stderr]    Compiling const-oid v0.9.2
[INFO] [stderr]    Compiling tokio v1.28.0
[INFO] [stderr]    Compiling cpufeatures v0.2.7
[INFO] [stderr]    Compiling thiserror v1.0.40
[INFO] [stderr]    Compiling tiny-keccak v2.0.2
[INFO] [stderr]    Compiling der v0.6.1
[INFO] [stderr]    Compiling keccak v0.1.3
[INFO] [stderr]    Compiling ff v0.12.1
[INFO] [stderr]    Compiling base16ct v0.1.1
[INFO] [stderr]    Compiling ring v0.16.20
[INFO] [stderr]    Compiling proc-macro-error-attr v1.0.4
[INFO] [stderr]    Compiling futures-io v0.3.28
[INFO] [stderr]    Compiling group v0.12.1
[INFO] [stderr]    Compiling proc-macro-error v1.0.4
[INFO] [stderr]    Compiling hex v0.4.3
[INFO] [stderr]    Compiling rand v0.8.5
[INFO] [stderr]    Compiling num-traits v0.2.15
[INFO] [stderr]    Compiling serde_json v1.0.96
[INFO] [stderr]    Compiling camino v1.1.4
[INFO] [stderr]    Compiling pkg-config v0.3.26
[INFO] [stderr]    Compiling semver v1.0.17
[INFO] [stderr]    Compiling futures-task v0.3.28
[INFO] [stderr]    Compiling syn v2.0.15
[INFO] [stderr]    Compiling rustls v0.20.8
[INFO] [stderr]    Compiling crypto-common v0.1.6
[INFO] [stderr]    Compiling block-buffer v0.10.4
[INFO] [stderr]    Compiling crypto-bigint v0.4.9
[INFO] [stderr]    Compiling spki v0.6.0
[INFO] [stderr]    Compiling digest v0.10.6
[INFO] [stderr]    Compiling tinyvec_macros v0.1.1
[INFO] [stderr]    Compiling fixed-hash v0.8.0
[INFO] [stderr]    Compiling uint v0.9.5
[INFO] [stderr]    Compiling pkcs8 v0.9.0
[INFO] [stderr]    Compiling tinyvec v1.6.0
[INFO] [stderr]    Compiling hmac v0.12.1
[INFO] [stderr]    Compiling signature v1.6.4
[INFO] [stderr]    Compiling sec1 v0.3.0
[INFO] [stderr]    Compiling sha2 v0.10.6
[INFO] [stderr]    Compiling openssl-sys v0.9.87
[INFO] [stderr]    Compiling sha3 v0.10.7
[INFO] [stderr]    Compiling futures-util v0.3.28
[INFO] [stderr]    Compiling byteorder v1.4.3
[INFO] [stderr]    Compiling form_urlencoded v1.1.0
[INFO] [stderr]    Compiling toml_edit v0.19.8
[INFO] [stderr]    Compiling rfc6979 v0.3.1
[INFO] [stderr]    Compiling elliptic-curve v0.12.3
[INFO] [stderr]    Compiling foreign-types-shared v0.1.1
[INFO] [stderr]    Compiling openssl v0.10.52
[INFO] [stderr]    Compiling unicode-xid v0.2.4
[INFO] [stderr]    Compiling unicode-bidi v0.3.13
[INFO] [stderr]    Compiling foreign-types v0.3.2
[INFO] [stderr]    Compiling base64 v0.21.0
[INFO] [stderr]    Compiling ecdsa v0.14.8
[INFO] [stderr]    Compiling native-tls v0.2.11
[INFO] [stderr]    Compiling unicode-normalization v0.1.22
[INFO] [stderr]    Compiling num-integer v0.1.45
[INFO] [stderr]    Compiling rustls-pemfile v1.0.2
[INFO] [stderr]    Compiling tracing v0.1.37
[INFO] [stderr]    Compiling k256 v0.11.6
[INFO] [stderr]    Compiling generic-array v0.12.4
[INFO] [stderr]    Compiling time v0.1.45
[INFO] [stderr]    Compiling encoding_rs v0.8.32
[INFO] [stderr]    Compiling mime v0.3.17
[INFO] [stderr]    Compiling openssl-probe v0.1.5
[INFO] [stderr]    Compiling idna v0.3.0
[INFO] [stderr]    Compiling unicode-segmentation v1.10.1
[INFO] [stderr]    Compiling ipnet v2.7.2
[INFO] [stderr]    Compiling iana-time-zone v0.1.56
[INFO] [stderr]    Compiling byte-tools v0.3.1
[INFO] [stderr]    Compiling block-padding v0.1.5
[INFO] [stderr]    Compiling chrono v0.4.24
[INFO] [stderr]    Compiling inout v0.1.3
[INFO] [stderr]    Compiling proc-macro-crate v1.3.1
[INFO] [stderr]    Compiling url v2.3.1
[INFO] [stderr]    Compiling convert_case v0.6.0
[INFO] [stderr]    Compiling cipher v0.4.4
[INFO] [stderr]    Compiling block-buffer v0.7.3
[INFO] [stderr]    Compiling digest v0.8.1
[INFO] [stderr]    Compiling eyre v0.6.8
[INFO] [stderr]    Compiling opaque-debug v0.2.3
[INFO] [stderr]    Compiling password-hash v0.4.2
[INFO] [stderr]    Compiling webpki v0.22.0
[INFO] [stderr]    Compiling sct v0.7.0
[INFO] [stderr]    Compiling sha2 v0.8.2
[INFO] [stderr]    Compiling webpki-roots v0.22.6
[INFO] [stderr]    Compiling base58 v0.1.0
[INFO] [stderr]    Compiling indenter v0.3.3
[INFO] [stderr]    Compiling same-file v1.0.6
[INFO] [stderr]    Compiling pbkdf2 v0.11.0
[INFO] [stderr]    Compiling base58check v0.1.0
[INFO] [stderr]    Compiling walkdir v2.3.3
[INFO] [stderr]    Compiling blake2 v0.10.6
[INFO] [stderr]    Compiling ripemd v0.1.3
[INFO] [stderr]    Compiling bech32 v0.7.3
[INFO] [stderr]    Compiling dunce v1.0.4
[INFO] [stderr]    Compiling salsa20 v0.10.2
[INFO] [stderr]    Compiling fxhash v0.2.1
[INFO] [stderr]    Compiling either v1.8.1
[INFO] [stderr]    Compiling bs58 v0.4.0
[INFO] [stderr]    Compiling radium v0.3.0
[INFO] [stderr]    Compiling hashers v1.0.1
[INFO] [stderr]    Compiling scrypt v0.10.0
[INFO] [stderr]    Compiling aes v0.8.2
[INFO] [stderr]    Compiling ctr v0.9.2
[INFO] [stderr]    Compiling futures-timer v3.0.2
[INFO] [stderr]    Compiling bitvec v0.17.4
[INFO] [stderr]    Compiling futures-locks v0.7.1
[INFO] [stderr]    Compiling instant v0.1.12
[INFO] [stderr]    Compiling serde_derive v1.0.160
[INFO] [stderr]    Compiling thiserror-impl v1.0.40
[INFO] [stderr]    Compiling tracing-attributes v0.1.24
[INFO] [stderr]    Compiling futures-macro v0.3.28
[INFO] [stderr]    Compiling openssl-macros v0.1.1
[INFO] [stderr]    Compiling async-trait v0.1.68
[INFO] [stderr]    Compiling parity-scale-codec-derive v3.1.4
[INFO] [stderr]    Compiling impl-trait-for-tuples v0.2.2
[INFO] [stderr]    Compiling scale-info-derive v2.6.0
[INFO] [stderr]    Compiling derive_more v0.99.17
[INFO] [stderr]    Compiling auto_impl v1.0.1
[INFO] [stderr]    Compiling strum_macros v0.24.3
[INFO] [stderr]    Compiling rlp-derive v0.1.0
[INFO] [stderr]    Compiling pin-project-internal v1.0.12
[INFO] [stderr]    Compiling auto_impl v0.5.0
[INFO] [stderr]    Compiling pin-project v1.0.12
[INFO] [stderr]    Compiling tracing-futures v0.2.5
[INFO] [stderr]    Compiling strum v0.24.1
[INFO] [stderr]    Compiling bytes v1.4.0
[INFO] [stderr]    Compiling parity-scale-codec v3.4.0
[INFO] [stderr]    Compiling impl-serde v0.4.0
[INFO] [stderr]    Compiling cargo-platform v0.1.2
[INFO] [stderr]    Compiling serde_urlencoded v0.7.1
[INFO] [stderr]    Compiling toml v0.5.11
[INFO] [stderr]    Compiling bincode v1.3.3
[INFO] [stderr]    Compiling coins-core v0.7.0
[INFO] [stderr]    Compiling uuid v0.8.2
[INFO] [stderr]    Compiling rlp v0.5.2
[INFO] [stderr]    Compiling http v0.2.9
[INFO] [stderr]    Compiling coins-bip32 v0.7.0
[INFO] [stderr]    Compiling open-fastrlp-derive v0.1.1
[INFO] [stderr]    Compiling scale-info v2.6.0
[INFO] [stderr]    Compiling impl-codec v0.6.0
[INFO] [stderr]    Compiling impl-rlp v0.3.0
[INFO] [stderr]    Compiling cargo_metadata v0.15.4
[INFO] [stderr]    Compiling coins-bip39 v0.7.0
[INFO] [stderr]    Compiling serde-aux v4.2.0
[INFO] [stderr]    Compiling eth-keystore v0.5.0
[INFO] [stderr]    Compiling http-body v0.4.5
[INFO] [stderr]    Compiling primitive-types v0.12.1
[INFO] [stderr]    Compiling ethbloom v0.13.0
[INFO] [stderr]    Compiling ethereum-types v0.14.1
[INFO] [stderr]    Compiling ethabi v18.0.0
[INFO] [stderr]    Compiling open-fastrlp v0.1.4
[INFO] [stderr]    Compiling ethers-core v1.0.2
[INFO] [stderr]    Compiling tokio-rustls v0.23.4
[INFO] [stderr]    Compiling tokio-util v0.7.8
[INFO] [stderr]    Compiling tokio-native-tls v0.3.1
[INFO] [stderr]    Compiling h2 v0.3.18
[INFO] [stderr]    Compiling hyper v0.14.26
[INFO] [stderr]    Compiling ethers-signers v1.0.2
[INFO] [stderr]    Compiling ethers-addressbook v1.0.2
[INFO] [stderr]    Compiling hyper-rustls v0.23.2
[INFO] [stderr]    Compiling hyper-tls v0.5.0
[INFO] [stderr]    Compiling reqwest v0.11.17
[INFO] [stderr]    Compiling ethers-contract-abigen v1.0.2
[INFO] [stderr]    Compiling ethers-providers v1.0.2
[INFO] [stderr]    Compiling ethers-etherscan v1.0.2
[INFO] [stderr]    Compiling ethers-contract-derive v1.0.2
[INFO] [stderr]    Compiling ethers-contract v1.0.2
[INFO] [stderr]    Compiling ethers-middleware v1.0.2
[INFO] [stderr]    Compiling ethers v1.0.2
[INFO] [stderr]    Compiling farcaster-rs v1.0.1 (/opt/rustwide/workdir)
[INFO] [stderr]     Finished dev [unoptimized + debuginfo] target(s) in 46.41s
[INFO] running `Command { std: "docker" "inspect" "735163428b02bb03339c26040aae567145923cec235cc7ccf1236680baed46f7", kill_on_drop: false }`
[INFO] running `Command { std: "docker" "rm" "-f" "735163428b02bb03339c26040aae567145923cec235cc7ccf1236680baed46f7", kill_on_drop: false }`
[INFO] [stdout] 735163428b02bb03339c26040aae567145923cec235cc7ccf1236680baed46f7
[INFO] running `Command { std: "docker" "create" "-v" "/var/lib/crater-agent-workspace/builds/worker-0-tc1/target:/opt/rustwide/target:rw,Z" "-v" "/var/lib/crater-agent-workspace/builds/worker-0-tc1/source:/opt/rustwide/workdir:ro,Z" "-v" "/var/lib/crater-agent-workspace/cargo-home:/opt/rustwide/cargo-home:ro,Z" "-v" "/var/lib/crater-agent-workspace/rustup-home:/opt/rustwide/rustup-home:ro,Z" "-e" "SOURCE_DIR=/opt/rustwide/workdir" "-e" "CARGO_TARGET_DIR=/opt/rustwide/target" "-e" "CARGO_INCREMENTAL=0" "-e" "RUST_BACKTRACE=full" "-e" "RUSTFLAGS=--cap-lints=warn" "-e" "RUSTDOCFLAGS=--cap-lints=warn" "-e" "CARGO_HOME=/opt/rustwide/cargo-home" "-e" "RUSTUP_HOME=/opt/rustwide/rustup-home" "-w" "/opt/rustwide/workdir" "-m" "1610612736" "--user" "0:0" "--network" "none" "ghcr.io/rust-lang/crates-build-env/linux@sha256:5ff2268d62e97bff2cde7d5815dd6ed5b47097566f13b8d0ca110b04b60e07ed" "/opt/rustwide/cargo-home/bin/cargo" "+1.69.0" "test" "--frozen" "--no-run" "--message-format=json", kill_on_drop: false }`
[INFO] [stdout] 744189c66316cf79399ab4cfed75b2459f65ebf907bdeb8124c90b560641cf4f
[INFO] running `Command { std: "docker" "start" "-a" "744189c66316cf79399ab4cfed75b2459f65ebf907bdeb8124c90b560641cf4f", kill_on_drop: false }`
[INFO] [stderr]     Blocking waiting for file lock on package cache
[INFO] [stderr]     Blocking waiting for file lock on package cache
[INFO] [stderr]    Compiling farcaster-rs v1.0.1 (/opt/rustwide/workdir)
[INFO] [stderr]     Finished test [unoptimized + debuginfo] target(s) in 3.30s
[INFO] running `Command { std: "docker" "inspect" "744189c66316cf79399ab4cfed75b2459f65ebf907bdeb8124c90b560641cf4f", kill_on_drop: false }`
[INFO] running `Command { std: "docker" "rm" "-f" "744189c66316cf79399ab4cfed75b2459f65ebf907bdeb8124c90b560641cf4f", kill_on_drop: false }`
[INFO] [stdout] 744189c66316cf79399ab4cfed75b2459f65ebf907bdeb8124c90b560641cf4f
[INFO] running `Command { std: "docker" "create" "-v" "/var/lib/crater-agent-workspace/builds/worker-0-tc1/target:/opt/rustwide/target:rw,Z" "-v" "/var/lib/crater-agent-workspace/builds/worker-0-tc1/source:/opt/rustwide/workdir:ro,Z" "-v" "/var/lib/crater-agent-workspace/cargo-home:/opt/rustwide/cargo-home:ro,Z" "-v" "/var/lib/crater-agent-workspace/rustup-home:/opt/rustwide/rustup-home:ro,Z" "-e" "SOURCE_DIR=/opt/rustwide/workdir" "-e" "CARGO_TARGET_DIR=/opt/rustwide/target" "-e" "CARGO_INCREMENTAL=0" "-e" "RUST_BACKTRACE=full" "-e" "RUSTFLAGS=--cap-lints=warn" "-e" "RUSTDOCFLAGS=--cap-lints=warn" "-e" "CARGO_HOME=/opt/rustwide/cargo-home" "-e" "RUSTUP_HOME=/opt/rustwide/rustup-home" "-w" "/opt/rustwide/workdir" "-m" "1610612736" "--user" "0:0" "--network" "none" "ghcr.io/rust-lang/crates-build-env/linux@sha256:5ff2268d62e97bff2cde7d5815dd6ed5b47097566f13b8d0ca110b04b60e07ed" "/opt/rustwide/cargo-home/bin/cargo" "+1.69.0" "test" "--frozen", kill_on_drop: false }`
[INFO] [stdout] 369feba0a42bca3d8d8e73b5b7b1d2a8333587e6c0d16a507cfc7890c1cd97b3
[INFO] running `Command { std: "docker" "start" "-a" "369feba0a42bca3d8d8e73b5b7b1d2a8333587e6c0d16a507cfc7890c1cd97b3", kill_on_drop: false }`
[INFO] [stderr]     Finished test [unoptimized + debuginfo] target(s) in 0.20s
[INFO] [stderr]      Running unittests src/lib.rs (/opt/rustwide/target/debug/deps/farcaster_rs-70e7fe7ab1a5c2f5)
[INFO] [stderr]    Doc-tests farcaster-rs
[INFO] [stdout] 
[INFO] [stdout] running 0 tests
[INFO] [stdout] 
[INFO] [stdout] test result: ok. 0 passed; 0 failed; 0 ignored; 0 measured; 0 filtered out; finished in 0.00s
[INFO] [stdout] 
[INFO] [stdout] 
[INFO] [stdout] running 45 tests
[INFO] [stdout] test src/account/mod.rs - account::Account::from_private_key (line 85) - compile ... FAILED
[INFO] [stdout] test src/assets/get_user_collections.rs - assets::get_user_collections::Farcaster::get_collections_by_address (line 64) - compile ... FAILED
[INFO] [stdout] test src/assets/get_user_collections.rs - assets::get_user_collections::Farcaster::get_collections_by_username (line 41) - compile ... FAILED
[INFO] [stdout] test src/account/mod.rs - account (line 13) - compile ... FAILED
[INFO] [stdout] test src/assets/mod.rs - assets (line 20) - compile ... FAILED
[INFO] [stdout] test src/account/mod.rs - account (line 6) - compile ... FAILED
[INFO] [stdout] test src/account/mod.rs - account::Account::from_mnemonic (line 48) - compile ... FAILED
[INFO] [stdout] test src/assets/get_user_collections.rs - assets::get_user_collections::Farcaster::get_collections_by_fid (line 8) - compile ... FAILED
[INFO] [stdout] test src/account/mod.rs - account (line 20) - compile ... FAILED
[INFO] [stdout] test src/casts/mod.rs - casts (line 37) - compile ... FAILED
[INFO] [stdout] test src/casts/get_casts.rs - casts::get_casts::Farcaster::get_casts_by_address (line 75) - compile ... FAILED
[INFO] [stdout] test src/assets/mod.rs - assets (line 6) - compile ... FAILED
[INFO] [stdout] test src/casts/mod.rs - casts (line 20) - compile ... FAILED
[INFO] [stdout] test src/casts/delete_cast.rs - casts::delete_cast::Farcaster::delete_cast_by_cast_hash (line 14) - compile ... FAILED
[INFO] [stdout] test src/casts/get_casts.rs - casts::get_casts::Farcaster::get_casts_by_username (line 51) - compile ... FAILED
[INFO] [stdout] test src/casts/mod.rs - casts (line 6) - compile ... FAILED
[INFO] [stdout] test src/casts/publish_cast.rs - casts::publish_cast::Farcaster::publish_cast (line 9) - compile ... FAILED
[INFO] [stdout] test src/follows/mod.rs - follows (line 19) - compile ... FAILED
[INFO] [stdout] test src/casts/mod.rs - casts::publish_cast (line 49) - compile ... FAILED
[INFO] [stdout] test src/casts/get_casts.rs - casts::get_casts::Farcaster::get_casts_by_fid (line 16) - compile ... FAILED
[INFO] [stdout] test src/follows/mod.rs - follows (line 32) - compile ... FAILED
[INFO] [stdout] test src/follows/mod.rs - follows (line 6) - compile ... FAILED
[INFO] [stdout] test src/follows/follow_user.rs - follows::follow_user::Farcaster::follow_user_by_address (line 64) - compile ... FAILED
[INFO] [stdout] test src/follows/follow_user.rs - follows::follow_user::Farcaster::follow_user_by_fid (line 14) - compile ... FAILED
[INFO] [stdout] test src/follows/follow_user.rs - follows::follow_user::Farcaster::follow_user_by_username (line 44) - compile ... FAILED
[INFO] [stdout] test src/follows/mod.rs - follows (line 45) - compile ... FAILED
[INFO] [stdout] test src/lib.rs - (line 7) - compile ... FAILED
[INFO] [stdout] test src/notifications/get_notifications.rs - notifications::get_notifications::Farcaster::get_notifications (line 14) - compile ... FAILED
[INFO] [stdout] test src/reactions/mod.rs - reactions (line 28) - compile ... FAILED
[INFO] [stdout] test src/notifications/mod.rs - notifications (line 6) - compile ... FAILED
[INFO] [stdout] test src/reactions/mod.rs - reactions (line 39) - compile ... FAILED
[INFO] [stdout] test src/reactions/mod.rs - reactions (line 17) - compile ... FAILED
[INFO] [stdout] test src/reactions/mod.rs - reactions (line 61) - compile ... FAILED
[INFO] [stdout] test src/reactions/mod.rs - reactions (line 6) - compile ... FAILED
[INFO] [stdout] test src/reactions/delete_recast.rs - reactions::delete_recast::Farcaster::delete_recast_by_cast_hash (line 14) - compile ... FAILED
[INFO] [stdout] test src/reactions/mod.rs - reactions (line 50) - compile ... FAILED
[INFO] [stdout] test src/reactions/get_recasters.rs - reactions::get_recasters::Farcaster::get_recasters_by_cast_hash (line 15) - compile ... FAILED
[INFO] [stdout] test src/reactions/like_cast.rs - reactions::like_cast::Farcaster::like_cast_by_cast_hash (line 14) - compile ... FAILED
[INFO] [stdout] test src/users/mod.rs - users (line 19) - compile ... FAILED
[INFO] [stdout] test src/reactions/get_likes.rs - reactions::get_likes::Farcaster::get_likes_by_cast_hash (line 15) - compile ... FAILED
[INFO] [stdout] test src/users/mod.rs - users (line 32) - compile ... FAILED
[INFO] [stdout] test src/reactions/delete_like.rs - reactions::delete_like::Farcaster::delete_like_by_cast_hash (line 14) - compile ... FAILED
[INFO] [stdout] test src/verifications/mod.rs - verifications (line 6) - compile ... FAILED
[INFO] [stdout] test src/reactions/recast.rs - reactions::recast::Farcaster::recast_by_cast_hash (line 14) - compile ... FAILED
[INFO] [stdout] test src/users/mod.rs - users (line 6) - compile ... FAILED
[INFO] [stdout] 
[INFO] [stdout] failures:
[INFO] [stdout] 
[INFO] [stdout] ---- src/account/mod.rs - account::Account::from_private_key (line 85) stdout ----
[INFO] [stdout] error[E0728]: `await` is only allowed inside `async` functions and blocks
[INFO] [stdout]  --> src/account/mod.rs:86:75
[INFO] [stdout]   |
[INFO] [stdout] 3 | fn main() { #[allow(non_snake_case)] fn _doctest_main_src_account_mod_rs_85_0() {
[INFO] [stdout]   |                                         ------------------------------------- this is not `async`
[INFO] [stdout] 4 | let account = farcaster_rs::Account::from_private_key("private key", None).await?;
[INFO] [stdout]   |                                                                           ^^^^^^ only allowed inside `async` functions and blocks
[INFO] [stdout] 
[INFO] [stdout] error[E0277]: the `?` operator can only be used in a function that returns `Result` or `Option` (or another type that implements `FromResidual`)
[INFO] [stdout]  --> src/account/mod.rs:86:81
[INFO] [stdout]   |
[INFO] [stdout] 3 | fn main() { #[allow(non_snake_case)] fn _doctest_main_src_account_mod_rs_85_0() {
[INFO] [stdout]   |                                      ------------------------------------------ this function should return `Result` or `Option` to accept `?`
[INFO] [stdout] 4 | let account = farcaster_rs::Account::from_private_key("private key", None).await?;
[INFO] [stdout]   |                                                                                 ^ cannot use the `?` operator in a function that returns `()`
[INFO] [stdout]   |
[INFO] [stdout]   = help: the trait `FromResidual<std::result::Result<Infallible, Box<dyn std::error::Error>>>` is not implemented for `()`
[INFO] [stdout] 
[INFO] [stdout] error: aborting due to 2 previous errors
[INFO] [stdout] 
[INFO] [stdout] Some errors have detailed explanations: E0277, E0728.
[INFO] [stdout] For more information about an error, try `rustc --explain E0277`.
[INFO] [stdout] Couldn't compile the test.
[INFO] [stdout] ---- src/assets/get_user_collections.rs - assets::get_user_collections::Farcaster::get_collections_by_address (line 64) stdout ----
[INFO] [stdout] error[E0728]: `await` is only allowed inside `async` functions and blocks
[INFO] [stdout]  --> src/assets/get_user_collections.rs:67:71
[INFO] [stdout]   |
[INFO] [stdout] 3 | fn main() { #[allow(non_snake_case)] fn _doctest_main_src_assets_get_user_collections_rs_64_0() {
[INFO] [stdout]   |                                         ----------------------------------------------------- this is not `async`
[INFO] [stdout] ...
[INFO] [stdout] 6 | let account: Account = Account::from_mnemonic("mnemonic phrase", None).await?;
[INFO] [stdout]   |                                                                       ^^^^^^ only allowed inside `async` functions and blocks
[INFO] [stdout] 
[INFO] [stdout] error[E0728]: `await` is only allowed inside `async` functions and blocks
[INFO] [stdout]  --> src/assets/get_user_collections.rs:68:67
[INFO] [stdout]   |
[INFO] [stdout] 3 | fn main() { #[allow(non_snake_case)] fn _doctest_main_src_assets_get_user_collections_rs_64_0() {
[INFO] [stdout]   |                                         ----------------------------------------------------- this is not `async`
[INFO] [stdout] ...
[INFO] [stdout] 7 | let farcaster: Farcaster = Farcaster::new("eth provider", account).await?;
[INFO] [stdout]   |                                                                   ^^^^^^ only allowed inside `async` functions and blocks
[INFO] [stdout] 
[INFO] [stdout] error[E0728]: `await` is only allowed inside `async` functions and blocks
[INFO] [stdout]   --> src/assets/get_user_collections.rs:71:81
[INFO] [stdout]    |
[INFO] [stdout] 3  | fn main() { #[allow(non_snake_case)] fn _doctest_main_src_assets_get_user_collections_rs_64_0() {
[INFO] [stdout]    |                                         ----------------------------------------------------- this is not `async`
[INFO] [stdout] ...
[INFO] [stdout] 10 | let collections = farcaster.get_collections_by_address("0x000.....", None, None).await?;
[INFO] [stdout]    |                                                                                 ^^^^^^ only allowed inside `async` functions and blocks
[INFO] [stdout] 
[INFO] [stdout] error[E0277]: the `?` operator can only be used in a function that returns `Result` or `Option` (or another type that implements `FromResidual`)
[INFO] [stdout]  --> src/assets/get_user_collections.rs:67:77
[INFO] [stdout]   |
[INFO] [stdout] 3 | fn main() { #[allow(non_snake_case)] fn _doctest_main_src_assets_get_user_collections_rs_64_0() {
[INFO] [stdout]   |                                      ---------------------------------------------------------- this function should return `Result` or `Option` to accept `?`
[INFO] [stdout] ...
[INFO] [stdout] 6 | let account: Account = Account::from_mnemonic("mnemonic phrase", None).await?;
[INFO] [stdout]   |                                                                             ^ cannot use the `?` operator in a function that returns `()`
[INFO] [stdout]   |
[INFO] [stdout]   = help: the trait `FromResidual<std::result::Result<Infallible, Box<dyn std::error::Error>>>` is not implemented for `()`
[INFO] [stdout] 
[INFO] [stdout] error[E0277]: the `?` operator can only be used in a function that returns `Result` or `Option` (or another type that implements `FromResidual`)
[INFO] [stdout]  --> src/assets/get_user_collections.rs:68:73
[INFO] [stdout]   |
[INFO] [stdout] 3 | fn main() { #[allow(non_snake_case)] fn _doctest_main_src_assets_get_user_collections_rs_64_0() {
[INFO] [stdout]   |                                      ---------------------------------------------------------- this function should return `Result` or `Option` to accept `?`
[INFO] [stdout] ...
[INFO] [stdout] 7 | let farcaster: Farcaster = Farcaster::new("eth provider", account).await?;
[INFO] [stdout]   |                                                                         ^ cannot use the `?` operator in a function that returns `()`
[INFO] [stdout]   |
[INFO] [stdout]   = help: the trait `FromResidual<std::result::Result<Infallible, Box<dyn std::error::Error>>>` is not implemented for `()`
[INFO] [stdout] 
[INFO] [stdout] error[E0277]: the `?` operator can only be used in a function that returns `Result` or `Option` (or another type that implements `FromResidual`)
[INFO] [stdout]   --> src/assets/get_user_collections.rs:71:87
[INFO] [stdout]    |
[INFO] [stdout] 3  | fn main() { #[allow(non_snake_case)] fn _doctest_main_src_assets_get_user_collections_rs_64_0() {
[INFO] [stdout]    |                                      ---------------------------------------------------------- this function should return `Result` or `Option` to accept `?`
[INFO] [stdout] ...
[INFO] [stdout] 10 | let collections = farcaster.get_collections_by_address("0x000.....", None, None).await?;
[INFO] [stdout]    |                                                                                       ^ cannot use the `?` operator in a function that returns `()`
[INFO] [stdout]    |
[INFO] [stdout]    = help: the trait `FromResidual<std::result::Result<Infallible, Box<dyn std::error::Error>>>` is not implemented for `()`
[INFO] [stdout] 
[INFO] [stdout] error: aborting due to 6 previous errors
[INFO] [stdout] 
[INFO] [stdout] Some errors have detailed explanations: E0277, E0728.
[INFO] [stdout] For more information about an error, try `rustc --explain E0277`.
[INFO] [stdout] Couldn't compile the test.
[INFO] [stdout] ---- src/assets/get_user_collections.rs - assets::get_user_collections::Farcaster::get_collections_by_username (line 41) stdout ----
[INFO] [stdout] error[E0728]: `await` is only allowed inside `async` functions and blocks
[INFO] [stdout]  --> src/assets/get_user_collections.rs:44:71
[INFO] [stdout]   |
[INFO] [stdout] 3 | fn main() { #[allow(non_snake_case)] fn _doctest_main_src_assets_get_user_collections_rs_41_0() {
[INFO] [stdout]   |                                         ----------------------------------------------------- this is not `async`
[INFO] [stdout] ...
[INFO] [stdout] 6 | let account: Account = Account::from_mnemonic("mnemonic phrase", None).await?;
[INFO] [stdout]   |                                                                       ^^^^^^ only allowed inside `async` functions and blocks
[INFO] [stdout] 
[INFO] [stdout] error[E0728]: `await` is only allowed inside `async` functions and blocks
[INFO] [stdout]  --> src/assets/get_user_collections.rs:45:67
[INFO] [stdout]   |
[INFO] [stdout] 3 | fn main() { #[allow(non_snake_case)] fn _doctest_main_src_assets_get_user_collections_rs_41_0() {
[INFO] [stdout]   |                                         ----------------------------------------------------- this is not `async`
[INFO] [stdout] ...
[INFO] [stdout] 7 | let farcaster: Farcaster = Farcaster::new("eth provider", account).await?;
[INFO] [stdout]   |                                                                   ^^^^^^ only allowed inside `async` functions and blocks
[INFO] [stdout] 
[INFO] [stdout] error[E0728]: `await` is only allowed inside `async` functions and blocks
[INFO] [stdout]   --> src/assets/get_user_collections.rs:48:75
[INFO] [stdout]    |
[INFO] [stdout] 3  | fn main() { #[allow(non_snake_case)] fn _doctest_main_src_assets_get_user_collections_rs_41_0() {
[INFO] [stdout]    |                                         ----------------------------------------------------- this is not `async`
[INFO] [stdout] ...
[INFO] [stdout] 10 | let collections = farcaster.get_collections_by_username("ace", None, None).await?;
[INFO] [stdout]    |                                                                           ^^^^^^ only allowed inside `async` functions and blocks
[INFO] [stdout] 
[INFO] [stdout] error[E0277]: the `?` operator can only be used in a function that returns `Result` or `Option` (or another type that implements `FromResidual`)
[INFO] [stdout]  --> src/assets/get_user_collections.rs:44:77
[INFO] [stdout]   |
[INFO] [stdout] 3 | fn main() { #[allow(non_snake_case)] fn _doctest_main_src_assets_get_user_collections_rs_41_0() {
[INFO] [stdout]   |                                      ---------------------------------------------------------- this function should return `Result` or `Option` to accept `?`
[INFO] [stdout] ...
[INFO] [stdout] 6 | let account: Account = Account::from_mnemonic("mnemonic phrase", None).await?;
[INFO] [stdout]   |                                                                             ^ cannot use the `?` operator in a function that returns `()`
[INFO] [stdout]   |
[INFO] [stdout]   = help: the trait `FromResidual<std::result::Result<Infallible, Box<dyn std::error::Error>>>` is not implemented for `()`
[INFO] [stdout] 
[INFO] [stdout] error[E0277]: the `?` operator can only be used in a function that returns `Result` or `Option` (or another type that implements `FromResidual`)
[INFO] [stdout]  --> src/assets/get_user_collections.rs:45:73
[INFO] [stdout]   |
[INFO] [stdout] 3 | fn main() { #[allow(non_snake_case)] fn _doctest_main_src_assets_get_user_collections_rs_41_0() {
[INFO] [stdout]   |                                      ---------------------------------------------------------- this function should return `Result` or `Option` to accept `?`
[INFO] [stdout] ...
[INFO] [stdout] 7 | let farcaster: Farcaster = Farcaster::new("eth provider", account).await?;
[INFO] [stdout]   |                                                                         ^ cannot use the `?` operator in a function that returns `()`
[INFO] [stdout]   |
[INFO] [stdout]   = help: the trait `FromResidual<std::result::Result<Infallible, Box<dyn std::error::Error>>>` is not implemented for `()`
[INFO] [stdout] 
[INFO] [stdout] error[E0277]: the `?` operator can only be used in a function that returns `Result` or `Option` (or another type that implements `FromResidual`)
[INFO] [stdout]   --> src/assets/get_user_collections.rs:48:81
[INFO] [stdout]    |
[INFO] [stdout] 3  | fn main() { #[allow(non_snake_case)] fn _doctest_main_src_assets_get_user_collections_rs_41_0() {
[INFO] [stdout]    |                                      ---------------------------------------------------------- this function should return `Result` or `Option` to accept `?`
[INFO] [stdout] ...
[INFO] [stdout] 10 | let collections = farcaster.get_collections_by_username("ace", None, None).await?;
[INFO] [stdout]    |                                                                                 ^ cannot use the `?` operator in a function that returns `()`
[INFO] [stdout]    |
[INFO] [stdout]    = help: the trait `FromResidual<std::result::Result<Infallible, Box<dyn std::error::Error>>>` is not implemented for `()`
[INFO] [stdout] 
[INFO] [stdout] error: aborting due to 6 previous errors
[INFO] [stdout] 
[INFO] [stdout] Some errors have detailed explanations: E0277, E0728.
[INFO] [stdout] For more information about an error, try `rustc --explain E0277`.
[INFO] [stdout] Couldn't compile the test.
[INFO] [stdout] ---- src/account/mod.rs - account (line 13) stdout ----
[INFO] [stdout] error[E0728]: `await` is only allowed inside `async` functions and blocks
[INFO] [stdout]  --> src/account/mod.rs:16:70
[INFO] [stdout]   |
[INFO] [stdout] 3 | fn main() { #[allow(non_snake_case)] fn _doctest_main_src_account_mod_rs_13_0() {
[INFO] [stdout]   |                                         ------------------------------------- this is not `async`
[INFO] [stdout] ...
[INFO] [stdout] 6 | let account: Account = Account::from_private_key("private key", None).await?;
[INFO] [stdout]   |                                                                      ^^^^^^ only allowed inside `async` functions and blocks
[INFO] [stdout] 
[INFO] [stdout] error[E0277]: the `?` operator can only be used in a function that returns `Result` or `Option` (or another type that implements `FromResidual`)
[INFO] [stdout]  --> src/account/mod.rs:16:76
[INFO] [stdout]   |
[INFO] [stdout] 3 | fn main() { #[allow(non_snake_case)] fn _doctest_main_src_account_mod_rs_13_0() {
[INFO] [stdout]   |                                      ------------------------------------------ this function should return `Result` or `Option` to accept `?`
[INFO] [stdout] ...
[INFO] [stdout] 6 | let account: Account = Account::from_private_key("private key", None).await?;
[INFO] [stdout]   |                                                                            ^ cannot use the `?` operator in a function that returns `()`
[INFO] [stdout]   |
[INFO] [stdout]   = help: the trait `FromResidual<std::result::Result<Infallible, Box<dyn std::error::Error>>>` is not implemented for `()`
[INFO] [stdout] 
[INFO] [stdout] error: aborting due to 2 previous errors
[INFO] [stdout] 
[INFO] [stdout] Some errors have detailed explanations: E0277, E0728.
[INFO] [stdout] For more information about an error, try `rustc --explain E0277`.
[INFO] [stdout] Couldn't compile the test.
[INFO] [stdout] ---- src/assets/mod.rs - assets (line 20) stdout ----
[INFO] [stdout] error[E0728]: `await` is only allowed inside `async` functions and blocks
[INFO] [stdout]  --> src/assets/mod.rs:23:71
[INFO] [stdout]   |
[INFO] [stdout] 3 | fn main() { #[allow(non_snake_case)] fn _doctest_main_src_assets_mod_rs_20_0() {
[INFO] [stdout]   |                                         ------------------------------------ this is not `async`
[INFO] [stdout] ...
[INFO] [stdout] 6 | let account: Account = Account::from_mnemonic("mnemonic phrase", None).await?;
[INFO] [stdout]   |                                                                       ^^^^^^ only allowed inside `async` functions and blocks
[INFO] [stdout] 
[INFO] [stdout] error[E0728]: `await` is only allowed inside `async` functions and blocks
[INFO] [stdout]  --> src/assets/mod.rs:24:67
[INFO] [stdout]   |
[INFO] [stdout] 3 | fn main() { #[allow(non_snake_case)] fn _doctest_main_src_assets_mod_rs_20_0() {
[INFO] [stdout]   |                                         ------------------------------------ this is not `async`
[INFO] [stdout] ...
[INFO] [stdout] 7 | let farcaster: Farcaster = Farcaster::new("eth provider", account).await?;
[INFO] [stdout]   |                                                                   ^^^^^^ only allowed inside `async` functions and blocks
[INFO] [stdout] 
[INFO] [stdout] error[E0728]: `await` is only allowed inside `async` functions and blocks
[INFO] [stdout]   --> src/assets/mod.rs:27:85
[INFO] [stdout]    |
[INFO] [stdout] 3  | fn main() { #[allow(non_snake_case)] fn _doctest_main_src_assets_mod_rs_20_0() {
[INFO] [stdout]    |                                         ------------------------------------ this is not `async`
[INFO] [stdout] ...
[INFO] [stdout] 10 | let collections_owners = farcaster.get_collection_owners("collectionID", None, None).await?;
[INFO] [stdout]    |                                                                                     ^^^^^^ only allowed inside `async` functions and blocks
[INFO] [stdout] 
[INFO] [stdout] error[E0277]: the `?` operator can only be used in a function that returns `Result` or `Option` (or another type that implements `FromResidual`)
[INFO] [stdout]  --> src/assets/mod.rs:23:77
[INFO] [stdout]   |
[INFO] [stdout] 3 | fn main() { #[allow(non_snake_case)] fn _doctest_main_src_assets_mod_rs_20_0() {
[INFO] [stdout]   |                                      ----------------------------------------- this function should return `Result` or `Option` to accept `?`
[INFO] [stdout] ...
[INFO] [stdout] 6 | let account: Account = Account::from_mnemonic("mnemonic phrase", None).await?;
[INFO] [stdout]   |                                                                             ^ cannot use the `?` operator in a function that returns `()`
[INFO] [stdout]   |
[INFO] [stdout]   = help: the trait `FromResidual<std::result::Result<Infallible, Box<dyn std::error::Error>>>` is not implemented for `()`
[INFO] [stdout] 
[INFO] [stdout] error[E0277]: the `?` operator can only be used in a function that returns `Result` or `Option` (or another type that implements `FromResidual`)
[INFO] [stdout]  --> src/assets/mod.rs:24:73
[INFO] [stdout]   |
[INFO] [stdout] 3 | fn main() { #[allow(non_snake_case)] fn _doctest_main_src_assets_mod_rs_20_0() {
[INFO] [stdout]   |                                      ----------------------------------------- this function should return `Result` or `Option` to accept `?`
[INFO] [stdout] ...
[INFO] [stdout] 7 | let farcaster: Farcaster = Farcaster::new("eth provider", account).await?;
[INFO] [stdout]   |                                                                         ^ cannot use the `?` operator in a function that returns `()`
[INFO] [stdout]   |
[INFO] [stdout]   = help: the trait `FromResidual<std::result::Result<Infallible, Box<dyn std::error::Error>>>` is not implemented for `()`
[INFO] [stdout] 
[INFO] [stdout] error[E0277]: the `?` operator can only be used in a function that returns `Result` or `Option` (or another type that implements `FromResidual`)
[INFO] [stdout]   --> src/assets/mod.rs:27:91
[INFO] [stdout]    |
[INFO] [stdout] 3  | fn main() { #[allow(non_snake_case)] fn _doctest_main_src_assets_mod_rs_20_0() {
[INFO] [stdout]    |                                      ----------------------------------------- this function should return `Result` or `Option` to accept `?`
[INFO] [stdout] ...
[INFO] [stdout] 10 | let collections_owners = farcaster.get_collection_owners("collectionID", None, None).await?;
[INFO] [stdout]    |                                                                                           ^ cannot use the `?` operator in a function that returns `()`
[INFO] [stdout]    |
[INFO] [stdout]    = help: the trait `FromResidual<std::result::Result<Infallible, Box<dyn std::error::Error>>>` is not implemented for `()`
[INFO] [stdout] 
[INFO] [stdout] error: aborting due to 6 previous errors
[INFO] [stdout] 
[INFO] [stdout] Some errors have detailed explanations: E0277, E0728.
[INFO] [stdout] For more information about an error, try `rustc --explain E0277`.
[INFO] [stdout] Couldn't compile the test.
[INFO] [stdout] ---- src/account/mod.rs - account (line 6) stdout ----
[INFO] [stdout] error[E0728]: `await` is only allowed inside `async` functions and blocks
[INFO] [stdout]  --> src/account/mod.rs:9:71
[INFO] [stdout]   |
[INFO] [stdout] 3 | fn main() { #[allow(non_snake_case)] fn _doctest_main_src_account_mod_rs_6_0() {
[INFO] [stdout]   |                                         ------------------------------------ this is not `async`
[INFO] [stdout] ...
[INFO] [stdout] 6 | let account: Account = Account::from_mnemonic("mnemonic phrase", None).await?;
[INFO] [stdout]   |                                                                       ^^^^^^ only allowed inside `async` functions and blocks
[INFO] [stdout] 
[INFO] [stdout] error[E0277]: the `?` operator can only be used in a function that returns `Result` or `Option` (or another type that implements `FromResidual`)
[INFO] [stdout]  --> src/account/mod.rs:9:77
[INFO] [stdout]   |
[INFO] [stdout] 3 | fn main() { #[allow(non_snake_case)] fn _doctest_main_src_account_mod_rs_6_0() {
[INFO] [stdout]   |                                      ----------------------------------------- this function should return `Result` or `Option` to accept `?`
[INFO] [stdout] ...
[INFO] [stdout] 6 | let account: Account = Account::from_mnemonic("mnemonic phrase", None).await?;
[INFO] [stdout]   |                                                                             ^ cannot use the `?` operator in a function that returns `()`
[INFO] [stdout]   |
[INFO] [stdout]   = help: the trait `FromResidual<std::result::Result<Infallible, Box<dyn std::error::Error>>>` is not implemented for `()`
[INFO] [stdout] 
[INFO] [stdout] error: aborting due to 2 previous errors
[INFO] [stdout] 
[INFO] [stdout] Some errors have detailed explanations: E0277, E0728.
[INFO] [stdout] For more information about an error, try `rustc --explain E0277`.
[INFO] [stdout] Couldn't compile the test.
[INFO] [stdout] ---- src/account/mod.rs - account::Account::from_mnemonic (line 48) stdout ----
[INFO] [stdout] error[E0728]: `await` is only allowed inside `async` functions and blocks
[INFO] [stdout]  --> src/account/mod.rs:49:67
[INFO] [stdout]   |
[INFO] [stdout] 3 | fn main() { #[allow(non_snake_case)] fn _doctest_main_src_account_mod_rs_48_0() {
[INFO] [stdout]   |                                         ------------------------------------- this is not `async`
[INFO] [stdout] 4 | let account = farcaster_rs::Account::from_mnemonic("phrase", None).await?;
[INFO] [stdout]   |                                                                   ^^^^^^ only allowed inside `async` functions and blocks
[INFO] [stdout] 
[INFO] [stdout] error[E0277]: the `?` operator can only be used in a function that returns `Result` or `Option` (or another type that implements `FromResidual`)
[INFO] [stdout]  --> src/account/mod.rs:49:73
[INFO] [stdout]   |
[INFO] [stdout] 3 | fn main() { #[allow(non_snake_case)] fn _doctest_main_src_account_mod_rs_48_0() {
[INFO] [stdout]   |                                      ------------------------------------------ this function should return `Result` or `Option` to accept `?`
[INFO] [stdout] 4 | let account = farcaster_rs::Account::from_mnemonic("phrase", None).await?;
[INFO] [stdout]   |                                                                         ^ cannot use the `?` operator in a function that returns `()`
[INFO] [stdout]   |
[INFO] [stdout]   = help: the trait `FromResidual<std::result::Result<Infallible, Box<dyn std::error::Error>>>` is not implemented for `()`
[INFO] [stdout] 
[INFO] [stdout] error: aborting due to 2 previous errors
[INFO] [stdout] 
[INFO] [stdout] Some errors have detailed explanations: E0277, E0728.
[INFO] [stdout] For more information about an error, try `rustc --explain E0277`.
[INFO] [stdout] Couldn't compile the test.
[INFO] [stdout] ---- src/assets/get_user_collections.rs - assets::get_user_collections::Farcaster::get_collections_by_fid (line 8) stdout ----
[INFO] [stdout] error[E0728]: `await` is only allowed inside `async` functions and blocks
[INFO] [stdout]  --> src/assets/get_user_collections.rs:11:71
[INFO] [stdout]   |
[INFO] [stdout] 3 | fn main() { #[allow(non_snake_case)] fn _doctest_main_src_assets_get_user_collections_rs_8_0() {
[INFO] [stdout]   |                                         ---------------------------------------------------- this is not `async`
[INFO] [stdout] ...
[INFO] [stdout] 6 | let account: Account = Account::from_mnemonic("mnemonic phrase", None).await?;
[INFO] [stdout]   |                                                                       ^^^^^^ only allowed inside `async` functions and blocks
[INFO] [stdout] 
[INFO] [stdout] error[E0728]: `await` is only allowed inside `async` functions and blocks
[INFO] [stdout]  --> src/assets/get_user_collections.rs:12:67
[INFO] [stdout]   |
[INFO] [stdout] 3 | fn main() { #[allow(non_snake_case)] fn _doctest_main_src_assets_get_user_collections_rs_8_0() {
[INFO] [stdout]   |                                         ---------------------------------------------------- this is not `async`
[INFO] [stdout] ...
[INFO] [stdout] 7 | let farcaster: Farcaster = Farcaster::new("eth provider", account).await?;
[INFO] [stdout]   |                                                                   ^^^^^^ only allowed inside `async` functions and blocks
[INFO] [stdout] 
[INFO] [stdout] error[E0728]: `await` is only allowed inside `async` functions and blocks
[INFO] [stdout]   --> src/assets/get_user_collections.rs:15:66
[INFO] [stdout]    |
[INFO] [stdout] 3  | fn main() { #[allow(non_snake_case)] fn _doctest_main_src_assets_get_user_collections_rs_8_0() {
[INFO] [stdout]    |                                         ---------------------------------------------------- this is not `async`
[INFO] [stdout] ...
[INFO] [stdout] 10 | let collections = farcaster.get_collections_by_fid(5, None, None).await?;
[INFO] [stdout]    |                                                                  ^^^^^^ only allowed inside `async` functions and blocks
[INFO] [stdout] 
[INFO] [stdout] error[E0277]: the `?` operator can only be used in a function that returns `Result` or `Option` (or another type that implements `FromResidual`)
[INFO] [stdout]  --> src/assets/get_user_collections.rs:11:77
[INFO] [stdout]   |
[INFO] [stdout] 3 | fn main() { #[allow(non_snake_case)] fn _doctest_main_src_assets_get_user_collections_rs_8_0() {
[INFO] [stdout]   |                                      --------------------------------------------------------- this function should return `Result` or `Option` to accept `?`
[INFO] [stdout] ...
[INFO] [stdout] 6 | let account: Account = Account::from_mnemonic("mnemonic phrase", None).await?;
[INFO] [stdout]   |                                                                             ^ cannot use the `?` operator in a function that returns `()`
[INFO] [stdout]   |
[INFO] [stdout]   = help: the trait `FromResidual<std::result::Result<Infallible, Box<dyn std::error::Error>>>` is not implemented for `()`
[INFO] [stdout] 
[INFO] [stdout] error[E0277]: the `?` operator can only be used in a function that returns `Result` or `Option` (or another type that implements `FromResidual`)
[INFO] [stdout]  --> src/assets/get_user_collections.rs:12:73
[INFO] [stdout]   |
[INFO] [stdout] 3 | fn main() { #[allow(non_snake_case)] fn _doctest_main_src_assets_get_user_collections_rs_8_0() {
[INFO] [stdout]   |                                      --------------------------------------------------------- this function should return `Result` or `Option` to accept `?`
[INFO] [stdout] ...
[INFO] [stdout] 7 | let farcaster: Farcaster = Farcaster::new("eth provider", account).await?;
[INFO] [stdout]   |                                                                         ^ cannot use the `?` operator in a function that returns `()`
[INFO] [stdout]   |
[INFO] [stdout]   = help: the trait `FromResidual<std::result::Result<Infallible, Box<dyn std::error::Error>>>` is not implemented for `()`
[INFO] [stdout] 
[INFO] [stdout] error[E0277]: the `?` operator can only be used in a function that returns `Result` or `Option` (or another type that implements `FromResidual`)
[INFO] [stdout]   --> src/assets/get_user_collections.rs:15:72
[INFO] [stdout]    |
[INFO] [stdout] 3  | fn main() { #[allow(non_snake_case)] fn _doctest_main_src_assets_get_user_collections_rs_8_0() {
[INFO] [stdout]    |                                      --------------------------------------------------------- this function should return `Result` or `Option` to accept `?`
[INFO] [stdout] ...
[INFO] [stdout] 10 | let collections = farcaster.get_collections_by_fid(5, None, None).await?;
[INFO] [stdout]    |                                                                        ^ cannot use the `?` operator in a function that returns `()`
[INFO] [stdout]    |
[INFO] [stdout]    = help: the trait `FromResidual<std::result::Result<Infallible, Box<dyn std::error::Error>>>` is not implemented for `()`
[INFO] [stdout] 
[INFO] [stdout] error: aborting due to 6 previous errors
[INFO] [stdout] 
[INFO] [stdout] Some errors have detailed explanations: E0277, E0728.
[INFO] [stdout] For more information about an error, try `rustc --explain E0277`.
[INFO] [stdout] Couldn't compile the test.
[INFO] [stdout] ---- src/account/mod.rs - account (line 20) stdout ----
[INFO] [stdout] error[E0728]: `await` is only allowed inside `async` functions and blocks
[INFO] [stdout]  --> src/account/mod.rs:23:71
[INFO] [stdout]   |
[INFO] [stdout] 3 | fn main() { #[allow(non_snake_case)] fn _doctest_main_src_account_mod_rs_20_0() {
[INFO] [stdout]   |                                         ------------------------------------- this is not `async`
[INFO] [stdout] ...
[INFO] [stdout] 6 | let account: Account = Account::from_mnemonic("mnemonic phrase", None).await?;
[INFO] [stdout]   |                                                                       ^^^^^^ only allowed inside `async` functions and blocks
[INFO] [stdout] 
[INFO] [stdout] error[E0728]: `await` is only allowed inside `async` functions and blocks
[INFO] [stdout]  --> src/account/mod.rs:24:71
[INFO] [stdout]   |
[INFO] [stdout] 3 | fn main() { #[allow(non_snake_case)] fn _doctest_main_src_account_mod_rs_20_0() {
[INFO] [stdout]   |                                         ------------------------------------- this is not `async`
[INFO] [stdout] ...
[INFO] [stdout] 7 | let mut farcaster: Farcaster = Farcaster::new("eth provider", account).await?;
[INFO] [stdout]   |                                                                       ^^^^^^ only allowed inside `async` functions and blocks
[INFO] [stdout] 
[INFO] [stdout] error[E0277]: the `?` operator can only be used in a function that returns `Result` or `Option` (or another type that implements `FromResidual`)
[INFO] [stdout]  --> src/account/mod.rs:23:77
[INFO] [stdout]   |
[INFO] [stdout] 3 | fn main() { #[allow(non_snake_case)] fn _doctest_main_src_account_mod_rs_20_0() {
[INFO] [stdout]   |                                      ------------------------------------------ this function should return `Result` or `Option` to accept `?`
[INFO] [stdout] ...
[INFO] [stdout] 6 | let account: Account = Account::from_mnemonic("mnemonic phrase", None).await?;
[INFO] [stdout]   |                                                                             ^ cannot use the `?` operator in a function that returns `()`
[INFO] [stdout]   |
[INFO] [stdout]   = help: the trait `FromResidual<std::result::Result<Infallible, Box<dyn std::error::Error>>>` is not implemented for `()`
[INFO] [stdout] 
[INFO] [stdout] error[E0277]: the `?` operator can only be used in a function that returns `Result` or `Option` (or another type that implements `FromResidual`)
[INFO] [stdout]  --> src/account/mod.rs:24:77
[INFO] [stdout]   |
[INFO] [stdout] 3 | fn main() { #[allow(non_snake_case)] fn _doctest_main_src_account_mod_rs_20_0() {
[INFO] [stdout]   |                                      ------------------------------------------ this function should return `Result` or `Option` to accept `?`
[INFO] [stdout] ...
[INFO] [stdout] 7 | let mut farcaster: Farcaster = Farcaster::new("eth provider", account).await?;
[INFO] [stdout]   |                                                                             ^ cannot use the `?` operator in a function that returns `()`
[INFO] [stdout]   |
[INFO] [stdout]   = help: the trait `FromResidual<std::result::Result<Infallible, Box<dyn std::error::Error>>>` is not implemented for `()`
[INFO] [stdout] 
[INFO] [stdout] error: aborting due to 4 previous errors
[INFO] [stdout] 
[INFO] [stdout] Some errors have detailed explanations: E0277, E0728.
[INFO] [stdout] For more information about an error, try `rustc --explain E0277`.
[INFO] [stdout] Couldn't compile the test.
[INFO] [stdout] ---- src/casts/mod.rs - casts (line 37) stdout ----
[INFO] [stdout] error[E0728]: `await` is only allowed inside `async` functions and blocks
[INFO] [stdout]  --> src/casts/mod.rs:40:71
[INFO] [stdout]   |
[INFO] [stdout] 3 | fn main() { #[allow(non_snake_case)] fn _doctest_main_src_casts_mod_rs_37_0() {
[INFO] [stdout]   |                                         ----------------------------------- this is not `async`
[INFO] [stdout] ...
[INFO] [stdout] 6 | let account: Account = Account::from_mnemonic("mnemonic phrase", None).await?;
[INFO] [stdout]   |                                                                       ^^^^^^ only allowed inside `async` functions and blocks
[INFO] [stdout] 
[INFO] [stdout] error[E0728]: `await` is only allowed inside `async` functions and blocks
[INFO] [stdout]  --> src/casts/mod.rs:41:67
[INFO] [stdout]   |
[INFO] [stdout] 3 | fn main() { #[allow(non_snake_case)] fn _doctest_main_src_casts_mod_rs_37_0() {
[INFO] [stdout]   |                                         ----------------------------------- this is not `async`
[INFO] [stdout] ...
[INFO] [stdout] 7 | let farcaster: Farcaster = Farcaster::new("eth provider", account).await?;
[INFO] [stdout]   |                                                                   ^^^^^^ only allowed inside `async` functions and blocks
[INFO] [stdout] 
[INFO] [stdout] error[E0728]: `await` is only allowed inside `async` functions and blocks
[INFO] [stdout]  --> src/casts/mod.rs:43:66
[INFO] [stdout]   |
[INFO] [stdout] 3 | fn main() { #[allow(non_snake_case)] fn _doctest_main_src_casts_mod_rs_37_0() {
[INFO] [stdout]   |                                         ----------------------------------- this is not `async`
[INFO] [stdout] ...
[INFO] [stdout] 9 | let delete_cast = farcaster.delete_cast_by_cast_hash("cast hash").await?;
[INFO] [stdout]   |                                                                  ^^^^^^ only allowed inside `async` functions and blocks
[INFO] [stdout] 
[INFO] [stdout] error[E0277]: the `?` operator can only be used in a function that returns `Result` or `Option` (or another type that implements `FromResidual`)
[INFO] [stdout]  --> src/casts/mod.rs:40:77
[INFO] [stdout]   |
[INFO] [stdout] 3 | fn main() { #[allow(non_snake_case)] fn _doctest_main_src_casts_mod_rs_37_0() {
[INFO] [stdout]   |                                      ---------------------------------------- this function should return `Result` or `Option` to accept `?`
[INFO] [stdout] ...
[INFO] [stdout] 6 | let account: Account = Account::from_mnemonic("mnemonic phrase", None).await?;
[INFO] [stdout]   |                                                                             ^ cannot use the `?` operator in a function that returns `()`
[INFO] [stdout]   |
[INFO] [stdout]   = help: the trait `FromResidual<std::result::Result<Infallible, Box<dyn std::error::Error>>>` is not implemented for `()`
[INFO] [stdout] 
[INFO] [stdout] error[E0277]: the `?` operator can only be used in a function that returns `Result` or `Option` (or another type that implements `FromResidual`)
[INFO] [stdout]  --> src/casts/mod.rs:41:73
[INFO] [stdout]   |
[INFO] [stdout] 3 | fn main() { #[allow(non_snake_case)] fn _doctest_main_src_casts_mod_rs_37_0() {
[INFO] [stdout]   |                                      ---------------------------------------- this function should return `Result` or `Option` to accept `?`
[INFO] [stdout] ...
[INFO] [stdout] 7 | let farcaster: Farcaster = Farcaster::new("eth provider", account).await?;
[INFO] [stdout]   |                                                                         ^ cannot use the `?` operator in a function that returns `()`
[INFO] [stdout]   |
[INFO] [stdout]   = help: the trait `FromResidual<std::result::Result<Infallible, Box<dyn std::error::Error>>>` is not implemented for `()`
[INFO] [stdout] 
[INFO] [stdout] error[E0277]: the `?` operator can only be used in a function that returns `Result` or `Option` (or another type that implements `FromResidual`)
[INFO] [stdout]  --> src/casts/mod.rs:43:72
[INFO] [stdout]   |
[INFO] [stdout] 3 | fn main() { #[allow(non_snake_case)] fn _doctest_main_src_casts_mod_rs_37_0() {
[INFO] [stdout]   |                                      ---------------------------------------- this function should return `Result` or `Option` to accept `?`
[INFO] [stdout] ...
[INFO] [stdout] 9 | let delete_cast = farcaster.delete_cast_by_cast_hash("cast hash").await?;
[INFO] [stdout]   |                                                                        ^ cannot use the `?` operator in a function that returns `()`
[INFO] [stdout]   |
[INFO] [stdout]   = help: the trait `FromResidual<std::result::Result<Infallible, Box<dyn std::error::Error>>>` is not implemented for `()`
[INFO] [stdout] 
[INFO] [stdout] error: aborting due to 6 previous errors
[INFO] [stdout] 
[INFO] [stdout] Some errors have detailed explanations: E0277, E0728.
[INFO] [stdout] For more information about an error, try `rustc --explain E0277`.
[INFO] [stdout] Couldn't compile the test.
[INFO] [stdout] ---- src/casts/get_casts.rs - casts::get_casts::Farcaster::get_casts_by_address (line 75) stdout ----
[INFO] [stdout] error[E0425]: cannot find value `farcaster` in this scope
[INFO] [stdout]  --> src/casts/get_casts.rs:76:13
[INFO] [stdout]   |
[INFO] [stdout] 3 | let casts = farcaster.get_casts_by_address("0x0000....", None, None).await?;
[INFO] [stdout]   |             ^^^^^^^^^ not found in this scope
[INFO] [stdout] 
[INFO] [stdout] error[E0728]: `await` is only allowed inside `async` functions and blocks
[INFO] [stdout]  --> src/casts/get_casts.rs:76:69
[INFO] [stdout]   |
[INFO] [stdout] 2 | fn main() { #[allow(non_snake_case)] fn _doctest_main_src_casts_get_casts_rs_75_0() {
[INFO] [stdout]   |                                         ----------------------------------------- this is not `async`
[INFO] [stdout] 3 | let casts = farcaster.get_casts_by_address("0x0000....", None, None).await?;
[INFO] [stdout]   |                                                                     ^^^^^^ only allowed inside `async` functions and blocks
[INFO] [stdout] 
[INFO] [stdout] error[E0277]: the `?` operator can only be used in a function that returns `Result` or `Option` (or another type that implements `FromResidual`)
[INFO] [stdout]  --> src/casts/get_casts.rs:76:75
[INFO] [stdout]   |
[INFO] [stdout] 2 | fn main() { #[allow(non_snake_case)] fn _doctest_main_src_casts_get_casts_rs_75_0() {
[INFO] [stdout]   |                                      ---------------------------------------------- this function should return `Result` or `Option` to accept `?`
[INFO] [stdout] 3 | let casts = farcaster.get_casts_by_address("0x0000....", None, None).await?;
[INFO] [stdout]   |                                                                           ^ cannot use the `?` operator in a function that returns `()`
[INFO] [stdout]   |
[INFO] [stdout]   = help: the trait `FromResidual<_>` is not implemented for `()`
[INFO] [stdout] 
[INFO] [stdout] error: aborting due to 3 previous errors
[INFO] [stdout] 
[INFO] [stdout] Some errors have detailed explanations: E0277, E0425, E0728.
[INFO] [stdout] For more information about an error, try `rustc --explain E0277`.
[INFO] [stdout] Couldn't compile the test.
[INFO] [stdout] ---- src/assets/mod.rs - assets (line 6) stdout ----
[INFO] [stdout] error[E0728]: `await` is only allowed inside `async` functions and blocks
[INFO] [stdout]  --> src/assets/mod.rs:9:71
[INFO] [stdout]   |
[INFO] [stdout] 3 | fn main() { #[allow(non_snake_case)] fn _doctest_main_src_assets_mod_rs_6_0() {
[INFO] [stdout]   |                                         ----------------------------------- this is not `async`
[INFO] [stdout] ...
[INFO] [stdout] 6 | let account: Account = Account::from_mnemonic("mnemonic phrase", None).await?;
[INFO] [stdout]   |                                                                       ^^^^^^ only allowed inside `async` functions and blocks
[INFO] [stdout] 
[INFO] [stdout] error[E0728]: `await` is only allowed inside `async` functions and blocks
[INFO] [stdout]  --> src/assets/mod.rs:10:67
[INFO] [stdout]   |
[INFO] [stdout] 3 | fn main() { #[allow(non_snake_case)] fn _doctest_main_src_assets_mod_rs_6_0() {
[INFO] [stdout]   |                                         ----------------------------------- this is not `async`
[INFO] [stdout] ...
[INFO] [stdout] 7 | let farcaster: Farcaster = Farcaster::new("eth provider", account).await?;
[INFO] [stdout]   |                                                                   ^^^^^^ only allowed inside `async` functions and blocks
[INFO] [stdout] 
[INFO] [stdout] error[E0728]: `await` is only allowed inside `async` functions and blocks
[INFO] [stdout]   --> src/assets/mod.rs:14:88
[INFO] [stdout]    |
[INFO] [stdout] 3  | fn main() { #[allow(non_snake_case)] fn _doctest_main_src_assets_mod_rs_6_0() {
[INFO] [stdout]    |                                         ----------------------------------- this is not `async`
[INFO] [stdout] ...
[INFO] [stdout] 11 | let collections_username = farcaster.get_collections_by_username("lndnnft", None, None).await?;
[INFO] [stdout]    |                                                                                        ^^^^^^ only allowed inside `async` functions and blocks
[INFO] [stdout] 
[INFO] [stdout] error[E0728]: `await` is only allowed inside `async` functions and blocks
[INFO] [stdout]   --> src/assets/mod.rs:15:70
[INFO] [stdout]    |
[INFO] [stdout] 3  | fn main() { #[allow(non_snake_case)] fn _doctest_main_src_assets_mod_rs_6_0() {
[INFO] [stdout]    |                                         ----------------------------------- this is not `async`
[INFO] [stdout] ...
[INFO] [stdout] 12 | let collections_fid = farcaster.get_collections_by_fid(2, None, None).await?;
[INFO] [stdout]    |                                                                      ^^^^^^ only allowed inside `async` functions and blocks
[INFO] [stdout] 
[INFO] [stdout] error[E0728]: `await` is only allowed inside `async` functions and blocks
[INFO] [stdout]   --> src/assets/mod.rs:16:89
[INFO] [stdout]    |
[INFO] [stdout] 3  | fn main() { #[allow(non_snake_case)] fn _doctest_main_src_assets_mod_rs_6_0() {
[INFO] [stdout]    |                                         ----------------------------------- this is not `async`
[INFO] [stdout] ...
[INFO] [stdout] 13 | let collections_address = farcaster.get_collections_by_address("0xef......", None, None).await?;
[INFO] [stdout]    |                                                                                         ^^^^^^ only allowed inside `async` functions and blocks
[INFO] [stdout] 
[INFO] [stdout] error[E0277]: the `?` operator can only be used in a function that returns `Result` or `Option` (or another type that implements `FromResidual`)
[INFO] [stdout]  --> src/assets/mod.rs:9:77
[INFO] [stdout]   |
[INFO] [stdout] 3 | fn main() { #[allow(non_snake_case)] fn _doctest_main_src_assets_mod_rs_6_0() {
[INFO] [stdout]   |                                      ---------------------------------------- this function should return `Result` or `Option` to accept `?`
[INFO] [stdout] ...
[INFO] [stdout] 6 | let account: Account = Account::from_mnemonic("mnemonic phrase", None).await?;
[INFO] [stdout]   |                                                                             ^ cannot use the `?` operator in a function that returns `()`
[INFO] [stdout]   |
[INFO] [stdout]   = help: the trait `FromResidual<std::result::Result<Infallible, Box<dyn std::error::Error>>>` is not implemented for `()`
[INFO] [stdout] 
[INFO] [stdout] error[E0277]: the `?` operator can only be used in a function that returns `Result` or `Option` (or another type that implements `FromResidual`)
[INFO] [stdout]  --> src/assets/mod.rs:10:73
[INFO] [stdout]   |
[INFO] [stdout] 3 | fn main() { #[allow(non_snake_case)] fn _doctest_main_src_assets_mod_rs_6_0() {
[INFO] [stdout]   |                                      ---------------------------------------- this function should return `Result` or `Option` to accept `?`
[INFO] [stdout] ...
[INFO] [stdout] 7 | let farcaster: Farcaster = Farcaster::new("eth provider", account).await?;
[INFO] [stdout]   |                                                                         ^ cannot use the `?` operator in a function that returns `()`
[INFO] [stdout]   |
[INFO] [stdout]   = help: the trait `FromResidual<std::result::Result<Infallible, Box<dyn std::error::Error>>>` is not implemented for `()`
[INFO] [stdout] 
[INFO] [stdout] error[E0277]: the `?` operator can only be used in a function that returns `Result` or `Option` (or another type that implements `FromResidual`)
[INFO] [stdout]   --> src/assets/mod.rs:14:94
[INFO] [stdout]    |
[INFO] [stdout] 3  | fn main() { #[allow(non_snake_case)] fn _doctest_main_src_assets_mod_rs_6_0() {
[INFO] [stdout]    |                                      ---------------------------------------- this function should return `Result` or `Option` to accept `?`
[INFO] [stdout] ...
[INFO] [stdout] 11 | let collections_username = farcaster.get_collections_by_username("lndnnft", None, None).await?;
[INFO] [stdout]    |                                                                                              ^ cannot use the `?` operator in a function that returns `()`
[INFO] [stdout]    |
[INFO] [stdout]    = help: the trait `FromResidual<std::result::Result<Infallible, Box<dyn std::error::Error>>>` is not implemented for `()`
[INFO] [stdout] 
[INFO] [stdout] error[E0277]: the `?` operator can only be used in a function that returns `Result` or `Option` (or another type that implements `FromResidual`)
[INFO] [stdout]   --> src/assets/mod.rs:15:76
[INFO] [stdout]    |
[INFO] [stdout] 3  | fn main() { #[allow(non_snake_case)] fn _doctest_main_src_assets_mod_rs_6_0() {
[INFO] [stdout]    |                                      ---------------------------------------- this function should return `Result` or `Option` to accept `?`
[INFO] [stdout] ...
[INFO] [stdout] 12 | let collections_fid = farcaster.get_collections_by_fid(2, None, None).await?;
[INFO] [stdout]    |                                                                            ^ cannot use the `?` operator in a function that returns `()`
[INFO] [stdout]    |
[INFO] [stdout]    = help: the trait `FromResidual<std::result::Result<Infallible, Box<dyn std::error::Error>>>` is not implemented for `()`
[INFO] [stdout] 
[INFO] [stdout] error[E0277]: the `?` operator can only be used in a function that returns `Result` or `Option` (or another type that implements `FromResidual`)
[INFO] [stdout]   --> src/assets/mod.rs:16:95
[INFO] [stdout]    |
[INFO] [stdout] 3  | fn main() { #[allow(non_snake_case)] fn _doctest_main_src_assets_mod_rs_6_0() {
[INFO] [stdout]    |                                      ---------------------------------------- this function should return `Result` or `Option` to accept `?`
[INFO] [stdout] ...
[INFO] [stdout] 13 | let collections_address = farcaster.get_collections_by_address("0xef......", None, None).await?;
[INFO] [stdout]    |                                                                                               ^ cannot use the `?` operator in a function that returns `()`
[INFO] [stdout]    |
[INFO] [stdout]    = help: the trait `FromResidual<std::result::Result<Infallible, Box<dyn std::error::Error>>>` is not implemented for `()`
[INFO] [stdout] 
[INFO] [stdout] error: aborting due to 10 previous errors
[INFO] [stdout] 
[INFO] [stdout] Some errors have detailed explanations: E0277, E0728.
[INFO] [stdout] For more information about an error, try `rustc --explain E0277`.
[INFO] [stdout] Couldn't compile the test.
[INFO] [stdout] ---- src/casts/mod.rs - casts (line 20) stdout ----
[INFO] [stdout] error[E0728]: `await` is only allowed inside `async` functions and blocks
[INFO] [stdout]  --> src/casts/mod.rs:23:71
[INFO] [stdout]   |
[INFO] [stdout] 3 | fn main() { #[allow(non_snake_case)] fn _doctest_main_src_casts_mod_rs_20_0() {
[INFO] [stdout]   |                                         ----------------------------------- this is not `async`
[INFO] [stdout] ...
[INFO] [stdout] 6 | let account: Account = Account::from_mnemonic("mnemonic phrase", None).await?;
[INFO] [stdout]   |                                                                       ^^^^^^ only allowed inside `async` functions and blocks
[INFO] [stdout] 
[INFO] [stdout] error[E0728]: `await` is only allowed inside `async` functions and blocks
[INFO] [stdout]  --> src/casts/mod.rs:24:67
[INFO] [stdout]   |
[INFO] [stdout] 3 | fn main() { #[allow(non_snake_case)] fn _doctest_main_src_casts_mod_rs_20_0() {
[INFO] [stdout]   |                                         ----------------------------------- this is not `async`
[INFO] [stdout] ...
[INFO] [stdout] 7 | let farcaster: Farcaster = Farcaster::new("eth provider", account).await?;
[INFO] [stdout]   |                                                                   ^^^^^^ only allowed inside `async` functions and blocks
[INFO] [stdout] 
[INFO] [stdout] error[E0728]: `await` is only allowed inside `async` functions and blocks
[INFO] [stdout]   --> src/casts/mod.rs:31:54
[INFO] [stdout]    |
[INFO] [stdout] 3  | fn main() { #[allow(non_snake_case)] fn _doctest_main_src_casts_mod_rs_20_0() {
[INFO] [stdout]    |                                         ----------------------------------- this is not `async`
[INFO] [stdout] ...
[INFO] [stdout] 14 | let casts = farcaster.get_casts_by_fid(0, None, None).await?;
[INFO] [stdout]    |                                                      ^^^^^^ only allowed inside `async` functions and blocks
[INFO] [stdout] 
[INFO] [stdout] error[E0728]: `await` is only allowed inside `async` functions and blocks
[INFO] [stdout]   --> src/casts/mod.rs:32:63
[INFO] [stdout]    |
[INFO] [stdout] 3  | fn main() { #[allow(non_snake_case)] fn _doctest_main_src_casts_mod_rs_20_0() {
[INFO] [stdout]    |                                         ----------------------------------- this is not `async`
[INFO] [stdout] ...
[INFO] [stdout] 15 | let casts = farcaster.get_casts_by_username("dwr", None, None).await?;
[INFO] [stdout]    |                                                               ^^^^^^ only allowed inside `async` functions and blocks
[INFO] [stdout] 
[INFO] [stdout] error[E0728]: `await` is only allowed inside `async` functions and blocks
[INFO] [stdout]   --> src/casts/mod.rs:33:67
[INFO] [stdout]    |
[INFO] [stdout] 3  | fn main() { #[allow(non_snake_case)] fn _doctest_main_src_casts_mod_rs_20_0() {
[INFO] [stdout]    |                                         ----------------------------------- this is not `async`
[INFO] [stdout] ...
[INFO] [stdout] 16 | let casts = farcaster.get_casts_by_address("0x000...", None, None).await?;
[INFO] [stdout]    |                                                                   ^^^^^^ only allowed inside `async` functions and blocks
[INFO] [stdout] 
[INFO] [stdout] error[E0277]: the `?` operator can only be used in a function that returns `Result` or `Option` (or another type that implements `FromResidual`)
[INFO] [stdout]  --> src/casts/mod.rs:23:77
[INFO] [stdout]   |
[INFO] [stdout] 3 | fn main() { #[allow(non_snake_case)] fn _doctest_main_src_casts_mod_rs_20_0() {
[INFO] [stdout]   |                                      ---------------------------------------- this function should return `Result` or `Option` to accept `?`
[INFO] [stdout] ...
[INFO] [stdout] 6 | let account: Account = Account::from_mnemonic("mnemonic phrase", None).await?;
[INFO] [stdout]   |                                                                             ^ cannot use the `?` operator in a function that returns `()`
[INFO] [stdout]   |
[INFO] [stdout]   = help: the trait `FromResidual<std::result::Result<Infallible, Box<dyn std::error::Error>>>` is not implemented for `()`
[INFO] [stdout] 
[INFO] [stdout] error[E0277]: the `?` operator can only be used in a function that returns `Result` or `Option` (or another type that implements `FromResidual`)
[INFO] [stdout]  --> src/casts/mod.rs:24:73
[INFO] [stdout]   |
[INFO] [stdout] 3 | fn main() { #[allow(non_snake_case)] fn _doctest_main_src_casts_mod_rs_20_0() {
[INFO] [stdout]   |                                      ---------------------------------------- this function should return `Result` or `Option` to accept `?`
[INFO] [stdout] ...
[INFO] [stdout] 7 | let farcaster: Farcaster = Farcaster::new("eth provider", account).await?;
[INFO] [stdout]   |                                                                         ^ cannot use the `?` operator in a function that returns `()`
[INFO] [stdout]   |
[INFO] [stdout]   = help: the trait `FromResidual<std::result::Result<Infallible, Box<dyn std::error::Error>>>` is not implemented for `()`
[INFO] [stdout] 
[INFO] [stdout] error[E0277]: the `?` operator can only be used in a function that returns `Result` or `Option` (or another type that implements `FromResidual`)
[INFO] [stdout]   --> src/casts/mod.rs:31:60
[INFO] [stdout]    |
[INFO] [stdout] 3  | fn main() { #[allow(non_snake_case)] fn _doctest_main_src_casts_mod_rs_20_0() {
[INFO] [stdout]    |                                      ---------------------------------------- this function should return `Result` or `Option` to accept `?`
[INFO] [stdout] ...
[INFO] [stdout] 14 | let casts = farcaster.get_casts_by_fid(0, None, None).await?;
[INFO] [stdout]    |                                                            ^ cannot use the `?` operator in a function that returns `()`
[INFO] [stdout]    |
[INFO] [stdout]    = help: the trait `FromResidual<std::result::Result<Infallible, Box<dyn std::error::Error>>>` is not implemented for `()`
[INFO] [stdout] 
[INFO] [stdout] error[E0277]: the `?` operator can only be used in a function that returns `Result` or `Option` (or another type that implements `FromResidual`)
[INFO] [stdout]   --> src/casts/mod.rs:32:69
[INFO] [stdout]    |
[INFO] [stdout] 3  | fn main() { #[allow(non_snake_case)] fn _doctest_main_src_casts_mod_rs_20_0() {
[INFO] [stdout]    |                                      ---------------------------------------- this function should return `Result` or `Option` to accept `?`
[INFO] [stdout] ...
[INFO] [stdout] 15 | let casts = farcaster.get_casts_by_username("dwr", None, None).await?;
[INFO] [stdout]    |                                                                     ^ cannot use the `?` operator in a function that returns `()`
[INFO] [stdout]    |
[INFO] [stdout]    = help: the trait `FromResidual<std::result::Result<Infallible, Box<dyn std::error::Error>>>` is not implemented for `()`
[INFO] [stdout] 
[INFO] [stdout] error[E0277]: the `?` operator can only be used in a function that returns `Result` or `Option` (or another type that implements `FromResidual`)
[INFO] [stdout]   --> src/casts/mod.rs:33:73
[INFO] [stdout]    |
[INFO] [stdout] 3  | fn main() { #[allow(non_snake_case)] fn _doctest_main_src_casts_mod_rs_20_0() {
[INFO] [stdout]    |                                      ---------------------------------------- this function should return `Result` or `Option` to accept `?`
[INFO] [stdout] ...
[INFO] [stdout] 16 | let casts = farcaster.get_casts_by_address("0x000...", None, None).await?;
[INFO] [stdout]    |                                                                         ^ cannot use the `?` operator in a function that returns `()`
[INFO] [stdout]    |
[INFO] [stdout]    = help: the trait `FromResidual<std::result::Result<Infallible, Box<dyn std::error::Error>>>` is not implemented for `()`
[INFO] [stdout] 
[INFO] [stdout] error: aborting due to 10 previous errors
[INFO] [stdout] 
[INFO] [stdout] Some errors have detailed explanations: E0277, E0728.
[INFO] [stdout] For more information about an error, try `rustc --explain E0277`.
[INFO] [stdout] Couldn't compile the test.
[INFO] [stdout] ---- src/casts/delete_cast.rs - casts::delete_cast::Farcaster::delete_cast_by_cast_hash (line 14) stdout ----
[INFO] [stdout] error[E0425]: cannot find value `farcaster` in this scope
[INFO] [stdout]  --> src/casts/delete_cast.rs:15:13
[INFO] [stdout]   |
[INFO] [stdout] 3 | let casts = farcaster.delete_cast_by_cast_hash("cast_hash").await?;
[INFO] [stdout]   |             ^^^^^^^^^ not found in this scope
[INFO] [stdout] 
[INFO] [stdout] error[E0728]: `await` is only allowed inside `async` functions and blocks
[INFO] [stdout]  --> src/casts/delete_cast.rs:15:60
[INFO] [stdout]   |
[INFO] [stdout] 2 | fn main() { #[allow(non_snake_case)] fn _doctest_main_src_casts_delete_cast_rs_14_0() {
[INFO] [stdout]   |                                         ------------------------------------------- this is not `async`
[INFO] [stdout] 3 | let casts = farcaster.delete_cast_by_cast_hash("cast_hash").await?;
[INFO] [stdout]   |                                                            ^^^^^^ only allowed inside `async` functions and blocks
[INFO] [stdout] 
[INFO] [stdout] error[E0277]: the `?` operator can only be used in a function that returns `Result` or `Option` (or another type that implements `FromResidual`)
[INFO] [stdout]  --> src/casts/delete_cast.rs:15:66
[INFO] [stdout]   |
[INFO] [stdout] 2 | fn main() { #[allow(non_snake_case)] fn _doctest_main_src_casts_delete_cast_rs_14_0() {
[INFO] [stdout]   |                                      ------------------------------------------------ this function should return `Result` or `Option` to accept `?`
[INFO] [stdout] 3 | let casts = farcaster.delete_cast_by_cast_hash("cast_hash").await?;
[INFO] [stdout]   |                                                                  ^ cannot use the `?` operator in a function that returns `()`
[INFO] [stdout]   |
[INFO] [stdout]   = help: the trait `FromResidual<_>` is not implemented for `()`
[INFO] [stdout] 
[INFO] [stdout] error: aborting due to 3 previous errors
[INFO] [stdout] 
[INFO] [stdout] Some errors have detailed explanations: E0277, E0425, E0728.
[INFO] [stdout] For more information about an error, try `rustc --explain E0277`.
[INFO] [stdout] Couldn't compile the test.
[INFO] [stdout] ---- src/casts/get_casts.rs - casts::get_casts::Farcaster::get_casts_by_username (line 51) stdout ----
[INFO] [stdout] error[E0425]: cannot find value `farcaster` in this scope
[INFO] [stdout]  --> src/casts/get_casts.rs:52:13
[INFO] [stdout]   |
[INFO] [stdout] 3 | let casts = farcaster.get_casts_by_username("cassie", None, None).await?;
[INFO] [stdout]   |             ^^^^^^^^^ not found in this scope
[INFO] [stdout] 
[INFO] [stdout] error[E0728]: `await` is only allowed inside `async` functions and blocks
[INFO] [stdout]  --> src/casts/get_casts.rs:52:66
[INFO] [stdout]   |
[INFO] [stdout] 2 | fn main() { #[allow(non_snake_case)] fn _doctest_main_src_casts_get_casts_rs_51_0() {
[INFO] [stdout]   |                                         ----------------------------------------- this is not `async`
[INFO] [stdout] 3 | let casts = farcaster.get_casts_by_username("cassie", None, None).await?;
[INFO] [stdout]   |                                                                  ^^^^^^ only allowed inside `async` functions and blocks
[INFO] [stdout] 
[INFO] [stdout] error[E0277]: the `?` operator can only be used in a function that returns `Result` or `Option` (or another type that implements `FromResidual`)
[INFO] [stdout]  --> src/casts/get_casts.rs:52:72
[INFO] [stdout]   |
[INFO] [stdout] 2 | fn main() { #[allow(non_snake_case)] fn _doctest_main_src_casts_get_casts_rs_51_0() {
[INFO] [stdout]   |                                      ---------------------------------------------- this function should return `Result` or `Option` to accept `?`
[INFO] [stdout] 3 | let casts = farcaster.get_casts_by_username("cassie", None, None).await?;
[INFO] [stdout]   |                                                                        ^ cannot use the `?` operator in a function that returns `()`
[INFO] [stdout]   |
[INFO] [stdout]   = help: the trait `FromResidual<_>` is not implemented for `()`
[INFO] [stdout] 
[INFO] [stdout] error: aborting due to 3 previous errors
[INFO] [stdout] 
[INFO] [stdout] Some errors have detailed explanations: E0277, E0425, E0728.
[INFO] [stdout] For more information about an error, try `rustc --explain E0277`.
[INFO] [stdout] Couldn't compile the test.
[INFO] [stdout] ---- src/casts/mod.rs - casts (line 6) stdout ----
[INFO] [stdout] error[E0728]: `await` is only allowed inside `async` functions and blocks
[INFO] [stdout]  --> src/casts/mod.rs:9:71
[INFO] [stdout]   |
[INFO] [stdout] 3 | fn main() { #[allow(non_snake_case)] fn _doctest_main_src_casts_mod_rs_6_0() {
[INFO] [stdout]   |                                         ---------------------------------- this is not `async`
[INFO] [stdout] ...
[INFO] [stdout] 6 | let account: Account = Account::from_mnemonic("mnemonic phrase", None).await?;
[INFO] [stdout]   |                                                                       ^^^^^^ only allowed inside `async` functions and blocks
[INFO] [stdout] 
[INFO] [stdout] error[E0728]: `await` is only allowed inside `async` functions and blocks
[INFO] [stdout]  --> src/casts/mod.rs:10:67
[INFO] [stdout]   |
[INFO] [stdout] 3 | fn main() { #[allow(non_snake_case)] fn _doctest_main_src_casts_mod_rs_6_0() {
[INFO] [stdout]   |                                         ---------------------------------- this is not `async`
[INFO] [stdout] ...
[INFO] [stdout] 7 | let farcaster: Farcaster = Farcaster::new("eth provider", account).await?;
[INFO] [stdout]   |                                                                   ^^^^^^ only allowed inside `async` functions and blocks
[INFO] [stdout] 
[INFO] [stdout] error[E0728]: `await` is only allowed inside `async` functions and blocks
[INFO] [stdout]   --> src/casts/mod.rs:16:101
[INFO] [stdout]    |
[INFO] [stdout] 3  | fn main() { #[allow(non_snake_case)] fn _doctest_main_src_casts_mod_rs_6_0() {
[INFO] [stdout]    |                                         ---------------------------------- this is not `async`
[INFO] [stdout] ...
[INFO] [stdout] 13 | let cast = farcaster.publish_cast("cast content", Some("optional parent hash to reply to"), Some(0)).await?;
[INFO] [stdout]    |                                                                                                     ^^^^^^ only allowed inside `async` functions and blocks
[INFO] [stdout] 
[INFO] [stdout] error[E0277]: the `?` operator can only be used in a function that returns `Result` or `Option` (or another type that implements `FromResidual`)
[INFO] [stdout]  --> src/casts/mod.rs:9:77
[INFO] [stdout]   |
[INFO] [stdout] 3 | fn main() { #[allow(non_snake_case)] fn _doctest_main_src_casts_mod_rs_6_0() {
[INFO] [stdout]   |                                      --------------------------------------- this function should return `Result` or `Option` to accept `?`
[INFO] [stdout] ...
[INFO] [stdout] 6 | let account: Account = Account::from_mnemonic("mnemonic phrase", None).await?;
[INFO] [stdout]   |                                                                             ^ cannot use the `?` operator in a function that returns `()`
[INFO] [stdout]   |
[INFO] [stdout]   = help: the trait `FromResidual<std::result::Result<Infallible, Box<dyn std::error::Error>>>` is not implemented for `()`
[INFO] [stdout] 
[INFO] [stdout] error[E0277]: the `?` operator can only be used in a function that returns `Result` or `Option` (or another type that implements `FromResidual`)
[INFO] [stdout]  --> src/casts/mod.rs:10:73
[INFO] [stdout]   |
[INFO] [stdout] 3 | fn main() { #[allow(non_snake_case)] fn _doctest_main_src_casts_mod_rs_6_0() {
[INFO] [stdout]   |                                      --------------------------------------- this function should return `Result` or `Option` to accept `?`
[INFO] [stdout] ...
[INFO] [stdout] 7 | let farcaster: Farcaster = Farcaster::new("eth provider", account).await?;
[INFO] [stdout]   |                                                                         ^ cannot use the `?` operator in a function that returns `()`
[INFO] [stdout]   |
[INFO] [stdout]   = help: the trait `FromResidual<std::result::Result<Infallible, Box<dyn std::error::Error>>>` is not implemented for `()`
[INFO] [stdout] 
[INFO] [stdout] error[E0277]: the `?` operator can only be used in a function that returns `Result` or `Option` (or another type that implements `FromResidual`)
[INFO] [stdout]   --> src/casts/mod.rs:16:107
[INFO] [stdout]    |
[INFO] [stdout] 3  | fn main() { #[allow(non_snake_case)] fn _doctest_main_src_casts_mod_rs_6_0() {
[INFO] [stdout]    |                                      --------------------------------------- this function should return `Result` or `Option` to accept `?`
[INFO] [stdout] ...
[INFO] [stdout] 13 | let cast = farcaster.publish_cast("cast content", Some("optional parent hash to reply to"), Some(0)).await?;
[INFO] [stdout]    |                                                                                                           ^ cannot use the `?` operator in a function that returns `()`
[INFO] [stdout]    |
[INFO] [stdout]    = help: the trait `FromResidual<std::result::Result<Infallible, Box<dyn std::error::Error>>>` is not implemented for `()`
[INFO] [stdout] 
[INFO] [stdout] error: aborting due to 6 previous errors
[INFO] [stdout] 
[INFO] [stdout] Some errors have detailed explanations: E0277, E0728.
[INFO] [stdout] For more information about an error, try `rustc --explain E0277`.
[INFO] [stdout] Couldn't compile the test.
[INFO] [stdout] ---- src/casts/publish_cast.rs - casts::publish_cast::Farcaster::publish_cast (line 9) stdout ----
[INFO] [stdout] error[E0728]: `await` is only allowed inside `async` functions and blocks
[INFO] [stdout]  --> src/casts/publish_cast.rs:12:71
[INFO] [stdout]   |
[INFO] [stdout] 3 | fn main() { #[allow(non_snake_case)] fn _doctest_main_src_casts_publish_cast_rs_9_0() {
[INFO] [stdout]   |                                         ------------------------------------------- this is not `async`
[INFO] [stdout] ...
[INFO] [stdout] 6 | let account: Account = Account::from_mnemonic("mnemonic phrase", None).await?;
[INFO] [stdout]   |                                                                       ^^^^^^ only allowed inside `async` functions and blocks
[INFO] [stdout] 
[INFO] [stdout] error[E0728]: `await` is only allowed inside `async` functions and blocks
[INFO] [stdout]  --> src/casts/publish_cast.rs:13:67
[INFO] [stdout]   |
[INFO] [stdout] 3 | fn main() { #[allow(non_snake_case)] fn _doctest_main_src_casts_publish_cast_rs_9_0() {
[INFO] [stdout]   |                                         ------------------------------------------- this is not `async`
[INFO] [stdout] ...
[INFO] [stdout] 7 | let farcaster: Farcaster = Farcaster::new("eth provider", account).await?;
[INFO] [stdout]   |                                                                   ^^^^^^ only allowed inside `async` functions and blocks
[INFO] [stdout] 
[INFO] [stdout] error[E0728]: `await` is only allowed inside `async` functions and blocks
[INFO] [stdout]   --> src/casts/publish_cast.rs:19:101
[INFO] [stdout]    |
[INFO] [stdout] 3  | fn main() { #[allow(non_snake_case)] fn _doctest_main_src_casts_publish_cast_rs_9_0() {
[INFO] [stdout]    |                                         ------------------------------------------- this is not `async`
[INFO] [stdout] ...
[INFO] [stdout] 13 | let cast = farcaster.publish_cast("cast content", Some("optional parent hash to reply to"), Some(0)).await?;
[INFO] [stdout]    |                                                                                                     ^^^^^^ only allowed inside `async` functions and blocks
[INFO] [stdout] 
[INFO] [stdout] error[E0277]: the `?` operator can only be used in a function that returns `Result` or `Option` (or another type that implements `FromResidual`)
[INFO] [stdout]  --> src/casts/publish_cast.rs:12:77
[INFO] [stdout]   |
[INFO] [stdout] 3 | fn main() { #[allow(non_snake_case)] fn _doctest_main_src_casts_publish_cast_rs_9_0() {
[INFO] [stdout]   |                                      ------------------------------------------------ this function should return `Result` or `Option` to accept `?`
[INFO] [stdout] ...
[INFO] [stdout] 6 | let account: Account = Account::from_mnemonic("mnemonic phrase", None).await?;
[INFO] [stdout]   |                                                                             ^ cannot use the `?` operator in a function that returns `()`
[INFO] [stdout]   |
[INFO] [stdout]   = help: the trait `FromResidual<std::result::Result<Infallible, Box<dyn std::error::Error>>>` is not implemented for `()`
[INFO] [stdout] 
[INFO] [stdout] error[E0277]: the `?` operator can only be used in a function that returns `Result` or `Option` (or another type that implements `FromResidual`)
[INFO] [stdout]  --> src/casts/publish_cast.rs:13:73
[INFO] [stdout]   |
[INFO] [stdout] 3 | fn main() { #[allow(non_snake_case)] fn _doctest_main_src_casts_publish_cast_rs_9_0() {
[INFO] [stdout]   |                                      ------------------------------------------------ this function should return `Result` or `Option` to accept `?`
[INFO] [stdout] ...
[INFO] [stdout] 7 | let farcaster: Farcaster = Farcaster::new("eth provider", account).await?;
[INFO] [stdout]   |                                                                         ^ cannot use the `?` operator in a function that returns `()`
[INFO] [stdout]   |
[INFO] [stdout]   = help: the trait `FromResidual<std::result::Result<Infallible, Box<dyn std::error::Error>>>` is not implemented for `()`
[INFO] [stdout] 
[INFO] [stdout] error[E0277]: the `?` operator can only be used in a function that returns `Result` or `Option` (or another type that implements `FromResidual`)
[INFO] [stdout]   --> src/casts/publish_cast.rs:19:107
[INFO] [stdout]    |
[INFO] [stdout] 3  | fn main() { #[allow(non_snake_case)] fn _doctest_main_src_casts_publish_cast_rs_9_0() {
[INFO] [stdout]    |                                      ------------------------------------------------ this function should return `Result` or `Option` to accept `?`
[INFO] [stdout] ...
[INFO] [stdout] 13 | let cast = farcaster.publish_cast("cast content", Some("optional parent hash to reply to"), Some(0)).await?;
[INFO] [stdout]    |                                                                                                           ^ cannot use the `?` operator in a function that returns `()`
[INFO] [stdout]    |
[INFO] [stdout]    = help: the trait `FromResidual<std::result::Result<Infallible, Box<dyn std::error::Error>>>` is not implemented for `()`
[INFO] [stdout] 
[INFO] [stdout] error: aborting due to 6 previous errors
[INFO] [stdout] 
[INFO] [stdout] Some errors have detailed explanations: E0277, E0728.
[INFO] [stdout] For more information about an error, try `rustc --explain E0277`.
[INFO] [stdout] Couldn't compile the test.
[INFO] [stdout] ---- src/follows/mod.rs - follows (line 19) stdout ----
[INFO] [stdout] error[E0728]: `await` is only allowed inside `async` functions and blocks
[INFO] [stdout]  --> src/follows/mod.rs:22:71
[INFO] [stdout]   |
[INFO] [stdout] 3 | fn main() { #[allow(non_snake_case)] fn _doctest_main_src_follows_mod_rs_19_0() {
[INFO] [stdout]   |                                         ------------------------------------- this is not `async`
[INFO] [stdout] ...
[INFO] [stdout] 6 | let account: Account = Account::from_mnemonic("mnemonic phrase", None).await?;
[INFO] [stdout]   |                                                                       ^^^^^^ only allowed inside `async` functions and blocks
[INFO] [stdout] 
[INFO] [stdout] error[E0728]: `await` is only allowed inside `async` functions and blocks
[INFO] [stdout]  --> src/follows/mod.rs:23:67
[INFO] [stdout]   |
[INFO] [stdout] 3 | fn main() { #[allow(non_snake_case)] fn _doctest_main_src_follows_mod_rs_19_0() {
[INFO] [stdout]   |                                         ------------------------------------- this is not `async`
[INFO] [stdout] ...
[INFO] [stdout] 7 | let farcaster: Farcaster = Farcaster::new("eth provider", account).await?;
[INFO] [stdout]   |                                                                   ^^^^^^ only allowed inside `async` functions and blocks
[INFO] [stdout] 
[INFO] [stdout] error[E0728]: `await` is only allowed inside `async` functions and blocks
[INFO] [stdout]   --> src/follows/mod.rs:26:58
[INFO] [stdout]    |
[INFO] [stdout] 3  | fn main() { #[allow(non_snake_case)] fn _doctest_main_src_follows_mod_rs_19_0() {
[INFO] [stdout]    |                                         ------------------------------------- this is not `async`
[INFO] [stdout] ...
[INFO] [stdout] 10 | let unfollow = farcaster.unfollow_user_by_username("dwr").await?;
[INFO] [stdout]    |                                                          ^^^^^^ only allowed inside `async` functions and blocks
[INFO] [stdout] 
[INFO] [stdout] error[E0728]: `await` is only allowed inside `async` functions and blocks
[INFO] [stdout]   --> src/follows/mod.rs:27:49
[INFO] [stdout]    |
[INFO] [stdout] 3  | fn main() { #[allow(non_snake_case)] fn _doctest_main_src_follows_mod_rs_19_0() {
[INFO] [stdout]    |                                         ------------------------------------- this is not `async`
[INFO] [stdout] ...
[INFO] [stdout] 11 | let unfollow = farcaster.unfollow_user_by_fid(0).await?;
[INFO] [stdout]    |                                                 ^^^^^^ only allowed inside `async` functions and blocks
[INFO] [stdout] 
[INFO] [stdout] error[E0728]: `await` is only allowed inside `async` functions and blocks
[INFO] [stdout]   --> src/follows/mod.rs:28:64
[INFO] [stdout]    |
[INFO] [stdout] 3  | fn main() { #[allow(non_snake_case)] fn _doctest_main_src_follows_mod_rs_19_0() {
[INFO] [stdout]    |                                         ------------------------------------- this is not `async`
[INFO] [stdout] ...
[INFO] [stdout] 12 | let unfollow = farcaster.unfollow_user_by_address("0x0000....").await?;
[INFO] [stdout]    |                                                                ^^^^^^ only allowed inside `async` functions and blocks
[INFO] [stdout] 
[INFO] [stdout] error[E0277]: the `?` operator can only be used in a function that returns `Result` or `Option` (or another type that implements `FromResidual`)
[INFO] [stdout]  --> src/follows/mod.rs:22:77
[INFO] [stdout]   |
[INFO] [stdout] 3 | fn main() { #[allow(non_snake_case)] fn _doctest_main_src_follows_mod_rs_19_0() {
[INFO] [stdout]   |                                      ------------------------------------------ this function should return `Result` or `Option` to accept `?`
[INFO] [stdout] ...
[INFO] [stdout] 6 | let account: Account = Account::from_mnemonic("mnemonic phrase", None).await?;
[INFO] [stdout]   |                                                                             ^ cannot use the `?` operator in a function that returns `()`
[INFO] [stdout]   |
[INFO] [stdout]   = help: the trait `FromResidual<std::result::Result<Infallible, Box<dyn std::error::Error>>>` is not implemented for `()`
[INFO] [stdout] 
[INFO] [stdout] error[E0277]: the `?` operator can only be used in a function that returns `Result` or `Option` (or another type that implements `FromResidual`)
[INFO] [stdout]  --> src/follows/mod.rs:23:73
[INFO] [stdout]   |
[INFO] [stdout] 3 | fn main() { #[allow(non_snake_case)] fn _doctest_main_src_follows_mod_rs_19_0() {
[INFO] [stdout]   |                                      ------------------------------------------ this function should return `Result` or `Option` to accept `?`
[INFO] [stdout] ...
[INFO] [stdout] 7 | let farcaster: Farcaster = Farcaster::new("eth provider", account).await?;
[INFO] [stdout]   |                                                                         ^ cannot use the `?` operator in a function that returns `()`
[INFO] [stdout]   |
[INFO] [stdout]   = help: the trait `FromResidual<std::result::Result<Infallible, Box<dyn std::error::Error>>>` is not implemented for `()`
[INFO] [stdout] 
[INFO] [stdout] error[E0277]: the `?` operator can only be used in a function that returns `Result` or `Option` (or another type that implements `FromResidual`)
[INFO] [stdout]   --> src/follows/mod.rs:26:64
[INFO] [stdout]    |
[INFO] [stdout] 3  | fn main() { #[allow(non_snake_case)] fn _doctest_main_src_follows_mod_rs_19_0() {
[INFO] [stdout]    |                                      ------------------------------------------ this function should return `Result` or `Option` to accept `?`
[INFO] [stdout] ...
[INFO] [stdout] 10 | let unfollow = farcaster.unfollow_user_by_username("dwr").await?;
[INFO] [stdout]    |                                                                ^ cannot use the `?` operator in a function that returns `()`
[INFO] [stdout]    |
[INFO] [stdout]    = help: the trait `FromResidual<std::result::Result<Infallible, Box<dyn std::error::Error>>>` is not implemented for `()`
[INFO] [stdout] 
[INFO] [stdout] error[E0277]: the `?` operator can only be used in a function that returns `Result` or `Option` (or another type that implements `FromResidual`)
[INFO] [stdout]   --> src/follows/mod.rs:27:55
[INFO] [stdout]    |
[INFO] [stdout] 3  | fn main() { #[allow(non_snake_case)] fn _doctest_main_src_follows_mod_rs_19_0() {
[INFO] [stdout]    |                                      ------------------------------------------ this function should return `Result` or `Option` to accept `?`
[INFO] [stdout] ...
[INFO] [stdout] 11 | let unfollow = farcaster.unfollow_user_by_fid(0).await?;
[INFO] [stdout]    |                                                       ^ cannot use the `?` operator in a function that returns `()`
[INFO] [stdout]    |
[INFO] [stdout]    = help: the trait `FromResidual<std::result::Result<Infallible, Box<dyn std::error::Error>>>` is not implemented for `()`
[INFO] [stdout] 
[INFO] [stdout] error[E0277]: the `?` operator can only be used in a function that returns `Result` or `Option` (or another type that implements `FromResidual`)
[INFO] [stdout]   --> src/follows/mod.rs:28:70
[INFO] [stdout]    |
[INFO] [stdout] 3  | fn main() { #[allow(non_snake_case)] fn _doctest_main_src_follows_mod_rs_19_0() {
[INFO] [stdout]    |                                      ------------------------------------------ this function should return `Result` or `Option` to accept `?`
[INFO] [stdout] ...
[INFO] [stdout] 12 | let unfollow = farcaster.unfollow_user_by_address("0x0000....").await?;
[INFO] [stdout]    |                                                                      ^ cannot use the `?` operator in a function that returns `()`
[INFO] [stdout]    |
[INFO] [stdout]    = help: the trait `FromResidual<std::result::Result<Infallible, Box<dyn std::error::Error>>>` is not implemented for `()`
[INFO] [stdout] 
[INFO] [stdout] error: aborting due to 10 previous errors
[INFO] [stdout] 
[INFO] [stdout] Some errors have detailed explanations: E0277, E0728.
[INFO] [stdout] For more information about an error, try `rustc --explain E0277`.
[INFO] [stdout] Couldn't compile the test.
[INFO] [stdout] ---- src/casts/mod.rs - casts::publish_cast (line 49) stdout ----
[INFO] [stdout] error[E0728]: `await` is only allowed inside `async` functions and blocks
[INFO] [stdout]  --> src/casts/mod.rs:52:71
[INFO] [stdout]   |
[INFO] [stdout] 3 | fn main() { #[allow(non_snake_case)] fn _doctest_main_src_casts_mod_rs_49_0() {
[INFO] [stdout]   |                                         ----------------------------------- this is not `async`
[INFO] [stdout] ...
[INFO] [stdout] 6 | let account: Account = Account::from_mnemonic("mnemonic phrase", None).await?;
[INFO] [stdout]   |                                                                       ^^^^^^ only allowed inside `async` functions and blocks
[INFO] [stdout] 
[INFO] [stdout] error[E0728]: `await` is only allowed inside `async` functions and blocks
[INFO] [stdout]  --> src/casts/mod.rs:53:67
[INFO] [stdout]   |
[INFO] [stdout] 3 | fn main() { #[allow(non_snake_case)] fn _doctest_main_src_casts_mod_rs_49_0() {
[INFO] [stdout]   |                                         ----------------------------------- this is not `async`
[INFO] [stdout] ...
[INFO] [stdout] 7 | let farcaster: Farcaster = Farcaster::new("eth provider", account).await?;
[INFO] [stdout]   |                                                                   ^^^^^^ only allowed inside `async` functions and blocks
[INFO] [stdout] 
[INFO] [stdout] error[E0728]: `await` is only allowed inside `async` functions and blocks
[INFO] [stdout]   --> src/casts/mod.rs:59:101
[INFO] [stdout]    |
[INFO] [stdout] 3  | fn main() { #[allow(non_snake_case)] fn _doctest_main_src_casts_mod_rs_49_0() {
[INFO] [stdout]    |                                         ----------------------------------- this is not `async`
[INFO] [stdout] ...
[INFO] [stdout] 13 | let cast = farcaster.publish_cast("cast content", Some("optional parent hash to reply to"), Some(0)).await?;
[INFO] [stdout]    |                                                                                                     ^^^^^^ only allowed inside `async` functions and blocks
[INFO] [stdout] 
[INFO] [stdout] error[E0277]: the `?` operator can only be used in a function that returns `Result` or `Option` (or another type that implements `FromResidual`)
[INFO] [stdout]  --> src/casts/mod.rs:52:77
[INFO] [stdout]   |
[INFO] [stdout] 3 | fn main() { #[allow(non_snake_case)] fn _doctest_main_src_casts_mod_rs_49_0() {
[INFO] [stdout]   |                                      ---------------------------------------- this function should return `Result` or `Option` to accept `?`
[INFO] [stdout] ...
[INFO] [stdout] 6 | let account: Account = Account::from_mnemonic("mnemonic phrase", None).await?;
[INFO] [stdout]   |                                                                             ^ cannot use the `?` operator in a function that returns `()`
[INFO] [stdout]   |
[INFO] [stdout]   = help: the trait `FromResidual<std::result::Result<Infallible, Box<dyn std::error::Error>>>` is not implemented for `()`
[INFO] [stdout] 
[INFO] [stdout] error[E0277]: the `?` operator can only be used in a function that returns `Result` or `Option` (or another type that implements `FromResidual`)
[INFO] [stdout]  --> src/casts/mod.rs:53:73
[INFO] [stdout]   |
[INFO] [stdout] 3 | fn main() { #[allow(non_snake_case)] fn _doctest_main_src_casts_mod_rs_49_0() {
[INFO] [stdout]   |                                      ---------------------------------------- this function should return `Result` or `Option` to accept `?`
[INFO] [stdout] ...
[INFO] [stdout] 7 | let farcaster: Farcaster = Farcaster::new("eth provider", account).await?;
[INFO] [stdout]   |                                                                         ^ cannot use the `?` operator in a function that returns `()`
[INFO] [stdout]   |
[INFO] [stdout]   = help: the trait `FromResidual<std::result::Result<Infallible, Box<dyn std::error::Error>>>` is not implemented for `()`
[INFO] [stdout] 
[INFO] [stdout] error[E0277]: the `?` operator can only be used in a function that returns `Result` or `Option` (or another type that implements `FromResidual`)
[INFO] [stdout]   --> src/casts/mod.rs:59:107
[INFO] [stdout]    |
[INFO] [stdout] 3  | fn main() { #[allow(non_snake_case)] fn _doctest_main_src_casts_mod_rs_49_0() {
[INFO] [stdout]    |                                      ---------------------------------------- this function should return `Result` or `Option` to accept `?`
[INFO] [stdout] ...
[INFO] [stdout] 13 | let cast = farcaster.publish_cast("cast content", Some("optional parent hash to reply to"), Some(0)).await?;
[INFO] [stdout]    |                                                                                                           ^ cannot use the `?` operator in a function that returns `()`
[INFO] [stdout]    |
[INFO] [stdout]    = help: the trait `FromResidual<std::result::Result<Infallible, Box<dyn std::error::Error>>>` is not implemented for `()`
[INFO] [stdout] 
[INFO] [stdout] error: aborting due to 6 previous errors
[INFO] [stdout] 
[INFO] [stdout] Some errors have detailed explanations: E0277, E0728.
[INFO] [stdout] For more information about an error, try `rustc --explain E0277`.
[INFO] [stdout] Couldn't compile the test.
[INFO] [stdout] ---- src/casts/get_casts.rs - casts::get_casts::Farcaster::get_casts_by_fid (line 16) stdout ----
[INFO] [stdout] error[E0425]: cannot find value `farcaster` in this scope
[INFO] [stdout]  --> src/casts/get_casts.rs:17:13
[INFO] [stdout]   |
[INFO] [stdout] 3 | let casts = farcaster.get_casts_by_fid(0, None, None).await?;
[INFO] [stdout]   |             ^^^^^^^^^ not found in this scope
[INFO] [stdout] 
[INFO] [stdout] error[E0728]: `await` is only allowed inside `async` functions and blocks
[INFO] [stdout]  --> src/casts/get_casts.rs:17:54
[INFO] [stdout]   |
[INFO] [stdout] 2 | fn main() { #[allow(non_snake_case)] fn _doctest_main_src_casts_get_casts_rs_16_0() {
[INFO] [stdout]   |                                         ----------------------------------------- this is not `async`
[INFO] [stdout] 3 | let casts = farcaster.get_casts_by_fid(0, None, None).await?;
[INFO] [stdout]   |                                                      ^^^^^^ only allowed inside `async` functions and blocks
[INFO] [stdout] 
[INFO] [stdout] error[E0277]: the `?` operator can only be used in a function that returns `Result` or `Option` (or another type that implements `FromResidual`)
[INFO] [stdout]  --> src/casts/get_casts.rs:17:60
[INFO] [stdout]   |
[INFO] [stdout] 2 | fn main() { #[allow(non_snake_case)] fn _doctest_main_src_casts_get_casts_rs_16_0() {
[INFO] [stdout]   |                                      ---------------------------------------------- this function should return `Result` or `Option` to accept `?`
[INFO] [stdout] 3 | let casts = farcaster.get_casts_by_fid(0, None, None).await?;
[INFO] [stdout]   |                                                            ^ cannot use the `?` operator in a function that returns `()`
[INFO] [stdout]   |
[INFO] [stdout]   = help: the trait `FromResidual<_>` is not implemented for `()`
[INFO] [stdout] 
[INFO] [stdout] error: aborting due to 3 previous errors
[INFO] [stdout] 
[INFO] [stdout] Some errors have detailed explanations: E0277, E0425, E0728.
[INFO] [stdout] For more information about an error, try `rustc --explain E0277`.
[INFO] [stdout] Couldn't compile the test.
[INFO] [stdout] ---- src/follows/mod.rs - follows (line 32) stdout ----
[INFO] [stdout] error[E0728]: `await` is only allowed inside `async` functions and blocks
[INFO] [stdout]  --> src/follows/mod.rs:35:71
[INFO] [stdout]   |
[INFO] [stdout] 3 | fn main() { #[allow(non_snake_case)] fn _doctest_main_src_follows_mod_rs_32_0() {
[INFO] [stdout]   |                                         ------------------------------------- this is not `async`
[INFO] [stdout] ...
[INFO] [stdout] 6 | let account: Account = Account::from_mnemonic("mnemonic phrase", None).await?;
[INFO] [stdout]   |                                                                       ^^^^^^ only allowed inside `async` functions and blocks
[INFO] [stdout] 
[INFO] [stdout] error[E0728]: `await` is only allowed inside `async` functions and blocks
[INFO] [stdout]  --> src/follows/mod.rs:36:67
[INFO] [stdout]   |
[INFO] [stdout] 3 | fn main() { #[allow(non_snake_case)] fn _doctest_main_src_follows_mod_rs_32_0() {
[INFO] [stdout]   |                                         ------------------------------------- this is not `async`
[INFO] [stdout] ...
[INFO] [stdout] 7 | let farcaster: Farcaster = Farcaster::new("eth provider", account).await?;
[INFO] [stdout]   |                                                                   ^^^^^^ only allowed inside `async` functions and blocks
[INFO] [stdout] 
[INFO] [stdout] error[E0728]: `await` is only allowed inside `async` functions and blocks
[INFO] [stdout]   --> src/follows/mod.rs:39:71
[INFO] [stdout]    |
[INFO] [stdout] 3  | fn main() { #[allow(non_snake_case)] fn _doctest_main_src_follows_mod_rs_32_0() {
[INFO] [stdout]    |                                         ------------------------------------- this is not `async`
[INFO] [stdout] ...
[INFO] [stdout] 10 | let followers = farcaster.get_followers_by_address("juan", None, None).await?;
[INFO] [stdout]    |                                                                       ^^^^^^ only allowed inside `async` functions and blocks
[INFO] [stdout] 
[INFO] [stdout] error[E0728]: `await` is only allowed inside `async` functions and blocks
[INFO] [stdout]   --> src/follows/mod.rs:40:62
[INFO] [stdout]    |
[INFO] [stdout] 3  | fn main() { #[allow(non_snake_case)] fn _doctest_main_src_follows_mod_rs_32_0() {
[INFO] [stdout]    |                                         ------------------------------------- this is not `async`
[INFO] [stdout] ...
[INFO] [stdout] 11 | let followers = farcaster.get_followers_by_fid(0, None, None).await?;
[INFO] [stdout]    |                                                              ^^^^^^ only allowed inside `async` functions and blocks
[INFO] [stdout] 
[INFO] [stdout] error[E0728]: `await` is only allowed inside `async` functions and blocks
[INFO] [stdout]   --> src/follows/mod.rs:41:77
[INFO] [stdout]    |
[INFO] [stdout] 3  | fn main() { #[allow(non_snake_case)] fn _doctest_main_src_follows_mod_rs_32_0() {
[INFO] [stdout]    |                                         ------------------------------------- this is not `async`
[INFO] [stdout] ...
[INFO] [stdout] 12 | let followers = farcaster.get_followers_by_address("0x0000....", None, None).await?;
[INFO] [stdout]    |                                                                             ^^^^^^ only allowed inside `async` functions and blocks
[INFO] [stdout] 
[INFO] [stdout] error[E0277]: the `?` operator can only be used in a function that returns `Result` or `Option` (or another type that implements `FromResidual`)
[INFO] [stdout]  --> src/follows/mod.rs:35:77
[INFO] [stdout]   |
[INFO] [stdout] 3 | fn main() { #[allow(non_snake_case)] fn _doctest_main_src_follows_mod_rs_32_0() {
[INFO] [stdout]   |                                      ------------------------------------------ this function should return `Result` or `Option` to accept `?`
[INFO] [stdout] ...
[INFO] [stdout] 6 | let account: Account = Account::from_mnemonic("mnemonic phrase", None).await?;
[INFO] [stdout]   |                                                                             ^ cannot use the `?` operator in a function that returns `()`
[INFO] [stdout]   |
[INFO] [stdout]   = help: the trait `FromResidual<std::result::Result<Infallible, Box<dyn std::error::Error>>>` is not implemented for `()`
[INFO] [stdout] 
[INFO] [stdout] error[E0277]: the `?` operator can only be used in a function that returns `Result` or `Option` (or another type that implements `FromResidual`)
[INFO] [stdout]  --> src/follows/mod.rs:36:73
[INFO] [stdout]   |
[INFO] [stdout] 3 | fn main() { #[allow(non_snake_case)] fn _doctest_main_src_follows_mod_rs_32_0() {
[INFO] [stdout]   |                                      ------------------------------------------ this function should return `Result` or `Option` to accept `?`
[INFO] [stdout] ...
[INFO] [stdout] 7 | let farcaster: Farcaster = Farcaster::new("eth provider", account).await?;
[INFO] [stdout]   |                                                                         ^ cannot use the `?` operator in a function that returns `()`
[INFO] [stdout]   |
[INFO] [stdout]   = help: the trait `FromResidual<std::result::Result<Infallible, Box<dyn std::error::Error>>>` is not implemented for `()`
[INFO] [stdout] 
[INFO] [stdout] error[E0277]: the `?` operator can only be used in a function that returns `Result` or `Option` (or another type that implements `FromResidual`)
[INFO] [stdout]   --> src/follows/mod.rs:39:77
[INFO] [stdout]    |
[INFO] [stdout] 3  | fn main() { #[allow(non_snake_case)] fn _doctest_main_src_follows_mod_rs_32_0() {
[INFO] [stdout]    |                                      ------------------------------------------ this function should return `Result` or `Option` to accept `?`
[INFO] [stdout] ...
[INFO] [stdout] 10 | let followers = farcaster.get_followers_by_address("juan", None, None).await?;
[INFO] [stdout]    |                                                                             ^ cannot use the `?` operator in a function that returns `()`
[INFO] [stdout]    |
[INFO] [stdout]    = help: the trait `FromResidual<std::result::Result<Infallible, Box<dyn std::error::Error>>>` is not implemented for `()`
[INFO] [stdout] 
[INFO] [stdout] error[E0277]: the `?` operator can only be used in a function that returns `Result` or `Option` (or another type that implements `FromResidual`)
[INFO] [stdout]   --> src/follows/mod.rs:40:68
[INFO] [stdout]    |
[INFO] [stdout] 3  | fn main() { #[allow(non_snake_case)] fn _doctest_main_src_follows_mod_rs_32_0() {
[INFO] [stdout]    |                                      ------------------------------------------ this function should return `Result` or `Option` to accept `?`
[INFO] [stdout] ...
[INFO] [stdout] 11 | let followers = farcaster.get_followers_by_fid(0, None, None).await?;
[INFO] [stdout]    |                                                                    ^ cannot use the `?` operator in a function that returns `()`
[INFO] [stdout]    |
[INFO] [stdout]    = help: the trait `FromResidual<std::result::Result<Infallible, Box<dyn std::error::Error>>>` is not implemented for `()`
[INFO] [stdout] 
[INFO] [stdout] error[E0277]: the `?` operator can only be used in a function that returns `Result` or `Option` (or another type that implements `FromResidual`)
[INFO] [stdout]   --> src/follows/mod.rs:41:83
[INFO] [stdout]    |
[INFO] [stdout] 3  | fn main() { #[allow(non_snake_case)] fn _doctest_main_src_follows_mod_rs_32_0() {
[INFO] [stdout]    |                                      ------------------------------------------ this function should return `Result` or `Option` to accept `?`
[INFO] [stdout] ...
[INFO] [stdout] 12 | let followers = farcaster.get_followers_by_address("0x0000....", None, None).await?;
[INFO] [stdout]    |                                                                                   ^ cannot use the `?` operator in a function that returns `()`
[INFO] [stdout]    |
[INFO] [stdout]    = help: the trait `FromResidual<std::result::Result<Infallible, Box<dyn std::error::Error>>>` is not implemented for `()`
[INFO] [stdout] 
[INFO] [stdout] error: aborting due to 10 previous errors
[INFO] [stdout] 
[INFO] [stdout] Some errors have detailed explanations: E0277, E0728.
[INFO] [stdout] For more information about an error, try `rustc --explain E0277`.
[INFO] [stdout] Couldn't compile the test.
[INFO] [stdout] ---- src/follows/mod.rs - follows (line 6) stdout ----
[INFO] [stdout] error[E0728]: `await` is only allowed inside `async` functions and blocks
[INFO] [stdout]  --> src/follows/mod.rs:9:71
[INFO] [stdout]   |
[INFO] [stdout] 3 | fn main() { #[allow(non_snake_case)] fn _doctest_main_src_follows_mod_rs_6_0() {
[INFO] [stdout]   |                                         ------------------------------------ this is not `async`
[INFO] [stdout] ...
[INFO] [stdout] 6 | let account: Account = Account::from_mnemonic("mnemonic phrase", None).await?;
[INFO] [stdout]   |                                                                       ^^^^^^ only allowed inside `async` functions and blocks
[INFO] [stdout] 
[INFO] [stdout] error[E0728]: `await` is only allowed inside `async` functions and blocks
[INFO] [stdout]  --> src/follows/mod.rs:10:67
[INFO] [stdout]   |
[INFO] [stdout] 3 | fn main() { #[allow(non_snake_case)] fn _doctest_main_src_follows_mod_rs_6_0() {
[INFO] [stdout]   |                                         ------------------------------------ this is not `async`
[INFO] [stdout] ...
[INFO] [stdout] 7 | let farcaster: Farcaster = Farcaster::new("eth provider", account).await?;
[INFO] [stdout]   |                                                                   ^^^^^^ only allowed inside `async` functions and blocks
[INFO] [stdout] 
[INFO] [stdout] error[E0728]: `await` is only allowed inside `async` functions and blocks
[INFO] [stdout]   --> src/follows/mod.rs:13:54
[INFO] [stdout]    |
[INFO] [stdout] 3  | fn main() { #[allow(non_snake_case)] fn _doctest_main_src_follows_mod_rs_6_0() {
[INFO] [stdout]    |                                         ------------------------------------ this is not `async`
[INFO] [stdout] ...
[INFO] [stdout] 10 | let follow = farcaster.follow_user_by_username("dwr").await?;
[INFO] [stdout]    |                                                      ^^^^^^ only allowed inside `async` functions and blocks
[INFO] [stdout] 
[INFO] [stdout] error[E0728]: `await` is only allowed inside `async` functions and blocks
[INFO] [stdout]   --> src/follows/mod.rs:14:45
[INFO] [stdout]    |
[INFO] [stdout] 3  | fn main() { #[allow(non_snake_case)] fn _doctest_main_src_follows_mod_rs_6_0() {
[INFO] [stdout]    |                                         ------------------------------------ this is not `async`
[INFO] [stdout] ...
[INFO] [stdout] 11 | let follow = farcaster.follow_user_by_fid(0).await?;
[INFO] [stdout]    |                                             ^^^^^^ only allowed inside `async` functions and blocks
[INFO] [stdout] 
[INFO] [stdout] error[E0728]: `await` is only allowed inside `async` functions and blocks
[INFO] [stdout]   --> src/follows/mod.rs:15:60
[INFO] [stdout]    |
[INFO] [stdout] 3  | fn main() { #[allow(non_snake_case)] fn _doctest_main_src_follows_mod_rs_6_0() {
[INFO] [stdout]    |                                         ------------------------------------ this is not `async`
[INFO] [stdout] ...
[INFO] [stdout] 12 | let follow = farcaster.follow_user_by_address("0x0000....").await?;
[INFO] [stdout]    |                                                            ^^^^^^ only allowed inside `async` functions and blocks
[INFO] [stdout] 
[INFO] [stdout] error[E0277]: the `?` operator can only be used in a function that returns `Result` or `Option` (or another type that implements `FromResidual`)
[INFO] [stdout]  --> src/follows/mod.rs:9:77
[INFO] [stdout]   |
[INFO] [stdout] 3 | fn main() { #[allow(non_snake_case)] fn _doctest_main_src_follows_mod_rs_6_0() {
[INFO] [stdout]   |                                      ----------------------------------------- this function should return `Result` or `Option` to accept `?`
[INFO] [stdout] ...
[INFO] [stdout] 6 | let account: Account = Account::from_mnemonic("mnemonic phrase", None).await?;
[INFO] [stdout]   |                                                                             ^ cannot use the `?` operator in a function that returns `()`
[INFO] [stdout]   |
[INFO] [stdout]   = help: the trait `FromResidual<std::result::Result<Infallible, Box<dyn std::error::Error>>>` is not implemented for `()`
[INFO] [stdout] 
[INFO] [stdout] error[E0277]: the `?` operator can only be used in a function that returns `Result` or `Option` (or another type that implements `FromResidual`)
[INFO] [stdout]  --> src/follows/mod.rs:10:73
[INFO] [stdout]   |
[INFO] [stdout] 3 | fn main() { #[allow(non_snake_case)] fn _doctest_main_src_follows_mod_rs_6_0() {
[INFO] [stdout]   |                                      ----------------------------------------- this function should return `Result` or `Option` to accept `?`
[INFO] [stdout] ...
[INFO] [stdout] 7 | let farcaster: Farcaster = Farcaster::new("eth provider", account).await?;
[INFO] [stdout]   |                                                                         ^ cannot use the `?` operator in a function that returns `()`
[INFO] [stdout]   |
[INFO] [stdout]   = help: the trait `FromResidual<std::result::Result<Infallible, Box<dyn std::error::Error>>>` is not implemented for `()`
[INFO] [stdout] 
[INFO] [stdout] error[E0277]: the `?` operator can only be used in a function that returns `Result` or `Option` (or another type that implements `FromResidual`)
[INFO] [stdout]   --> src/follows/mod.rs:13:60
[INFO] [stdout]    |
[INFO] [stdout] 3  | fn main() { #[allow(non_snake_case)] fn _doctest_main_src_follows_mod_rs_6_0() {
[INFO] [stdout]    |                                      ----------------------------------------- this function should return `Result` or `Option` to accept `?`
[INFO] [stdout] ...
[INFO] [stdout] 10 | let follow = farcaster.follow_user_by_username("dwr").await?;
[INFO] [stdout]    |                                                            ^ cannot use the `?` operator in a function that returns `()`
[INFO] [stdout]    |
[INFO] [stdout]    = help: the trait `FromResidual<std::result::Result<Infallible, Box<dyn std::error::Error>>>` is not implemented for `()`
[INFO] [stdout] 
[INFO] [stdout] error[E0277]: the `?` operator can only be used in a function that returns `Result` or `Option` (or another type that implements `FromResidual`)
[INFO] [stdout]   --> src/follows/mod.rs:14:51
[INFO] [stdout]    |
[INFO] [stdout] 3  | fn main() { #[allow(non_snake_case)] fn _doctest_main_src_follows_mod_rs_6_0() {
[INFO] [stdout]    |                                      ----------------------------------------- this function should return `Result` or `Option` to accept `?`
[INFO] [stdout] ...
[INFO] [stdout] 11 | let follow = farcaster.follow_user_by_fid(0).await?;
[INFO] [stdout]    |                                                   ^ cannot use the `?` operator in a function that returns `()`
[INFO] [stdout]    |
[INFO] [stdout]    = help: the trait `FromResidual<std::result::Result<Infallible, Box<dyn std::error::Error>>>` is not implemented for `()`
[INFO] [stdout] 
[INFO] [stdout] error[E0277]: the `?` operator can only be used in a function that returns `Result` or `Option` (or another type that implements `FromResidual`)
[INFO] [stdout]   --> src/follows/mod.rs:15:66
[INFO] [stdout]    |
[INFO] [stdout] 3  | fn main() { #[allow(non_snake_case)] fn _doctest_main_src_follows_mod_rs_6_0() {
[INFO] [stdout]    |                                      ----------------------------------------- this function should return `Result` or `Option` to accept `?`
[INFO] [stdout] ...
[INFO] [stdout] 12 | let follow = farcaster.follow_user_by_address("0x0000....").await?;
[INFO] [stdout]    |                                                                  ^ cannot use the `?` operator in a function that returns `()`
[INFO] [stdout]    |
[INFO] [stdout]    = help: the trait `FromResidual<std::result::Result<Infallible, Box<dyn std::error::Error>>>` is not implemented for `()`
[INFO] [stdout] 
[INFO] [stdout] error: aborting due to 10 previous errors
[INFO] [stdout] 
[INFO] [stdout] Some errors have detailed explanations: E0277, E0728.
[INFO] [stdout] For more information about an error, try `rustc --explain E0277`.
[INFO] [stdout] Couldn't compile the test.
[INFO] [stdout] ---- src/follows/follow_user.rs - follows::follow_user::Farcaster::follow_user_by_address (line 64) stdout ----
[INFO] [stdout] error[E0425]: cannot find value `farcaster` in this scope
[INFO] [stdout]  --> src/follows/follow_user.rs:65:14
[INFO] [stdout]   |
[INFO] [stdout] 3 | let follow = farcaster.follow_user_by_address("0x000....").await?;
[INFO] [stdout]   |              ^^^^^^^^^ not found in this scope
[INFO] [stdout] 
[INFO] [stdout] error[E0728]: `await` is only allowed inside `async` functions and blocks
[INFO] [stdout]  --> src/follows/follow_user.rs:65:59
[INFO] [stdout]   |
[INFO] [stdout] 2 | fn main() { #[allow(non_snake_case)] fn _doctest_main_src_follows_follow_user_rs_64_0() {
[INFO] [stdout]   |                                         --------------------------------------------- this is not `async`
[INFO] [stdout] 3 | let follow = farcaster.follow_user_by_address("0x000....").await?;
[INFO] [stdout]   |                                                           ^^^^^^ only allowed inside `async` functions and blocks
[INFO] [stdout] 
[INFO] [stdout] error[E0277]: the `?` operator can only be used in a function that returns `Result` or `Option` (or another type that implements `FromResidual`)
[INFO] [stdout]  --> src/follows/follow_user.rs:65:65
[INFO] [stdout]   |
[INFO] [stdout] 2 | fn main() { #[allow(non_snake_case)] fn _doctest_main_src_follows_follow_user_rs_64_0() {
[INFO] [stdout]   |                                      -------------------------------------------------- this function should return `Result` or `Option` to accept `?`
[INFO] [stdout] 3 | let follow = farcaster.follow_user_by_address("0x000....").await?;
[INFO] [stdout]   |                                                                 ^ cannot use the `?` operator in a function that returns `()`
[INFO] [stdout]   |
[INFO] [stdout]   = help: the trait `FromResidual<_>` is not implemented for `()`
[INFO] [stdout] 
[INFO] [stdout] error: aborting due to 3 previous errors
[INFO] [stdout] 
[INFO] [stdout] Some errors have detailed explanations: E0277, E0425, E0728.
[INFO] [stdout] For more information about an error, try `rustc --explain E0277`.
[INFO] [stdout] Couldn't compile the test.
[INFO] [stdout] ---- src/follows/follow_user.rs - follows::follow_user::Farcaster::follow_user_by_fid (line 14) stdout ----
[INFO] [stdout] error[E0425]: cannot find value `farcaster` in this scope
[INFO] [stdout]  --> src/follows/follow_user.rs:15:14
[INFO] [stdout]   |
[INFO] [stdout] 3 | let follow = farcaster.follow_user_by_fid(0).await?;
[INFO] [stdout]   |              ^^^^^^^^^ not found in this scope
[INFO] [stdout] 
[INFO] [stdout] error[E0728]: `await` is only allowed inside `async` functions and blocks
[INFO] [stdout]  --> src/follows/follow_user.rs:15:45
[INFO] [stdout]   |
[INFO] [stdout] 2 | fn main() { #[allow(non_snake_case)] fn _doctest_main_src_follows_follow_user_rs_14_0() {
[INFO] [stdout]   |                                         --------------------------------------------- this is not `async`
[INFO] [stdout] 3 | let follow = farcaster.follow_user_by_fid(0).await?;
[INFO] [stdout]   |                                             ^^^^^^ only allowed inside `async` functions and blocks
[INFO] [stdout] 
[INFO] [stdout] error[E0277]: the `?` operator can only be used in a function that returns `Result` or `Option` (or another type that implements `FromResidual`)
[INFO] [stdout]  --> src/follows/follow_user.rs:15:51
[INFO] [stdout]   |
[INFO] [stdout] 2 | fn main() { #[allow(non_snake_case)] fn _doctest_main_src_follows_follow_user_rs_14_0() {
[INFO] [stdout]   |                                      -------------------------------------------------- this function should return `Result` or `Option` to accept `?`
[INFO] [stdout] 3 | let follow = farcaster.follow_user_by_fid(0).await?;
[INFO] [stdout]   |                                                   ^ cannot use the `?` operator in a function that returns `()`
[INFO] [stdout]   |
[INFO] [stdout]   = help: the trait `FromResidual<_>` is not implemented for `()`
[INFO] [stdout] 
[INFO] [stdout] error: aborting due to 3 previous errors
[INFO] [stdout] 
[INFO] [stdout] Some errors have detailed explanations: E0277, E0425, E0728.
[INFO] [stdout] For more information about an error, try `rustc --explain E0277`.
[INFO] [stdout] Couldn't compile the test.
[INFO] [stdout] ---- src/follows/follow_user.rs - follows::follow_user::Farcaster::follow_user_by_username (line 44) stdout ----
[INFO] [stdout] error[E0425]: cannot find value `farcaster` in this scope
[INFO] [stdout]  --> src/follows/follow_user.rs:45:14
[INFO] [stdout]   |
[INFO] [stdout] 3 | let follow = farcaster.follow_user_by_username("abc").await?;
[INFO] [stdout]   |              ^^^^^^^^^ not found in this scope
[INFO] [stdout] 
[INFO] [stdout] error[E0728]: `await` is only allowed inside `async` functions and blocks
[INFO] [stdout]  --> src/follows/follow_user.rs:45:54
[INFO] [stdout]   |
[INFO] [stdout] 2 | fn main() { #[allow(non_snake_case)] fn _doctest_main_src_follows_follow_user_rs_44_0() {
[INFO] [stdout]   |                                         --------------------------------------------- this is not `async`
[INFO] [stdout] 3 | let follow = farcaster.follow_user_by_username("abc").await?;
[INFO] [stdout]   |                                                      ^^^^^^ only allowed inside `async` functions and blocks
[INFO] [stdout] 
[INFO] [stdout] error[E0277]: the `?` operator can only be used in a function that returns `Result` or `Option` (or another type that implements `FromResidual`)
[INFO] [stdout]  --> src/follows/follow_user.rs:45:60
[INFO] [stdout]   |
[INFO] [stdout] 2 | fn main() { #[allow(non_snake_case)] fn _doctest_main_src_follows_follow_user_rs_44_0() {
[INFO] [stdout]   |                                      -------------------------------------------------- this function should return `Result` or `Option` to accept `?`
[INFO] [stdout] 3 | let follow = farcaster.follow_user_by_username("abc").await?;
[INFO] [stdout]   |                                                            ^ cannot use the `?` operator in a function that returns `()`
[INFO] [stdout]   |
[INFO] [stdout]   = help: the trait `FromResidual<_>` is not implemented for `()`
[INFO] [stdout] 
[INFO] [stdout] error: aborting due to 3 previous errors
[INFO] [stdout] 
[INFO] [stdout] Some errors have detailed explanations: E0277, E0425, E0728.
[INFO] [stdout] For more information about an error, try `rustc --explain E0277`.
[INFO] [stdout] Couldn't compile the test.
[INFO] [stdout] ---- src/follows/mod.rs - follows (line 45) stdout ----
[INFO] [stdout] error[E0728]: `await` is only allowed inside `async` functions and blocks
[INFO] [stdout]  --> src/follows/mod.rs:48:71
[INFO] [stdout]   |
[INFO] [stdout] 3 | fn main() { #[allow(non_snake_case)] fn _doctest_main_src_follows_mod_rs_45_0() {
[INFO] [stdout]   |                                         ------------------------------------- this is not `async`
[INFO] [stdout] ...
[INFO] [stdout] 6 | let account: Account = Account::from_mnemonic("mnemonic phrase", None).await?;
[INFO] [stdout]   |                                                                       ^^^^^^ only allowed inside `async` functions and blocks
[INFO] [stdout] 
[INFO] [stdout] error[E0728]: `await` is only allowed inside `async` functions and blocks
[INFO] [stdout]  --> src/follows/mod.rs:49:67
[INFO] [stdout]   |
[INFO] [stdout] 3 | fn main() { #[allow(non_snake_case)] fn _doctest_main_src_follows_mod_rs_45_0() {
[INFO] [stdout]   |                                         ------------------------------------- this is not `async`
[INFO] [stdout] ...
[INFO] [stdout] 7 | let farcaster: Farcaster = Farcaster::new("eth provider", account).await?;
[INFO] [stdout]   |                                                                   ^^^^^^ only allowed inside `async` functions and blocks
[INFO] [stdout] 
[INFO] [stdout] error[E0728]: `await` is only allowed inside `async` functions and blocks
[INFO] [stdout]   --> src/follows/mod.rs:52:73
[INFO] [stdout]    |
[INFO] [stdout] 3  | fn main() { #[allow(non_snake_case)] fn _doctest_main_src_follows_mod_rs_45_0() {
[INFO] [stdout]    |                                         ------------------------------------- this is not `async`
[INFO] [stdout] ...
[INFO] [stdout] 10 | let following = farcaster.get_following_by_username("jayme", None, None).await?;
[INFO] [stdout]    |                                                                         ^^^^^^ only allowed inside `async` functions and blocks
[INFO] [stdout] 
[INFO] [stdout] error[E0728]: `await` is only allowed inside `async` functions and blocks
[INFO] [stdout]   --> src/follows/mod.rs:53:62
[INFO] [stdout]    |
[INFO] [stdout] 3  | fn main() { #[allow(non_snake_case)] fn _doctest_main_src_follows_mod_rs_45_0() {
[INFO] [stdout]    |                                         ------------------------------------- this is not `async`
[INFO] [stdout] ...
[INFO] [stdout] 11 | let following = farcaster.get_following_by_fid(0, None, None).await?;
[INFO] [stdout]    |                                                              ^^^^^^ only allowed inside `async` functions and blocks
[INFO] [stdout] 
[INFO] [stdout] error[E0728]: `await` is only allowed inside `async` functions and blocks
[INFO] [stdout]   --> src/follows/mod.rs:54:76
[INFO] [stdout]    |
[INFO] [stdout] 3  | fn main() { #[allow(non_snake_case)] fn _doctest_main_src_follows_mod_rs_45_0() {
[INFO] [stdout]    |                                         ------------------------------------- this is not `async`
[INFO] [stdout] ...
[INFO] [stdout] 12 | let following = farcaster.get_following_by_address("0x000....", None, None).await?;
[INFO] [stdout]    |                                                                            ^^^^^^ only allowed inside `async` functions and blocks
[INFO] [stdout] 
[INFO] [stdout] error[E0277]: the `?` operator can only be used in a function that returns `Result` or `Option` (or another type that implements `FromResidual`)
[INFO] [stdout]  --> src/follows/mod.rs:48:77
[INFO] [stdout]   |
[INFO] [stdout] 3 | fn main() { #[allow(non_snake_case)] fn _doctest_main_src_follows_mod_rs_45_0() {
[INFO] [stdout]   |                                      ------------------------------------------ this function should return `Result` or `Option` to accept `?`
[INFO] [stdout] ...
[INFO] [stdout] 6 | let account: Account = Account::from_mnemonic("mnemonic phrase", None).await?;
[INFO] [stdout]   |                                                                             ^ cannot use the `?` operator in a function that returns `()`
[INFO] [stdout]   |
[INFO] [stdout]   = help: the trait `FromResidual<std::result::Result<Infallible, Box<dyn std::error::Error>>>` is not implemented for `()`
[INFO] [stdout] 
[INFO] [stdout] error[E0277]: the `?` operator can only be used in a function that returns `Result` or `Option` (or another type that implements `FromResidual`)
[INFO] [stdout]  --> src/follows/mod.rs:49:73
[INFO] [stdout]   |
[INFO] [stdout] 3 | fn main() { #[allow(non_snake_case)] fn _doctest_main_src_follows_mod_rs_45_0() {
[INFO] [stdout]   |                                      ------------------------------------------ this function should return `Result` or `Option` to accept `?`
[INFO] [stdout] ...
[INFO] [stdout] 7 | let farcaster: Farcaster = Farcaster::new("eth provider", account).await?;
[INFO] [stdout]   |                                                                         ^ cannot use the `?` operator in a function that returns `()`
[INFO] [stdout]   |
[INFO] [stdout]   = help: the trait `FromResidual<std::result::Result<Infallible, Box<dyn std::error::Error>>>` is not implemented for `()`
[INFO] [stdout] 
[INFO] [stdout] error[E0277]: the `?` operator can only be used in a function that returns `Result` or `Option` (or another type that implements `FromResidual`)
[INFO] [stdout]   --> src/follows/mod.rs:52:79
[INFO] [stdout]    |
[INFO] [stdout] 3  | fn main() { #[allow(non_snake_case)] fn _doctest_main_src_follows_mod_rs_45_0() {
[INFO] [stdout]    |                                      ------------------------------------------ this function should return `Result` or `Option` to accept `?`
[INFO] [stdout] ...
[INFO] [stdout] 10 | let following = farcaster.get_following_by_username("jayme", None, None).await?;
[INFO] [stdout]    |                                                                               ^ cannot use the `?` operator in a function that returns `()`
[INFO] [stdout]    |
[INFO] [stdout]    = help: the trait `FromResidual<std::result::Result<Infallible, Box<dyn std::error::Error>>>` is not implemented for `()`
[INFO] [stdout] 
[INFO] [stdout] error[E0277]: the `?` operator can only be used in a function that returns `Result` or `Option` (or another type that implements `FromResidual`)
[INFO] [stdout]   --> src/follows/mod.rs:53:68
[INFO] [stdout]    |
[INFO] [stdout] 3  | fn main() { #[allow(non_snake_case)] fn _doctest_main_src_follows_mod_rs_45_0() {
[INFO] [stdout]    |                                      ------------------------------------------ this function should return `Result` or `Option` to accept `?`
[INFO] [stdout] ...
[INFO] [stdout] 11 | let following = farcaster.get_following_by_fid(0, None, None).await?;
[INFO] [stdout]    |                                                                    ^ cannot use the `?` operator in a function that returns `()`
[INFO] [stdout]    |
[INFO] [stdout]    = help: the trait `FromResidual<std::result::Result<Infallible, Box<dyn std::error::Error>>>` is not implemented for `()`
[INFO] [stdout] 
[INFO] [stdout] error[E0277]: the `?` operator can only be used in a function that returns `Result` or `Option` (or another type that implements `FromResidual`)
[INFO] [stdout]   --> src/follows/mod.rs:54:82
[INFO] [stdout]    |
[INFO] [stdout] 3  | fn main() { #[allow(non_snake_case)] fn _doctest_main_src_follows_mod_rs_45_0() {
[INFO] [stdout]    |                                      ------------------------------------------ this function should return `Result` or `Option` to accept `?`
[INFO] [stdout] ...
[INFO] [stdout] 12 | let following = farcaster.get_following_by_address("0x000....", None, None).await?;
[INFO] [stdout]    |                                                                                  ^ cannot use the `?` operator in a function that returns `()`
[INFO] [stdout]    |
[INFO] [stdout]    = help: the trait `FromResidual<std::result::Result<Infallible, Box<dyn std::error::Error>>>` is not implemented for `()`
[INFO] [stdout] 
[INFO] [stdout] error: aborting due to 10 previous errors
[INFO] [stdout] 
[INFO] [stdout] Some errors have detailed explanations: E0277, E0728.
[INFO] [stdout] For more information about an error, try `rustc --explain E0277`.
[INFO] [stdout] Couldn't compile the test.
[INFO] [stdout] ---- src/lib.rs - (line 7) stdout ----
[INFO] [stdout] error[E0433]: failed to resolve: use of undeclared crate or module `tokio`
[INFO] [stdout]  --> src/lib.rs:14:3
[INFO] [stdout]   |
[INFO] [stdout] 9 | #[tokio::main]
[INFO] [stdout]   |   ^^^^^ use of undeclared crate or module `tokio`
[INFO] [stdout] 
[INFO] [stdout] error[E0752]: `main` function is not allowed to be `async`
[INFO] [stdout]   --> src/lib.rs:15:1
[INFO] [stdout]    |
[INFO] [stdout] 10 | async fn main() -> Result<(), Box<dyn Error>> {
[INFO] [stdout]    | ^^^^^^^^^^^^^^^^^^^^^^^^^^^^^^^^^^^^^^^^^^^^^ `main` function is not allowed to be `async`
[INFO] [stdout] 
[INFO] [stdout] error: aborting due to 2 previous errors
[INFO] [stdout] 
[INFO] [stdout] Some errors have detailed explanations: E0433, E0752.
[INFO] [stdout] For more information about an error, try `rustc --explain E0433`.
[INFO] [stdout] Couldn't compile the test.
[INFO] [stdout] ---- src/notifications/get_notifications.rs - notifications::get_notifications::Farcaster::get_notifications (line 14) stdout ----
[INFO] [stdout] error[E0425]: cannot find value `farcaster` in this scope
[INFO] [stdout]  --> src/notifications/get_notifications.rs:15:21
[INFO] [stdout]   |
[INFO] [stdout] 3 | let notifications = farcaster.get_notifications(None, None).await?;
[INFO] [stdout]   |                     ^^^^^^^^^ not found in this scope
[INFO] [stdout] 
[INFO] [stdout] error[E0728]: `await` is only allowed inside `async` functions and blocks
[INFO] [stdout]  --> src/notifications/get_notifications.rs:15:60
[INFO] [stdout]   |
[INFO] [stdout] 2 | fn main() { #[allow(non_snake_case)] fn _doctest_main_src_notifications_get_notifications_rs_14_0() {
[INFO] [stdout]   |                                         --------------------------------------------------------- this is not `async`
[INFO] [stdout] 3 | let notifications = farcaster.get_notifications(None, None).await?;
[INFO] [stdout]   |                                                            ^^^^^^ only allowed inside `async` functions and blocks
[INFO] [stdout] 
[INFO] [stdout] error[E0277]: the `?` operator can only be used in a function that returns `Result` or `Option` (or another type that implements `FromResidual`)
[INFO] [stdout]  --> src/notifications/get_notifications.rs:15:66
[INFO] [stdout]   |
[INFO] [stdout] 2 | fn main() { #[allow(non_snake_case)] fn _doctest_main_src_notifications_get_notifications_rs_14_0() {
[INFO] [stdout]   |                                      -------------------------------------------------------------- this function should return `Result` or `Option` to accept `?`
[INFO] [stdout] 3 | let notifications = farcaster.get_notifications(None, None).await?;
[INFO] [stdout]   |                                                                  ^ cannot use the `?` operator in a function that returns `()`
[INFO] [stdout]   |
[INFO] [stdout]   = help: the trait `FromResidual<_>` is not implemented for `()`
[INFO] [stdout] 
[INFO] [stdout] error: aborting due to 3 previous errors
[INFO] [stdout] 
[INFO] [stdout] Some errors have detailed explanations: E0277, E0425, E0728.
[INFO] [stdout] For more information about an error, try `rustc --explain E0277`.
[INFO] [stdout] Couldn't compile the test.
[INFO] [stdout] ---- src/reactions/mod.rs - reactions (line 28) stdout ----
[INFO] [stdout] error[E0728]: `await` is only allowed inside `async` functions and blocks
[INFO] [stdout]  --> src/reactions/mod.rs:31:71
[INFO] [stdout]   |
[INFO] [stdout] 3 | fn main() { #[allow(non_snake_case)] fn _doctest_main_src_reactions_mod_rs_28_0() {
[INFO] [stdout]   |                                         --------------------------------------- this is not `async`
[INFO] [stdout] ...
[INFO] [stdout] 6 | let account: Account = Account::from_mnemonic("mnemonic phrase", None).await?;
[INFO] [stdout]   |                                                                       ^^^^^^ only allowed inside `async` functions and blocks
[INFO] [stdout] 
[INFO] [stdout] error[E0728]: `await` is only allowed inside `async` functions and blocks
[INFO] [stdout]  --> src/reactions/mod.rs:32:67
[INFO] [stdout]   |
[INFO] [stdout] 3 | fn main() { #[allow(non_snake_case)] fn _doctest_main_src_reactions_mod_rs_28_0() {
[INFO] [stdout]   |                                         --------------------------------------- this is not `async`
[INFO] [stdout] ...
[INFO] [stdout] 7 | let farcaster: Farcaster = Farcaster::new("eth provider", account).await?;
[INFO] [stdout]   |                                                                   ^^^^^^ only allowed inside `async` functions and blocks
[INFO] [stdout] 
[INFO] [stdout] error[E0728]: `await` is only allowed inside `async` functions and blocks
[INFO] [stdout]   --> src/reactions/mod.rs:35:60
[INFO] [stdout]    |
[INFO] [stdout] 3  | fn main() { #[allow(non_snake_case)] fn _doctest_main_src_reactions_mod_rs_28_0() {
[INFO] [stdout]    |                                         --------------------------------------- this is not `async`
[INFO] [stdout] ...
[INFO] [stdout] 10 | let likes = farcaster.delete_like_by_cast_hash("cast hash").await?;
[INFO] [stdout]    |                                                            ^^^^^^ only allowed inside `async` functions and blocks
[INFO] [stdout] 
[INFO] [stdout] error[E0277]: the `?` operator can only be used in a function that returns `Result` or `Option` (or another type that implements `FromResidual`)
[INFO] [stdout]  --> src/reactions/mod.rs:31:77
[INFO] [stdout]   |
[INFO] [stdout] 3 | fn main() { #[allow(non_snake_case)] fn _doctest_main_src_reactions_mod_rs_28_0() {
[INFO] [stdout]   |                                      -------------------------------------------- this function should return `Result` or `Option` to accept `?`
[INFO] [stdout] ...
[INFO] [stdout] 6 | let account: Account = Account::from_mnemonic("mnemonic phrase", None).await?;
[INFO] [stdout]   |                                                                             ^ cannot use the `?` operator in a function that returns `()`
[INFO] [stdout]   |
[INFO] [stdout]   = help: the trait `FromResidual<std::result::Result<Infallible, Box<dyn std::error::Error>>>` is not implemented for `()`
[INFO] [stdout] 
[INFO] [stdout] error[E0277]: the `?` operator can only be used in a function that returns `Result` or `Option` (or another type that implements `FromResidual`)
[INFO] [stdout]  --> src/reactions/mod.rs:32:73
[INFO] [stdout]   |
[INFO] [stdout] 3 | fn main() { #[allow(non_snake_case)] fn _doctest_main_src_reactions_mod_rs_28_0() {
[INFO] [stdout]   |                                      -------------------------------------------- this function should return `Result` or `Option` to accept `?`
[INFO] [stdout] ...
[INFO] [stdout] 7 | let farcaster: Farcaster = Farcaster::new("eth provider", account).await?;
[INFO] [stdout]   |                                                                         ^ cannot use the `?` operator in a function that returns `()`
[INFO] [stdout]   |
[INFO] [stdout]   = help: the trait `FromResidual<std::result::Result<Infallible, Box<dyn std::error::Error>>>` is not implemented for `()`
[INFO] [stdout] 
[INFO] [stdout] error[E0277]: the `?` operator can only be used in a function that returns `Result` or `Option` (or another type that implements `FromResidual`)
[INFO] [stdout]   --> src/reactions/mod.rs:35:66
[INFO] [stdout]    |
[INFO] [stdout] 3  | fn main() { #[allow(non_snake_case)] fn _doctest_main_src_reactions_mod_rs_28_0() {
[INFO] [stdout]    |                                      -------------------------------------------- this function should return `Result` or `Option` to accept `?`
[INFO] [stdout] ...
[INFO] [stdout] 10 | let likes = farcaster.delete_like_by_cast_hash("cast hash").await?;
[INFO] [stdout]    |                                                                  ^ cannot use the `?` operator in a function that returns `()`
[INFO] [stdout]    |
[INFO] [stdout]    = help: the trait `FromResidual<std::result::Result<Infallible, Box<dyn std::error::Error>>>` is not implemented for `()`
[INFO] [stdout] 
[INFO] [stdout] error: aborting due to 6 previous errors
[INFO] [stdout] 
[INFO] [stdout] Some errors have detailed explanations: E0277, E0728.
[INFO] [stdout] For more information about an error, try `rustc --explain E0277`.
[INFO] [stdout] Couldn't compile the test.
[INFO] [stdout] ---- src/notifications/mod.rs - notifications (line 6) stdout ----
[INFO] [stdout] error[E0728]: `await` is only allowed inside `async` functions and blocks
[INFO] [stdout]  --> src/notifications/mod.rs:9:71
[INFO] [stdout]   |
[INFO] [stdout] 3 | fn main() { #[allow(non_snake_case)] fn _doctest_main_src_notifications_mod_rs_6_0() {
[INFO] [stdout]   |                                         ------------------------------------------ this is not `async`
[INFO] [stdout] ...
[INFO] [stdout] 6 | let account: Account = Account::from_mnemonic("mnemonic phrase", None).await?;
[INFO] [stdout]   |                                                                       ^^^^^^ only allowed inside `async` functions and blocks
[INFO] [stdout] 
[INFO] [stdout] error[E0728]: `await` is only allowed inside `async` functions and blocks
[INFO] [stdout]  --> src/notifications/mod.rs:10:67
[INFO] [stdout]   |
[INFO] [stdout] 3 | fn main() { #[allow(non_snake_case)] fn _doctest_main_src_notifications_mod_rs_6_0() {
[INFO] [stdout]   |                                         ------------------------------------------ this is not `async`
[INFO] [stdout] ...
[INFO] [stdout] 7 | let farcaster: Farcaster = Farcaster::new("eth provider", account).await?;
[INFO] [stdout]   |                                                                   ^^^^^^ only allowed inside `async` functions and blocks
[INFO] [stdout] 
[INFO] [stdout] error[E0728]: `await` is only allowed inside `async` functions and blocks
[INFO] [stdout]   --> src/notifications/mod.rs:13:60
[INFO] [stdout]    |
[INFO] [stdout] 3  | fn main() { #[allow(non_snake_case)] fn _doctest_main_src_notifications_mod_rs_6_0() {
[INFO] [stdout]    |                                         ------------------------------------------ this is not `async`
[INFO] [stdout] ...
[INFO] [stdout] 10 | let notifications = farcaster.get_notifications(None, None).await?;
[INFO] [stdout]    |                                                            ^^^^^^ only allowed inside `async` functions and blocks
[INFO] [stdout] 
[INFO] [stdout] error[E0277]: the `?` operator can only be used in a function that returns `Result` or `Option` (or another type that implements `FromResidual`)
[INFO] [stdout]  --> src/notifications/mod.rs:9:77
[INFO] [stdout]   |
[INFO] [stdout] 3 | fn main() { #[allow(non_snake_case)] fn _doctest_main_src_notifications_mod_rs_6_0() {
[INFO] [stdout]   |                                      ----------------------------------------------- this function should return `Result` or `Option` to accept `?`
[INFO] [stdout] ...
[INFO] [stdout] 6 | let account: Account = Account::from_mnemonic("mnemonic phrase", None).await?;
[INFO] [stdout]   |                                                                             ^ cannot use the `?` operator in a function that returns `()`
[INFO] [stdout]   |
[INFO] [stdout]   = help: the trait `FromResidual<std::result::Result<Infallible, Box<dyn std::error::Error>>>` is not implemented for `()`
[INFO] [stdout] 
[INFO] [stdout] error[E0277]: the `?` operator can only be used in a function that returns `Result` or `Option` (or another type that implements `FromResidual`)
[INFO] [stdout]  --> src/notifications/mod.rs:10:73
[INFO] [stdout]   |
[INFO] [stdout] 3 | fn main() { #[allow(non_snake_case)] fn _doctest_main_src_notifications_mod_rs_6_0() {
[INFO] [stdout]   |                                      ----------------------------------------------- this function should return `Result` or `Option` to accept `?`
[INFO] [stdout] ...
[INFO] [stdout] 7 | let farcaster: Farcaster = Farcaster::new("eth provider", account).await?;
[INFO] [stdout]   |                                                                         ^ cannot use the `?` operator in a function that returns `()`
[INFO] [stdout]   |
[INFO] [stdout]   = help: the trait `FromResidual<std::result::Result<Infallible, Box<dyn std::error::Error>>>` is not implemented for `()`
[INFO] [stdout] 
[INFO] [stdout] error[E0277]: the `?` operator can only be used in a function that returns `Result` or `Option` (or another type that implements `FromResidual`)
[INFO] [stdout]   --> src/notifications/mod.rs:13:66
[INFO] [stdout]    |
[INFO] [stdout] 3  | fn main() { #[allow(non_snake_case)] fn _doctest_main_src_notifications_mod_rs_6_0() {
[INFO] [stdout]    |                                      ----------------------------------------------- this function should return `Result` or `Option` to accept `?`
[INFO] [stdout] ...
[INFO] [stdout] 10 | let notifications = farcaster.get_notifications(None, None).await?;
[INFO] [stdout]    |                                                                  ^ cannot use the `?` operator in a function that returns `()`
[INFO] [stdout]    |
[INFO] [stdout]    = help: the trait `FromResidual<std::result::Result<Infallible, Box<dyn std::error::Error>>>` is not implemented for `()`
[INFO] [stdout] 
[INFO] [stdout] error: aborting due to 6 previous errors
[INFO] [stdout] 
[INFO] [stdout] Some errors have detailed explanations: E0277, E0728.
[INFO] [stdout] For more information about an error, try `rustc --explain E0277`.
[INFO] [stdout] Couldn't compile the test.
[INFO] [stdout] ---- src/reactions/mod.rs - reactions (line 39) stdout ----
[INFO] [stdout] error[E0728]: `await` is only allowed inside `async` functions and blocks
[INFO] [stdout]  --> src/reactions/mod.rs:42:71
[INFO] [stdout]   |
[INFO] [stdout] 3 | fn main() { #[allow(non_snake_case)] fn _doctest_main_src_reactions_mod_rs_39_0() {
[INFO] [stdout]   |                                         --------------------------------------- this is not `async`
[INFO] [stdout] ...
[INFO] [stdout] 6 | let account: Account = Account::from_mnemonic("mnemonic phrase", None).await?;
[INFO] [stdout]   |                                                                       ^^^^^^ only allowed inside `async` functions and blocks
[INFO] [stdout] 
[INFO] [stdout] error[E0728]: `await` is only allowed inside `async` functions and blocks
[INFO] [stdout]  --> src/reactions/mod.rs:43:67
[INFO] [stdout]   |
[INFO] [stdout] 3 | fn main() { #[allow(non_snake_case)] fn _doctest_main_src_reactions_mod_rs_39_0() {
[INFO] [stdout]   |                                         --------------------------------------- this is not `async`
[INFO] [stdout] ...
[INFO] [stdout] 7 | let farcaster: Farcaster = Farcaster::new("eth provider", account).await?;
[INFO] [stdout]   |                                                                   ^^^^^^ only allowed inside `async` functions and blocks
[INFO] [stdout] 
[INFO] [stdout] error[E0728]: `await` is only allowed inside `async` functions and blocks
[INFO] [stdout]   --> src/reactions/mod.rs:46:78
[INFO] [stdout]    |
[INFO] [stdout] 3  | fn main() { #[allow(non_snake_case)] fn _doctest_main_src_reactions_mod_rs_39_0() {
[INFO] [stdout]    |                                         --------------------------------------- this is not `async`
[INFO] [stdout] ...
[INFO] [stdout] 10 | let recasters = farcaster.get_recasters_by_cast_hash("cast hash", None, None).await?;
[INFO] [stdout]    |                                                                              ^^^^^^ only allowed inside `async` functions and blocks
[INFO] [stdout] 
[INFO] [stdout] error[E0277]: the `?` operator can only be used in a function that returns `Result` or `Option` (or another type that implements `FromResidual`)
[INFO] [stdout]  --> src/reactions/mod.rs:42:77
[INFO] [stdout]   |
[INFO] [stdout] 3 | fn main() { #[allow(non_snake_case)] fn _doctest_main_src_reactions_mod_rs_39_0() {
[INFO] [stdout]   |                                      -------------------------------------------- this function should return `Result` or `Option` to accept `?`
[INFO] [stdout] ...
[INFO] [stdout] 6 | let account: Account = Account::from_mnemonic("mnemonic phrase", None).await?;
[INFO] [stdout]   |                                                                             ^ cannot use the `?` operator in a function that returns `()`
[INFO] [stdout]   |
[INFO] [stdout]   = help: the trait `FromResidual<std::result::Result<Infallible, Box<dyn std::error::Error>>>` is not implemented for `()`
[INFO] [stdout] 
[INFO] [stdout] error[E0277]: the `?` operator can only be used in a function that returns `Result` or `Option` (or another type that implements `FromResidual`)
[INFO] [stdout]  --> src/reactions/mod.rs:43:73
[INFO] [stdout]   |
[INFO] [stdout] 3 | fn main() { #[allow(non_snake_case)] fn _doctest_main_src_reactions_mod_rs_39_0() {
[INFO] [stdout]   |                                      -------------------------------------------- this function should return `Result` or `Option` to accept `?`
[INFO] [stdout] ...
[INFO] [stdout] 7 | let farcaster: Farcaster = Farcaster::new("eth provider", account).await?;
[INFO] [stdout]   |                                                                         ^ cannot use the `?` operator in a function that returns `()`
[INFO] [stdout]   |
[INFO] [stdout]   = help: the trait `FromResidual<std::result::Result<Infallible, Box<dyn std::error::Error>>>` is not implemented for `()`
[INFO] [stdout] 
[INFO] [stdout] error[E0277]: the `?` operator can only be used in a function that returns `Result` or `Option` (or another type that implements `FromResidual`)
[INFO] [stdout]   --> src/reactions/mod.rs:46:84
[INFO] [stdout]    |
[INFO] [stdout] 3  | fn main() { #[allow(non_snake_case)] fn _doctest_main_src_reactions_mod_rs_39_0() {
[INFO] [stdout]    |                                      -------------------------------------------- this function should return `Result` or `Option` to accept `?`
[INFO] [stdout] ...
[INFO] [stdout] 10 | let recasters = farcaster.get_recasters_by_cast_hash("cast hash", None, None).await?;
[INFO] [stdout]    |                                                                                    ^ cannot use the `?` operator in a function that returns `()`
[INFO] [stdout]    |
[INFO] [stdout]    = help: the trait `FromResidual<std::result::Result<Infallible, Box<dyn std::error::Error>>>` is not implemented for `()`
[INFO] [stdout] 
[INFO] [stdout] error: aborting due to 6 previous errors
[INFO] [stdout] 
[INFO] [stdout] Some errors have detailed explanations: E0277, E0728.
[INFO] [stdout] For more information about an error, try `rustc --explain E0277`.
[INFO] [stdout] Couldn't compile the test.
[INFO] [stdout] ---- src/reactions/mod.rs - reactions (line 17) stdout ----
[INFO] [stdout] error[E0728]: `await` is only allowed inside `async` functions and blocks
[INFO] [stdout]  --> src/reactions/mod.rs:20:71
[INFO] [stdout]   |
[INFO] [stdout] 3 | fn main() { #[allow(non_snake_case)] fn _doctest_main_src_reactions_mod_rs_17_0() {
[INFO] [stdout]   |                                         --------------------------------------- this is not `async`
[INFO] [stdout] ...
[INFO] [stdout] 6 | let account: Account = Account::from_mnemonic("mnemonic phrase", None).await?;
[INFO] [stdout]   |                                                                       ^^^^^^ only allowed inside `async` functions and blocks
[INFO] [stdout] 
[INFO] [stdout] error[E0728]: `await` is only allowed inside `async` functions and blocks
[INFO] [stdout]  --> src/reactions/mod.rs:21:67
[INFO] [stdout]   |
[INFO] [stdout] 3 | fn main() { #[allow(non_snake_case)] fn _doctest_main_src_reactions_mod_rs_17_0() {
[INFO] [stdout]   |                                         --------------------------------------- this is not `async`
[INFO] [stdout] ...
[INFO] [stdout] 7 | let farcaster: Farcaster = Farcaster::new("eth provider", account).await?;
[INFO] [stdout]   |                                                                   ^^^^^^ only allowed inside `async` functions and blocks
[INFO] [stdout] 
[INFO] [stdout] error[E0728]: `await` is only allowed inside `async` functions and blocks
[INFO] [stdout]   --> src/reactions/mod.rs:24:70
[INFO] [stdout]    |
[INFO] [stdout] 3  | fn main() { #[allow(non_snake_case)] fn _doctest_main_src_reactions_mod_rs_17_0() {
[INFO] [stdout]    |                                         --------------------------------------- this is not `async`
[INFO] [stdout] ...
[INFO] [stdout] 10 | let likes = farcaster.get_likes_by_cast_hash("cast_hash", None, None).await?;
[INFO] [stdout]    |                                                                      ^^^^^^ only allowed inside `async` functions and blocks
[INFO] [stdout] 
[INFO] [stdout] error[E0277]: the `?` operator can only be used in a function that returns `Result` or `Option` (or another type that implements `FromResidual`)
[INFO] [stdout]  --> src/reactions/mod.rs:20:77
[INFO] [stdout]   |
[INFO] [stdout] 3 | fn main() { #[allow(non_snake_case)] fn _doctest_main_src_reactions_mod_rs_17_0() {
[INFO] [stdout]   |                                      -------------------------------------------- this function should return `Result` or `Option` to accept `?`
[INFO] [stdout] ...
[INFO] [stdout] 6 | let account: Account = Account::from_mnemonic("mnemonic phrase", None).await?;
[INFO] [stdout]   |                                                                             ^ cannot use the `?` operator in a function that returns `()`
[INFO] [stdout]   |
[INFO] [stdout]   = help: the trait `FromResidual<std::result::Result<Infallible, Box<dyn std::error::Error>>>` is not implemented for `()`
[INFO] [stdout] 
[INFO] [stdout] error[E0277]: the `?` operator can only be used in a function that returns `Result` or `Option` (or another type that implements `FromResidual`)
[INFO] [stdout]  --> src/reactions/mod.rs:21:73
[INFO] [stdout]   |
[INFO] [stdout] 3 | fn main() { #[allow(non_snake_case)] fn _doctest_main_src_reactions_mod_rs_17_0() {
[INFO] [stdout]   |                                      -------------------------------------------- this function should return `Result` or `Option` to accept `?`
[INFO] [stdout] ...
[INFO] [stdout] 7 | let farcaster: Farcaster = Farcaster::new("eth provider", account).await?;
[INFO] [stdout]   |                                                                         ^ cannot use the `?` operator in a function that returns `()`
[INFO] [stdout]   |
[INFO] [stdout]   = help: the trait `FromResidual<std::result::Result<Infallible, Box<dyn std::error::Error>>>` is not implemented for `()`
[INFO] [stdout] 
[INFO] [stdout] error[E0277]: the `?` operator can only be used in a function that returns `Result` or `Option` (or another type that implements `FromResidual`)
[INFO] [stdout]   --> src/reactions/mod.rs:24:76
[INFO] [stdout]    |
[INFO] [stdout] 3  | fn main() { #[allow(non_snake_case)] fn _doctest_main_src_reactions_mod_rs_17_0() {
[INFO] [stdout]    |                                      -------------------------------------------- this function should return `Result` or `Option` to accept `?`
[INFO] [stdout] ...
[INFO] [stdout] 10 | let likes = farcaster.get_likes_by_cast_hash("cast_hash", None, None).await?;
[INFO] [stdout]    |                                                                            ^ cannot use the `?` operator in a function that returns `()`
[INFO] [stdout]    |
[INFO] [stdout]    = help: the trait `FromResidual<std::result::Result<Infallible, Box<dyn std::error::Error>>>` is not implemented for `()`
[INFO] [stdout] 
[INFO] [stdout] error: aborting due to 6 previous errors
[INFO] [stdout] 
[INFO] [stdout] Some errors have detailed explanations: E0277, E0728.
[INFO] [stdout] For more information about an error, try `rustc --explain E0277`.
[INFO] [stdout] Couldn't compile the test.
[INFO] [stdout] ---- src/reactions/mod.rs - reactions (line 61) stdout ----
[INFO] [stdout] error[E0728]: `await` is only allowed inside `async` functions and blocks
[INFO] [stdout]  --> src/reactions/mod.rs:64:71
[INFO] [stdout]   |
[INFO] [stdout] 3 | fn main() { #[allow(non_snake_case)] fn _doctest_main_src_reactions_mod_rs_61_0() {
[INFO] [stdout]   |                                         --------------------------------------- this is not `async`
[INFO] [stdout] ...
[INFO] [stdout] 6 | let account: Account = Account::from_mnemonic("mnemonic phrase", None).await?;
[INFO] [stdout]   |                                                                       ^^^^^^ only allowed inside `async` functions and blocks
[INFO] [stdout] 
[INFO] [stdout] error[E0728]: `await` is only allowed inside `async` functions and blocks
[INFO] [stdout]  --> src/reactions/mod.rs:65:67
[INFO] [stderr] error: doctest failed, to rerun pass `--doc`
[INFO] [stdout]   |
[INFO] [stdout] 3 | fn main() { #[allow(non_snake_case)] fn _doctest_main_src_reactions_mod_rs_61_0() {
[INFO] [stdout]   |                                         --------------------------------------- this is not `async`
[INFO] [stdout] ...
[INFO] [stdout] 7 | let farcaster: Farcaster = Farcaster::new("eth provider", account).await?;
[INFO] [stdout]   |                                                                   ^^^^^^ only allowed inside `async` functions and blocks
[INFO] [stdout] 
[INFO] [stdout] error[E0728]: `await` is only allowed inside `async` functions and blocks
[INFO] [stdout]   --> src/reactions/mod.rs:68:63
[INFO] [stdout]    |
[INFO] [stdout] 3  | fn main() { #[allow(non_snake_case)] fn _doctest_main_src_reactions_mod_rs_61_0() {
[INFO] [stdout]    |                                         --------------------------------------- this is not `async`
[INFO] [stdout] ...
[INFO] [stdout] 10 | let delete = farcaster.delete_recast_by_cast_hash("cast hash").await?;
[INFO] [stdout]    |                                                               ^^^^^^ only allowed inside `async` functions and blocks
[INFO] [stdout] 
[INFO] [stdout] error[E0277]: the `?` operator can only be used in a function that returns `Result` or `Option` (or another type that implements `FromResidual`)
[INFO] [stdout]  --> src/reactions/mod.rs:64:77
[INFO] [stdout]   |
[INFO] [stdout] 3 | fn main() { #[allow(non_snake_case)] fn _doctest_main_src_reactions_mod_rs_61_0() {
[INFO] [stdout]   |                                      -------------------------------------------- this function should return `Result` or `Option` to accept `?`
[INFO] [stdout] ...
[INFO] [stdout] 6 | let account: Account = Account::from_mnemonic("mnemonic phrase", None).await?;
[INFO] [stdout]   |                                                                             ^ cannot use the `?` operator in a function that returns `()`
[INFO] [stdout]   |
[INFO] [stdout]   = help: the trait `FromResidual<std::result::Result<Infallible, Box<dyn std::error::Error>>>` is not implemented for `()`
[INFO] [stdout] 
[INFO] [stdout] error[E0277]: the `?` operator can only be used in a function that returns `Result` or `Option` (or another type that implements `FromResidual`)
[INFO] [stdout]  --> src/reactions/mod.rs:65:73
[INFO] [stdout]   |
[INFO] [stdout] 3 | fn main() { #[allow(non_snake_case)] fn _doctest_main_src_reactions_mod_rs_61_0() {
[INFO] [stdout]   |                                      -------------------------------------------- this function should return `Result` or `Option` to accept `?`
[INFO] [stdout] ...
[INFO] [stdout] 7 | let farcaster: Farcaster = Farcaster::new("eth provider", account).await?;
[INFO] [stdout]   |                                                                         ^ cannot use the `?` operator in a function that returns `()`
[INFO] [stdout]   |
[INFO] [stdout]   = help: the trait `FromResidual<std::result::Result<Infallible, Box<dyn std::error::Error>>>` is not implemented for `()`
[INFO] [stdout] 
[INFO] [stdout] error[E0277]: the `?` operator can only be used in a function that returns `Result` or `Option` (or another type that implements `FromResidual`)
[INFO] [stdout]   --> src/reactions/mod.rs:68:69
[INFO] [stdout]    |
[INFO] [stdout] 3  | fn main() { #[allow(non_snake_case)] fn _doctest_main_src_reactions_mod_rs_61_0() {
[INFO] [stdout]    |                                      -------------------------------------------- this function should return `Result` or `Option` to accept `?`
[INFO] [stdout] ...
[INFO] [stdout] 10 | let delete = farcaster.delete_recast_by_cast_hash("cast hash").await?;
[INFO] [stdout]    |                                                                     ^ cannot use the `?` operator in a function that returns `()`
[INFO] [stdout]    |
[INFO] [stdout]    = help: the trait `FromResidual<std::result::Result<Infallible, Box<dyn std::error::Error>>>` is not implemented for `()`
[INFO] [stdout] 
[INFO] [stdout] error: aborting due to 6 previous errors
[INFO] [stdout] 
[INFO] [stdout] Some errors have detailed explanations: E0277, E0728.
[INFO] [stdout] For more information about an error, try `rustc --explain E0277`.
[INFO] [stdout] Couldn't compile the test.
[INFO] [stdout] ---- src/reactions/mod.rs - reactions (line 6) stdout ----
[INFO] [stdout] error[E0728]: `await` is only allowed inside `async` functions and blocks
[INFO] [stdout]  --> src/reactions/mod.rs:9:71
[INFO] [stdout]   |
[INFO] [stdout] 3 | fn main() { #[allow(non_snake_case)] fn _doctest_main_src_reactions_mod_rs_6_0() {
[INFO] [stdout]   |                                         -------------------------------------- this is not `async`
[INFO] [stdout] ...
[INFO] [stdout] 6 | let account: Account = Account::from_mnemonic("mnemonic phrase", None).await?;
[INFO] [stdout]   |                                                                       ^^^^^^ only allowed inside `async` functions and blocks
[INFO] [stdout] 
[INFO] [stdout] error[E0728]: `await` is only allowed inside `async` functions and blocks
[INFO] [stdout]  --> src/reactions/mod.rs:10:67
[INFO] [stdout]   |
[INFO] [stdout] 3 | fn main() { #[allow(non_snake_case)] fn _doctest_main_src_reactions_mod_rs_6_0() {
[INFO] [stdout]   |                                         -------------------------------------- this is not `async`
[INFO] [stdout] ...
[INFO] [stdout] 7 | let farcaster: Farcaster = Farcaster::new("eth provider", account).await?;
[INFO] [stdout]   |                                                                   ^^^^^^ only allowed inside `async` functions and blocks
[INFO] [stdout] 
[INFO] [stdout] error[E0728]: `await` is only allowed inside `async` functions and blocks
[INFO] [stdout]   --> src/reactions/mod.rs:13:57
[INFO] [stdout]    |
[INFO] [stdout] 3  | fn main() { #[allow(non_snake_case)] fn _doctest_main_src_reactions_mod_rs_6_0() {
[INFO] [stdout]    |                                         -------------------------------------- this is not `async`
[INFO] [stdout] ...
[INFO] [stdout] 10 | let like = farcaster.like_cast_by_cast_hash("cast hash").await?;
[INFO] [stdout]    |                                                         ^^^^^^ only allowed inside `async` functions and blocks
[INFO] [stdout] 
[INFO] [stdout] error[E0277]: the `?` operator can only be used in a function that returns `Result` or `Option` (or another type that implements `FromResidual`)
[INFO] [stdout]  --> src/reactions/mod.rs:9:77
[INFO] [stdout]   |
[INFO] [stdout] 3 | fn main() { #[allow(non_snake_case)] fn _doctest_main_src_reactions_mod_rs_6_0() {
[INFO] [stdout]   |                                      ------------------------------------------- this function should return `Result` or `Option` to accept `?`
[INFO] [stdout] ...
[INFO] [stdout] 6 | let account: Account = Account::from_mnemonic("mnemonic phrase", None).await?;
[INFO] [stdout]   |                                                                             ^ cannot use the `?` operator in a function that returns `()`
[INFO] [stdout]   |
[INFO] [stdout]   = help: the trait `FromResidual<std::result::Result<Infallible, Box<dyn std::error::Error>>>` is not implemented for `()`
[INFO] [stdout] 
[INFO] [stdout] error[E0277]: the `?` operator can only be used in a function that returns `Result` or `Option` (or another type that implements `FromResidual`)
[INFO] [stdout]  --> src/reactions/mod.rs:10:73
[INFO] [stdout]   |
[INFO] [stdout] 3 | fn main() { #[allow(non_snake_case)] fn _doctest_main_src_reactions_mod_rs_6_0() {
[INFO] [stdout]   |                                      ------------------------------------------- this function should return `Result` or `Option` to accept `?`
[INFO] [stdout] ...
[INFO] [stdout] 7 | let farcaster: Farcaster = Farcaster::new("eth provider", account).await?;
[INFO] [stdout]   |                                                                         ^ cannot use the `?` operator in a function that returns `()`
[INFO] [stdout]   |
[INFO] [stdout]   = help: the trait `FromResidual<std::result::Result<Infallible, Box<dyn std::error::Error>>>` is not implemented for `()`
[INFO] [stdout] 
[INFO] [stdout] error[E0277]: the `?` operator can only be used in a function that returns `Result` or `Option` (or another type that implements `FromResidual`)
[INFO] [stdout]   --> src/reactions/mod.rs:13:63
[INFO] [stdout]    |
[INFO] [stdout] 3  | fn main() { #[allow(non_snake_case)] fn _doctest_main_src_reactions_mod_rs_6_0() {
[INFO] [stdout]    |                                      ------------------------------------------- this function should return `Result` or `Option` to accept `?`
[INFO] [stdout] ...
[INFO] [stdout] 10 | let like = farcaster.like_cast_by_cast_hash("cast hash").await?;
[INFO] [stdout]    |                                                               ^ cannot use the `?` operator in a function that returns `()`
[INFO] [stdout]    |
[INFO] [stdout]    = help: the trait `FromResidual<std::result::Result<Infallible, Box<dyn std::error::Error>>>` is not implemented for `()`
[INFO] [stdout] 
[INFO] [stdout] error: aborting due to 6 previous errors
[INFO] [stdout] 
[INFO] [stdout] Some errors have detailed explanations: E0277, E0728.
[INFO] [stdout] For more information about an error, try `rustc --explain E0277`.
[INFO] [stdout] Couldn't compile the test.
[INFO] [stdout] ---- src/reactions/delete_recast.rs - reactions::delete_recast::Farcaster::delete_recast_by_cast_hash (line 14) stdout ----
[INFO] [stdout] error[E0425]: cannot find value `farcaster` in this scope
[INFO] [stdout]  --> src/reactions/delete_recast.rs:15:14
[INFO] [stdout]   |
[INFO] [stdout] 3 | let delete = farcaster.delete_recast_by_cast_hash("cast hash").await?;
[INFO] [stdout]   |              ^^^^^^^^^ not found in this scope
[INFO] [stdout] 
[INFO] [stdout] error[E0728]: `await` is only allowed inside `async` functions and blocks
[INFO] [stdout]  --> src/reactions/delete_recast.rs:15:63
[INFO] [stdout]   |
[INFO] [stdout] 2 | fn main() { #[allow(non_snake_case)] fn _doctest_main_src_reactions_delete_recast_rs_14_0() {
[INFO] [stdout]   |                                         ------------------------------------------------- this is not `async`
[INFO] [stdout] 3 | let delete = farcaster.delete_recast_by_cast_hash("cast hash").await?;
[INFO] [stdout]   |                                                               ^^^^^^ only allowed inside `async` functions and blocks
[INFO] [stdout] 
[INFO] [stdout] error[E0277]: the `?` operator can only be used in a function that returns `Result` or `Option` (or another type that implements `FromResidual`)
[INFO] [stdout]  --> src/reactions/delete_recast.rs:15:69
[INFO] [stdout]   |
[INFO] [stdout] 2 | fn main() { #[allow(non_snake_case)] fn _doctest_main_src_reactions_delete_recast_rs_14_0() {
[INFO] [stdout]   |                                      ------------------------------------------------------ this function should return `Result` or `Option` to accept `?`
[INFO] [stdout] 3 | let delete = farcaster.delete_recast_by_cast_hash("cast hash").await?;
[INFO] [stdout]   |                                                                     ^ cannot use the `?` operator in a function that returns `()`
[INFO] [stdout]   |
[INFO] [stdout]   = help: the trait `FromResidual<_>` is not implemented for `()`
[INFO] [stdout] 
[INFO] [stdout] error: aborting due to 3 previous errors
[INFO] [stdout] 
[INFO] [stdout] Some errors have detailed explanations: E0277, E0425, E0728.
[INFO] [stdout] For more information about an error, try `rustc --explain E0277`.
[INFO] [stdout] Couldn't compile the test.
[INFO] [stdout] ---- src/reactions/mod.rs - reactions (line 50) stdout ----
[INFO] [stdout] error[E0728]: `await` is only allowed inside `async` functions and blocks
[INFO] [stdout]  --> src/reactions/mod.rs:53:71
[INFO] [stdout]   |
[INFO] [stdout] 3 | fn main() { #[allow(non_snake_case)] fn _doctest_main_src_reactions_mod_rs_50_0() {
[INFO] [stdout]   |                                         --------------------------------------- this is not `async`
[INFO] [stdout] ...
[INFO] [stdout] 6 | let account: Account = Account::from_mnemonic("mnemonic phrase", None).await?;
[INFO] [stdout]   |                                                                       ^^^^^^ only allowed inside `async` functions and blocks
[INFO] [stdout] 
[INFO] [stdout] error[E0728]: `await` is only allowed inside `async` functions and blocks
[INFO] [stdout]  --> src/reactions/mod.rs:54:67
[INFO] [stdout]   |
[INFO] [stdout] 3 | fn main() { #[allow(non_snake_case)] fn _doctest_main_src_reactions_mod_rs_50_0() {
[INFO] [stdout]   |                                         --------------------------------------- this is not `async`
[INFO] [stdout] ...
[INFO] [stdout] 7 | let farcaster: Farcaster = Farcaster::new("eth provider", account).await?;
[INFO] [stdout]   |                                                                   ^^^^^^ only allowed inside `async` functions and blocks
[INFO] [stdout] 
[INFO] [stdout] error[E0728]: `await` is only allowed inside `async` functions and blocks
[INFO] [stdout]   --> src/reactions/mod.rs:57:56
[INFO] [stdout]    |
[INFO] [stdout] 3  | fn main() { #[allow(non_snake_case)] fn _doctest_main_src_reactions_mod_rs_50_0() {
[INFO] [stdout]    |                                         --------------------------------------- this is not `async`
[INFO] [stdout] ...
[INFO] [stdout] 10 | let recast = farcaster.recast_by_cast_hash("cast hash").await?;
[INFO] [stdout]    |                                                        ^^^^^^ only allowed inside `async` functions and blocks
[INFO] [stdout] 
[INFO] [stdout] error[E0277]: the `?` operator can only be used in a function that returns `Result` or `Option` (or another type that implements `FromResidual`)
[INFO] [stdout]  --> src/reactions/mod.rs:53:77
[INFO] [stdout]   |
[INFO] [stdout] 3 | fn main() { #[allow(non_snake_case)] fn _doctest_main_src_reactions_mod_rs_50_0() {
[INFO] [stdout]   |                                      -------------------------------------------- this function should return `Result` or `Option` to accept `?`
[INFO] [stdout] ...
[INFO] [stdout] 6 | let account: Account = Account::from_mnemonic("mnemonic phrase", None).await?;
[INFO] [stdout]   |                                                                             ^ cannot use the `?` operator in a function that returns `()`
[INFO] [stdout]   |
[INFO] [stdout]   = help: the trait `FromResidual<std::result::Result<Infallible, Box<dyn std::error::Error>>>` is not implemented for `()`
[INFO] [stdout] 
[INFO] [stdout] error[E0277]: the `?` operator can only be used in a function that returns `Result` or `Option` (or another type that implements `FromResidual`)
[INFO] [stdout]  --> src/reactions/mod.rs:54:73
[INFO] [stdout]   |
[INFO] [stdout] 3 | fn main() { #[allow(non_snake_case)] fn _doctest_main_src_reactions_mod_rs_50_0() {
[INFO] [stdout]   |                                      -------------------------------------------- this function should return `Result` or `Option` to accept `?`
[INFO] [stdout] ...
[INFO] [stdout] 7 | let farcaster: Farcaster = Farcaster::new("eth provider", account).await?;
[INFO] [stdout]   |                                                                         ^ cannot use the `?` operator in a function that returns `()`
[INFO] [stdout]   |
[INFO] [stdout]   = help: the trait `FromResidual<std::result::Result<Infallible, Box<dyn std::error::Error>>>` is not implemented for `()`
[INFO] [stdout] 
[INFO] [stdout] error[E0277]: the `?` operator can only be used in a function that returns `Result` or `Option` (or another type that implements `FromResidual`)
[INFO] [stdout]   --> src/reactions/mod.rs:57:62
[INFO] [stdout]    |
[INFO] [stdout] 3  | fn main() { #[allow(non_snake_case)] fn _doctest_main_src_reactions_mod_rs_50_0() {
[INFO] [stdout]    |                                      -------------------------------------------- this function should return `Result` or `Option` to accept `?`
[INFO] [stdout] ...
[INFO] [stdout] 10 | let recast = farcaster.recast_by_cast_hash("cast hash").await?;
[INFO] [stdout]    |                                                              ^ cannot use the `?` operator in a function that returns `()`
[INFO] [stdout]    |
[INFO] [stdout]    = help: the trait `FromResidual<std::result::Result<Infallible, Box<dyn std::error::Error>>>` is not implemented for `()`
[INFO] [stdout] 
[INFO] [stdout] error: aborting due to 6 previous errors
[INFO] [stdout] 
[INFO] [stdout] Some errors have detailed explanations: E0277, E0728.
[INFO] [stdout] For more information about an error, try `rustc --explain E0277`.
[INFO] [stdout] Couldn't compile the test.
[INFO] [stdout] ---- src/reactions/get_recasters.rs - reactions::get_recasters::Farcaster::get_recasters_by_cast_hash (line 15) stdout ----
[INFO] [stdout] error[E0425]: cannot find value `farcaster` in this scope
[INFO] [stdout]  --> src/reactions/get_recasters.rs:16:17
[INFO] [stdout]   |
[INFO] [stdout] 3 | let recasters = farcaster.get_recasters.by_cast_hash("cast hash", None, None).await?;
[INFO] [stdout]   |                 ^^^^^^^^^ not found in this scope
[INFO] [stdout] 
[INFO] [stdout] error[E0728]: `await` is only allowed inside `async` functions and blocks
[INFO] [stdout]  --> src/reactions/get_recasters.rs:16:78
[INFO] [stdout]   |
[INFO] [stdout] 2 | fn main() { #[allow(non_snake_case)] fn _doctest_main_src_reactions_get_recasters_rs_15_0() {
[INFO] [stdout]   |                                         ------------------------------------------------- this is not `async`
[INFO] [stdout] 3 | let recasters = farcaster.get_recasters.by_cast_hash("cast hash", None, None).await?;
[INFO] [stdout]   |                                                                              ^^^^^^ only allowed inside `async` functions and blocks
[INFO] [stdout] 
[INFO] [stdout] error[E0277]: the `?` operator can only be used in a function that returns `Result` or `Option` (or another type that implements `FromResidual`)
[INFO] [stdout]  --> src/reactions/get_recasters.rs:16:84
[INFO] [stdout]   |
[INFO] [stdout] 2 | fn main() { #[allow(non_snake_case)] fn _doctest_main_src_reactions_get_recasters_rs_15_0() {
[INFO] [stdout]   |                                      ------------------------------------------------------ this function should return `Result` or `Option` to accept `?`
[INFO] [stdout] 3 | let recasters = farcaster.get_recasters.by_cast_hash("cast hash", None, None).await?;
[INFO] [stdout]   |                                                                                    ^ cannot use the `?` operator in a function that returns `()`
[INFO] [stdout]   |
[INFO] [stdout]   = help: the trait `FromResidual<_>` is not implemented for `()`
[INFO] [stdout] 
[INFO] [stdout] error: aborting due to 3 previous errors
[INFO] [stdout] 
[INFO] [stdout] Some errors have detailed explanations: E0277, E0425, E0728.
[INFO] [stdout] For more information about an error, try `rustc --explain E0277`.
[INFO] [stdout] Couldn't compile the test.
[INFO] [stdout] ---- src/reactions/like_cast.rs - reactions::like_cast::Farcaster::like_cast_by_cast_hash (line 14) stdout ----
[INFO] [stdout] error[E0425]: cannot find value `farcaster` in this scope
[INFO] [stdout]  --> src/reactions/like_cast.rs:15:1
[INFO] [stdout]   |
[INFO] [stdout] 3 | farcaster.like_cast_by_cast_hash("cast hash").await?;
[INFO] [stdout]   | ^^^^^^^^^ not found in this scope
[INFO] [stdout] 
[INFO] [stdout] error[E0728]: `await` is only allowed inside `async` functions and blocks
[INFO] [stdout]  --> src/reactions/like_cast.rs:15:46
[INFO] [stdout]   |
[INFO] [stdout] 2 | fn main() { #[allow(non_snake_case)] fn _doctest_main_src_reactions_like_cast_rs_14_0() {
[INFO] [stdout]   |                                         --------------------------------------------- this is not `async`
[INFO] [stdout] 3 | farcaster.like_cast_by_cast_hash("cast hash").await?;
[INFO] [stdout]   |                                              ^^^^^^ only allowed inside `async` functions and blocks
[INFO] [stdout] 
[INFO] [stdout] error[E0277]: the `?` operator can only be used in a function that returns `Result` or `Option` (or another type that implements `FromResidual`)
[INFO] [stdout]  --> src/reactions/like_cast.rs:15:52
[INFO] [stdout]   |
[INFO] [stdout] 2 | fn main() { #[allow(non_snake_case)] fn _doctest_main_src_reactions_like_cast_rs_14_0() {
[INFO] [stdout]   |                                      -------------------------------------------------- this function should return `Result` or `Option` to accept `?`
[INFO] [stdout] 3 | farcaster.like_cast_by_cast_hash("cast hash").await?;
[INFO] [stdout]   |                                                    ^ cannot use the `?` operator in a function that returns `()`
[INFO] [stdout]   |
[INFO] [stdout]   = help: the trait `FromResidual<_>` is not implemented for `()`
[INFO] [stdout] 
[INFO] [stdout] error: aborting due to 3 previous errors
[INFO] [stdout] 
[INFO] [stdout] Some errors have detailed explanations: E0277, E0425, E0728.
[INFO] [stdout] For more information about an error, try `rustc --explain E0277`.
[INFO] [stdout] Couldn't compile the test.
[INFO] [stdout] ---- src/users/mod.rs - users (line 19) stdout ----
[INFO] [stdout] error[E0728]: `await` is only allowed inside `async` functions and blocks
[INFO] [stdout]  --> src/users/mod.rs:22:71
[INFO] [stdout]   |
[INFO] [stdout] 3 | fn main() { #[allow(non_snake_case)] fn _doctest_main_src_users_mod_rs_19_0() {
[INFO] [stdout]   |                                         ----------------------------------- this is not `async`
[INFO] [stdout] ...
[INFO] [stdout] 6 | let account: Account = Account::from_mnemonic("mnemonic phrase", None).await?;
[INFO] [stdout]   |                                                                       ^^^^^^ only allowed inside `async` functions and blocks
[INFO] [stdout] 
[INFO] [stdout] error[E0728]: `await` is only allowed inside `async` functions and blocks
[INFO] [stdout]  --> src/users/mod.rs:23:67
[INFO] [stdout]   |
[INFO] [stdout] 3 | fn main() { #[allow(non_snake_case)] fn _doctest_main_src_users_mod_rs_19_0() {
[INFO] [stdout]   |                                         ----------------------------------- this is not `async`
[INFO] [stdout] ...
[INFO] [stdout] 7 | let farcaster: Farcaster = Farcaster::new("eth provider", account).await?;
[INFO] [stdout]   |                                                                   ^^^^^^ only allowed inside `async` functions and blocks
[INFO] [stdout] 
[INFO] [stdout] error[E0728]: `await` is only allowed inside `async` functions and blocks
[INFO] [stdout]   --> src/users/mod.rs:26:69
[INFO] [stdout]    |
[INFO] [stdout] 3  | fn main() { #[allow(non_snake_case)] fn _doctest_main_src_users_mod_rs_19_0() {
[INFO] [stdout]    |                                         ----------------------------------- this is not `async`
[INFO] [stdout] ...
[INFO] [stdout] 10 | let custody_address = farcaster.get_custody_address_by_username("v").await?;
[INFO] [stdout]    |                                                                     ^^^^^^ only allowed inside `async` functions and blocks
[INFO] [stdout] 
[INFO] [stdout] error[E0728]: `await` is only allowed inside `async` functions and blocks
[INFO] [stdout]   --> src/users/mod.rs:27:62
[INFO] [stdout]    |
[INFO] [stdout] 3  | fn main() { #[allow(non_snake_case)] fn _doctest_main_src_users_mod_rs_19_0() {
[INFO] [stdout]    |                                         ----------------------------------- this is not `async`
[INFO] [stdout] ...
[INFO] [stdout] 11 | let custody_address = farcaster.get_custody_address_by_fid(0).await?;
[INFO] [stdout]    |                                                              ^^^^^^ only allowed inside `async` functions and blocks
[INFO] [stdout] 
[INFO] [stdout] error[E0728]: `await` is only allowed inside `async` functions and blocks
[INFO] [stdout]   --> src/users/mod.rs:28:73
[INFO] [stdout]    |
[INFO] [stdout] 3  | fn main() { #[allow(non_snake_case)] fn _doctest_main_src_users_mod_rs_19_0() {
[INFO] [stdout]    |                                         ----------------------------------- this is not `async`
[INFO] [stdout] ...
[INFO] [stdout] 12 | let custody_address = farcaster.get_custody_address_by_address("0x0000").await?;
[INFO] [stdout]    |                                                                         ^^^^^^ only allowed inside `async` functions and blocks
[INFO] [stdout] 
[INFO] [stdout] error[E0277]: the `?` operator can only be used in a function that returns `Result` or `Option` (or another type that implements `FromResidual`)
[INFO] [stdout]  --> src/users/mod.rs:22:77
[INFO] [stdout]   |
[INFO] [stdout] 3 | fn main() { #[allow(non_snake_case)] fn _doctest_main_src_users_mod_rs_19_0() {
[INFO] [stdout]   |                                      ---------------------------------------- this function should return `Result` or `Option` to accept `?`
[INFO] [stdout] ...
[INFO] [stdout] 6 | let account: Account = Account::from_mnemonic("mnemonic phrase", None).await?;
[INFO] [stdout]   |                                                                             ^ cannot use the `?` operator in a function that returns `()`
[INFO] [stdout]   |
[INFO] [stdout]   = help: the trait `FromResidual<std::result::Result<Infallible, Box<dyn std::error::Error>>>` is not implemented for `()`
[INFO] [stdout] 
[INFO] [stdout] error[E0277]: the `?` operator can only be used in a function that returns `Result` or `Option` (or another type that implements `FromResidual`)
[INFO] [stdout]  --> src/users/mod.rs:23:73
[INFO] [stdout]   |
[INFO] [stdout] 3 | fn main() { #[allow(non_snake_case)] fn _doctest_main_src_users_mod_rs_19_0() {
[INFO] [stdout]   |                                      ---------------------------------------- this function should return `Result` or `Option` to accept `?`
[INFO] [stdout] ...
[INFO] [stdout] 7 | let farcaster: Farcaster = Farcaster::new("eth provider", account).await?;
[INFO] [stdout]   |                                                                         ^ cannot use the `?` operator in a function that returns `()`
[INFO] [stdout]   |
[INFO] [stdout]   = help: the trait `FromResidual<std::result::Result<Infallible, Box<dyn std::error::Error>>>` is not implemented for `()`
[INFO] [stdout] 
[INFO] [stdout] error[E0277]: the `?` operator can only be used in a function that returns `Result` or `Option` (or another type that implements `FromResidual`)
[INFO] [stdout]   --> src/users/mod.rs:26:75
[INFO] [stdout]    |
[INFO] [stdout] 3  | fn main() { #[allow(non_snake_case)] fn _doctest_main_src_users_mod_rs_19_0() {
[INFO] [stdout]    |                                      ---------------------------------------- this function should return `Result` or `Option` to accept `?`
[INFO] [stdout] ...
[INFO] [stdout] 10 | let custody_address = farcaster.get_custody_address_by_username("v").await?;
[INFO] [stdout]    |                                                                           ^ cannot use the `?` operator in a function that returns `()`
[INFO] [stdout]    |
[INFO] [stdout]    = help: the trait `FromResidual<std::result::Result<Infallible, Box<dyn std::error::Error>>>` is not implemented for `()`
[INFO] [stdout] 
[INFO] [stdout] error[E0277]: the `?` operator can only be used in a function that returns `Result` or `Option` (or another type that implements `FromResidual`)
[INFO] [stdout]   --> src/users/mod.rs:27:68
[INFO] [stdout]    |
[INFO] [stdout] 3  | fn main() { #[allow(non_snake_case)] fn _doctest_main_src_users_mod_rs_19_0() {
[INFO] [stdout]    |                                      ---------------------------------------- this function should return `Result` or `Option` to accept `?`
[INFO] [stdout] ...
[INFO] [stdout] 11 | let custody_address = farcaster.get_custody_address_by_fid(0).await?;
[INFO] [stdout]    |                                                                    ^ cannot use the `?` operator in a function that returns `()`
[INFO] [stdout]    |
[INFO] [stdout]    = help: the trait `FromResidual<std::result::Result<Infallible, Box<dyn std::error::Error>>>` is not implemented for `()`
[INFO] [stdout] 
[INFO] [stdout] error[E0277]: the `?` operator can only be used in a function that returns `Result` or `Option` (or another type that implements `FromResidual`)
[INFO] [stdout]   --> src/users/mod.rs:28:79
[INFO] [stdout]    |
[INFO] [stdout] 3  | fn main() { #[allow(non_snake_case)] fn _doctest_main_src_users_mod_rs_19_0() {
[INFO] [stdout]    |                                      ---------------------------------------- this function should return `Result` or `Option` to accept `?`
[INFO] [stdout] ...
[INFO] [stdout] 12 | let custody_address = farcaster.get_custody_address_by_address("0x0000").await?;
[INFO] [stdout]    |                                                                               ^ cannot use the `?` operator in a function that returns `()`
[INFO] [stdout]    |
[INFO] [stdout]    = help: the trait `FromResidual<std::result::Result<Infallible, Box<dyn std::error::Error>>>` is not implemented for `()`
[INFO] [stdout] 
[INFO] [stdout] error: aborting due to 10 previous errors
[INFO] [stdout] 
[INFO] [stdout] Some errors have detailed explanations: E0277, E0728.
[INFO] [stdout] For more information about an error, try `rustc --explain E0277`.
[INFO] [stdout] Couldn't compile the test.
[INFO] [stdout] ---- src/reactions/get_likes.rs - reactions::get_likes::Farcaster::get_likes_by_cast_hash (line 15) stdout ----
[INFO] [stdout] error[E0425]: cannot find value `farcaster` in this scope
[INFO] [stdout]  --> src/reactions/get_likes.rs:16:1
[INFO] [stdout]   |
[INFO] [stdout] 3 | farcaster.get_likes_by_cast_hash("cast hash", None, None).await?;
[INFO] [stdout]   | ^^^^^^^^^ not found in this scope
[INFO] [stdout] 
[INFO] [stdout] error[E0728]: `await` is only allowed inside `async` functions and blocks
[INFO] [stdout]  --> src/reactions/get_likes.rs:16:58
[INFO] [stdout]   |
[INFO] [stdout] 2 | fn main() { #[allow(non_snake_case)] fn _doctest_main_src_reactions_get_likes_rs_15_0() {
[INFO] [stdout]   |                                         --------------------------------------------- this is not `async`
[INFO] [stdout] 3 | farcaster.get_likes_by_cast_hash("cast hash", None, None).await?;
[INFO] [stdout]   |                                                          ^^^^^^ only allowed inside `async` functions and blocks
[INFO] [stdout] 
[INFO] [stdout] error[E0277]: the `?` operator can only be used in a function that returns `Result` or `Option` (or another type that implements `FromResidual`)
[INFO] [stdout]  --> src/reactions/get_likes.rs:16:64
[INFO] [stdout]   |
[INFO] [stdout] 2 | fn main() { #[allow(non_snake_case)] fn _doctest_main_src_reactions_get_likes_rs_15_0() {
[INFO] [stdout]   |                                      -------------------------------------------------- this function should return `Result` or `Option` to accept `?`
[INFO] [stdout] 3 | farcaster.get_likes_by_cast_hash("cast hash", None, None).await?;
[INFO] [stdout]   |                                                                ^ cannot use the `?` operator in a function that returns `()`
[INFO] [stdout]   |
[INFO] [stdout]   = help: the trait `FromResidual<_>` is not implemented for `()`
[INFO] [stdout] 
[INFO] [stdout] error: aborting due to 3 previous errors
[INFO] [stdout] 
[INFO] [stdout] Some errors have detailed explanations: E0277, E0425, E0728.
[INFO] [stdout] For more information about an error, try `rustc --explain E0277`.
[INFO] [stdout] Couldn't compile the test.
[INFO] [stdout] ---- src/users/mod.rs - users (line 32) stdout ----
[INFO] [stdout] error[E0728]: `await` is only allowed inside `async` functions and blocks
[INFO] [stdout]  --> src/users/mod.rs:35:71
[INFO] [stdout]   |
[INFO] [stdout] 3 | fn main() { #[allow(non_snake_case)] fn _doctest_main_src_users_mod_rs_32_0() {
[INFO] [stdout]   |                                         ----------------------------------- this is not `async`
[INFO] [stdout] ...
[INFO] [stdout] 6 | let account: Account = Account::from_mnemonic("mnemonic phrase", None).await?;
[INFO] [stdout]   |                                                                       ^^^^^^ only allowed inside `async` functions and blocks
[INFO] [stdout] 
[INFO] [stdout] error[E0728]: `await` is only allowed inside `async` functions and blocks
[INFO] [stdout]  --> src/users/mod.rs:36:67
[INFO] [stdout]   |
[INFO] [stdout] 3 | fn main() { #[allow(non_snake_case)] fn _doctest_main_src_users_mod_rs_32_0() {
[INFO] [stdout]   |                                         ----------------------------------- this is not `async`
[INFO] [stdout] ...
[INFO] [stdout] 7 | let farcaster: Farcaster = Farcaster::new("eth provider", account).await?;
[INFO] [stdout]   |                                                                   ^^^^^^ only allowed inside `async` functions and blocks
[INFO] [stdout] 
[INFO] [stdout] error[E0728]: `await` is only allowed inside `async` functions and blocks
[INFO] [stdout]   --> src/users/mod.rs:39:28
[INFO] [stdout]    |
[INFO] [stdout] 3  | fn main() { #[allow(non_snake_case)] fn _doctest_main_src_users_mod_rs_32_0() {
[INFO] [stdout]    |                                         ----------------------------------- this is not `async`
[INFO] [stdout] ...
[INFO] [stdout] 10 | let me = farcaster.get_me().await?;
[INFO] [stdout]    |                            ^^^^^^ only allowed inside `async` functions and blocks
[INFO] [stdout] 
[INFO] [stdout] error[E0277]: the `?` operator can only be used in a function that returns `Result` or `Option` (or another type that implements `FromResidual`)
[INFO] [stdout]  --> src/users/mod.rs:35:77
[INFO] [stdout]   |
[INFO] [stdout] 3 | fn main() { #[allow(non_snake_case)] fn _doctest_main_src_users_mod_rs_32_0() {
[INFO] [stdout]   |                                      ---------------------------------------- this function should return `Result` or `Option` to accept `?`
[INFO] [stdout] ...
[INFO] [stdout] 6 | let account: Account = Account::from_mnemonic("mnemonic phrase", None).await?;
[INFO] [stdout]   |                                                                             ^ cannot use the `?` operator in a function that returns `()`
[INFO] [stdout]   |
[INFO] [stdout]   = help: the trait `FromResidual<std::result::Result<Infallible, Box<dyn std::error::Error>>>` is not implemented for `()`
[INFO] [stdout] 
[INFO] [stdout] error[E0277]: the `?` operator can only be used in a function that returns `Result` or `Option` (or another type that implements `FromResidual`)
[INFO] [stdout]  --> src/users/mod.rs:36:73
[INFO] [stdout]   |
[INFO] [stdout] 3 | fn main() { #[allow(non_snake_case)] fn _doctest_main_src_users_mod_rs_32_0() {
[INFO] [stdout]   |                                      ---------------------------------------- this function should return `Result` or `Option` to accept `?`
[INFO] [stdout] ...
[INFO] [stdout] 7 | let farcaster: Farcaster = Farcaster::new("eth provider", account).await?;
[INFO] [stdout]   |                                                                         ^ cannot use the `?` operator in a function that returns `()`
[INFO] [stdout]   |
[INFO] [stdout]   = help: the trait `FromResidual<std::result::Result<Infallible, Box<dyn std::error::Error>>>` is not implemented for `()`
[INFO] [stdout] 
[INFO] [stdout] error[E0277]: the `?` operator can only be used in a function that returns `Result` or `Option` (or another type that implements `FromResidual`)
[INFO] [stdout]   --> src/users/mod.rs:39:34
[INFO] [stdout]    |
[INFO] [stdout] 3  | fn main() { #[allow(non_snake_case)] fn _doctest_main_src_users_mod_rs_32_0() {
[INFO] [stdout]    |                                      ---------------------------------------- this function should return `Result` or `Option` to accept `?`
[INFO] [stdout] ...
[INFO] [stdout] 10 | let me = farcaster.get_me().await?;
[INFO] [stdout]    |                                  ^ cannot use the `?` operator in a function that returns `()`
[INFO] [stdout]    |
[INFO] [stdout]    = help: the trait `FromResidual<std::result::Result<Infallible, Box<dyn std::error::Error>>>` is not implemented for `()`
[INFO] [stdout] 
[INFO] [stdout] error: aborting due to 6 previous errors
[INFO] [stdout] 
[INFO] [stdout] Some errors have detailed explanations: E0277, E0728.
[INFO] [stdout] For more information about an error, try `rustc --explain E0277`.
[INFO] [stdout] Couldn't compile the test.
[INFO] [stdout] ---- src/reactions/delete_like.rs - reactions::delete_like::Farcaster::delete_like_by_cast_hash (line 14) stdout ----
[INFO] [stdout] error[E0425]: cannot find value `farcaster` in this scope
[INFO] [stdout]  --> src/reactions/delete_like.rs:15:1
[INFO] [stdout]   |
[INFO] [stdout] 3 | farcaster.delete_like_by_cast_hash("cast hash").await?;
[INFO] [stdout]   | ^^^^^^^^^ not found in this scope
[INFO] [stdout] 
[INFO] [stdout] error[E0728]: `await` is only allowed inside `async` functions and blocks
[INFO] [stdout]  --> src/reactions/delete_like.rs:15:48
[INFO] [stdout]   |
[INFO] [stdout] 2 | fn main() { #[allow(non_snake_case)] fn _doctest_main_src_reactions_delete_like_rs_14_0() {
[INFO] [stdout]   |                                         ----------------------------------------------- this is not `async`
[INFO] [stdout] 3 | farcaster.delete_like_by_cast_hash("cast hash").await?;
[INFO] [stdout]   |                                                ^^^^^^ only allowed inside `async` functions and blocks
[INFO] [stdout] 
[INFO] [stdout] error[E0277]: the `?` operator can only be used in a function that returns `Result` or `Option` (or another type that implements `FromResidual`)
[INFO] [stdout]  --> src/reactions/delete_like.rs:15:54
[INFO] [stdout]   |
[INFO] [stdout] 2 | fn main() { #[allow(non_snake_case)] fn _doctest_main_src_reactions_delete_like_rs_14_0() {
[INFO] [stdout]   |                                      ---------------------------------------------------- this function should return `Result` or `Option` to accept `?`
[INFO] [stdout] 3 | farcaster.delete_like_by_cast_hash("cast hash").await?;
[INFO] [stdout]   |                                                      ^ cannot use the `?` operator in a function that returns `()`
[INFO] [stdout]   |
[INFO] [stdout]   = help: the trait `FromResidual<_>` is not implemented for `()`
[INFO] [stdout] 
[INFO] [stdout] error: aborting due to 3 previous errors
[INFO] [stdout] 
[INFO] [stdout] Some errors have detailed explanations: E0277, E0425, E0728.
[INFO] [stdout] For more information about an error, try `rustc --explain E0277`.
[INFO] [stdout] Couldn't compile the test.
[INFO] [stdout] ---- src/verifications/mod.rs - verifications (line 6) stdout ----
[INFO] [stdout] error[E0728]: `await` is only allowed inside `async` functions and blocks
[INFO] [stdout]  --> src/verifications/mod.rs:9:71
[INFO] [stdout]   |
[INFO] [stdout] 3 | fn main() { #[allow(non_snake_case)] fn _doctest_main_src_verifications_mod_rs_6_0() {
[INFO] [stdout]   |                                         ------------------------------------------ this is not `async`
[INFO] [stdout] ...
[INFO] [stdout] 6 | let account: Account = Account::from_mnemonic("mnemonic phrase", None).await?;
[INFO] [stdout]   |                                                                       ^^^^^^ only allowed inside `async` functions and blocks
[INFO] [stdout] 
[INFO] [stdout] error[E0728]: `await` is only allowed inside `async` functions and blocks
[INFO] [stdout]  --> src/verifications/mod.rs:10:67
[INFO] [stdout]   |
[INFO] [stdout] 3 | fn main() { #[allow(non_snake_case)] fn _doctest_main_src_verifications_mod_rs_6_0() {
[INFO] [stdout]   |                                         ------------------------------------------ this is not `async`
[INFO] [stdout] ...
[INFO] [stdout] 7 | let farcaster: Farcaster = Farcaster::new("eth provider", account).await?;
[INFO] [stdout]   |                                                                   ^^^^^^ only allowed inside `async` functions and blocks
[INFO] [stdout] 
[INFO] [stdout] error[E0728]: `await` is only allowed inside `async` functions and blocks
[INFO] [stdout]   --> src/verifications/mod.rs:13:59
[INFO] [stdout]    |
[INFO] [stdout] 3  | fn main() { #[allow(non_snake_case)] fn _doctest_main_src_verifications_mod_rs_6_0() {
[INFO] [stdout]    |                                         ------------------------------------------ this is not `async`
[INFO] [stdout] ...
[INFO] [stdout] 10 | let verif = farcaster.get_verifications_by_username("giu").await?;
[INFO] [stdout]    |                                                           ^^^^^^ only allowed inside `async` functions and blocks
[INFO] [stdout] 
[INFO] [stdout] error[E0728]: `await` is only allowed inside `async` functions and blocks
[INFO] [stdout]   --> src/verifications/mod.rs:14:63
[INFO] [stdout]    |
[INFO] [stdout] 3  | fn main() { #[allow(non_snake_case)] fn _doctest_main_src_verifications_mod_rs_6_0() {
[INFO] [stdout]    |                                         ------------------------------------------ this is not `async`
[INFO] [stdout] ...
[INFO] [stdout] 11 | let verif = farcaster.get_verifications_by_address("0x000...").await?;
[INFO] [stdout]    |                                                               ^^^^^^ only allowed inside `async` functions and blocks
[INFO] [stdout] 
[INFO] [stdout] error[E0728]: `await` is only allowed inside `async` functions and blocks
[INFO] [stdout]   --> src/verifications/mod.rs:15:50
[INFO] [stdout]    |
[INFO] [stdout] 3  | fn main() { #[allow(non_snake_case)] fn _doctest_main_src_verifications_mod_rs_6_0() {
[INFO] [stdout]    |                                         ------------------------------------------ this is not `async`
[INFO] [stdout] ...
[INFO] [stdout] 12 | let verif = farcaster.get_verifications_by_fid(0).await?;
[INFO] [stdout]    |                                                  ^^^^^^ only allowed inside `async` functions and blocks
[INFO] [stdout] 
[INFO] [stdout] error[E0277]: the `?` operator can only be used in a function that returns `Result` or `Option` (or another type that implements `FromResidual`)
[INFO] [stdout]  --> src/verifications/mod.rs:9:77
[INFO] [stdout]   |
[INFO] [stdout] 3 | fn main() { #[allow(non_snake_case)] fn _doctest_main_src_verifications_mod_rs_6_0() {
[INFO] [stdout]   |                                      ----------------------------------------------- this function should return `Result` or `Option` to accept `?`
[INFO] [stdout] ...
[INFO] [stdout] 6 | let account: Account = Account::from_mnemonic("mnemonic phrase", None).await?;
[INFO] [stdout]   |                                                                             ^ cannot use the `?` operator in a function that returns `()`
[INFO] [stdout]   |
[INFO] [stdout]   = help: the trait `FromResidual<std::result::Result<Infallible, Box<dyn std::error::Error>>>` is not implemented for `()`
[INFO] [stdout] 
[INFO] [stdout] error[E0277]: the `?` operator can only be used in a function that returns `Result` or `Option` (or another type that implements `FromResidual`)
[INFO] [stdout]  --> src/verifications/mod.rs:10:73
[INFO] [stdout]   |
[INFO] [stdout] 3 | fn main() { #[allow(non_snake_case)] fn _doctest_main_src_verifications_mod_rs_6_0() {
[INFO] [stdout]   |                                      ----------------------------------------------- this function should return `Result` or `Option` to accept `?`
[INFO] [stdout] ...
[INFO] [stdout] 7 | let farcaster: Farcaster = Farcaster::new("eth provider", account).await?;
[INFO] [stdout]   |                                                                         ^ cannot use the `?` operator in a function that returns `()`
[INFO] [stdout]   |
[INFO] [stdout]   = help: the trait `FromResidual<std::result::Result<Infallible, Box<dyn std::error::Error>>>` is not implemented for `()`
[INFO] [stdout] 
[INFO] [stdout] error[E0277]: the `?` operator can only be used in a function that returns `Result` or `Option` (or another type that implements `FromResidual`)
[INFO] [stdout]   --> src/verifications/mod.rs:13:65
[INFO] [stdout]    |
[INFO] [stdout] 3  | fn main() { #[allow(non_snake_case)] fn _doctest_main_src_verifications_mod_rs_6_0() {
[INFO] [stdout]    |                                      ----------------------------------------------- this function should return `Result` or `Option` to accept `?`
[INFO] [stdout] ...
[INFO] [stdout] 10 | let verif = farcaster.get_verifications_by_username("giu").await?;
[INFO] [stdout]    |                                                                 ^ cannot use the `?` operator in a function that returns `()`
[INFO] [stdout]    |
[INFO] [stdout]    = help: the trait `FromResidual<std::result::Result<Infallible, Box<dyn std::error::Error>>>` is not implemented for `()`
[INFO] [stdout] 
[INFO] [stdout] error[E0277]: the `?` operator can only be used in a function that returns `Result` or `Option` (or another type that implements `FromResidual`)
[INFO] [stdout]   --> src/verifications/mod.rs:14:69
[INFO] [stdout]    |
[INFO] [stdout] 3  | fn main() { #[allow(non_snake_case)] fn _doctest_main_src_verifications_mod_rs_6_0() {
[INFO] [stdout]    |                                      ----------------------------------------------- this function should return `Result` or `Option` to accept `?`
[INFO] [stdout] ...
[INFO] [stdout] 11 | let verif = farcaster.get_verifications_by_address("0x000...").await?;
[INFO] [stdout]    |                                                                     ^ cannot use the `?` operator in a function that returns `()`
[INFO] [stdout]    |
[INFO] [stdout]    = help: the trait `FromResidual<std::result::Result<Infallible, Box<dyn std::error::Error>>>` is not implemented for `()`
[INFO] [stdout] 
[INFO] [stdout] error[E0277]: the `?` operator can only be used in a function that returns `Result` or `Option` (or another type that implements `FromResidual`)
[INFO] [stdout]   --> src/verifications/mod.rs:15:56
[INFO] [stdout]    |
[INFO] [stdout] 3  | fn main() { #[allow(non_snake_case)] fn _doctest_main_src_verifications_mod_rs_6_0() {
[INFO] [stdout]    |                                      ----------------------------------------------- this function should return `Result` or `Option` to accept `?`
[INFO] [stdout] ...
[INFO] [stdout] 12 | let verif = farcaster.get_verifications_by_fid(0).await?;
[INFO] [stdout]    |                                                        ^ cannot use the `?` operator in a function that returns `()`
[INFO] [stdout]    |
[INFO] [stdout]    = help: the trait `FromResidual<std::result::Result<Infallible, Box<dyn std::error::Error>>>` is not implemented for `()`
[INFO] [stdout] 
[INFO] [stdout] error: aborting due to 10 previous errors
[INFO] [stdout] 
[INFO] [stdout] Some errors have detailed explanations: E0277, E0728.
[INFO] [stdout] For more information about an error, try `rustc --explain E0277`.
[INFO] [stdout] Couldn't compile the test.
[INFO] [stdout] ---- src/reactions/recast.rs - reactions::recast::Farcaster::recast_by_cast_hash (line 14) stdout ----
[INFO] [stdout] error[E0425]: cannot find value `farcaster` in this scope
[INFO] [stdout]  --> src/reactions/recast.rs:15:14
[INFO] [stdout]   |
[INFO] [stdout] 3 | let recast = farcaster.recast_by_cast_hash("cast hash").await?;
[INFO] [stdout]   |              ^^^^^^^^^ not found in this scope
[INFO] [stdout] 
[INFO] [stdout] error[E0728]: `await` is only allowed inside `async` functions and blocks
[INFO] [stdout]  --> src/reactions/recast.rs:15:56
[INFO] [stdout]   |
[INFO] [stdout] 2 | fn main() { #[allow(non_snake_case)] fn _doctest_main_src_reactions_recast_rs_14_0() {
[INFO] [stdout]   |                                         ------------------------------------------ this is not `async`
[INFO] [stdout] 3 | let recast = farcaster.recast_by_cast_hash("cast hash").await?;
[INFO] [stdout]   |                                                        ^^^^^^ only allowed inside `async` functions and blocks
[INFO] [stdout] 
[INFO] [stdout] error[E0277]: the `?` operator can only be used in a function that returns `Result` or `Option` (or another type that implements `FromResidual`)
[INFO] [stdout]  --> src/reactions/recast.rs:15:62
[INFO] [stdout]   |
[INFO] [stdout] 2 | fn main() { #[allow(non_snake_case)] fn _doctest_main_src_reactions_recast_rs_14_0() {
[INFO] [stdout]   |                                      ----------------------------------------------- this function should return `Result` or `Option` to accept `?`
[INFO] [stdout] 3 | let recast = farcaster.recast_by_cast_hash("cast hash").await?;
[INFO] [stdout]   |                                                              ^ cannot use the `?` operator in a function that returns `()`
[INFO] [stdout]   |
[INFO] [stdout]   = help: the trait `FromResidual<_>` is not implemented for `()`
[INFO] [stdout] 
[INFO] [stdout] error: aborting due to 3 previous errors
[INFO] [stdout] 
[INFO] [stdout] Some errors have detailed explanations: E0277, E0425, E0728.
[INFO] [stdout] For more information about an error, try `rustc --explain E0277`.
[INFO] [stdout] Couldn't compile the test.
[INFO] [stdout] ---- src/users/mod.rs - users (line 6) stdout ----
[INFO] [stdout] error[E0728]: `await` is only allowed inside `async` functions and blocks
[INFO] [stdout]  --> src/users/mod.rs:9:71
[INFO] [stdout]   |
[INFO] [stdout] 3 | fn main() { #[allow(non_snake_case)] fn _doctest_main_src_users_mod_rs_6_0() {
[INFO] [stdout]   |                                         ---------------------------------- this is not `async`
[INFO] [stdout] ...
[INFO] [stdout] 6 | let account: Account = Account::from_mnemonic("mnemonic phrase", None).await?;
[INFO] [stdout]   |                                                                       ^^^^^^ only allowed inside `async` functions and blocks
[INFO] [stdout] 
[INFO] [stdout] error[E0728]: `await` is only allowed inside `async` functions and blocks
[INFO] [stdout]  --> src/users/mod.rs:10:67
[INFO] [stdout]   |
[INFO] [stdout] 3 | fn main() { #[allow(non_snake_case)] fn _doctest_main_src_users_mod_rs_6_0() {
[INFO] [stdout]   |                                         ---------------------------------- this is not `async`
[INFO] [stdout] ...
[INFO] [stdout] 7 | let farcaster: Farcaster = Farcaster::new("eth provider", account).await?;
[INFO] [stdout]   |                                                                   ^^^^^^ only allowed inside `async` functions and blocks
[INFO] [stdout] 
[INFO] [stdout] error[E0728]: `await` is only allowed inside `async` functions and blocks
[INFO] [stdout]   --> src/users/mod.rs:13:49
[INFO] [stdout]    |
[INFO] [stdout] 3  | fn main() { #[allow(non_snake_case)] fn _doctest_main_src_users_mod_rs_6_0() {
[INFO] [stdout]    |                                         ---------------------------------- this is not `async`
[INFO] [stdout] ...
[INFO] [stdout] 10 | let user = farcaster.get_user_by_username("ace").await?;
[INFO] [stdout]    |                                                 ^^^^^^ only allowed inside `async` functions and blocks
[INFO] [stdout] 
[INFO] [stdout] error[E0728]: `await` is only allowed inside `async` functions and blocks
[INFO] [stdout]   --> src/users/mod.rs:14:53
[INFO] [stdout]    |
[INFO] [stdout] 3  | fn main() { #[allow(non_snake_case)] fn _doctest_main_src_users_mod_rs_6_0() {
[INFO] [stdout]    |                                         ---------------------------------- this is not `async`
[INFO] [stdout] ...
[INFO] [stdout] 11 | let user = farcaster.get_user_by_address("0X000...").await?;
[INFO] [stdout]    |                                                     ^^^^^^ only allowed inside `async` functions and blocks
[INFO] [stdout] 
[INFO] [stdout] error[E0728]: `await` is only allowed inside `async` functions and blocks
[INFO] [stdout]   --> src/users/mod.rs:15:40
[INFO] [stdout]    |
[INFO] [stdout] 3  | fn main() { #[allow(non_snake_case)] fn _doctest_main_src_users_mod_rs_6_0() {
[INFO] [stdout]    |                                         ---------------------------------- this is not `async`
[INFO] [stdout] ...
[INFO] [stdout] 12 | let user = farcaster.get_user_by_fid(0).await?;
[INFO] [stdout]    |                                        ^^^^^^ only allowed inside `async` functions and blocks
[INFO] [stdout] 
[INFO] [stdout] error[E0277]: the `?` operator can only be used in a function that returns `Result` or `Option` (or another type that implements `FromResidual`)
[INFO] [stdout]  --> src/users/mod.rs:9:77
[INFO] [stdout]   |
[INFO] [stdout] 3 | fn main() { #[allow(non_snake_case)] fn _doctest_main_src_users_mod_rs_6_0() {
[INFO] [stdout]   |                                      --------------------------------------- this function should return `Result` or `Option` to accept `?`
[INFO] [stdout] ...
[INFO] [stdout] 6 | let account: Account = Account::from_mnemonic("mnemonic phrase", None).await?;
[INFO] [stdout]   |                                                                             ^ cannot use the `?` operator in a function that returns `()`
[INFO] [stdout]   |
[INFO] [stdout]   = help: the trait `FromResidual<std::result::Result<Infallible, Box<dyn std::error::Error>>>` is not implemented for `()`
[INFO] [stdout] 
[INFO] [stdout] error[E0277]: the `?` operator can only be used in a function that returns `Result` or `Option` (or another type that implements `FromResidual`)
[INFO] [stdout]  --> src/users/mod.rs:10:73
[INFO] [stdout]   |
[INFO] [stdout] 3 | fn main() { #[allow(non_snake_case)] fn _doctest_main_src_users_mod_rs_6_0() {
[INFO] [stdout]   |                                      --------------------------------------- this function should return `Result` or `Option` to accept `?`
[INFO] [stdout] ...
[INFO] [stdout] 7 | let farcaster: Farcaster = Farcaster::new("eth provider", account).await?;
[INFO] [stdout]   |                                                                         ^ cannot use the `?` operator in a function that returns `()`
[INFO] [stdout]   |
[INFO] [stdout]   = help: the trait `FromResidual<std::result::Result<Infallible, Box<dyn std::error::Error>>>` is not implemented for `()`
[INFO] [stdout] 
[INFO] [stdout] error[E0277]: the `?` operator can only be used in a function that returns `Result` or `Option` (or another type that implements `FromResidual`)
[INFO] [stdout]   --> src/users/mod.rs:13:55
[INFO] [stdout]    |
[INFO] [stdout] 3  | fn main() { #[allow(non_snake_case)] fn _doctest_main_src_users_mod_rs_6_0() {
[INFO] [stdout]    |                                      --------------------------------------- this function should return `Result` or `Option` to accept `?`
[INFO] [stdout] ...
[INFO] [stdout] 10 | let user = farcaster.get_user_by_username("ace").await?;
[INFO] [stdout]    |                                                       ^ cannot use the `?` operator in a function that returns `()`
[INFO] [stdout]    |
[INFO] [stdout]    = help: the trait `FromResidual<std::result::Result<Infallible, Box<dyn std::error::Error>>>` is not implemented for `()`
[INFO] [stdout] 
[INFO] [stdout] error[E0277]: the `?` operator can only be used in a function that returns `Result` or `Option` (or another type that implements `FromResidual`)
[INFO] [stdout]   --> src/users/mod.rs:14:59
[INFO] [stdout]    |
[INFO] [stdout] 3  | fn main() { #[allow(non_snake_case)] fn _doctest_main_src_users_mod_rs_6_0() {
[INFO] [stdout]    |                                      --------------------------------------- this function should return `Result` or `Option` to accept `?`
[INFO] [stdout] ...
[INFO] [stdout] 11 | let user = farcaster.get_user_by_address("0X000...").await?;
[INFO] [stdout]    |                                                           ^ cannot use the `?` operator in a function that returns `()`
[INFO] [stdout]    |
[INFO] [stdout]    = help: the trait `FromResidual<std::result::Result<Infallible, Box<dyn std::error::Error>>>` is not implemented for `()`
[INFO] [stdout] 
[INFO] [stdout] error[E0277]: the `?` operator can only be used in a function that returns `Result` or `Option` (or another type that implements `FromResidual`)
[INFO] [stdout]   --> src/users/mod.rs:15:46
[INFO] [stdout]    |
[INFO] [stdout] 3  | fn main() { #[allow(non_snake_case)] fn _doctest_main_src_users_mod_rs_6_0() {
[INFO] [stdout]    |                                      --------------------------------------- this function should return `Result` or `Option` to accept `?`
[INFO] [stdout] ...
[INFO] [stdout] 12 | let user = farcaster.get_user_by_fid(0).await?;
[INFO] [stdout]    |                                              ^ cannot use the `?` operator in a function that returns `()`
[INFO] [stdout]    |
[INFO] [stdout]    = help: the trait `FromResidual<std::result::Result<Infallible, Box<dyn std::error::Error>>>` is not implemented for `()`
[INFO] [stdout] 
[INFO] [stdout] error: aborting due to 10 previous errors
[INFO] [stdout] 
[INFO] [stdout] Some errors have detailed explanations: E0277, E0728.
[INFO] [stdout] For more information about an error, try `rustc --explain E0277`.
[INFO] [stdout] Couldn't compile the test.
[INFO] [stdout] 
[INFO] [stdout] failures:
[INFO] [stdout]     src/account/mod.rs - account (line 13)
[INFO] [stdout]     src/account/mod.rs - account (line 20)
[INFO] [stdout]     src/account/mod.rs - account (line 6)
[INFO] [stdout]     src/account/mod.rs - account::Account::from_mnemonic (line 48)
[INFO] [stdout]     src/account/mod.rs - account::Account::from_private_key (line 85)
[INFO] [stdout]     src/assets/get_user_collections.rs - assets::get_user_collections::Farcaster::get_collections_by_address (line 64)
[INFO] [stdout]     src/assets/get_user_collections.rs - assets::get_user_collections::Farcaster::get_collections_by_fid (line 8)
[INFO] [stdout]     src/assets/get_user_collections.rs - assets::get_user_collections::Farcaster::get_collections_by_username (line 41)
[INFO] [stdout]     src/assets/mod.rs - assets (line 20)
[INFO] [stdout]     src/assets/mod.rs - assets (line 6)
[INFO] [stdout]     src/casts/delete_cast.rs - casts::delete_cast::Farcaster::delete_cast_by_cast_hash (line 14)
[INFO] [stdout]     src/casts/get_casts.rs - casts::get_casts::Farcaster::get_casts_by_address (line 75)
[INFO] [stdout]     src/casts/get_casts.rs - casts::get_casts::Farcaster::get_casts_by_fid (line 16)
[INFO] [stdout]     src/casts/get_casts.rs - casts::get_casts::Farcaster::get_casts_by_username (line 51)
[INFO] [stdout]     src/casts/mod.rs - casts (line 20)
[INFO] [stdout]     src/casts/mod.rs - casts (line 37)
[INFO] [stdout]     src/casts/mod.rs - casts (line 6)
[INFO] [stdout]     src/casts/mod.rs - casts::publish_cast (line 49)
[INFO] [stdout]     src/casts/publish_cast.rs - casts::publish_cast::Farcaster::publish_cast (line 9)
[INFO] [stdout]     src/follows/follow_user.rs - follows::follow_user::Farcaster::follow_user_by_address (line 64)
[INFO] [stdout]     src/follows/follow_user.rs - follows::follow_user::Farcaster::follow_user_by_fid (line 14)
[INFO] [stdout]     src/follows/follow_user.rs - follows::follow_user::Farcaster::follow_user_by_username (line 44)
[INFO] [stdout]     src/follows/mod.rs - follows (line 19)
[INFO] [stdout]     src/follows/mod.rs - follows (line 32)
[INFO] [stdout]     src/follows/mod.rs - follows (line 45)
[INFO] [stdout]     src/follows/mod.rs - follows (line 6)
[INFO] [stdout]     src/lib.rs - (line 7)
[INFO] [stdout]     src/notifications/get_notifications.rs - notifications::get_notifications::Farcaster::get_notifications (line 14)
[INFO] [stdout]     src/notifications/mod.rs - notifications (line 6)
[INFO] [stdout]     src/reactions/delete_like.rs - reactions::delete_like::Farcaster::delete_like_by_cast_hash (line 14)
[INFO] [stdout]     src/reactions/delete_recast.rs - reactions::delete_recast::Farcaster::delete_recast_by_cast_hash (line 14)
[INFO] [stdout]     src/reactions/get_likes.rs - reactions::get_likes::Farcaster::get_likes_by_cast_hash (line 15)
[INFO] [stdout]     src/reactions/get_recasters.rs - reactions::get_recasters::Farcaster::get_recasters_by_cast_hash (line 15)
[INFO] [stdout]     src/reactions/like_cast.rs - reactions::like_cast::Farcaster::like_cast_by_cast_hash (line 14)
[INFO] [stdout]     src/reactions/mod.rs - reactions (line 17)
[INFO] [stdout]     src/reactions/mod.rs - reactions (line 28)
[INFO] [stdout]     src/reactions/mod.rs - reactions (line 39)
[INFO] [stdout]     src/reactions/mod.rs - reactions (line 50)
[INFO] [stdout]     src/reactions/mod.rs - reactions (line 6)
[INFO] [stdout]     src/reactions/mod.rs - reactions (line 61)
[INFO] [stdout]     src/reactions/recast.rs - reactions::recast::Farcaster::recast_by_cast_hash (line 14)
[INFO] [stdout]     src/users/mod.rs - users (line 19)
[INFO] [stdout]     src/users/mod.rs - users (line 32)
[INFO] [stdout]     src/users/mod.rs - users (line 6)
[INFO] [stdout]     src/verifications/mod.rs - verifications (line 6)
[INFO] [stdout] 
[INFO] [stdout] test result: FAILED. 0 passed; 45 failed; 0 ignored; 0 measured; 0 filtered out; finished in 0.55s
[INFO] [stdout] 
[INFO] running `Command { std: "docker" "inspect" "369feba0a42bca3d8d8e73b5b7b1d2a8333587e6c0d16a507cfc7890c1cd97b3", kill_on_drop: false }`
[INFO] running `Command { std: "docker" "rm" "-f" "369feba0a42bca3d8d8e73b5b7b1d2a8333587e6c0d16a507cfc7890c1cd97b3", kill_on_drop: false }`
[INFO] [stdout] 369feba0a42bca3d8d8e73b5b7b1d2a8333587e6c0d16a507cfc7890c1cd97b3
