[INFO] fetching crate fancy 0.3.1...
[INFO] testing fancy-0.3.1 against 1.69.0 for beta-1.70-1
[INFO] extracting crate fancy 0.3.1 into /workspace/builds/worker-3-tc1/source
[INFO] validating manifest of crates.io crate fancy 0.3.1 on toolchain 1.69.0
[INFO] running `Command { std: CARGO_HOME="/workspace/cargo-home" RUSTUP_HOME="/workspace/rustup-home" "/workspace/cargo-home/bin/cargo" "+1.69.0" "metadata" "--manifest-path" "Cargo.toml" "--no-deps", kill_on_drop: false }`
[INFO] removed /workspace/builds/worker-3-tc1/source/rust-toolchain
[INFO] started tweaking crates.io crate fancy 0.3.1
[INFO] finished tweaking crates.io crate fancy 0.3.1
[INFO] tweaked toml for crates.io crate fancy 0.3.1 written to /workspace/builds/worker-3-tc1/source/Cargo.toml
[INFO] running `Command { std: CARGO_HOME="/workspace/cargo-home" RUSTUP_HOME="/workspace/rustup-home" __CARGO_TEST_CHANNEL_OVERRIDE_DO_NOT_USE_THIS="nightly" "/workspace/cargo-home/bin/cargo" "+1.69.0" "generate-lockfile" "--manifest-path" "Cargo.toml" "-Zno-index-update", kill_on_drop: false }`
[INFO] running `Command { std: CARGO_HOME="/workspace/cargo-home" RUSTUP_HOME="/workspace/rustup-home" "/workspace/cargo-home/bin/cargo" "+1.69.0" "fetch" "--manifest-path" "Cargo.toml", kill_on_drop: false }`
[INFO] running `Command { std: "docker" "create" "-v" "/var/lib/crater-agent-workspace/builds/worker-3-tc1/target:/opt/rustwide/target:rw,Z" "-v" "/var/lib/crater-agent-workspace/builds/worker-3-tc1/source:/opt/rustwide/workdir:ro,Z" "-v" "/var/lib/crater-agent-workspace/cargo-home:/opt/rustwide/cargo-home:ro,Z" "-v" "/var/lib/crater-agent-workspace/rustup-home:/opt/rustwide/rustup-home:ro,Z" "-e" "SOURCE_DIR=/opt/rustwide/workdir" "-e" "CARGO_TARGET_DIR=/opt/rustwide/target" "-e" "CARGO_HOME=/opt/rustwide/cargo-home" "-e" "RUSTUP_HOME=/opt/rustwide/rustup-home" "-w" "/opt/rustwide/workdir" "-m" "1610612736" "--user" "0:0" "--network" "none" "ghcr.io/rust-lang/crates-build-env/linux@sha256:5ff2268d62e97bff2cde7d5815dd6ed5b47097566f13b8d0ca110b04b60e07ed" "/opt/rustwide/cargo-home/bin/cargo" "+1.69.0" "metadata" "--no-deps" "--format-version=1", kill_on_drop: false }`
[INFO] [stdout] 7fdb1935d092c14e9f493d2e1d2043d2669f90524743665efcd4dc5125bd7db1
[INFO] running `Command { std: "docker" "start" "-a" "7fdb1935d092c14e9f493d2e1d2043d2669f90524743665efcd4dc5125bd7db1", kill_on_drop: false }`
[INFO] running `Command { std: "docker" "inspect" "7fdb1935d092c14e9f493d2e1d2043d2669f90524743665efcd4dc5125bd7db1", kill_on_drop: false }`
[INFO] running `Command { std: "docker" "rm" "-f" "7fdb1935d092c14e9f493d2e1d2043d2669f90524743665efcd4dc5125bd7db1", kill_on_drop: false }`
[INFO] [stdout] 7fdb1935d092c14e9f493d2e1d2043d2669f90524743665efcd4dc5125bd7db1
[INFO] running `Command { std: "docker" "create" "-v" "/var/lib/crater-agent-workspace/builds/worker-3-tc1/target:/opt/rustwide/target:rw,Z" "-v" "/var/lib/crater-agent-workspace/builds/worker-3-tc1/source:/opt/rustwide/workdir:ro,Z" "-v" "/var/lib/crater-agent-workspace/cargo-home:/opt/rustwide/cargo-home:ro,Z" "-v" "/var/lib/crater-agent-workspace/rustup-home:/opt/rustwide/rustup-home:ro,Z" "-e" "SOURCE_DIR=/opt/rustwide/workdir" "-e" "CARGO_TARGET_DIR=/opt/rustwide/target" "-e" "CARGO_INCREMENTAL=0" "-e" "RUST_BACKTRACE=full" "-e" "RUSTFLAGS=--cap-lints=warn" "-e" "RUSTDOCFLAGS=--cap-lints=warn" "-e" "CARGO_HOME=/opt/rustwide/cargo-home" "-e" "RUSTUP_HOME=/opt/rustwide/rustup-home" "-w" "/opt/rustwide/workdir" "-m" "1610612736" "--user" "0:0" "--network" "none" "ghcr.io/rust-lang/crates-build-env/linux@sha256:5ff2268d62e97bff2cde7d5815dd6ed5b47097566f13b8d0ca110b04b60e07ed" "/opt/rustwide/cargo-home/bin/cargo" "+1.69.0" "build" "--frozen" "--message-format=json", kill_on_drop: false }`
[INFO] [stdout] e2dc0ee395c29fcf0453fca544dcd6cdd98f60ca7754dbe00fdf6bb07463fa77
[INFO] running `Command { std: "docker" "start" "-a" "e2dc0ee395c29fcf0453fca544dcd6cdd98f60ca7754dbe00fdf6bb07463fa77", kill_on_drop: false }`
[INFO] [stderr]    Compiling fancy v0.3.1 (/opt/rustwide/workdir)
[INFO] [stderr]     Finished dev [unoptimized + debuginfo] target(s) in 0.78s
[INFO] running `Command { std: "docker" "inspect" "e2dc0ee395c29fcf0453fca544dcd6cdd98f60ca7754dbe00fdf6bb07463fa77", kill_on_drop: false }`
[INFO] running `Command { std: "docker" "rm" "-f" "e2dc0ee395c29fcf0453fca544dcd6cdd98f60ca7754dbe00fdf6bb07463fa77", kill_on_drop: false }`
[INFO] [stdout] e2dc0ee395c29fcf0453fca544dcd6cdd98f60ca7754dbe00fdf6bb07463fa77
[INFO] running `Command { std: "docker" "create" "-v" "/var/lib/crater-agent-workspace/builds/worker-3-tc1/target:/opt/rustwide/target:rw,Z" "-v" "/var/lib/crater-agent-workspace/builds/worker-3-tc1/source:/opt/rustwide/workdir:ro,Z" "-v" "/var/lib/crater-agent-workspace/cargo-home:/opt/rustwide/cargo-home:ro,Z" "-v" "/var/lib/crater-agent-workspace/rustup-home:/opt/rustwide/rustup-home:ro,Z" "-e" "SOURCE_DIR=/opt/rustwide/workdir" "-e" "CARGO_TARGET_DIR=/opt/rustwide/target" "-e" "CARGO_INCREMENTAL=0" "-e" "RUST_BACKTRACE=full" "-e" "RUSTFLAGS=--cap-lints=warn" "-e" "RUSTDOCFLAGS=--cap-lints=warn" "-e" "CARGO_HOME=/opt/rustwide/cargo-home" "-e" "RUSTUP_HOME=/opt/rustwide/rustup-home" "-w" "/opt/rustwide/workdir" "-m" "1610612736" "--user" "0:0" "--network" "none" "ghcr.io/rust-lang/crates-build-env/linux@sha256:5ff2268d62e97bff2cde7d5815dd6ed5b47097566f13b8d0ca110b04b60e07ed" "/opt/rustwide/cargo-home/bin/cargo" "+1.69.0" "test" "--frozen" "--no-run" "--message-format=json", kill_on_drop: false }`
[INFO] [stdout] 802d28f44d4dacff87420c2d73cf18188544ec37f7e19d070745b6873204ce00
[INFO] running `Command { std: "docker" "start" "-a" "802d28f44d4dacff87420c2d73cf18188544ec37f7e19d070745b6873204ce00", kill_on_drop: false }`
[INFO] [stderr]    Compiling fancy v0.3.1 (/opt/rustwide/workdir)
[INFO] [stderr]     Finished test [unoptimized + debuginfo] target(s) in 1.22s
[INFO] running `Command { std: "docker" "inspect" "802d28f44d4dacff87420c2d73cf18188544ec37f7e19d070745b6873204ce00", kill_on_drop: false }`
[INFO] running `Command { std: "docker" "rm" "-f" "802d28f44d4dacff87420c2d73cf18188544ec37f7e19d070745b6873204ce00", kill_on_drop: false }`
[INFO] [stdout] 802d28f44d4dacff87420c2d73cf18188544ec37f7e19d070745b6873204ce00
[INFO] running `Command { std: "docker" "create" "-v" "/var/lib/crater-agent-workspace/builds/worker-3-tc1/target:/opt/rustwide/target:rw,Z" "-v" "/var/lib/crater-agent-workspace/builds/worker-3-tc1/source:/opt/rustwide/workdir:ro,Z" "-v" "/var/lib/crater-agent-workspace/cargo-home:/opt/rustwide/cargo-home:ro,Z" "-v" "/var/lib/crater-agent-workspace/rustup-home:/opt/rustwide/rustup-home:ro,Z" "-e" "SOURCE_DIR=/opt/rustwide/workdir" "-e" "CARGO_TARGET_DIR=/opt/rustwide/target" "-e" "CARGO_INCREMENTAL=0" "-e" "RUST_BACKTRACE=full" "-e" "RUSTFLAGS=--cap-lints=warn" "-e" "RUSTDOCFLAGS=--cap-lints=warn" "-e" "CARGO_HOME=/opt/rustwide/cargo-home" "-e" "RUSTUP_HOME=/opt/rustwide/rustup-home" "-w" "/opt/rustwide/workdir" "-m" "1610612736" "--user" "0:0" "--network" "none" "ghcr.io/rust-lang/crates-build-env/linux@sha256:5ff2268d62e97bff2cde7d5815dd6ed5b47097566f13b8d0ca110b04b60e07ed" "/opt/rustwide/cargo-home/bin/cargo" "+1.69.0" "test" "--frozen", kill_on_drop: false }`
[INFO] [stdout] c2cb15a4edda8a765b904597bbd3210372c4268160d055387b0e7e6c5c98dcaf
[INFO] running `Command { std: "docker" "start" "-a" "c2cb15a4edda8a765b904597bbd3210372c4268160d055387b0e7e6c5c98dcaf", kill_on_drop: false }`
[INFO] [stderr]     Finished test [unoptimized + debuginfo] target(s) in 0.01s
[INFO] [stderr]      Running unittests src/lib.rs (/opt/rustwide/target/debug/deps/fancy-9cecde1d82e4f140)
[INFO] [stdout] 
[INFO] [stdout] running 0 tests
[INFO] [stdout] 
[INFO] [stdout] test result: ok. 0 passed; 0 failed; 0 ignored; 0 measured; 0 filtered out; finished in 0.00s
[INFO] [stdout] 
[INFO] [stderr]      Running tests/format.rs (/opt/rustwide/target/debug/deps/format-48e96997ccff112d)
[INFO] [stdout] 
[INFO] [stdout] running 1 test
[INFO] [stdout] test format ... ok
[INFO] [stdout] 
[INFO] [stdout] test result: ok. 1 passed; 0 failed; 0 ignored; 0 measured; 0 filtered out; finished in 0.00s
[INFO] [stdout] 
[INFO] [stderr]    Doc-tests fancy
[INFO] [stdout] 
[INFO] [stdout] running 6 tests
[INFO] [stdout] test src/lib.rs - (line 102) ... FAILED
[INFO] [stdout] test src/lib.rs - (line 21) ... ok
[INFO] [stdout] test src/lib.rs - printcol (line 146) ... ok
[INFO] [stdout] test src/lib.rs - (line 109) ... ok
[INFO] [stdout] test src/lib.rs - (line 14) ... ok
[INFO] [stdout] test src/lib.rs - printcol (line 155) ... ok
[INFO] [stderr] error: doctest failed, to rerun pass `--doc`
[INFO] [stdout] 
[INFO] [stdout] failures:
[INFO] [stdout] 
[INFO] [stdout] ---- src/lib.rs - (line 102) stdout ----
[INFO] [stdout] error[E0423]: expected value, found macro `line`
[INFO] [stdout]  --> src/lib.rs:104:1
[INFO] [stdout]   |
[INFO] [stdout] 5 | eprintcoln!("[b|r]error[:] at [[{}:{}]][b]: {}", line, column, message);
[INFO] [stdout]   | ^^^^^^^^^^^^^^^^^^^^^^^^^^^^^^^^^^^^^^^^^^^^^^^^^^^^^^^^^^^^^^^^^^^^^^^ not a value
[INFO] [stdout]   |
[INFO] [stdout]   = note: this error originates in the macro `::fancy::colorize` (in Nightly builds, run with -Z macro-backtrace for more info)
[INFO] [stdout] 
[INFO] [stdout] error[E0423]: expected value, found macro `column`
[INFO] [stdout]  --> src/lib.rs:104:1
[INFO] [stdout]   |
[INFO] [stdout] 5 | eprintcoln!("[b|r]error[:] at [[{}:{}]][b]: {}", line, column, message);
[INFO] [stdout]   | ^^^^^^^^^^^^^^^^^^^^^^^^^^^^^^^^^^^^^^^^^^^^^^^^^^^^^^^^^^^^^^^^^^^^^^^ not a value
[INFO] [stdout]   |
[INFO] [stdout]   = note: this error originates in the macro `::fancy::colorize` (in Nightly builds, run with -Z macro-backtrace for more info)
[INFO] [stdout] 
[INFO] [stdout] error[E0425]: cannot find value `message` in this scope
[INFO] [stdout]  --> src/lib.rs:104:1
[INFO] [stdout]   |
[INFO] [stdout] 5 | eprintcoln!("[b|r]error[:] at [[{}:{}]][b]: {}", line, column, message);
[INFO] [stdout]   | ^^^^^^^^^^^^^^^^^^^^^^^^^^^^^^^^^^^^^^^^^^^^^^^^^^^^^^^^^^^^^^^^^^^^^^^ not found in this scope
[INFO] [stdout]   |
[INFO] [stdout]   = note: this error originates in the macro `::fancy::colorize` (in Nightly builds, run with -Z macro-backtrace for more info)
[INFO] [stdout] 
[INFO] [stdout] error: aborting due to 3 previous errors
[INFO] [stdout] 
[INFO] [stdout] Some errors have detailed explanations: E0423, E0425.
[INFO] [stdout] For more information about an error, try `rustc --explain E0423`.
[INFO] [stdout] Couldn't compile the test.
[INFO] [stdout] 
[INFO] [stdout] failures:
[INFO] [stdout]     src/lib.rs - (line 102)
[INFO] [stdout] 
[INFO] [stdout] test result: FAILED. 5 passed; 1 failed; 0 ignored; 0 measured; 0 filtered out; finished in 0.64s
[INFO] [stdout] 
[INFO] running `Command { std: "docker" "inspect" "c2cb15a4edda8a765b904597bbd3210372c4268160d055387b0e7e6c5c98dcaf", kill_on_drop: false }`
[INFO] running `Command { std: "docker" "rm" "-f" "c2cb15a4edda8a765b904597bbd3210372c4268160d055387b0e7e6c5c98dcaf", kill_on_drop: false }`
[INFO] [stdout] c2cb15a4edda8a765b904597bbd3210372c4268160d055387b0e7e6c5c98dcaf
