[INFO] fetching crate failed-result 0.2.3...
[INFO] testing failed-result-0.2.3 against 1.69.0 for beta-1.70-1
[INFO] extracting crate failed-result 0.2.3 into /workspace/builds/worker-0-tc1/source
[INFO] validating manifest of crates.io crate failed-result 0.2.3 on toolchain 1.69.0
[INFO] running `Command { std: CARGO_HOME="/workspace/cargo-home" RUSTUP_HOME="/workspace/rustup-home" "/workspace/cargo-home/bin/cargo" "+1.69.0" "metadata" "--manifest-path" "Cargo.toml" "--no-deps", kill_on_drop: false }`
[INFO] started tweaking crates.io crate failed-result 0.2.3
[INFO] finished tweaking crates.io crate failed-result 0.2.3
[INFO] tweaked toml for crates.io crate failed-result 0.2.3 written to /workspace/builds/worker-0-tc1/source/Cargo.toml
[INFO] running `Command { std: CARGO_HOME="/workspace/cargo-home" RUSTUP_HOME="/workspace/rustup-home" __CARGO_TEST_CHANNEL_OVERRIDE_DO_NOT_USE_THIS="nightly" "/workspace/cargo-home/bin/cargo" "+1.69.0" "generate-lockfile" "--manifest-path" "Cargo.toml" "-Zno-index-update", kill_on_drop: false }`
[INFO] running `Command { std: CARGO_HOME="/workspace/cargo-home" RUSTUP_HOME="/workspace/rustup-home" "/workspace/cargo-home/bin/cargo" "+1.69.0" "fetch" "--manifest-path" "Cargo.toml", kill_on_drop: false }`
[INFO] running `Command { std: "docker" "create" "-v" "/var/lib/crater-agent-workspace/builds/worker-0-tc1/target:/opt/rustwide/target:rw,Z" "-v" "/var/lib/crater-agent-workspace/builds/worker-0-tc1/source:/opt/rustwide/workdir:ro,Z" "-v" "/var/lib/crater-agent-workspace/cargo-home:/opt/rustwide/cargo-home:ro,Z" "-v" "/var/lib/crater-agent-workspace/rustup-home:/opt/rustwide/rustup-home:ro,Z" "-e" "SOURCE_DIR=/opt/rustwide/workdir" "-e" "CARGO_TARGET_DIR=/opt/rustwide/target" "-e" "CARGO_HOME=/opt/rustwide/cargo-home" "-e" "RUSTUP_HOME=/opt/rustwide/rustup-home" "-w" "/opt/rustwide/workdir" "-m" "1610612736" "--user" "0:0" "--network" "none" "ghcr.io/rust-lang/crates-build-env/linux@sha256:5ff2268d62e97bff2cde7d5815dd6ed5b47097566f13b8d0ca110b04b60e07ed" "/opt/rustwide/cargo-home/bin/cargo" "+1.69.0" "metadata" "--no-deps" "--format-version=1", kill_on_drop: false }`
[INFO] [stdout] 15cbf12b1c2b48b9bb9c036a28bb0354f877bd85beb333ae5efe8a301d7a284a
[INFO] running `Command { std: "docker" "start" "-a" "15cbf12b1c2b48b9bb9c036a28bb0354f877bd85beb333ae5efe8a301d7a284a", kill_on_drop: false }`
[INFO] running `Command { std: "docker" "inspect" "15cbf12b1c2b48b9bb9c036a28bb0354f877bd85beb333ae5efe8a301d7a284a", kill_on_drop: false }`
[INFO] running `Command { std: "docker" "rm" "-f" "15cbf12b1c2b48b9bb9c036a28bb0354f877bd85beb333ae5efe8a301d7a284a", kill_on_drop: false }`
[INFO] [stdout] 15cbf12b1c2b48b9bb9c036a28bb0354f877bd85beb333ae5efe8a301d7a284a
[INFO] running `Command { std: "docker" "create" "-v" "/var/lib/crater-agent-workspace/builds/worker-0-tc1/target:/opt/rustwide/target:rw,Z" "-v" "/var/lib/crater-agent-workspace/builds/worker-0-tc1/source:/opt/rustwide/workdir:ro,Z" "-v" "/var/lib/crater-agent-workspace/cargo-home:/opt/rustwide/cargo-home:ro,Z" "-v" "/var/lib/crater-agent-workspace/rustup-home:/opt/rustwide/rustup-home:ro,Z" "-e" "SOURCE_DIR=/opt/rustwide/workdir" "-e" "CARGO_TARGET_DIR=/opt/rustwide/target" "-e" "CARGO_INCREMENTAL=0" "-e" "RUST_BACKTRACE=full" "-e" "RUSTFLAGS=--cap-lints=warn" "-e" "RUSTDOCFLAGS=--cap-lints=warn" "-e" "CARGO_HOME=/opt/rustwide/cargo-home" "-e" "RUSTUP_HOME=/opt/rustwide/rustup-home" "-w" "/opt/rustwide/workdir" "-m" "1610612736" "--user" "0:0" "--network" "none" "ghcr.io/rust-lang/crates-build-env/linux@sha256:5ff2268d62e97bff2cde7d5815dd6ed5b47097566f13b8d0ca110b04b60e07ed" "/opt/rustwide/cargo-home/bin/cargo" "+1.69.0" "build" "--frozen" "--message-format=json", kill_on_drop: false }`
[INFO] [stdout] 613d359b35100acf54e60f5c34d0ae4f9c1b843a70015d5721b003faa33029db
[INFO] running `Command { std: "docker" "start" "-a" "613d359b35100acf54e60f5c34d0ae4f9c1b843a70015d5721b003faa33029db", kill_on_drop: false }`
[INFO] [stderr]    Compiling failed-result v0.2.3 (/opt/rustwide/workdir)
[INFO] [stderr]     Finished dev [unoptimized + debuginfo] target(s) in 0.07s
[INFO] running `Command { std: "docker" "inspect" "613d359b35100acf54e60f5c34d0ae4f9c1b843a70015d5721b003faa33029db", kill_on_drop: false }`
[INFO] running `Command { std: "docker" "rm" "-f" "613d359b35100acf54e60f5c34d0ae4f9c1b843a70015d5721b003faa33029db", kill_on_drop: false }`
[INFO] [stdout] 613d359b35100acf54e60f5c34d0ae4f9c1b843a70015d5721b003faa33029db
[INFO] running `Command { std: "docker" "create" "-v" "/var/lib/crater-agent-workspace/builds/worker-0-tc1/target:/opt/rustwide/target:rw,Z" "-v" "/var/lib/crater-agent-workspace/builds/worker-0-tc1/source:/opt/rustwide/workdir:ro,Z" "-v" "/var/lib/crater-agent-workspace/cargo-home:/opt/rustwide/cargo-home:ro,Z" "-v" "/var/lib/crater-agent-workspace/rustup-home:/opt/rustwide/rustup-home:ro,Z" "-e" "SOURCE_DIR=/opt/rustwide/workdir" "-e" "CARGO_TARGET_DIR=/opt/rustwide/target" "-e" "CARGO_INCREMENTAL=0" "-e" "RUST_BACKTRACE=full" "-e" "RUSTFLAGS=--cap-lints=warn" "-e" "RUSTDOCFLAGS=--cap-lints=warn" "-e" "CARGO_HOME=/opt/rustwide/cargo-home" "-e" "RUSTUP_HOME=/opt/rustwide/rustup-home" "-w" "/opt/rustwide/workdir" "-m" "1610612736" "--user" "0:0" "--network" "none" "ghcr.io/rust-lang/crates-build-env/linux@sha256:5ff2268d62e97bff2cde7d5815dd6ed5b47097566f13b8d0ca110b04b60e07ed" "/opt/rustwide/cargo-home/bin/cargo" "+1.69.0" "test" "--frozen" "--no-run" "--message-format=json", kill_on_drop: false }`
[INFO] [stdout] 7bb71d15f466056190eed0fa0f9d18530170ed7267d538616dca1d6a30a11d24
[INFO] running `Command { std: "docker" "start" "-a" "7bb71d15f466056190eed0fa0f9d18530170ed7267d538616dca1d6a30a11d24", kill_on_drop: false }`
[INFO] [stderr]    Compiling anyhow v1.0.71
[INFO] [stderr]    Compiling failed-result v0.2.3 (/opt/rustwide/workdir)
[INFO] [stdout] warning: unused import: `failed_result::*`
[INFO] [stdout]  --> tests/test.rs:1:5
[INFO] [stdout]   |
[INFO] [stdout] 1 | use failed_result::*;
[INFO] [stdout]   |     ^^^^^^^^^^^^^^^^
[INFO] [stdout]   |
[INFO] [stdout]   = note: `#[warn(unused_imports)]` on by default
[INFO] [stdout] 
[INFO] [stdout] 
[INFO] [stdout] warning: unused import: `std::io::ErrorKind`
[INFO] [stdout]  --> tests/test.rs:2:5
[INFO] [stdout]   |
[INFO] [stdout] 2 | use std::io::ErrorKind;
[INFO] [stdout]   |     ^^^^^^^^^^^^^^^^^^
[INFO] [stdout] 
[INFO] [stdout] 
[INFO] [stdout] warning: 2 warnings emitted
[INFO] [stdout] 
[INFO] [stdout] 
[INFO] [stderr]     Finished test [unoptimized + debuginfo] target(s) in 1.11s
[INFO] running `Command { std: "docker" "inspect" "7bb71d15f466056190eed0fa0f9d18530170ed7267d538616dca1d6a30a11d24", kill_on_drop: false }`
[INFO] running `Command { std: "docker" "rm" "-f" "7bb71d15f466056190eed0fa0f9d18530170ed7267d538616dca1d6a30a11d24", kill_on_drop: false }`
[INFO] [stdout] 7bb71d15f466056190eed0fa0f9d18530170ed7267d538616dca1d6a30a11d24
[INFO] running `Command { std: "docker" "create" "-v" "/var/lib/crater-agent-workspace/builds/worker-0-tc1/target:/opt/rustwide/target:rw,Z" "-v" "/var/lib/crater-agent-workspace/builds/worker-0-tc1/source:/opt/rustwide/workdir:ro,Z" "-v" "/var/lib/crater-agent-workspace/cargo-home:/opt/rustwide/cargo-home:ro,Z" "-v" "/var/lib/crater-agent-workspace/rustup-home:/opt/rustwide/rustup-home:ro,Z" "-e" "SOURCE_DIR=/opt/rustwide/workdir" "-e" "CARGO_TARGET_DIR=/opt/rustwide/target" "-e" "CARGO_INCREMENTAL=0" "-e" "RUST_BACKTRACE=full" "-e" "RUSTFLAGS=--cap-lints=warn" "-e" "RUSTDOCFLAGS=--cap-lints=warn" "-e" "CARGO_HOME=/opt/rustwide/cargo-home" "-e" "RUSTUP_HOME=/opt/rustwide/rustup-home" "-w" "/opt/rustwide/workdir" "-m" "1610612736" "--user" "0:0" "--network" "none" "ghcr.io/rust-lang/crates-build-env/linux@sha256:5ff2268d62e97bff2cde7d5815dd6ed5b47097566f13b8d0ca110b04b60e07ed" "/opt/rustwide/cargo-home/bin/cargo" "+1.69.0" "test" "--frozen", kill_on_drop: false }`
[INFO] [stdout] 4bd71fab409f187805f49ca7b74bbac44376b6b7c992c153ff1984dad3295c21
[INFO] running `Command { std: "docker" "start" "-a" "4bd71fab409f187805f49ca7b74bbac44376b6b7c992c153ff1984dad3295c21", kill_on_drop: false }`
[INFO] [stderr] warning: unused import: `failed_result::*`
[INFO] [stderr]  --> tests/test.rs:1:5
[INFO] [stderr]   |
[INFO] [stderr] 1 | use failed_result::*;
[INFO] [stderr]   |     ^^^^^^^^^^^^^^^^
[INFO] [stderr]   |
[INFO] [stderr]   = note: `#[warn(unused_imports)]` on by default
[INFO] [stderr] 
[INFO] [stderr] warning: unused import: `std::io::ErrorKind`
[INFO] [stderr]  --> tests/test.rs:2:5
[INFO] [stderr]   |
[INFO] [stderr] 2 | use std::io::ErrorKind;
[INFO] [stderr]   |     ^^^^^^^^^^^^^^^^^^
[INFO] [stderr] 
[INFO] [stderr] warning: `failed-result` (test "test") generated 2 warnings (run `cargo fix --test "test"` to apply 2 suggestions)
[INFO] [stderr]     Finished test [unoptimized + debuginfo] target(s) in 0.01s
[INFO] [stderr]      Running unittests src/lib.rs (/opt/rustwide/target/debug/deps/failed_result-849b849616839fa3)
[INFO] [stdout] 
[INFO] [stdout] running 0 tests
[INFO] [stdout] 
[INFO] [stdout] test result: ok. 0 passed; 0 failed; 0 ignored; 0 measured; 0 filtered out; finished in 0.00s
[INFO] [stdout] 
[INFO] [stderr]      Running tests/test.rs (/opt/rustwide/target/debug/deps/test-dd38b9bd3d4adc64)
[INFO] [stdout] 
[INFO] [stdout] running 0 tests
[INFO] [stdout] 
[INFO] [stdout] test result: ok. 0 passed; 0 failed; 0 ignored; 0 measured; 0 filtered out; finished in 0.00s
[INFO] [stdout] 
[INFO] [stderr]    Doc-tests failed-result
[INFO] [stdout] 
[INFO] [stdout] running 3 tests
[INFO] [stdout] test src/lib.rs - (line 14) ... FAILED
[INFO] [stdout] test src/lib.rs - (line 42) ... FAILED
[INFO] [stdout] test src/lib.rs - (line 22) ... FAILED
[INFO] [stdout] 
[INFO] [stdout] failures:
[INFO] [stdout] 
[INFO] [stdout] ---- src/lib.rs - (line 14) stdout ----
[INFO] [stdout] error[E0433]: failed to resolve: use of undeclared type `ErrorKind`
[INFO] [stdout]  --> src/lib.rs:18:37
[INFO] [stdout]   |
[INFO] [stdout] 7 | assert_eq!(res.unwrap_err().kind(), ErrorKind::InvalidInput);
[INFO] [stdout]   |                                     ^^^^^^^^^ use of undeclared type `ErrorKind`
[INFO] [stdout] 
[INFO] [stdout] error[E0425]: cannot find value `PROCESS_ALL_ACCESS` in this scope
[INFO] [stdout]  --> src/lib.rs:17:23
[INFO] [stdout]   |
[INFO] [stdout] 6 | let res = OpenProcess(PROCESS_ALL_ACCESS, 0, 0).last_error();
[INFO] [stdout]   |                       ^^^^^^^^^^^^^^^^^^ not found in this scope
[INFO] [stdout] 
[INFO] [stdout] error[E0425]: cannot find function, tuple struct or tuple variant `OpenProcess` in this scope
[INFO] [stdout]  --> src/lib.rs:17:11
[INFO] [stdout]   |
[INFO] [stdout] 6 | let res = OpenProcess(PROCESS_ALL_ACCESS, 0, 0).last_error();
[INFO] [stdout]   |           ^^^^^^^^^^^ not found in this scope
[INFO] [stdout] 
[INFO] [stdout] error: aborting due to 3 previous errors
[INFO] [stdout] 
[INFO] [stdout] Some errors have detailed explanations: E0425, E0433.
[INFO] [stdout] For more information about an error, try `rustc --explain E0425`.
[INFO] [stdout] Couldn't compile the test.
[INFO] [stdout] ---- src/lib.rs - (line 42) stdout ----
[INFO] [stdout] error[E0433]: failed to resolve: use of undeclared crate or module `winapi`
[INFO] [stdout]  --> src/lib.rs:45:5
[INFO] [stdout]   |
[INFO] [stdout] 6 | use winapi::um::{processthreadsapi::*, winnt::PROCESS_ALL_ACCESS};
[INFO] [stdout]   |     ^^^^^^ use of undeclared crate or module `winapi`
[INFO] [stdout] 
[INFO] [stdout] error[E0432]: unresolved import `winapi::um::winnt::PROCESS_ALL_ACCESS`
[INFO] [stdout]  --> src/lib.rs:45:40
[INFO] [stdout]   |
[INFO] [stdout] 6 | use winapi::um::{processthreadsapi::*, winnt::PROCESS_ALL_ACCESS};
[INFO] [stdout]   |                                        ^^^^^^^^^^^^^^^^^^^^^^^^^
[INFO] [stdout] 
[INFO] [stdout] error[E0425]: cannot find function, tuple struct or tuple variant `OpenProcess` in this scope
[INFO] [stdout]  --> src/lib.rs:48:15
[INFO] [stdout]   |
[INFO] [stdout] 9 |     let res = OpenProcess(PROCESS_ALL_ACCESS, 0, 0).last_error();
[INFO] [stdout]   |               ^^^^^^^^^^^ not found in this scope
[INFO] [stdout] 
[INFO] [stdout] error[E0425]: cannot find function, tuple struct or tuple variant `OpenProcess` in this scope
[INFO] [stdout]   --> src/lib.rs:51:15
[INFO] [stdout]    |
[INFO] [stdout] 12 |     let res = OpenProcess(PROCESS_ALL_ACCESS, 0, std::process::id()).last_error();
[INFO] [stdout]    |               ^^^^^^^^^^^ not found in this scope
[INFO] [stdout] 
[INFO] [stdout] error: aborting due to 4 previous errors
[INFO] [stdout] 
[INFO] [stdout] Some errors have detailed explanations: E0425, E0432, E0433.
[INFO] [stdout] For more information about an error, try `rustc --explain E0425`.
[INFO] [stdout] Couldn't compile the test.
[INFO] [stdout] ---- src/lib.rs - (line 22) stdout ----
[INFO] [stdout] error[E0425]: cannot find value `PROCESS_ALL_ACCESS` in this scope
[INFO] [stdout]  --> src/lib.rs:25:34
[INFO] [stdout]   |
[INFO] [stdout] 5 |         let handle = OpenProcess(PROCESS_ALL_ACCESS, 0, pid).last_error()?;
[INFO] [stdout]   |                                  ^^^^^^^^^^^^^^^^^^ not found in this scope
[INFO] [stdout] 
[INFO] [stdout] error[E0425]: cannot find value `MAX_PATH` in this scope
[INFO] [stdout]  --> src/lib.rs:27:30
[INFO] [stdout]   |
[INFO] [stdout] 7 |         let mut buf = [0u16; MAX_PATH];
[INFO] [stdout]   |                              ^^^^^^^^ not found in this scope
[INFO] [stdout] 
[INFO] [stdout] error[E0425]: cannot find function, tuple struct or tuple variant `OpenProcess` in this scope
[INFO] [stdout]  --> src/lib.rs:25:22
[INFO] [stdout]   |
[INFO] [stdout] 5 |         let handle = OpenProcess(PROCESS_ALL_ACCESS, 0, pid).last_error()?;
[INFO] [stdout]   |                      ^^^^^^^^^^^ not found in this scope
[INFO] [stdout] 
[INFO] [stdout] error[E0425]: cannot find function, tuple struct or tuple variant `GetModuleFileNameExW` in this scope
[INFO] [stdout]  --> src/lib.rs:28:9
[INFO] [stdout]   |
[INFO] [stdout] 8 |         GetModuleFileNameExW(handle, core::ptr::null_mut(), buf.as_mut_ptr(), buf.len() as u32).last_error()?;
[INFO] [stdout]   |         ^^^^^^^^^^^^^^^^^^^^ not found in this scope
[INFO] [stdout] 
[INFO] [stdout] error[E0425]: cannot find function, tuple struct or tuple variant `CloseHandle` in this scope
[INFO] [stdout]  --> src/lib.rs:29:9
[INFO] [stdout]   |
[INFO] [stdout] 9 |         CloseHandle(handle);
[INFO] [stdout]   |         ^^^^^^^^^^^ not found in this scope
[INFO] [stdout] 
[INFO] [stdout] error: aborting due to 5 previous errors
[INFO] [stdout] 
[INFO] [stdout] For more information about this error, try `rustc --explain E0425`.
[INFO] [stdout] Couldn't compile the test.
[INFO] [stdout] 
[INFO] [stdout] failures:
[INFO] [stdout]     src/lib.rs - (line 14)
[INFO] [stdout]     src/lib.rs - (line 22)
[INFO] [stdout]     src/lib.rs - (line 42)
[INFO] [stdout] 
[INFO] [stdout] test result: FAILED. 0 passed; 3 failed; 0 ignored; 0 measured; 0 filtered out; finished in 0.04s
[INFO] [stdout] 
[INFO] [stderr] error: doctest failed, to rerun pass `--doc`
[INFO] running `Command { std: "docker" "inspect" "4bd71fab409f187805f49ca7b74bbac44376b6b7c992c153ff1984dad3295c21", kill_on_drop: false }`
[INFO] running `Command { std: "docker" "rm" "-f" "4bd71fab409f187805f49ca7b74bbac44376b6b7c992c153ff1984dad3295c21", kill_on_drop: false }`
[INFO] [stdout] 4bd71fab409f187805f49ca7b74bbac44376b6b7c992c153ff1984dad3295c21
