[INFO] fetching crate ezmenulib 0.2.10...
[INFO] testing ezmenulib-0.2.10 against 1.69.0 for beta-1.70-1
[INFO] extracting crate ezmenulib 0.2.10 into /workspace/builds/worker-1-tc1/source
[INFO] validating manifest of crates.io crate ezmenulib 0.2.10 on toolchain 1.69.0
[INFO] running `Command { std: CARGO_HOME="/workspace/cargo-home" RUSTUP_HOME="/workspace/rustup-home" "/workspace/cargo-home/bin/cargo" "+1.69.0" "metadata" "--manifest-path" "Cargo.toml" "--no-deps", kill_on_drop: false }`
[INFO] started tweaking crates.io crate ezmenulib 0.2.10
[INFO] finished tweaking crates.io crate ezmenulib 0.2.10
[INFO] tweaked toml for crates.io crate ezmenulib 0.2.10 written to /workspace/builds/worker-1-tc1/source/Cargo.toml
[INFO] crate crates.io crate ezmenulib 0.2.10 already has a lockfile, it will not be regenerated
[INFO] running `Command { std: CARGO_HOME="/workspace/cargo-home" RUSTUP_HOME="/workspace/rustup-home" "/workspace/cargo-home/bin/cargo" "+1.69.0" "fetch" "--manifest-path" "Cargo.toml", kill_on_drop: false }`
[INFO] [stderr]     Blocking waiting for file lock on package cache
[INFO] running `Command { std: "docker" "create" "-v" "/var/lib/crater-agent-workspace/builds/worker-1-tc1/target:/opt/rustwide/target:rw,Z" "-v" "/var/lib/crater-agent-workspace/builds/worker-1-tc1/source:/opt/rustwide/workdir:ro,Z" "-v" "/var/lib/crater-agent-workspace/cargo-home:/opt/rustwide/cargo-home:ro,Z" "-v" "/var/lib/crater-agent-workspace/rustup-home:/opt/rustwide/rustup-home:ro,Z" "-e" "SOURCE_DIR=/opt/rustwide/workdir" "-e" "CARGO_TARGET_DIR=/opt/rustwide/target" "-e" "CARGO_HOME=/opt/rustwide/cargo-home" "-e" "RUSTUP_HOME=/opt/rustwide/rustup-home" "-w" "/opt/rustwide/workdir" "-m" "1610612736" "--user" "0:0" "--network" "none" "ghcr.io/rust-lang/crates-build-env/linux@sha256:5ff2268d62e97bff2cde7d5815dd6ed5b47097566f13b8d0ca110b04b60e07ed" "/opt/rustwide/cargo-home/bin/cargo" "+1.69.0" "metadata" "--no-deps" "--format-version=1", kill_on_drop: false }`
[INFO] [stdout] eb7d2a49759a2684369acdca6a26c73e7772704042137c1a2714606be99c929f
[INFO] running `Command { std: "docker" "start" "-a" "eb7d2a49759a2684369acdca6a26c73e7772704042137c1a2714606be99c929f", kill_on_drop: false }`
[INFO] running `Command { std: "docker" "inspect" "eb7d2a49759a2684369acdca6a26c73e7772704042137c1a2714606be99c929f", kill_on_drop: false }`
[INFO] running `Command { std: "docker" "rm" "-f" "eb7d2a49759a2684369acdca6a26c73e7772704042137c1a2714606be99c929f", kill_on_drop: false }`
[INFO] [stdout] eb7d2a49759a2684369acdca6a26c73e7772704042137c1a2714606be99c929f
[INFO] running `Command { std: "docker" "create" "-v" "/var/lib/crater-agent-workspace/builds/worker-1-tc1/target:/opt/rustwide/target:rw,Z" "-v" "/var/lib/crater-agent-workspace/builds/worker-1-tc1/source:/opt/rustwide/workdir:ro,Z" "-v" "/var/lib/crater-agent-workspace/cargo-home:/opt/rustwide/cargo-home:ro,Z" "-v" "/var/lib/crater-agent-workspace/rustup-home:/opt/rustwide/rustup-home:ro,Z" "-e" "SOURCE_DIR=/opt/rustwide/workdir" "-e" "CARGO_TARGET_DIR=/opt/rustwide/target" "-e" "CARGO_INCREMENTAL=0" "-e" "RUST_BACKTRACE=full" "-e" "RUSTFLAGS=--cap-lints=warn" "-e" "RUSTDOCFLAGS=--cap-lints=warn" "-e" "CARGO_HOME=/opt/rustwide/cargo-home" "-e" "RUSTUP_HOME=/opt/rustwide/rustup-home" "-w" "/opt/rustwide/workdir" "-m" "1610612736" "--user" "0:0" "--network" "none" "ghcr.io/rust-lang/crates-build-env/linux@sha256:5ff2268d62e97bff2cde7d5815dd6ed5b47097566f13b8d0ca110b04b60e07ed" "/opt/rustwide/cargo-home/bin/cargo" "+1.69.0" "build" "--frozen" "--message-format=json", kill_on_drop: false }`
[INFO] [stdout] 19f98e8a093e2c8d124f21c941562d462a687856659a502083da39a5cc823032
[INFO] running `Command { std: "docker" "start" "-a" "19f98e8a093e2c8d124f21c941562d462a687856659a502083da39a5cc823032", kill_on_drop: false }`
[INFO] [stderr]    Compiling ezmenulib v0.2.10 (/opt/rustwide/workdir)
[INFO] [stderr]     Finished dev [unoptimized + debuginfo] target(s) in 0.49s
[INFO] running `Command { std: "docker" "inspect" "19f98e8a093e2c8d124f21c941562d462a687856659a502083da39a5cc823032", kill_on_drop: false }`
[INFO] running `Command { std: "docker" "rm" "-f" "19f98e8a093e2c8d124f21c941562d462a687856659a502083da39a5cc823032", kill_on_drop: false }`
[INFO] [stdout] 19f98e8a093e2c8d124f21c941562d462a687856659a502083da39a5cc823032
[INFO] running `Command { std: "docker" "create" "-v" "/var/lib/crater-agent-workspace/builds/worker-1-tc1/target:/opt/rustwide/target:rw,Z" "-v" "/var/lib/crater-agent-workspace/builds/worker-1-tc1/source:/opt/rustwide/workdir:ro,Z" "-v" "/var/lib/crater-agent-workspace/cargo-home:/opt/rustwide/cargo-home:ro,Z" "-v" "/var/lib/crater-agent-workspace/rustup-home:/opt/rustwide/rustup-home:ro,Z" "-e" "SOURCE_DIR=/opt/rustwide/workdir" "-e" "CARGO_TARGET_DIR=/opt/rustwide/target" "-e" "CARGO_INCREMENTAL=0" "-e" "RUST_BACKTRACE=full" "-e" "RUSTFLAGS=--cap-lints=warn" "-e" "RUSTDOCFLAGS=--cap-lints=warn" "-e" "CARGO_HOME=/opt/rustwide/cargo-home" "-e" "RUSTUP_HOME=/opt/rustwide/rustup-home" "-w" "/opt/rustwide/workdir" "-m" "1610612736" "--user" "0:0" "--network" "none" "ghcr.io/rust-lang/crates-build-env/linux@sha256:5ff2268d62e97bff2cde7d5815dd6ed5b47097566f13b8d0ca110b04b60e07ed" "/opt/rustwide/cargo-home/bin/cargo" "+1.69.0" "test" "--frozen" "--no-run" "--message-format=json", kill_on_drop: false }`
[INFO] [stdout] 126842cd2dc26a049fbea5ea5558002e592d848069a0c32bc98485404e85c590
[INFO] running `Command { std: "docker" "start" "-a" "126842cd2dc26a049fbea5ea5558002e592d848069a0c32bc98485404e85c590", kill_on_drop: false }`
[INFO] [stderr]    Compiling ezmenulib v0.2.10 (/opt/rustwide/workdir)
[INFO] [stderr]     Finished test [unoptimized + debuginfo] target(s) in 0.86s
[INFO] running `Command { std: "docker" "inspect" "126842cd2dc26a049fbea5ea5558002e592d848069a0c32bc98485404e85c590", kill_on_drop: false }`
[INFO] running `Command { std: "docker" "rm" "-f" "126842cd2dc26a049fbea5ea5558002e592d848069a0c32bc98485404e85c590", kill_on_drop: false }`
[INFO] [stdout] 126842cd2dc26a049fbea5ea5558002e592d848069a0c32bc98485404e85c590
[INFO] running `Command { std: "docker" "create" "-v" "/var/lib/crater-agent-workspace/builds/worker-1-tc1/target:/opt/rustwide/target:rw,Z" "-v" "/var/lib/crater-agent-workspace/builds/worker-1-tc1/source:/opt/rustwide/workdir:ro,Z" "-v" "/var/lib/crater-agent-workspace/cargo-home:/opt/rustwide/cargo-home:ro,Z" "-v" "/var/lib/crater-agent-workspace/rustup-home:/opt/rustwide/rustup-home:ro,Z" "-e" "SOURCE_DIR=/opt/rustwide/workdir" "-e" "CARGO_TARGET_DIR=/opt/rustwide/target" "-e" "CARGO_INCREMENTAL=0" "-e" "RUST_BACKTRACE=full" "-e" "RUSTFLAGS=--cap-lints=warn" "-e" "RUSTDOCFLAGS=--cap-lints=warn" "-e" "CARGO_HOME=/opt/rustwide/cargo-home" "-e" "RUSTUP_HOME=/opt/rustwide/rustup-home" "-w" "/opt/rustwide/workdir" "-m" "1610612736" "--user" "0:0" "--network" "none" "ghcr.io/rust-lang/crates-build-env/linux@sha256:5ff2268d62e97bff2cde7d5815dd6ed5b47097566f13b8d0ca110b04b60e07ed" "/opt/rustwide/cargo-home/bin/cargo" "+1.69.0" "test" "--frozen", kill_on_drop: false }`
[INFO] [stdout] ffae48da39bea94aaea993a177583ac0534bd32f81542080bff886ea8b17da9b
[INFO] running `Command { std: "docker" "start" "-a" "ffae48da39bea94aaea993a177583ac0534bd32f81542080bff886ea8b17da9b", kill_on_drop: false }`
[INFO] [stderr]     Finished test [unoptimized + debuginfo] target(s) in 0.02s
[INFO] [stderr]      Running unittests src/lib.rs (/opt/rustwide/target/debug/deps/ezmenulib-3dccb24e700f65e5)
[INFO] [stdout] 
[INFO] [stdout] running 0 tests
[INFO] [stderr]    Doc-tests ezmenulib
[INFO] [stdout] 
[INFO] [stdout] test result: ok. 0 passed; 0 failed; 0 ignored; 0 measured; 0 filtered out; finished in 0.00s
[INFO] [stdout] 
[INFO] [stdout] 
[INFO] [stdout] running 22 tests
[INFO] [stdout] test src/field.rs - field::ValueField<'a>::build (line 427) ... FAILED
[INFO] [stdout] test src/field.rs - field::SelectField<'a,R,W>::bind (line 181) ... FAILED
[INFO] [stdout] test src/field.rs - field::SelectField (line 104) ... FAILED
[INFO] [stdout] test src/field.rs - field::ValueField (line 315) ... FAILED
[INFO] [stdout] test src/lib.rs - (line 105) ... ok
[INFO] [stdout] test src/lib.rs - (line 124) ... ok
[INFO] [stdout] test src/customs.rs - customs::MenuVec (line 41) ... ok
[INFO] [stdout] test src/lib.rs - (line 282) ... ok
[INFO] [stdout] test src/lib.rs - (line 192) ... ok
[INFO] [stdout] test src/lib.rs - (line 74) ... ok
[INFO] [stdout] test src/menu.rs - menu::SelectTitle (line 233) ... ok
[INFO] [stdout] test src/menu.rs - menu::SelectMenu (line 172) ... ok
[INFO] [stdout] test src/menu/stream.rs - menu::stream::MenuStream (line 103) ... ok
[INFO] [stdout] test src/menu/stream.rs - menu::stream::MenuStream (line 67) ... ok
[INFO] [stdout] test src/menu/stream.rs - menu::stream::MenuStream (line 87) ... ok
[INFO] [stdout] test src/customs.rs - customs (line 14) has been running for over 60 seconds
[INFO] [stdout] test src/field.rs - field::ValueField<'a>::build_init (line 404) has been running for over 60 seconds
[INFO] [stdout] test src/lib.rs - (line 143) has been running for over 60 seconds
[INFO] [stdout] test src/lib.rs - (line 33) has been running for over 60 seconds
[INFO] [stdout] test src/menu.rs - menu (line 49) has been running for over 60 seconds
[INFO] [stdout] test src/menu.rs - menu::SelectMenu<'_,R,W>::next_output (line 521) has been running for over 60 seconds
[INFO] [stdout] test src/menu.rs - menu::TitlePos (line 128) has been running for over 60 seconds
[ERROR] error running command: no output for 300 seconds
[INFO] running `Command { std: "docker" "inspect" "ffae48da39bea94aaea993a177583ac0534bd32f81542080bff886ea8b17da9b", kill_on_drop: false }`
[INFO] running `Command { std: "docker" "rm" "-f" "ffae48da39bea94aaea993a177583ac0534bd32f81542080bff886ea8b17da9b", kill_on_drop: false }`
[INFO] [stdout] ffae48da39bea94aaea993a177583ac0534bd32f81542080bff886ea8b17da9b
