[INFO] fetching crate extcap 0.4.0...
[INFO] testing extcap-0.4.0 against beta-2023-04-20 for beta-1.70-1
[INFO] extracting crate extcap 0.4.0 into /workspace/builds/worker-2-tc2/source
[INFO] validating manifest of crates.io crate extcap 0.4.0 on toolchain beta-2023-04-20
[INFO] running `Command { std: CARGO_HOME="/workspace/cargo-home" RUSTUP_HOME="/workspace/rustup-home" "/workspace/cargo-home/bin/cargo" "+beta-2023-04-20" "metadata" "--manifest-path" "Cargo.toml" "--no-deps", kill_on_drop: false }`
[INFO] started tweaking crates.io crate extcap 0.4.0
[INFO] removed 0 missing examples
[INFO] finished tweaking crates.io crate extcap 0.4.0
[INFO] tweaked toml for crates.io crate extcap 0.4.0 written to /workspace/builds/worker-2-tc2/source/Cargo.toml
[INFO] crate crates.io crate extcap 0.4.0 already has a lockfile, it will not be regenerated
[INFO] running `Command { std: CARGO_HOME="/workspace/cargo-home" RUSTUP_HOME="/workspace/rustup-home" "/workspace/cargo-home/bin/cargo" "+beta-2023-04-20" "fetch" "--manifest-path" "Cargo.toml", kill_on_drop: false }`
[INFO] [stderr]     Updating crates.io index
[INFO] [stderr]  Downloading crates ...
[INFO] [stderr]   Downloaded pkg-config v0.3.17
[INFO] [stderr]   Downloaded mio-serial v5.0.1
[INFO] [stderr]   Downloaded nix v0.22.0
[INFO] [stderr]   Downloaded getrandom v0.2.0
[INFO] [stderr]   Downloaded clap v3.1.0
[INFO] [stderr]   Downloaded ppv-lite86 v0.2.8
[INFO] [stderr]   Downloaded chrono v0.4.11
[INFO] [stderr]   Downloaded socket2 v0.3.18
[INFO] [stderr]   Downloaded nix v0.23.0
[INFO] [stderr]   Downloaded ctrlc v3.2.1
[INFO] [stderr]   Downloaded derive-into-owned v0.1.0
[INFO] [stderr]   Downloaded thiserror-impl v1.0.19
[INFO] [stderr]   Downloaded thiserror v1.0.19
[INFO] [stderr]   Downloaded pcap-file v1.1.1
[INFO] [stderr]   Downloaded tokio-serial v5.4.1
[INFO] [stderr]   Downloaded rand_core v0.6.0
[INFO] [stderr]   Downloaded simplelog v0.11.2
[INFO] [stderr]   Downloaded memoffset v0.6.4
[INFO] [stderr]   Downloaded cc v1.0.54
[INFO] [stderr]   Downloaded ntapi v0.3.4
[INFO] [stderr]   Downloaded hermit-abi v0.1.13
[INFO] running `Command { std: "docker" "create" "-v" "/var/lib/crater-agent-workspace/builds/worker-2-tc2/target:/opt/rustwide/target:rw,Z" "-v" "/var/lib/crater-agent-workspace/builds/worker-2-tc2/source:/opt/rustwide/workdir:ro,Z" "-v" "/var/lib/crater-agent-workspace/cargo-home:/opt/rustwide/cargo-home:ro,Z" "-v" "/var/lib/crater-agent-workspace/rustup-home:/opt/rustwide/rustup-home:ro,Z" "-e" "SOURCE_DIR=/opt/rustwide/workdir" "-e" "CARGO_TARGET_DIR=/opt/rustwide/target" "-e" "CARGO_HOME=/opt/rustwide/cargo-home" "-e" "RUSTUP_HOME=/opt/rustwide/rustup-home" "-w" "/opt/rustwide/workdir" "-m" "1610612736" "--user" "0:0" "--network" "none" "ghcr.io/rust-lang/crates-build-env/linux@sha256:5ff2268d62e97bff2cde7d5815dd6ed5b47097566f13b8d0ca110b04b60e07ed" "/opt/rustwide/cargo-home/bin/cargo" "+beta-2023-04-20" "metadata" "--no-deps" "--format-version=1", kill_on_drop: false }`
[INFO] [stdout] db632b9eb2b910e36f6d7685e509cd2fa2844af46d40af11bb21b459e4fdded8
[INFO] running `Command { std: "docker" "start" "-a" "db632b9eb2b910e36f6d7685e509cd2fa2844af46d40af11bb21b459e4fdded8", kill_on_drop: false }`
[INFO] running `Command { std: "docker" "inspect" "db632b9eb2b910e36f6d7685e509cd2fa2844af46d40af11bb21b459e4fdded8", kill_on_drop: false }`
[INFO] running `Command { std: "docker" "rm" "-f" "db632b9eb2b910e36f6d7685e509cd2fa2844af46d40af11bb21b459e4fdded8", kill_on_drop: false }`
[INFO] [stdout] db632b9eb2b910e36f6d7685e509cd2fa2844af46d40af11bb21b459e4fdded8
[INFO] running `Command { std: "docker" "create" "-v" "/var/lib/crater-agent-workspace/builds/worker-2-tc2/target:/opt/rustwide/target:rw,Z" "-v" "/var/lib/crater-agent-workspace/builds/worker-2-tc2/source:/opt/rustwide/workdir:ro,Z" "-v" "/var/lib/crater-agent-workspace/cargo-home:/opt/rustwide/cargo-home:ro,Z" "-v" "/var/lib/crater-agent-workspace/rustup-home:/opt/rustwide/rustup-home:ro,Z" "-e" "SOURCE_DIR=/opt/rustwide/workdir" "-e" "CARGO_TARGET_DIR=/opt/rustwide/target" "-e" "CARGO_INCREMENTAL=0" "-e" "RUST_BACKTRACE=full" "-e" "RUSTFLAGS=--cap-lints=warn" "-e" "RUSTDOCFLAGS=--cap-lints=warn" "-e" "CARGO_HOME=/opt/rustwide/cargo-home" "-e" "RUSTUP_HOME=/opt/rustwide/rustup-home" "-w" "/opt/rustwide/workdir" "-m" "1610612736" "--user" "0:0" "--network" "none" "ghcr.io/rust-lang/crates-build-env/linux@sha256:5ff2268d62e97bff2cde7d5815dd6ed5b47097566f13b8d0ca110b04b60e07ed" "/opt/rustwide/cargo-home/bin/cargo" "+beta-2023-04-20" "build" "--frozen" "--message-format=json", kill_on_drop: false }`
[INFO] [stdout] 3470d102bdaade573ce510577dbd8dcd5eb2b174076cafc33fba968566b58fba
[INFO] running `Command { std: "docker" "start" "-a" "3470d102bdaade573ce510577dbd8dcd5eb2b174076cafc33fba968566b58fba", kill_on_drop: false }`
[INFO] [stderr]    Compiling unicode-xid v0.2.0
[INFO] [stderr]    Compiling syn v1.0.74
[INFO] [stderr]    Compiling autocfg v1.0.0
[INFO] [stderr]    Compiling libc v0.2.118
[INFO] [stderr]    Compiling unicode-xid v0.0.4
[INFO] [stderr]    Compiling byteorder v1.3.4
[INFO] [stderr]    Compiling quote v0.3.15
[INFO] [stderr]    Compiling os_str_bytes v6.0.0
[INFO] [stderr]    Compiling proc-macro2 v1.0.28
[INFO] [stderr]    Compiling synom v0.11.3
[INFO] [stderr]    Compiling strsim v0.10.0
[INFO] [stderr]    Compiling syn v0.11.11
[INFO] [stderr]    Compiling indexmap v1.8.0
[INFO] [stderr]    Compiling termcolor v1.1.2
[INFO] [stderr]    Compiling textwrap v0.14.2
[INFO] [stderr]    Compiling quote v1.0.6
[INFO] [stderr]    Compiling atty v0.2.14
[INFO] [stderr]    Compiling clap v3.1.0
[INFO] [stderr]    Compiling derive-into-owned v0.1.0
[INFO] [stderr]    Compiling thiserror-impl v1.0.19
[INFO] [stderr]    Compiling thiserror v1.0.19
[INFO] [stderr]    Compiling pcap-file v1.1.1
[INFO] [stderr]    Compiling extcap v0.4.0 (/opt/rustwide/workdir)
[INFO] [stderr]     Finished dev [unoptimized + debuginfo] target(s) in 8.81s
[INFO] running `Command { std: "docker" "inspect" "3470d102bdaade573ce510577dbd8dcd5eb2b174076cafc33fba968566b58fba", kill_on_drop: false }`
[INFO] running `Command { std: "docker" "rm" "-f" "3470d102bdaade573ce510577dbd8dcd5eb2b174076cafc33fba968566b58fba", kill_on_drop: false }`
[INFO] [stdout] 3470d102bdaade573ce510577dbd8dcd5eb2b174076cafc33fba968566b58fba
[INFO] running `Command { std: "docker" "create" "-v" "/var/lib/crater-agent-workspace/builds/worker-2-tc2/target:/opt/rustwide/target:rw,Z" "-v" "/var/lib/crater-agent-workspace/builds/worker-2-tc2/source:/opt/rustwide/workdir:ro,Z" "-v" "/var/lib/crater-agent-workspace/cargo-home:/opt/rustwide/cargo-home:ro,Z" "-v" "/var/lib/crater-agent-workspace/rustup-home:/opt/rustwide/rustup-home:ro,Z" "-e" "SOURCE_DIR=/opt/rustwide/workdir" "-e" "CARGO_TARGET_DIR=/opt/rustwide/target" "-e" "CARGO_INCREMENTAL=0" "-e" "RUST_BACKTRACE=full" "-e" "RUSTFLAGS=--cap-lints=warn" "-e" "RUSTDOCFLAGS=--cap-lints=warn" "-e" "CARGO_HOME=/opt/rustwide/cargo-home" "-e" "RUSTUP_HOME=/opt/rustwide/rustup-home" "-w" "/opt/rustwide/workdir" "-m" "1610612736" "--user" "0:0" "--network" "none" "ghcr.io/rust-lang/crates-build-env/linux@sha256:5ff2268d62e97bff2cde7d5815dd6ed5b47097566f13b8d0ca110b04b60e07ed" "/opt/rustwide/cargo-home/bin/cargo" "+beta-2023-04-20" "test" "--frozen" "--no-run" "--message-format=json", kill_on_drop: false }`
[INFO] [stdout] 08c101981156487e361ab3440f95008c1c8273d27de5fe27d2db1e32bdb8f7cc
[INFO] running `Command { std: "docker" "start" "-a" "08c101981156487e361ab3440f95008c1c8273d27de5fe27d2db1e32bdb8f7cc", kill_on_drop: false }`
[INFO] [stderr]    Compiling libc v0.2.118
[INFO] [stderr]    Compiling syn v1.0.74
[INFO] [stderr]    Compiling log v0.4.14
[INFO] [stderr]    Compiling cfg-if v0.1.10
[INFO] [stderr]    Compiling futures-core v0.3.21
[INFO] [stderr]    Compiling memoffset v0.6.4
[INFO] [stderr]    Compiling pkg-config v0.3.17
[INFO] [stderr]    Compiling futures-sink v0.3.21
[INFO] [stderr]    Compiling futures-task v0.3.21
[INFO] [stderr]    Compiling futures-channel v0.3.21
[INFO] [stderr]    Compiling num-traits v0.2.11
[INFO] [stderr]    Compiling getrandom v0.2.0
[INFO] [stderr]    Compiling futures-util v0.3.21
[INFO] [stderr]    Compiling nix v0.16.1
[INFO] [stderr]    Compiling libudev-sys v0.1.4
[INFO] [stderr]    Compiling num-integer v0.1.42
[INFO] [stderr]    Compiling slab v0.4.2
[INFO] [stderr]    Compiling futures-io v0.3.21
[INFO] [stderr]    Compiling void v1.0.2
[INFO] [stderr]    Compiling ppv-lite86 v0.2.8
[INFO] [stderr]    Compiling socket2 v0.4.4
[INFO] [stderr]    Compiling libudev v0.2.0
[INFO] [stderr]    Compiling mio v0.8.0
[INFO] [stderr]    Compiling num_cpus v1.13.0
[INFO] [stderr]    Compiling rand_core v0.6.0
[INFO] [stderr]    Compiling time v0.1.43
[INFO] [stderr]    Compiling atty v0.2.14
[INFO] [stderr]    Compiling mio v0.7.14
[INFO] [stderr]    Compiling nix v0.22.0
[INFO] [stderr]    Compiling clap v3.1.0
[INFO] [stderr]    Compiling rand_chacha v0.3.0
[INFO] [stderr]    Compiling chrono v0.4.11
[INFO] [stderr]    Compiling nix v0.23.0
[INFO] [stderr]    Compiling rand v0.8.5
[INFO] [stderr]    Compiling simplelog v0.11.2
[INFO] [stderr]    Compiling futures-macro v0.3.21
[INFO] [stderr]    Compiling thiserror-impl v1.0.19
[INFO] [stderr]    Compiling tokio-macros v1.7.0
[INFO] [stderr]    Compiling serialport v4.0.1
[INFO] [stderr]    Compiling mio-serial v5.0.1
[INFO] [stderr]    Compiling tokio v1.17.0
[INFO] [stderr]    Compiling thiserror v1.0.19
[INFO] [stderr]    Compiling pcap-file v1.1.1
[INFO] [stderr]    Compiling ctrlc v3.2.1
[INFO] [stderr]    Compiling extcap v0.4.0 (/opt/rustwide/workdir)
[INFO] [stderr]    Compiling tokio-util v0.7.0
[INFO] [stderr]    Compiling futures-executor v0.3.21
[INFO] [stderr]    Compiling futures v0.3.21
[INFO] [stderr]    Compiling tokio-serial v5.4.1
[INFO] [stderr]     Finished test [unoptimized + debuginfo] target(s) in 27.31s
[INFO] running `Command { std: "docker" "inspect" "08c101981156487e361ab3440f95008c1c8273d27de5fe27d2db1e32bdb8f7cc", kill_on_drop: false }`
[INFO] running `Command { std: "docker" "rm" "-f" "08c101981156487e361ab3440f95008c1c8273d27de5fe27d2db1e32bdb8f7cc", kill_on_drop: false }`
[INFO] [stdout] 08c101981156487e361ab3440f95008c1c8273d27de5fe27d2db1e32bdb8f7cc
[INFO] running `Command { std: "docker" "create" "-v" "/var/lib/crater-agent-workspace/builds/worker-2-tc2/target:/opt/rustwide/target:rw,Z" "-v" "/var/lib/crater-agent-workspace/builds/worker-2-tc2/source:/opt/rustwide/workdir:ro,Z" "-v" "/var/lib/crater-agent-workspace/cargo-home:/opt/rustwide/cargo-home:ro,Z" "-v" "/var/lib/crater-agent-workspace/rustup-home:/opt/rustwide/rustup-home:ro,Z" "-e" "SOURCE_DIR=/opt/rustwide/workdir" "-e" "CARGO_TARGET_DIR=/opt/rustwide/target" "-e" "CARGO_INCREMENTAL=0" "-e" "RUST_BACKTRACE=full" "-e" "RUSTFLAGS=--cap-lints=warn" "-e" "RUSTDOCFLAGS=--cap-lints=warn" "-e" "CARGO_HOME=/opt/rustwide/cargo-home" "-e" "RUSTUP_HOME=/opt/rustwide/rustup-home" "-w" "/opt/rustwide/workdir" "-m" "1610612736" "--user" "0:0" "--network" "none" "ghcr.io/rust-lang/crates-build-env/linux@sha256:5ff2268d62e97bff2cde7d5815dd6ed5b47097566f13b8d0ca110b04b60e07ed" "/opt/rustwide/cargo-home/bin/cargo" "+beta-2023-04-20" "test" "--frozen", kill_on_drop: false }`
[INFO] [stdout] bc07c014d357b466fa45ec238aa951a741a9b3e2805682ebb6db96aaca58ce7a
[INFO] running `Command { std: "docker" "start" "-a" "bc07c014d357b466fa45ec238aa951a741a9b3e2805682ebb6db96aaca58ce7a", kill_on_drop: false }`
[INFO] [stderr]     Finished test [unoptimized + debuginfo] target(s) in 0.10s
[INFO] [stderr]      Running unittests src/lib.rs (/opt/rustwide/target/debug/deps/extcap-ab5d429505ee4171)
[INFO] [stderr]    Doc-tests extcap
[INFO] [stdout] 
[INFO] [stdout] running 0 tests
[INFO] [stdout] 
[INFO] [stdout] test result: ok. 0 passed; 0 failed; 0 ignored; 0 measured; 0 filtered out; finished in 0.00s
[INFO] [stdout] 
[INFO] [stdout] 
[INFO] [stdout] running 1 test
[INFO] [stdout] test src/lib.rs - (line 11) ... FAILED
[INFO] [stdout] 
[INFO] [stdout] failures:
[INFO] [stdout] 
[INFO] [stdout] ---- src/lib.rs - (line 11) stdout ----
[INFO] [stdout] Test executable failed (exit status: 101).
[INFO] [stdout] 
[INFO] [stdout] stderr:
[INFO] [stdout] thread 'main' panicked at '`debug` is not a name of an argument or a group.
[INFO] [stdout] Make sure you're using the name of the argument itself and not the name of short or long flags.', /opt/rustwide/cargo-home/registry/src/index.crates.io-6f17d22bba15001f/clap-3.1.0/src/parse/matches/arg_matches.rs:624:14
[INFO] [stdout] stack backtrace:
[INFO] [stdout]    0:     0x562e5024f2ea - std::backtrace_rs::backtrace::libunwind::trace::h2f05d0192276a8f6
[INFO] [stdout]                                at /rustc/1b7dd2252b99671ce5d1cb9664c5f8636329436d/library/std/src/../../backtrace/src/backtrace/libunwind.rs:93:5
[INFO] [stdout]    1:     0x562e5024f2ea - std::backtrace_rs::backtrace::trace_unsynchronized::hedc23dff7a1af150
[INFO] [stdout]                                at /rustc/1b7dd2252b99671ce5d1cb9664c5f8636329436d/library/std/src/../../backtrace/src/backtrace/mod.rs:66:5
[INFO] [stdout]    2:     0x562e5024f2ea - std::sys_common::backtrace::_print_fmt::h17541ef7592f3ce2
[INFO] [stdout]                                at /rustc/1b7dd2252b99671ce5d1cb9664c5f8636329436d/library/std/src/sys_common/backtrace.rs:65:5
[INFO] [stdout]    3:     0x562e5024f2ea - <std::sys_common::backtrace::_print::DisplayBacktrace as core::fmt::Display>::fmt::h20f75df5ab0c0792
[INFO] [stdout]                                at /rustc/1b7dd2252b99671ce5d1cb9664c5f8636329436d/library/std/src/sys_common/backtrace.rs:44:22
[INFO] [stdout]    4:     0x562e5026b2cf - core::fmt::write::h78109e6f466b3af6
[INFO] [stdout]                                at /rustc/1b7dd2252b99671ce5d1cb9664c5f8636329436d/library/core/src/fmt/mod.rs:1254:17
[INFO] [stdout]    5:     0x562e5024ced5 - std::io::Write::write_fmt::hc59e1b02dd273c8a
[INFO] [stdout]                                at /rustc/1b7dd2252b99671ce5d1cb9664c5f8636329436d/library/std/src/io/mod.rs:1698:15
[INFO] [stdout]    6:     0x562e5024f0b5 - std::sys_common::backtrace::_print::h8dac57a9f8fbf9a5
[INFO] [stdout]                                at /rustc/1b7dd2252b99671ce5d1cb9664c5f8636329436d/library/std/src/sys_common/backtrace.rs:47:5
[INFO] [stdout]    7:     0x562e5024f0b5 - std::sys_common::backtrace::print::hf9ecbf41d1aa712f
[INFO] [stdout]                                at /rustc/1b7dd2252b99671ce5d1cb9664c5f8636329436d/library/std/src/sys_common/backtrace.rs:34:9
[INFO] [stdout]    8:     0x562e5025063e - std::panicking::default_hook::{{closure}}::h04c07acfc84ca028
[INFO] [stdout]                                at /rustc/1b7dd2252b99671ce5d1cb9664c5f8636329436d/library/std/src/panicking.rs:269:22
[INFO] [stdout]    9:     0x562e502503e5 - std::panicking::default_hook::h01f6bb23e1eceb2c
[INFO] [stdout]                                at /rustc/1b7dd2252b99671ce5d1cb9664c5f8636329436d/library/std/src/panicking.rs:288:9
[INFO] [stdout]   10:     0x562e50250b9e - std::panicking::rust_panic_with_hook::h2bb3722bbaf2f6df
[INFO] [stdout]                                at /rustc/1b7dd2252b99671ce5d1cb9664c5f8636329436d/library/std/src/panicking.rs:691:13
[INFO] [stdout]   11:     0x562e50250a99 - std::panicking::begin_panic_handler::{{closure}}::h91bc7f36a4be011b
[INFO] [stdout]                                at /rustc/1b7dd2252b99671ce5d1cb9664c5f8636329436d/library/std/src/panicking.rs:582:13
[INFO] [stdout]   12:     0x562e5024f756 - std::sys_common::backtrace::__rust_end_short_backtrace::h8b3d3717114f9e59
[INFO] [stdout]                                at /rustc/1b7dd2252b99671ce5d1cb9664c5f8636329436d/library/std/src/sys_common/backtrace.rs:150:18
[INFO] [stdout]   13:     0x562e502507f2 - rust_begin_unwind
[INFO] [stdout]                                at /rustc/1b7dd2252b99671ce5d1cb9664c5f8636329436d/library/std/src/panicking.rs:578:5
[INFO] [stdout]   14:     0x562e500dba23 - core::panicking::panic_fmt::hfd368e3fbdabea26
[INFO] [stdout]                                at /rustc/1b7dd2252b99671ce5d1cb9664c5f8636329436d/library/core/src/panicking.rs:67:14
[INFO] [stdout]   15:     0x562e500dc777 - clap::parse::matches::arg_matches::ArgMatches::get_arg::hb7d21bc95d1569e1
[INFO] [stdout]   16:     0x562e500dc572 - clap::parse::matches::arg_matches::ArgMatches::is_present::he09fbfab450ec119
[INFO] [stdout]   17:     0x562e500de41f - extcap::Extcap::run_till_capture::hd88484fa63d0e274
[INFO] [stdout]   18:     0x562e500df555 - extcap::Extcap::run::hf6215e7f5fbc8e73
[INFO] [stdout]   19:     0x562e500e0b8b - rust_out::main::h4579277826d63b22
[INFO] [stdout]   20:     0x562e500dcd23 - core::ops::function::FnOnce::call_once::hc8c11e8d11d52846
[INFO] [stdout]   21:     0x562e500dc3c6 - std::sys_common::backtrace::__rust_begin_short_backtrace::h8f0ae20af1de1937
[INFO] [stdout]   22:     0x562e500dc419 - std::rt::lang_start::{{closure}}::h57feb0a49d8b79f5
[INFO] [stdout]   23:     0x562e50249c3e - core::ops::function::impls::<impl core::ops::function::FnOnce<A> for &F>::call_once::h2eb19b8ce4148df4
[INFO] [stdout]                                at /rustc/1b7dd2252b99671ce5d1cb9664c5f8636329436d/library/core/src/ops/function.rs:287:13
[INFO] [stdout]   24:     0x562e50249c3e - std::panicking::try::do_call::h2e900feff5d504c5
[INFO] [stdout]                                at /rustc/1b7dd2252b99671ce5d1cb9664c5f8636329436d/library/std/src/panicking.rs:485:40
[INFO] [stdout]   25:     0x562e50249c3e - std::panicking::try::h8854836cb85aa9f2
[INFO] [stdout]                                at /rustc/1b7dd2252b99671ce5d1cb9664c5f8636329436d/library/std/src/panicking.rs:449:19
[INFO] [stdout]   26:     0x562e50249c3e - std::panic::catch_unwind::h706025dd4c48f64b
[INFO] [stdout]                                at /rustc/1b7dd2252b99671ce5d1cb9664c5f8636329436d/library/std/src/panic.rs:140:14
[INFO] [stdout]   27:     0x562e50249c3e - std::rt::lang_start_internal::{{closure}}::h7be5b97f4a07a91a
[INFO] [stdout]                                at /rustc/1b7dd2252b99671ce5d1cb9664c5f8636329436d/library/std/src/rt.rs:148:48
[INFO] [stdout]   28:     0x562e50249c3e - std::panicking::try::do_call::h59847e9d0a176965
[INFO] [stdout]                                at /rustc/1b7dd2252b99671ce5d1cb9664c5f8636329436d/library/std/src/panicking.rs:485:40
[INFO] [stdout]   29:     0x562e50249c3e - std::panicking::try::h399a918ba8522823
[INFO] [stdout]                                at /rustc/1b7dd2252b99671ce5d1cb9664c5f8636329436d/library/std/src/panicking.rs:449:19
[INFO] [stdout]   30:     0x562e50249c3e - std::panic::catch_unwind::hca7ca6c55b2a2e26
[INFO] [stdout]                                at /rustc/1b7dd2252b99671ce5d1cb9664c5f8636329436d/library/std/src/panic.rs:140:14
[INFO] [stdout]   31:     0x562e50249c3e - std::rt::lang_start_internal::h2c807a81560459eb
[INFO] [stdout]                                at /rustc/1b7dd2252b99671ce5d1cb9664c5f8636329436d/library/std/src/rt.rs:148:20
[INFO] [stdout]   32:     0x562e500dc3f7 - std::rt::lang_start::h9f7e19247aec288b
[INFO] [stdout]   33:     0x562e500e0c05 - main
[INFO] [stdout]   34:     0x7f326b55fd90 - <unknown>
[INFO] [stdout]   35:     0x7f326b55fe40 - __libc_start_main
[INFO] [stdout]   36:     0x562e500dc145 - _start
[INFO] [stdout]   37:                0x0 - <unknown>
[INFO] [stdout] 
[INFO] [stdout] 
[INFO] [stdout] 
[INFO] [stdout] failures:
[INFO] [stdout]     src/lib.rs - (line 11)
[INFO] [stdout] 
[INFO] [stdout] test result: FAILED. 0 passed; 1 failed; 0 ignored; 0 measured; 0 filtered out; finished in 0.82s
[INFO] [stdout] 
[INFO] [stderr] error: doctest failed, to rerun pass `--doc`
[INFO] running `Command { std: "docker" "inspect" "bc07c014d357b466fa45ec238aa951a741a9b3e2805682ebb6db96aaca58ce7a", kill_on_drop: false }`
[INFO] running `Command { std: "docker" "rm" "-f" "bc07c014d357b466fa45ec238aa951a741a9b3e2805682ebb6db96aaca58ce7a", kill_on_drop: false }`
[INFO] [stdout] bc07c014d357b466fa45ec238aa951a741a9b3e2805682ebb6db96aaca58ce7a
