[INFO] fetching crate ewgpu_macros 0.1.0...
[INFO] testing ewgpu_macros-0.1.0 against 1.69.0 for beta-1.70-1
[INFO] extracting crate ewgpu_macros 0.1.0 into /workspace/builds/worker-6-tc1/source
[INFO] validating manifest of crates.io crate ewgpu_macros 0.1.0 on toolchain 1.69.0
[INFO] running `Command { std: CARGO_HOME="/workspace/cargo-home" RUSTUP_HOME="/workspace/rustup-home" "/workspace/cargo-home/bin/cargo" "+1.69.0" "metadata" "--manifest-path" "Cargo.toml" "--no-deps", kill_on_drop: false }`
[INFO] started tweaking crates.io crate ewgpu_macros 0.1.0
[INFO] finished tweaking crates.io crate ewgpu_macros 0.1.0
[INFO] tweaked toml for crates.io crate ewgpu_macros 0.1.0 written to /workspace/builds/worker-6-tc1/source/Cargo.toml
[INFO] running `Command { std: CARGO_HOME="/workspace/cargo-home" RUSTUP_HOME="/workspace/rustup-home" __CARGO_TEST_CHANNEL_OVERRIDE_DO_NOT_USE_THIS="nightly" "/workspace/cargo-home/bin/cargo" "+1.69.0" "generate-lockfile" "--manifest-path" "Cargo.toml" "-Zno-index-update", kill_on_drop: false }`
[INFO] running `Command { std: CARGO_HOME="/workspace/cargo-home" RUSTUP_HOME="/workspace/rustup-home" "/workspace/cargo-home/bin/cargo" "+1.69.0" "fetch" "--manifest-path" "Cargo.toml", kill_on_drop: false }`
[INFO] running `Command { std: "docker" "create" "-v" "/var/lib/crater-agent-workspace/builds/worker-6-tc1/target:/opt/rustwide/target:rw,Z" "-v" "/var/lib/crater-agent-workspace/builds/worker-6-tc1/source:/opt/rustwide/workdir:ro,Z" "-v" "/var/lib/crater-agent-workspace/cargo-home:/opt/rustwide/cargo-home:ro,Z" "-v" "/var/lib/crater-agent-workspace/rustup-home:/opt/rustwide/rustup-home:ro,Z" "-e" "SOURCE_DIR=/opt/rustwide/workdir" "-e" "CARGO_TARGET_DIR=/opt/rustwide/target" "-e" "CARGO_HOME=/opt/rustwide/cargo-home" "-e" "RUSTUP_HOME=/opt/rustwide/rustup-home" "-w" "/opt/rustwide/workdir" "-m" "1610612736" "--user" "0:0" "--network" "none" "ghcr.io/rust-lang/crates-build-env/linux@sha256:5ff2268d62e97bff2cde7d5815dd6ed5b47097566f13b8d0ca110b04b60e07ed" "/opt/rustwide/cargo-home/bin/cargo" "+1.69.0" "metadata" "--no-deps" "--format-version=1", kill_on_drop: false }`
[INFO] [stdout] aa488b563f6686ae294f6ce8c420cbdf36958b2d3d84f9fd865a181e5e65701a
[INFO] running `Command { std: "docker" "start" "-a" "aa488b563f6686ae294f6ce8c420cbdf36958b2d3d84f9fd865a181e5e65701a", kill_on_drop: false }`
[INFO] running `Command { std: "docker" "inspect" "aa488b563f6686ae294f6ce8c420cbdf36958b2d3d84f9fd865a181e5e65701a", kill_on_drop: false }`
[INFO] running `Command { std: "docker" "rm" "-f" "aa488b563f6686ae294f6ce8c420cbdf36958b2d3d84f9fd865a181e5e65701a", kill_on_drop: false }`
[INFO] [stdout] aa488b563f6686ae294f6ce8c420cbdf36958b2d3d84f9fd865a181e5e65701a
[INFO] running `Command { std: "docker" "create" "-v" "/var/lib/crater-agent-workspace/builds/worker-6-tc1/target:/opt/rustwide/target:rw,Z" "-v" "/var/lib/crater-agent-workspace/builds/worker-6-tc1/source:/opt/rustwide/workdir:ro,Z" "-v" "/var/lib/crater-agent-workspace/cargo-home:/opt/rustwide/cargo-home:ro,Z" "-v" "/var/lib/crater-agent-workspace/rustup-home:/opt/rustwide/rustup-home:ro,Z" "-e" "SOURCE_DIR=/opt/rustwide/workdir" "-e" "CARGO_TARGET_DIR=/opt/rustwide/target" "-e" "CARGO_INCREMENTAL=0" "-e" "RUST_BACKTRACE=full" "-e" "RUSTFLAGS=--cap-lints=warn" "-e" "RUSTDOCFLAGS=--cap-lints=warn" "-e" "CARGO_HOME=/opt/rustwide/cargo-home" "-e" "RUSTUP_HOME=/opt/rustwide/rustup-home" "-w" "/opt/rustwide/workdir" "-m" "1610612736" "--user" "0:0" "--network" "none" "ghcr.io/rust-lang/crates-build-env/linux@sha256:5ff2268d62e97bff2cde7d5815dd6ed5b47097566f13b8d0ca110b04b60e07ed" "/opt/rustwide/cargo-home/bin/cargo" "+1.69.0" "build" "--frozen" "--message-format=json", kill_on_drop: false }`
[INFO] [stdout] d6cbdc845f0ebab4f487c4d349653b6cd14398601393ccc848c7007e0769b91f
[INFO] running `Command { std: "docker" "start" "-a" "d6cbdc845f0ebab4f487c4d349653b6cd14398601393ccc848c7007e0769b91f", kill_on_drop: false }`
[INFO] [stderr]    Compiling syn v1.0.109
[INFO] [stderr]    Compiling ewgpu_macros v0.1.0 (/opt/rustwide/workdir)
[INFO] [stdout] warning: function `field_name` is never used
[INFO] [stdout]   --> src/bind_group_content.rs:41:8
[INFO] [stdout]    |
[INFO] [stdout] 41 | pub fn field_name(field: &syn::Field) -> String{
[INFO] [stdout]    |        ^^^^^^^^^^
[INFO] [stdout]    |
[INFO] [stdout]    = note: `#[warn(dead_code)]` on by default
[INFO] [stdout] 
[INFO] [stdout] 
[INFO] [stdout] warning: 1 warning emitted
[INFO] [stdout] 
[INFO] [stdout] 
[INFO] [stderr]     Finished dev [unoptimized + debuginfo] target(s) in 8.02s
[INFO] running `Command { std: "docker" "inspect" "d6cbdc845f0ebab4f487c4d349653b6cd14398601393ccc848c7007e0769b91f", kill_on_drop: false }`
[INFO] running `Command { std: "docker" "rm" "-f" "d6cbdc845f0ebab4f487c4d349653b6cd14398601393ccc848c7007e0769b91f", kill_on_drop: false }`
[INFO] [stdout] d6cbdc845f0ebab4f487c4d349653b6cd14398601393ccc848c7007e0769b91f
[INFO] running `Command { std: "docker" "create" "-v" "/var/lib/crater-agent-workspace/builds/worker-6-tc1/target:/opt/rustwide/target:rw,Z" "-v" "/var/lib/crater-agent-workspace/builds/worker-6-tc1/source:/opt/rustwide/workdir:ro,Z" "-v" "/var/lib/crater-agent-workspace/cargo-home:/opt/rustwide/cargo-home:ro,Z" "-v" "/var/lib/crater-agent-workspace/rustup-home:/opt/rustwide/rustup-home:ro,Z" "-e" "SOURCE_DIR=/opt/rustwide/workdir" "-e" "CARGO_TARGET_DIR=/opt/rustwide/target" "-e" "CARGO_INCREMENTAL=0" "-e" "RUST_BACKTRACE=full" "-e" "RUSTFLAGS=--cap-lints=warn" "-e" "RUSTDOCFLAGS=--cap-lints=warn" "-e" "CARGO_HOME=/opt/rustwide/cargo-home" "-e" "RUSTUP_HOME=/opt/rustwide/rustup-home" "-w" "/opt/rustwide/workdir" "-m" "1610612736" "--user" "0:0" "--network" "none" "ghcr.io/rust-lang/crates-build-env/linux@sha256:5ff2268d62e97bff2cde7d5815dd6ed5b47097566f13b8d0ca110b04b60e07ed" "/opt/rustwide/cargo-home/bin/cargo" "+1.69.0" "test" "--frozen" "--no-run" "--message-format=json", kill_on_drop: false }`
[INFO] [stdout] 0c4cc59f804ac3cd6659306069feb5d3ad0686452e090cfab32a690c58ee04a5
[INFO] running `Command { std: "docker" "start" "-a" "0c4cc59f804ac3cd6659306069feb5d3ad0686452e090cfab32a690c58ee04a5", kill_on_drop: false }`
[INFO] [stderr]    Compiling ewgpu_macros v0.1.0 (/opt/rustwide/workdir)
[INFO] [stdout] warning: function `field_name` is never used
[INFO] [stdout]   --> src/bind_group_content.rs:41:8
[INFO] [stdout]    |
[INFO] [stdout] 41 | pub fn field_name(field: &syn::Field) -> String{
[INFO] [stdout]    |        ^^^^^^^^^^
[INFO] [stdout]    |
[INFO] [stdout]    = note: `#[warn(dead_code)]` on by default
[INFO] [stdout] 
[INFO] [stdout] 
[INFO] [stdout] warning: function `field_name` is never used
[INFO] [stdout]   --> src/bind_group_content.rs:41:8
[INFO] [stdout]    |
[INFO] [stdout] 41 | pub fn field_name(field: &syn::Field) -> String{
[INFO] [stdout]    |        ^^^^^^^^^^
[INFO] [stdout]    |
[INFO] [stdout]    = note: `#[warn(dead_code)]` on by default
[INFO] [stdout] 
[INFO] [stdout] 
[INFO] [stdout] warning: 1 warning emitted
[INFO] [stdout] 
[INFO] [stdout] 
[INFO] [stdout] warning: 1 warning emitted
[INFO] [stdout] 
[INFO] [stdout] 
[INFO] [stderr]     Finished test [unoptimized + debuginfo] target(s) in 1.18s
[INFO] running `Command { std: "docker" "inspect" "0c4cc59f804ac3cd6659306069feb5d3ad0686452e090cfab32a690c58ee04a5", kill_on_drop: false }`
[INFO] running `Command { std: "docker" "rm" "-f" "0c4cc59f804ac3cd6659306069feb5d3ad0686452e090cfab32a690c58ee04a5", kill_on_drop: false }`
[INFO] [stdout] 0c4cc59f804ac3cd6659306069feb5d3ad0686452e090cfab32a690c58ee04a5
[INFO] running `Command { std: "docker" "create" "-v" "/var/lib/crater-agent-workspace/builds/worker-6-tc1/target:/opt/rustwide/target:rw,Z" "-v" "/var/lib/crater-agent-workspace/builds/worker-6-tc1/source:/opt/rustwide/workdir:ro,Z" "-v" "/var/lib/crater-agent-workspace/cargo-home:/opt/rustwide/cargo-home:ro,Z" "-v" "/var/lib/crater-agent-workspace/rustup-home:/opt/rustwide/rustup-home:ro,Z" "-e" "SOURCE_DIR=/opt/rustwide/workdir" "-e" "CARGO_TARGET_DIR=/opt/rustwide/target" "-e" "CARGO_INCREMENTAL=0" "-e" "RUST_BACKTRACE=full" "-e" "RUSTFLAGS=--cap-lints=warn" "-e" "RUSTDOCFLAGS=--cap-lints=warn" "-e" "CARGO_HOME=/opt/rustwide/cargo-home" "-e" "RUSTUP_HOME=/opt/rustwide/rustup-home" "-w" "/opt/rustwide/workdir" "-m" "1610612736" "--user" "0:0" "--network" "none" "ghcr.io/rust-lang/crates-build-env/linux@sha256:5ff2268d62e97bff2cde7d5815dd6ed5b47097566f13b8d0ca110b04b60e07ed" "/opt/rustwide/cargo-home/bin/cargo" "+1.69.0" "test" "--frozen", kill_on_drop: false }`
[INFO] [stdout] 69eeded8d9561b0d532f3f4f5a141f8a978012279ddec4593519083bbd6ec735
[INFO] running `Command { std: "docker" "start" "-a" "69eeded8d9561b0d532f3f4f5a141f8a978012279ddec4593519083bbd6ec735", kill_on_drop: false }`
[INFO] [stderr] warning: function `field_name` is never used
[INFO] [stderr]   --> src/bind_group_content.rs:41:8
[INFO] [stderr]    |
[INFO] [stderr] 41 | pub fn field_name(field: &syn::Field) -> String{
[INFO] [stderr]    |        ^^^^^^^^^^
[INFO] [stderr]    |
[INFO] [stderr]    = note: `#[warn(dead_code)]` on by default
[INFO] [stderr] 
[INFO] [stderr] warning: `ewgpu_macros` (lib) generated 1 warning
[INFO] [stderr] warning: `ewgpu_macros` (lib test) generated 1 warning (1 duplicate)
[INFO] [stderr]     Finished test [unoptimized + debuginfo] target(s) in 0.01s
[INFO] [stderr]      Running unittests src/lib.rs (/opt/rustwide/target/debug/deps/ewgpu_macros-d853005a0753ca93)
[INFO] [stdout] 
[INFO] [stdout] running 0 tests
[INFO] [stdout] 
[INFO] [stdout] test result: ok. 0 passed; 0 failed; 0 ignored; 0 measured; 0 filtered out; finished in 0.00s
[INFO] [stdout] 
[INFO] [stderr]    Doc-tests ewgpu_macros
[INFO] [stdout] 
[INFO] [stdout] running 2 tests
[INFO] [stdout] test src/lib.rs - derive_bind_group_content (line 48) ... FAILED
[INFO] [stdout] test src/lib.rs - derive_instance (line 12) ... FAILED
[INFO] [stdout] 
[INFO] [stdout] failures:
[INFO] [stdout] 
[INFO] [stdout] ---- src/lib.rs - derive_bind_group_content (line 48) stdout ----
[INFO] [stdout] error: cannot find derive macro `BindGroupContent` in this scope
[INFO] [stdout]  --> src/lib.rs:49:10
[INFO] [stdout]   |
[INFO] [stdout] 3 | #[derive(BindGroupContent)]
[INFO] [stdout]   |          ^^^^^^^^^^^^^^^^
[INFO] [stdout]   |
[INFO] [stdout]   = help: consider importing this derive macro:
[INFO] [stdout]           ewgpu_macros::BindGroupContent
[INFO] [stdout] 
[INFO] [stdout] error[E0412]: cannot find type `Buffer` in this scope
[INFO] [stdout]  --> src/lib.rs:51:14
[INFO] [stdout]   |
[INFO] [stdout] 5 |     indices: Buffer<u32>,
[INFO] [stdout]   |              ^^^^^^ not found in this scope
[INFO] [stdout] 
[INFO] [stdout] error[E0412]: cannot find type `Buffer` in this scope
[INFO] [stdout]  --> src/lib.rs:52:20
[INFO] [stdout]   |
[INFO] [stdout] 6 |     other_indices: Buffer<u64>,
[INFO] [stdout]   |                    ^^^^^^ not found in this scope
[INFO] [stdout] 
[INFO] [stdout] error: aborting due to 3 previous errors
[INFO] [stdout] 
[INFO] [stdout] For more information about this error, try `rustc --explain E0412`.
[INFO] [stdout] Couldn't compile the test.
[INFO] [stdout] ---- src/lib.rs - derive_instance (line 12) stdout ----
[INFO] [stdout] error[E0433]: failed to resolve: use of undeclared crate or module `bytemuck`
[INFO] [stdout]  --> src/lib.rs:13:23
[INFO] [stdout]   |
[INFO] [stdout] 3 | #[derive(Copy, Clone, bytemuck::Zeroable, bytemuck::Pod, Instance)]
[INFO] [stdout]   |                       ^^^^^^^^ use of undeclared crate or module `bytemuck`
[INFO] [stdout] 
[INFO] [stdout] error[E0433]: failed to resolve: use of undeclared crate or module `bytemuck`
[INFO] [stdout]  --> src/lib.rs:13:43
[INFO] [stdout]   |
[INFO] [stdout] 3 | #[derive(Copy, Clone, bytemuck::Zeroable, bytemuck::Pod, Instance)]
[INFO] [stdout]   |                                           ^^^^^^^^ use of undeclared crate or module `bytemuck`
[INFO] [stdout] 
[INFO] [stdout] error: cannot find derive macro `Instance` in this scope
[INFO] [stdout]  --> src/lib.rs:13:58
[INFO] [stdout]   |
[INFO] [stdout] 3 | #[derive(Copy, Clone, bytemuck::Zeroable, bytemuck::Pod, Instance)]
[INFO] [stdout]   |                                                          ^^^^^^^^
[INFO] [stdout] 
[INFO] [stdout] error: cannot find attribute `location` in this scope
[INFO] [stdout]  --> src/lib.rs:15:7
[INFO] [stdout]   |
[INFO] [stdout] 5 |     #[location = 0]
[INFO] [stdout]   |       ^^^^^^^^
[INFO] [stdout] 
[INFO] [stdout] error: cannot find attribute `location` in this scope
[INFO] [stdout]  --> src/lib.rs:17:7
[INFO] [stdout]   |
[INFO] [stdout] 7 |     #[location = 1]
[INFO] [stdout]   |       ^^^^^^^^
[INFO] [stdout] 
[INFO] [stdout] error: cannot find attribute `location` in this scope
[INFO] [stdout]  --> src/lib.rs:19:7
[INFO] [stdout]   |
[INFO] [stdout] 9 |     #[location = 2]
[INFO] [stdout]   |       ^^^^^^^^
[INFO] [stdout] 
[INFO] [stdout] error: cannot find attribute `location` in this scope
[INFO] [stdout]   --> src/lib.rs:21:7
[INFO] [stdout]    |
[INFO] [stdout] 11 |     #[location = 3]
[INFO] [stdout]    |       ^^^^^^^^
[INFO] [stdout] 
[INFO] [stdout] error: cannot find attribute `location` in this scope
[INFO] [stdout]   --> src/lib.rs:23:7
[INFO] [stdout]    |
[INFO] [stdout] 13 |     #[location = 4]
[INFO] [stdout]    |       ^^^^^^^^
[INFO] [stdout] 
[INFO] [stdout] error[E0599]: no function or associated item named `buffer_layout` found for struct `Inst` in the current scope
[INFO] [stdout]   --> src/lib.rs:27:20
[INFO] [stdout]    |
[INFO] [stdout] 4  | struct Inst{
[INFO] [stdout]    | ----------- function or associated item `buffer_layout` not found for this struct
[INFO] [stdout] ...
[INFO] [stdout] 17 | let layout = Inst::buffer_layout();
[INFO] [stdout]    |                    ^^^^^^^^^^^^^ function or associated item not found in `Inst`
[INFO] [stdout] 
[INFO] [stdout] error: aborting due to 9 previous errors
[INFO] [stdout] 
[INFO] [stdout] Some errors have detailed explanations: E0433, E0599.
[INFO] [stdout] For more information about an error, try `rustc --explain E0433`.
[INFO] [stdout] Couldn't compile the test.
[INFO] [stdout] 
[INFO] [stdout] failures:
[INFO] [stdout]     src/lib.rs - derive_bind_group_content (line 48)
[INFO] [stdout]     src/lib.rs - derive_instance (line 12)
[INFO] [stdout] 
[INFO] [stdout] test result: FAILED. 0 passed; 2 failed; 0 ignored; 0 measured; 0 filtered out; finished in 0.09s
[INFO] [stdout] 
[INFO] [stderr] error: doctest failed, to rerun pass `--doc`
[INFO] running `Command { std: "docker" "inspect" "69eeded8d9561b0d532f3f4f5a141f8a978012279ddec4593519083bbd6ec735", kill_on_drop: false }`
[INFO] running `Command { std: "docker" "rm" "-f" "69eeded8d9561b0d532f3f4f5a141f8a978012279ddec4593519083bbd6ec735", kill_on_drop: false }`
[INFO] [stdout] 69eeded8d9561b0d532f3f4f5a141f8a978012279ddec4593519083bbd6ec735
