[INFO] fetching crate evp_bytestokey 0.2.0...
[INFO] testing evp_bytestokey-0.2.0 against beta-2023-04-20 for beta-1.70-1
[INFO] extracting crate evp_bytestokey 0.2.0 into /workspace/builds/worker-2-tc2/source
[INFO] validating manifest of crates.io crate evp_bytestokey 0.2.0 on toolchain beta-2023-04-20
[INFO] running `Command { std: CARGO_HOME="/workspace/cargo-home" RUSTUP_HOME="/workspace/rustup-home" "/workspace/cargo-home/bin/cargo" "+beta-2023-04-20" "metadata" "--manifest-path" "Cargo.toml" "--no-deps", kill_on_drop: false }`
[INFO] started tweaking crates.io crate evp_bytestokey 0.2.0
[INFO] finished tweaking crates.io crate evp_bytestokey 0.2.0
[INFO] tweaked toml for crates.io crate evp_bytestokey 0.2.0 written to /workspace/builds/worker-2-tc2/source/Cargo.toml
[INFO] running `Command { std: CARGO_HOME="/workspace/cargo-home" RUSTUP_HOME="/workspace/rustup-home" __CARGO_TEST_CHANNEL_OVERRIDE_DO_NOT_USE_THIS="nightly" "/workspace/cargo-home/bin/cargo" "+beta-2023-04-20" "generate-lockfile" "--manifest-path" "Cargo.toml" "-Zno-index-update", kill_on_drop: false }`
[INFO] running `Command { std: CARGO_HOME="/workspace/cargo-home" RUSTUP_HOME="/workspace/rustup-home" "/workspace/cargo-home/bin/cargo" "+beta-2023-04-20" "fetch" "--manifest-path" "Cargo.toml", kill_on_drop: false }`
[INFO] running `Command { std: "docker" "create" "-v" "/var/lib/crater-agent-workspace/builds/worker-2-tc2/target:/opt/rustwide/target:rw,Z" "-v" "/var/lib/crater-agent-workspace/builds/worker-2-tc2/source:/opt/rustwide/workdir:ro,Z" "-v" "/var/lib/crater-agent-workspace/cargo-home:/opt/rustwide/cargo-home:ro,Z" "-v" "/var/lib/crater-agent-workspace/rustup-home:/opt/rustwide/rustup-home:ro,Z" "-e" "SOURCE_DIR=/opt/rustwide/workdir" "-e" "CARGO_TARGET_DIR=/opt/rustwide/target" "-e" "CARGO_HOME=/opt/rustwide/cargo-home" "-e" "RUSTUP_HOME=/opt/rustwide/rustup-home" "-w" "/opt/rustwide/workdir" "-m" "1610612736" "--user" "0:0" "--network" "none" "ghcr.io/rust-lang/crates-build-env/linux@sha256:5ff2268d62e97bff2cde7d5815dd6ed5b47097566f13b8d0ca110b04b60e07ed" "/opt/rustwide/cargo-home/bin/cargo" "+beta-2023-04-20" "metadata" "--no-deps" "--format-version=1", kill_on_drop: false }`
[INFO] [stdout] c60e7c406b3793fa287920d2bdc7cc6a7262f717e7ed9948d686454ee89cdc10
[INFO] running `Command { std: "docker" "start" "-a" "c60e7c406b3793fa287920d2bdc7cc6a7262f717e7ed9948d686454ee89cdc10", kill_on_drop: false }`
[INFO] running `Command { std: "docker" "inspect" "c60e7c406b3793fa287920d2bdc7cc6a7262f717e7ed9948d686454ee89cdc10", kill_on_drop: false }`
[INFO] running `Command { std: "docker" "rm" "-f" "c60e7c406b3793fa287920d2bdc7cc6a7262f717e7ed9948d686454ee89cdc10", kill_on_drop: false }`
[INFO] [stdout] c60e7c406b3793fa287920d2bdc7cc6a7262f717e7ed9948d686454ee89cdc10
[INFO] running `Command { std: "docker" "create" "-v" "/var/lib/crater-agent-workspace/builds/worker-2-tc2/target:/opt/rustwide/target:rw,Z" "-v" "/var/lib/crater-agent-workspace/builds/worker-2-tc2/source:/opt/rustwide/workdir:ro,Z" "-v" "/var/lib/crater-agent-workspace/cargo-home:/opt/rustwide/cargo-home:ro,Z" "-v" "/var/lib/crater-agent-workspace/rustup-home:/opt/rustwide/rustup-home:ro,Z" "-e" "SOURCE_DIR=/opt/rustwide/workdir" "-e" "CARGO_TARGET_DIR=/opt/rustwide/target" "-e" "CARGO_INCREMENTAL=0" "-e" "RUST_BACKTRACE=full" "-e" "RUSTFLAGS=--cap-lints=warn" "-e" "RUSTDOCFLAGS=--cap-lints=warn" "-e" "CARGO_HOME=/opt/rustwide/cargo-home" "-e" "RUSTUP_HOME=/opt/rustwide/rustup-home" "-w" "/opt/rustwide/workdir" "-m" "1610612736" "--user" "0:0" "--network" "none" "ghcr.io/rust-lang/crates-build-env/linux@sha256:5ff2268d62e97bff2cde7d5815dd6ed5b47097566f13b8d0ca110b04b60e07ed" "/opt/rustwide/cargo-home/bin/cargo" "+beta-2023-04-20" "build" "--frozen" "--message-format=json", kill_on_drop: false }`
[INFO] [stdout] d7fab6837fd9918d4f6a75371d18cce56c96d4fbecf77e6f23bdb0d93dfc63e8
[INFO] running `Command { std: "docker" "start" "-a" "d7fab6837fd9918d4f6a75371d18cce56c96d4fbecf77e6f23bdb0d93dfc63e8", kill_on_drop: false }`
[INFO] [stderr]    Compiling typenum v1.16.0
[INFO] [stderr]    Compiling generic-array v0.14.7
[INFO] [stderr]    Compiling crypto-common v0.1.6
[INFO] [stderr]    Compiling block-buffer v0.10.4
[INFO] [stderr]    Compiling digest v0.10.6
[INFO] [stderr]    Compiling md-5 v0.10.5
[INFO] [stderr]    Compiling evp_bytestokey v0.2.0 (/opt/rustwide/workdir)
[INFO] [stderr]     Finished dev [unoptimized + debuginfo] target(s) in 2.58s
[INFO] running `Command { std: "docker" "inspect" "d7fab6837fd9918d4f6a75371d18cce56c96d4fbecf77e6f23bdb0d93dfc63e8", kill_on_drop: false }`
[INFO] running `Command { std: "docker" "rm" "-f" "d7fab6837fd9918d4f6a75371d18cce56c96d4fbecf77e6f23bdb0d93dfc63e8", kill_on_drop: false }`
[INFO] [stdout] d7fab6837fd9918d4f6a75371d18cce56c96d4fbecf77e6f23bdb0d93dfc63e8
[INFO] running `Command { std: "docker" "create" "-v" "/var/lib/crater-agent-workspace/builds/worker-2-tc2/target:/opt/rustwide/target:rw,Z" "-v" "/var/lib/crater-agent-workspace/builds/worker-2-tc2/source:/opt/rustwide/workdir:ro,Z" "-v" "/var/lib/crater-agent-workspace/cargo-home:/opt/rustwide/cargo-home:ro,Z" "-v" "/var/lib/crater-agent-workspace/rustup-home:/opt/rustwide/rustup-home:ro,Z" "-e" "SOURCE_DIR=/opt/rustwide/workdir" "-e" "CARGO_TARGET_DIR=/opt/rustwide/target" "-e" "CARGO_INCREMENTAL=0" "-e" "RUST_BACKTRACE=full" "-e" "RUSTFLAGS=--cap-lints=warn" "-e" "RUSTDOCFLAGS=--cap-lints=warn" "-e" "CARGO_HOME=/opt/rustwide/cargo-home" "-e" "RUSTUP_HOME=/opt/rustwide/rustup-home" "-w" "/opt/rustwide/workdir" "-m" "1610612736" "--user" "0:0" "--network" "none" "ghcr.io/rust-lang/crates-build-env/linux@sha256:5ff2268d62e97bff2cde7d5815dd6ed5b47097566f13b8d0ca110b04b60e07ed" "/opt/rustwide/cargo-home/bin/cargo" "+beta-2023-04-20" "test" "--frozen" "--no-run" "--message-format=json", kill_on_drop: false }`
[INFO] [stdout] e416d7776de3c5e9c77a16a4e9cc7ca536a0a553186a807c8ffcf1bee1e16937
[INFO] running `Command { std: "docker" "start" "-a" "e416d7776de3c5e9c77a16a4e9cc7ca536a0a553186a807c8ffcf1bee1e16937", kill_on_drop: false }`
[INFO] [stderr]    Compiling evp_bytestokey v0.2.0 (/opt/rustwide/workdir)
[INFO] [stderr]     Finished test [unoptimized + debuginfo] target(s) in 0.36s
[INFO] running `Command { std: "docker" "inspect" "e416d7776de3c5e9c77a16a4e9cc7ca536a0a553186a807c8ffcf1bee1e16937", kill_on_drop: false }`
[INFO] running `Command { std: "docker" "rm" "-f" "e416d7776de3c5e9c77a16a4e9cc7ca536a0a553186a807c8ffcf1bee1e16937", kill_on_drop: false }`
[INFO] [stdout] e416d7776de3c5e9c77a16a4e9cc7ca536a0a553186a807c8ffcf1bee1e16937
[INFO] running `Command { std: "docker" "create" "-v" "/var/lib/crater-agent-workspace/builds/worker-2-tc2/target:/opt/rustwide/target:rw,Z" "-v" "/var/lib/crater-agent-workspace/builds/worker-2-tc2/source:/opt/rustwide/workdir:ro,Z" "-v" "/var/lib/crater-agent-workspace/cargo-home:/opt/rustwide/cargo-home:ro,Z" "-v" "/var/lib/crater-agent-workspace/rustup-home:/opt/rustwide/rustup-home:ro,Z" "-e" "SOURCE_DIR=/opt/rustwide/workdir" "-e" "CARGO_TARGET_DIR=/opt/rustwide/target" "-e" "CARGO_INCREMENTAL=0" "-e" "RUST_BACKTRACE=full" "-e" "RUSTFLAGS=--cap-lints=warn" "-e" "RUSTDOCFLAGS=--cap-lints=warn" "-e" "CARGO_HOME=/opt/rustwide/cargo-home" "-e" "RUSTUP_HOME=/opt/rustwide/rustup-home" "-w" "/opt/rustwide/workdir" "-m" "1610612736" "--user" "0:0" "--network" "none" "ghcr.io/rust-lang/crates-build-env/linux@sha256:5ff2268d62e97bff2cde7d5815dd6ed5b47097566f13b8d0ca110b04b60e07ed" "/opt/rustwide/cargo-home/bin/cargo" "+beta-2023-04-20" "test" "--frozen", kill_on_drop: false }`
[INFO] [stdout] ddd2b6e3af1034bdeabf3da6efb6928b5f647612ecb4f06f7c3759f4f1e46277
[INFO] running `Command { std: "docker" "start" "-a" "ddd2b6e3af1034bdeabf3da6efb6928b5f647612ecb4f06f7c3759f4f1e46277", kill_on_drop: false }`
[INFO] [stderr]     Finished test [unoptimized + debuginfo] target(s) in 0.04s
[INFO] [stderr]      Running unittests src/lib.rs (/opt/rustwide/target/debug/deps/evp_bytestokey-768b339f345d063a)
[INFO] [stdout] 
[INFO] [stdout] running 1 test
[INFO] [stdout] test tests::test_fun_evp_bytes_to_key ... ok
[INFO] [stdout] 
[INFO] [stdout] test result: ok. 1 passed; 0 failed; 0 ignored; 0 measured; 0 filtered out; finished in 0.00s
[INFO] [stdout] 
[INFO] [stderr]    Doc-tests evp_bytestokey
[INFO] [stdout] 
[INFO] [stdout] running 1 test
[INFO] [stdout] test src/lib.rs - (line 12) ... FAILED
[INFO] [stdout] 
[INFO] [stdout] failures:
[INFO] [stdout] 
[INFO] [stdout] ---- src/lib.rs - (line 12) stdout ----
[INFO] [stdout] error[E0425]: cannot find function `evp_bytes_to_key` in this scope
[INFO] [stdout]  --> src/lib.rs:20:21
[INFO] [stdout]   |
[INFO] [stdout] 9 |     let (key, iv) = evp_bytes_to_key(password, key_bits, iv_len).unwrap();
[INFO] [stdout]   |                     ^^^^^^^^^^^^^^^^ not found in this scope
[INFO] [stdout]   |
[INFO] [stdout] help: consider importing this function
[INFO] [stdout]   |
[INFO] [stdout] 2 + use evp_bytestokey::evp_bytes_to_key;
[INFO] [stdout]   |
[INFO] [stdout] 
[INFO] [stdout] error: aborting due to previous error
[INFO] [stdout] 
[INFO] [stdout] For more information about this error, try `rustc --explain E0425`.
[INFO] [stdout] Couldn't compile the test.
[INFO] [stdout] 
[INFO] [stdout] failures:
[INFO] [stdout]     src/lib.rs - (line 12)
[INFO] [stdout] 
[INFO] [stdout] test result: FAILED. 0 passed; 1 failed; 0 ignored; 0 measured; 0 filtered out; finished in 0.06s
[INFO] [stdout] 
[INFO] [stderr] error: doctest failed, to rerun pass `--doc`
[INFO] running `Command { std: "docker" "inspect" "ddd2b6e3af1034bdeabf3da6efb6928b5f647612ecb4f06f7c3759f4f1e46277", kill_on_drop: false }`
[INFO] running `Command { std: "docker" "rm" "-f" "ddd2b6e3af1034bdeabf3da6efb6928b5f647612ecb4f06f7c3759f4f1e46277", kill_on_drop: false }`
[INFO] [stdout] ddd2b6e3af1034bdeabf3da6efb6928b5f647612ecb4f06f7c3759f4f1e46277
