[INFO] fetching crate ether 0.1.4...
[INFO] testing ether-0.1.4 against beta-2023-04-20 for beta-1.70-1
[INFO] extracting crate ether 0.1.4 into /workspace/builds/worker-3-tc2/source
[INFO] validating manifest of crates.io crate ether 0.1.4 on toolchain beta-2023-04-20
[INFO] running `Command { std: CARGO_HOME="/workspace/cargo-home" RUSTUP_HOME="/workspace/rustup-home" "/workspace/cargo-home/bin/cargo" "+beta-2023-04-20" "metadata" "--manifest-path" "Cargo.toml" "--no-deps", kill_on_drop: false }`
[INFO] started tweaking crates.io crate ether 0.1.4
[INFO] finished tweaking crates.io crate ether 0.1.4
[INFO] tweaked toml for crates.io crate ether 0.1.4 written to /workspace/builds/worker-3-tc2/source/Cargo.toml
[INFO] running `Command { std: CARGO_HOME="/workspace/cargo-home" RUSTUP_HOME="/workspace/rustup-home" __CARGO_TEST_CHANNEL_OVERRIDE_DO_NOT_USE_THIS="nightly" "/workspace/cargo-home/bin/cargo" "+beta-2023-04-20" "generate-lockfile" "--manifest-path" "Cargo.toml" "-Zno-index-update", kill_on_drop: false }`
[INFO] running `Command { std: CARGO_HOME="/workspace/cargo-home" RUSTUP_HOME="/workspace/rustup-home" "/workspace/cargo-home/bin/cargo" "+beta-2023-04-20" "fetch" "--manifest-path" "Cargo.toml", kill_on_drop: false }`
[INFO] running `Command { std: "docker" "create" "-v" "/var/lib/crater-agent-workspace/builds/worker-3-tc2/target:/opt/rustwide/target:rw,Z" "-v" "/var/lib/crater-agent-workspace/builds/worker-3-tc2/source:/opt/rustwide/workdir:ro,Z" "-v" "/var/lib/crater-agent-workspace/cargo-home:/opt/rustwide/cargo-home:ro,Z" "-v" "/var/lib/crater-agent-workspace/rustup-home:/opt/rustwide/rustup-home:ro,Z" "-e" "SOURCE_DIR=/opt/rustwide/workdir" "-e" "CARGO_TARGET_DIR=/opt/rustwide/target" "-e" "CARGO_HOME=/opt/rustwide/cargo-home" "-e" "RUSTUP_HOME=/opt/rustwide/rustup-home" "-w" "/opt/rustwide/workdir" "-m" "1610612736" "--user" "0:0" "--network" "none" "ghcr.io/rust-lang/crates-build-env/linux@sha256:5ff2268d62e97bff2cde7d5815dd6ed5b47097566f13b8d0ca110b04b60e07ed" "/opt/rustwide/cargo-home/bin/cargo" "+beta-2023-04-20" "metadata" "--no-deps" "--format-version=1", kill_on_drop: false }`
[INFO] [stdout] 29d91a0c0997911d98959ed64f852cbf71873a9182184b232f2c09e5a56b7287
[INFO] running `Command { std: "docker" "start" "-a" "29d91a0c0997911d98959ed64f852cbf71873a9182184b232f2c09e5a56b7287", kill_on_drop: false }`
[INFO] running `Command { std: "docker" "inspect" "29d91a0c0997911d98959ed64f852cbf71873a9182184b232f2c09e5a56b7287", kill_on_drop: false }`
[INFO] running `Command { std: "docker" "rm" "-f" "29d91a0c0997911d98959ed64f852cbf71873a9182184b232f2c09e5a56b7287", kill_on_drop: false }`
[INFO] [stdout] 29d91a0c0997911d98959ed64f852cbf71873a9182184b232f2c09e5a56b7287
[INFO] running `Command { std: "docker" "create" "-v" "/var/lib/crater-agent-workspace/builds/worker-3-tc2/target:/opt/rustwide/target:rw,Z" "-v" "/var/lib/crater-agent-workspace/builds/worker-3-tc2/source:/opt/rustwide/workdir:ro,Z" "-v" "/var/lib/crater-agent-workspace/cargo-home:/opt/rustwide/cargo-home:ro,Z" "-v" "/var/lib/crater-agent-workspace/rustup-home:/opt/rustwide/rustup-home:ro,Z" "-e" "SOURCE_DIR=/opt/rustwide/workdir" "-e" "CARGO_TARGET_DIR=/opt/rustwide/target" "-e" "CARGO_INCREMENTAL=0" "-e" "RUST_BACKTRACE=full" "-e" "RUSTFLAGS=--cap-lints=warn" "-e" "RUSTDOCFLAGS=--cap-lints=warn" "-e" "CARGO_HOME=/opt/rustwide/cargo-home" "-e" "RUSTUP_HOME=/opt/rustwide/rustup-home" "-w" "/opt/rustwide/workdir" "-m" "1610612736" "--user" "0:0" "--network" "none" "ghcr.io/rust-lang/crates-build-env/linux@sha256:5ff2268d62e97bff2cde7d5815dd6ed5b47097566f13b8d0ca110b04b60e07ed" "/opt/rustwide/cargo-home/bin/cargo" "+beta-2023-04-20" "build" "--frozen" "--message-format=json", kill_on_drop: false }`
[INFO] [stdout] 58df1c40e086875c55d7f7064d6a3bc9496d5ab434a91032738e829e1c0ddfa1
[INFO] running `Command { std: "docker" "start" "-a" "58df1c40e086875c55d7f7064d6a3bc9496d5ab434a91032738e829e1c0ddfa1", kill_on_drop: false }`
[INFO] [stderr]    Compiling autocfg v1.1.0
[INFO] [stderr]    Compiling libc v0.2.142
[INFO] [stderr]    Compiling rustc-serialize v0.3.24
[INFO] [stderr]    Compiling glob v0.2.11
[INFO] [stderr]    Compiling futures v0.1.31
[INFO] [stderr]    Compiling num-traits v0.2.15
[INFO] [stderr]    Compiling num-integer v0.1.45
[INFO] [stderr]    Compiling num-iter v0.1.43
[INFO] [stderr]    Compiling rand v0.4.6
[INFO] [stderr]    Compiling num-complex v0.1.43
[INFO] [stderr]    Compiling num-bigint v0.1.44
[INFO] [stderr]    Compiling num-rational v0.1.42
[INFO] [stderr]    Compiling num v0.1.42
[INFO] [stderr]    Compiling ether v0.1.4 (/opt/rustwide/workdir)
[INFO] [stdout] warning: use of deprecated macro `try`: use the `?` operator instead
[INFO] [stdout]   --> src/tap/tap.rs:98:20
[INFO] [stdout]    |
[INFO] [stdout] 98 |         let file = try!(open());
[INFO] [stdout]    |                    ^^^
[INFO] [stdout]    |
[INFO] [stdout]    = note: `#[warn(deprecated)]` on by default
[INFO] [stdout] 
[INFO] [stdout] 
[INFO] [stdout] warning: use of deprecated macro `try`: use the `?` operator instead
[INFO] [stdout]    --> src/tap/tap.rs:214:13
[INFO] [stdout]     |
[INFO] [stdout] 214 |             try!(pselect(self.file, Some(self.fd_set), None, self.timeout));
[INFO] [stdout]     |             ^^^
[INFO] [stdout] 
[INFO] [stdout] 
[INFO] [stdout] warning: use of deprecated macro `try`: use the `?` operator instead
[INFO] [stdout]    --> src/tap/tap.rs:258:9
[INFO] [stdout]     |
[INFO] [stdout] 258 |         try!(pselect(self.file, None, Some(self.fd_set), self.timeout));
[INFO] [stdout]     |         ^^^
[INFO] [stdout] 
[INFO] [stdout] 
[INFO] [stdout] warning: use of deprecated macro `try`: use the `?` operator instead
[INFO] [stdout]    --> src/tap/tap.rs:259:9
[INFO] [stdout]     |
[INFO] [stdout] 259 |         try!(self.file.write_all(packet));
[INFO] [stdout]     |         ^^^
[INFO] [stdout] 
[INFO] [stdout] 
[INFO] [stdout] warning: use of deprecated type alias `libc::uint32_t`: Use u32 instead.
[INFO] [stdout]   --> src/tap/bindings/bpf.rs:89:14
[INFO] [stdout]    |
[INFO] [stdout] 89 |     k: libc::uint32_t,
[INFO] [stdout]    |              ^^^^^^^^
[INFO] [stdout] 
[INFO] [stdout] 
[INFO] [stdout] warning: use of deprecated type alias `libc::uint32_t`: Use u32 instead.
[INFO] [stdout]   --> src/tap/bindings/bpf.rs:92:42
[INFO] [stdout]    |
[INFO] [stdout] 92 | pub fn BPF_STMT(code: c_ushort, k: libc::uint32_t) -> bpf_insn {
[INFO] [stdout]    |                                          ^^^^^^^^
[INFO] [stdout] 
[INFO] [stdout] 
[INFO] [stdout] warning: use of deprecated type alias `libc::uint32_t`: Use u32 instead.
[INFO] [stdout]    --> src/tap/bindings/bpf.rs:101:42
[INFO] [stdout]     |
[INFO] [stdout] 101 | pub fn BPF_JUMP(code: c_ushort, k: libc::uint32_t, jt: c_uchar, jf: c_uchar) -> bpf_insn {
[INFO] [stdout]     |                                          ^^^^^^^^
[INFO] [stdout] 
[INFO] [stdout] 
[INFO] [stdout] warning: 7 warnings emitted
[INFO] [stdout] 
[INFO] [stdout] 
[INFO] [stderr]     Finished dev [unoptimized + debuginfo] target(s) in 4.64s
[INFO] [stderr] warning: the following packages contain code that will be rejected by a future version of Rust: rustc-serialize v0.3.24
[INFO] [stderr] note: to see what the problems were, use the option `--future-incompat-report`, or run `cargo report future-incompatibilities --id 1`
[INFO] running `Command { std: "docker" "inspect" "58df1c40e086875c55d7f7064d6a3bc9496d5ab434a91032738e829e1c0ddfa1", kill_on_drop: false }`
[INFO] running `Command { std: "docker" "rm" "-f" "58df1c40e086875c55d7f7064d6a3bc9496d5ab434a91032738e829e1c0ddfa1", kill_on_drop: false }`
[INFO] [stdout] 58df1c40e086875c55d7f7064d6a3bc9496d5ab434a91032738e829e1c0ddfa1
[INFO] running `Command { std: "docker" "create" "-v" "/var/lib/crater-agent-workspace/builds/worker-3-tc2/target:/opt/rustwide/target:rw,Z" "-v" "/var/lib/crater-agent-workspace/builds/worker-3-tc2/source:/opt/rustwide/workdir:ro,Z" "-v" "/var/lib/crater-agent-workspace/cargo-home:/opt/rustwide/cargo-home:ro,Z" "-v" "/var/lib/crater-agent-workspace/rustup-home:/opt/rustwide/rustup-home:ro,Z" "-e" "SOURCE_DIR=/opt/rustwide/workdir" "-e" "CARGO_TARGET_DIR=/opt/rustwide/target" "-e" "CARGO_INCREMENTAL=0" "-e" "RUST_BACKTRACE=full" "-e" "RUSTFLAGS=--cap-lints=warn" "-e" "RUSTDOCFLAGS=--cap-lints=warn" "-e" "CARGO_HOME=/opt/rustwide/cargo-home" "-e" "RUSTUP_HOME=/opt/rustwide/rustup-home" "-w" "/opt/rustwide/workdir" "-m" "1610612736" "--user" "0:0" "--network" "none" "ghcr.io/rust-lang/crates-build-env/linux@sha256:5ff2268d62e97bff2cde7d5815dd6ed5b47097566f13b8d0ca110b04b60e07ed" "/opt/rustwide/cargo-home/bin/cargo" "+beta-2023-04-20" "test" "--frozen" "--no-run" "--message-format=json", kill_on_drop: false }`
[INFO] [stdout] 10edfff1f18e7cfabce50dac0fdde0028dc078aced0e7e342e809af68c0e3584
[INFO] running `Command { std: "docker" "start" "-a" "10edfff1f18e7cfabce50dac0fdde0028dc078aced0e7e342e809af68c0e3584", kill_on_drop: false }`
[INFO] [stderr]     Blocking waiting for file lock on package cache
[INFO] [stdout] warning: use of deprecated macro `try`: use the `?` operator instead
[INFO] [stdout]   --> src/tap/tap.rs:98:20
[INFO] [stdout]    |
[INFO] [stdout] 98 |         let file = try!(open());
[INFO] [stdout]    |                    ^^^
[INFO] [stdout]    |
[INFO] [stdout]    = note: `#[warn(deprecated)]` on by default
[INFO] [stdout] 
[INFO] [stdout] 
[INFO] [stdout] warning: use of deprecated macro `try`: use the `?` operator instead
[INFO] [stdout]    --> src/tap/tap.rs:214:13
[INFO] [stdout]     |
[INFO] [stdout] 214 |             try!(pselect(self.file, Some(self.fd_set), None, self.timeout));
[INFO] [stdout]     |             ^^^
[INFO] [stdout] 
[INFO] [stdout] 
[INFO] [stdout] warning: use of deprecated macro `try`: use the `?` operator instead
[INFO] [stdout]    --> src/tap/tap.rs:258:9
[INFO] [stdout]     |
[INFO] [stdout] 258 |         try!(pselect(self.file, None, Some(self.fd_set), self.timeout));
[INFO] [stdout]     |         ^^^
[INFO] [stdout] 
[INFO] [stdout] 
[INFO] [stdout] warning: use of deprecated macro `try`: use the `?` operator instead
[INFO] [stdout]    --> src/tap/tap.rs:259:9
[INFO] [stdout]     |
[INFO] [stdout] 259 |         try!(self.file.write_all(packet));
[INFO] [stdout]     |         ^^^
[INFO] [stdout] 
[INFO] [stdout] 
[INFO] [stdout] warning: use of deprecated type alias `libc::uint32_t`: Use u32 instead.
[INFO] [stdout]   --> src/tap/bindings/bpf.rs:89:14
[INFO] [stdout]    |
[INFO] [stdout] 89 |     k: libc::uint32_t,
[INFO] [stdout]    |              ^^^^^^^^
[INFO] [stdout] 
[INFO] [stdout] 
[INFO] [stdout] warning: use of deprecated type alias `libc::uint32_t`: Use u32 instead.
[INFO] [stdout]   --> src/tap/bindings/bpf.rs:92:42
[INFO] [stdout]    |
[INFO] [stdout] 92 | pub fn BPF_STMT(code: c_ushort, k: libc::uint32_t) -> bpf_insn {
[INFO] [stdout]    |                                          ^^^^^^^^
[INFO] [stdout] 
[INFO] [stdout] 
[INFO] [stderr]    Compiling ether v0.1.4 (/opt/rustwide/workdir)
[INFO] [stdout] warning: use of deprecated type alias `libc::uint32_t`: Use u32 instead.
[INFO] [stdout]    --> src/tap/bindings/bpf.rs:101:42
[INFO] [stdout]     |
[INFO] [stdout] 101 | pub fn BPF_JUMP(code: c_ushort, k: libc::uint32_t, jt: c_uchar, jf: c_uchar) -> bpf_insn {
[INFO] [stdout]     |                                          ^^^^^^^^
[INFO] [stdout] 
[INFO] [stdout] 
[INFO] [stdout] warning: 7 warnings emitted
[INFO] [stdout] 
[INFO] [stdout] 
[INFO] [stdout] warning: use of deprecated macro `try`: use the `?` operator instead
[INFO] [stdout]  --> examples/pcap-dump.rs:8:16
[INFO] [stdout]   |
[INFO] [stdout] 8 |     let file = try!(File::open("etc/capture_tcp1.pcap"));
[INFO] [stdout]   |                ^^^
[INFO] [stdout]   |
[INFO] [stdout]   = note: `#[warn(deprecated)]` on by default
[INFO] [stdout] 
[INFO] [stdout] 
[INFO] [stdout] warning: use of deprecated macro `try`: use the `?` operator instead
[INFO] [stdout]   --> src/tap/tap.rs:98:20
[INFO] [stdout]    |
[INFO] [stdout] 98 |         let file = try!(open());
[INFO] [stdout]    |                    ^^^
[INFO] [stdout]    |
[INFO] [stdout]    = note: `#[warn(deprecated)]` on by default
[INFO] [stdout] 
[INFO] [stdout] 
[INFO] [stdout] warning: use of deprecated macro `try`: use the `?` operator instead
[INFO] [stdout]    --> src/tap/tap.rs:214:13
[INFO] [stdout]     |
[INFO] [stdout] 214 |             try!(pselect(self.file, Some(self.fd_set), None, self.timeout));
[INFO] [stdout]     |             ^^^
[INFO] [stdout] 
[INFO] [stdout] 
[INFO] [stdout] warning: use of deprecated macro `try`: use the `?` operator instead
[INFO] [stdout]    --> src/tap/tap.rs:258:9
[INFO] [stdout]     |
[INFO] [stdout] 258 |         try!(pselect(self.file, None, Some(self.fd_set), self.timeout));
[INFO] [stdout]     |         ^^^
[INFO] [stdout] 
[INFO] [stdout] 
[INFO] [stdout] warning: use of deprecated macro `try`: use the `?` operator instead
[INFO] [stdout]    --> src/tap/tap.rs:259:9
[INFO] [stdout]     |
[INFO] [stdout] 259 |         try!(self.file.write_all(packet));
[INFO] [stdout]     |         ^^^
[INFO] [stdout] 
[INFO] [stdout] 
[INFO] [stdout] warning: use of deprecated type alias `libc::uint32_t`: Use u32 instead.
[INFO] [stdout]   --> src/tap/bindings/bpf.rs:89:14
[INFO] [stdout]    |
[INFO] [stdout] 89 |     k: libc::uint32_t,
[INFO] [stdout]    |              ^^^^^^^^
[INFO] [stdout] 
[INFO] [stdout] 
[INFO] [stdout] warning: use of deprecated type alias `libc::uint32_t`: Use u32 instead.
[INFO] [stdout]   --> src/tap/bindings/bpf.rs:92:42
[INFO] [stdout]    |
[INFO] [stdout] 92 | pub fn BPF_STMT(code: c_ushort, k: libc::uint32_t) -> bpf_insn {
[INFO] [stdout]    |                                          ^^^^^^^^
[INFO] [stdout] 
[INFO] [stdout] 
[INFO] [stdout] warning: use of deprecated type alias `libc::uint32_t`: Use u32 instead.
[INFO] [stdout]    --> src/tap/bindings/bpf.rs:101:42
[INFO] [stdout]     |
[INFO] [stdout] 101 | pub fn BPF_JUMP(code: c_ushort, k: libc::uint32_t, jt: c_uchar, jf: c_uchar) -> bpf_insn {
[INFO] [stdout]     |                                          ^^^^^^^^
[INFO] [stdout] 
[INFO] [stdout] 
[INFO] [stdout] warning: 1 warning emitted
[INFO] [stdout] 
[INFO] [stdout] 
[INFO] [stdout] warning: 7 warnings emitted
[INFO] [stdout] 
[INFO] [stdout] 
[INFO] [stderr]     Finished test [unoptimized + debuginfo] target(s) in 0.38s
[INFO] [stderr] warning: the following packages contain code that will be rejected by a future version of Rust: rustc-serialize v0.3.24
[INFO] [stderr]     Blocking waiting for file lock on package cache
[INFO] [stderr] note: to see what the problems were, use the option `--future-incompat-report`, or run `cargo report future-incompatibilities --id 1`
[INFO] running `Command { std: "docker" "inspect" "10edfff1f18e7cfabce50dac0fdde0028dc078aced0e7e342e809af68c0e3584", kill_on_drop: false }`
[INFO] running `Command { std: "docker" "rm" "-f" "10edfff1f18e7cfabce50dac0fdde0028dc078aced0e7e342e809af68c0e3584", kill_on_drop: false }`
[INFO] [stdout] 10edfff1f18e7cfabce50dac0fdde0028dc078aced0e7e342e809af68c0e3584
[INFO] running `Command { std: "docker" "create" "-v" "/var/lib/crater-agent-workspace/builds/worker-3-tc2/target:/opt/rustwide/target:rw,Z" "-v" "/var/lib/crater-agent-workspace/builds/worker-3-tc2/source:/opt/rustwide/workdir:ro,Z" "-v" "/var/lib/crater-agent-workspace/cargo-home:/opt/rustwide/cargo-home:ro,Z" "-v" "/var/lib/crater-agent-workspace/rustup-home:/opt/rustwide/rustup-home:ro,Z" "-e" "SOURCE_DIR=/opt/rustwide/workdir" "-e" "CARGO_TARGET_DIR=/opt/rustwide/target" "-e" "CARGO_INCREMENTAL=0" "-e" "RUST_BACKTRACE=full" "-e" "RUSTFLAGS=--cap-lints=warn" "-e" "RUSTDOCFLAGS=--cap-lints=warn" "-e" "CARGO_HOME=/opt/rustwide/cargo-home" "-e" "RUSTUP_HOME=/opt/rustwide/rustup-home" "-w" "/opt/rustwide/workdir" "-m" "1610612736" "--user" "0:0" "--network" "none" "ghcr.io/rust-lang/crates-build-env/linux@sha256:5ff2268d62e97bff2cde7d5815dd6ed5b47097566f13b8d0ca110b04b60e07ed" "/opt/rustwide/cargo-home/bin/cargo" "+beta-2023-04-20" "test" "--frozen", kill_on_drop: false }`
[INFO] [stdout] 64bbbae1517a555b54b3e1d0b2f11b8a990f9e8bf632302401abc91e405d5bff
[INFO] running `Command { std: "docker" "start" "-a" "64bbbae1517a555b54b3e1d0b2f11b8a990f9e8bf632302401abc91e405d5bff", kill_on_drop: false }`
[INFO] [stderr]     Blocking waiting for file lock on package cache
[INFO] [stderr] warning: use of deprecated macro `try`: use the `?` operator instead
[INFO] [stderr]   --> src/tap/tap.rs:98:20
[INFO] [stderr]    |
[INFO] [stderr] 98 |         let file = try!(open());
[INFO] [stderr]    |                    ^^^
[INFO] [stderr]    |
[INFO] [stderr]    = note: `#[warn(deprecated)]` on by default
[INFO] [stderr] 
[INFO] [stderr] warning: use of deprecated macro `try`: use the `?` operator instead
[INFO] [stderr]    --> src/tap/tap.rs:214:13
[INFO] [stderr]     |
[INFO] [stderr] 214 |             try!(pselect(self.file, Some(self.fd_set), None, self.timeout));
[INFO] [stderr]     |             ^^^
[INFO] [stderr] 
[INFO] [stderr] warning: use of deprecated macro `try`: use the `?` operator instead
[INFO] [stderr]    --> src/tap/tap.rs:258:9
[INFO] [stderr]     |
[INFO] [stderr] 258 |         try!(pselect(self.file, None, Some(self.fd_set), self.timeout));
[INFO] [stderr]     |         ^^^
[INFO] [stderr] 
[INFO] [stderr] warning: use of deprecated macro `try`: use the `?` operator instead
[INFO] [stderr]    --> src/tap/tap.rs:259:9
[INFO] [stderr]     |
[INFO] [stderr] 259 |         try!(self.file.write_all(packet));
[INFO] [stderr]     |         ^^^
[INFO] [stderr] 
[INFO] [stderr] warning: use of deprecated type alias `libc::uint32_t`: Use u32 instead.
[INFO] [stderr]   --> src/tap/bindings/bpf.rs:89:14
[INFO] [stderr]    |
[INFO] [stderr] 89 |     k: libc::uint32_t,
[INFO] [stderr]    |              ^^^^^^^^
[INFO] [stderr] 
[INFO] [stderr] warning: use of deprecated type alias `libc::uint32_t`: Use u32 instead.
[INFO] [stderr]   --> src/tap/bindings/bpf.rs:92:42
[INFO] [stderr]    |
[INFO] [stderr] 92 | pub fn BPF_STMT(code: c_ushort, k: libc::uint32_t) -> bpf_insn {
[INFO] [stderr]    |                                          ^^^^^^^^
[INFO] [stderr] 
[INFO] [stderr] warning: use of deprecated type alias `libc::uint32_t`: Use u32 instead.
[INFO] [stderr]    --> src/tap/bindings/bpf.rs:101:42
[INFO] [stderr]     |
[INFO] [stderr] 101 | pub fn BPF_JUMP(code: c_ushort, k: libc::uint32_t, jt: c_uchar, jf: c_uchar) -> bpf_insn {
[INFO] [stderr]     |                                          ^^^^^^^^
[INFO] [stderr] 
[INFO] [stderr] warning: `ether` (lib) generated 7 warnings
[INFO] [stderr] warning: `ether` (lib test) generated 7 warnings (7 duplicates)
[INFO] [stderr] warning: use of deprecated macro `try`: use the `?` operator instead
[INFO] [stderr]  --> examples/pcap-dump.rs:8:16
[INFO] [stderr]   |
[INFO] [stderr] 8 |     let file = try!(File::open("etc/capture_tcp1.pcap"));
[INFO] [stderr]   |                ^^^
[INFO] [stderr]   |
[INFO] [stderr]   = note: `#[warn(deprecated)]` on by default
[INFO] [stderr] 
[INFO] [stderr] warning: `ether` (example "pcap-dump") generated 1 warning
[INFO] [stderr]     Finished test [unoptimized + debuginfo] target(s) in 0.35s
[INFO] [stderr] warning: the following packages contain code that will be rejected by a future version of Rust: rustc-serialize v0.3.24
[INFO] [stderr] note: to see what the problems were, use the option `--future-incompat-report`, or run `cargo report future-incompatibilities --id 1`
[INFO] [stderr]      Running unittests src/lib.rs (/opt/rustwide/target/debug/deps/ether-79b81ecff9f2ed21)
[INFO] [stdout] 
[INFO] [stdout] running 0 tests
[INFO] [stderr]      Running unittests src/bin/ethdump.rs (/opt/rustwide/target/debug/deps/ethdump-704890af5b37a912)
[INFO] [stdout] 
[INFO] [stdout] test result: ok. 0 passed; 0 failed; 0 ignored; 0 measured; 0 filtered out; finished in 0.00s
[INFO] [stdout] 
[INFO] [stdout] 
[INFO] [stdout] running 0 tests
[INFO] [stdout] 
[INFO] [stdout] test result: ok. 0 passed; 0 failed; 0 ignored; 0 measured; 0 filtered out; finished in 0.00s
[INFO] [stdout] 
[INFO] [stderr]    Doc-tests ether
[INFO] [stdout] 
[INFO] [stdout] running 3 tests
[INFO] [stdout] test src/lib.rs - (line 14) - compile ... ok
[INFO] [stdout] test src/pcap/mod.rs - pcap (line 5) - compile ... FAILED
[INFO] [stdout] test src/lib.rs - (line 8) ... ok
[INFO] [stdout] 
[INFO] [stdout] failures:
[INFO] [stdout] 
[INFO] [stdout] ---- src/pcap/mod.rs - pcap (line 5) stdout ----
[INFO] [stdout] warning: use of deprecated macro `try`: use the `?` operator instead
[INFO] [stdout]   --> src/pcap/mod.rs:15:5
[INFO] [stdout]    |
[INFO] [stdout] 11 |     try!(file.read_to_end(&mut buffer));
[INFO] [stdout]    |     ^^^
[INFO] [stdout]    |
[INFO] [stdout]    = note: `#[warn(deprecated)]` on by default
[INFO] [stdout] 
[INFO] [stdout] warning: use of deprecated macro `try`: use the `?` operator instead
[INFO] [stdout]   --> src/pcap/mod.rs:14:20
[INFO] [stdout]    |
[INFO] [stdout] 10 |     let mut file = try!(File::open("capture.pcap"));
[INFO] [stdout]    |                    ^^^
[INFO] [stdout] 
[INFO] [stdout] error[E0277]: the trait bound `Vec<u8>: std::io::Read` is not satisfied
[INFO] [stdout]    --> src/pcap/mod.rs:17:41
[INFO] [stdout]     |
[INFO] [stdout] 13  |     let pcap = pcap::PacketCapture::new(buffer);
[INFO] [stdout]     |                ------------------------ ^^^^^^ the trait `std::io::Read` is not implemented for `Vec<u8>`
[INFO] [stdout]     |                |
[INFO] [stdout]     |                required by a bound introduced by this call
[INFO] [stdout]     |
[INFO] [stdout] note: required by a bound in `PacketCapture::<R>::new`
[INFO] [stdout]    --> /opt/rustwide/workdir/src/pcap/pcap.rs:109:9
[INFO] [stdout]     |
[INFO] [stdout] 109 | impl<R: Read> PacketCapture<R> {
[INFO] [stdout]     |         ^^^^ required by this bound in `PacketCapture::<R>::new`
[INFO] [stdout] 
[INFO] [stdout] error[E0599]: the method `parse` exists for struct `PacketCapture<Vec<u8>>`, but its trait bounds were not satisfied
[INFO] [stdout]   --> src/pcap/mod.rs:18:29
[INFO] [stdout]    |
[INFO] [stdout] 14 |     let (_, records) = pcap.parse().unwrap();
[INFO] [stdout]    |                             ^^^^^ method cannot be called on `PacketCapture<Vec<u8>>` due to unsatisfied trait bounds
[INFO] [stdout]   --> /rustc/1b7dd2252b99671ce5d1cb9664c5f8636329436d/library/alloc/src/vec/mod.rs:396:1
[INFO] [stdout]    |
[INFO] [stdout]    = note: doesn't satisfy `Vec<u8>: std::io::Read`
[INFO] [stdout]    |
[INFO] [stdout]    = note: the following trait bounds were not satisfied:
[INFO] [stdout]            `Vec<u8>: std::io::Read`
[INFO] [stdout] 
[INFO] [stdout] error: aborting due to 2 previous errors; 2 warnings emitted
[INFO] [stdout] 
[INFO] [stdout] Some errors have detailed explanations: E0277, E0599.
[INFO] [stdout] For more information about an error, try `rustc --explain E0277`.
[INFO] [stdout] Couldn't compile the test.
[INFO] [stdout] 
[INFO] [stdout] failures:
[INFO] [stdout]     src/pcap/mod.rs - pcap (line 5)
[INFO] [stdout] 
[INFO] [stdout] test result: FAILED. 2 passed; 1 failed; 0 ignored; 0 measured; 0 filtered out; finished in 0.15s
[INFO] [stdout] 
[INFO] [stderr] error: doctest failed, to rerun pass `--doc`
[INFO] running `Command { std: "docker" "inspect" "64bbbae1517a555b54b3e1d0b2f11b8a990f9e8bf632302401abc91e405d5bff", kill_on_drop: false }`
[INFO] running `Command { std: "docker" "rm" "-f" "64bbbae1517a555b54b3e1d0b2f11b8a990f9e8bf632302401abc91e405d5bff", kill_on_drop: false }`
[INFO] [stdout] 64bbbae1517a555b54b3e1d0b2f11b8a990f9e8bf632302401abc91e405d5bff
