[INFO] fetching crate espup 0.4.0...
[INFO] testing espup-0.4.0 against 1.69.0 for beta-1.70-1
[INFO] extracting crate espup 0.4.0 into /workspace/builds/worker-6-tc1/source
[INFO] validating manifest of crates.io crate espup 0.4.0 on toolchain 1.69.0
[INFO] running `Command { std: CARGO_HOME="/workspace/cargo-home" RUSTUP_HOME="/workspace/rustup-home" "/workspace/cargo-home/bin/cargo" "+1.69.0" "metadata" "--manifest-path" "Cargo.toml" "--no-deps", kill_on_drop: false }`
[INFO] removed /workspace/builds/worker-6-tc1/source/.cargo/config.toml
[INFO] started tweaking crates.io crate espup 0.4.0
[INFO] finished tweaking crates.io crate espup 0.4.0
[INFO] tweaked toml for crates.io crate espup 0.4.0 written to /workspace/builds/worker-6-tc1/source/Cargo.toml
[INFO] crate crates.io crate espup 0.4.0 already has a lockfile, it will not be regenerated
[INFO] running `Command { std: CARGO_HOME="/workspace/cargo-home" RUSTUP_HOME="/workspace/rustup-home" "/workspace/cargo-home/bin/cargo" "+1.69.0" "fetch" "--manifest-path" "Cargo.toml", kill_on_drop: false }`
[INFO] [stderr]  Downloading crates ...
[INFO] [stderr]   Downloaded supports-color v2.0.0
[INFO] [stderr]   Downloaded dirs-sys v0.4.0
[INFO] [stderr]   Downloaded openssl-sys v0.9.86
[INFO] [stderr]   Downloaded clap_complete v4.2.1
[INFO] [stderr]   Downloaded assert_fs v1.0.13
[INFO] [stderr]   Downloaded assert_cmd v2.0.11
[INFO] [stderr]   Downloaded retry v2.0.0
[INFO] [stderr]   Downloaded winreg v0.50.0
[INFO] [stderr]   Downloaded directories v5.0.0
[INFO] [stderr]   Downloaded predicates-core v1.0.6
[INFO] [stderr]   Downloaded anstyle-wincon v1.0.0
[INFO] [stderr]   Downloaded quote v1.0.25
[INFO] [stderr]   Downloaded anstyle v0.3.5
[INFO] [stderr]   Downloaded predicates v3.0.1
[INFO] [stderr]   Downloaded clap_builder v4.2.4
[INFO] [stderr]   Downloaded anstream v0.3.0
[INFO] [stderr]   Downloaded supports-hyperlinks v2.0.0
[INFO] [stderr]   Downloaded clap v4.2.4
[INFO] [stderr]   Downloaded backtrace-ext v0.2.1
[INFO] [stderr]   Downloaded bstr v1.3.0
[INFO] [stderr]   Downloaded openssl v0.10.51
[INFO] [stderr]   Downloaded rustix v0.37.6
[INFO] [stderr]   Downloaded reqwest v0.11.16
[INFO] [stderr]   Downloaded openssl-src v111.25.1+1.1.1t
[INFO] [stderr]   Downloaded toml_edit v0.19.6
[INFO] [stderr]   Downloaded supports-unicode v2.0.0
[INFO] [stderr]   Downloaded guess_host_triple v0.1.3
[INFO] [stderr]   Downloaded update-informer v0.6.0
[INFO] [stderr]   Downloaded clap_derive v4.2.0
[INFO] [stderr]   Downloaded tokio-retry v0.3.0
[INFO] running `Command { std: "docker" "create" "-v" "/var/lib/crater-agent-workspace/builds/worker-6-tc1/target:/opt/rustwide/target:rw,Z" "-v" "/var/lib/crater-agent-workspace/builds/worker-6-tc1/source:/opt/rustwide/workdir:ro,Z" "-v" "/var/lib/crater-agent-workspace/cargo-home:/opt/rustwide/cargo-home:ro,Z" "-v" "/var/lib/crater-agent-workspace/rustup-home:/opt/rustwide/rustup-home:ro,Z" "-e" "SOURCE_DIR=/opt/rustwide/workdir" "-e" "CARGO_TARGET_DIR=/opt/rustwide/target" "-e" "CARGO_HOME=/opt/rustwide/cargo-home" "-e" "RUSTUP_HOME=/opt/rustwide/rustup-home" "-w" "/opt/rustwide/workdir" "-m" "1610612736" "--user" "0:0" "--network" "none" "ghcr.io/rust-lang/crates-build-env/linux@sha256:5ff2268d62e97bff2cde7d5815dd6ed5b47097566f13b8d0ca110b04b60e07ed" "/opt/rustwide/cargo-home/bin/cargo" "+1.69.0" "metadata" "--no-deps" "--format-version=1", kill_on_drop: false }`
[INFO] [stdout] ea6d7159a570d39586543108709a29c4ba7b5cc691a0499b51597b9863e2ee45
[INFO] running `Command { std: "docker" "start" "-a" "ea6d7159a570d39586543108709a29c4ba7b5cc691a0499b51597b9863e2ee45", kill_on_drop: false }`
[INFO] running `Command { std: "docker" "inspect" "ea6d7159a570d39586543108709a29c4ba7b5cc691a0499b51597b9863e2ee45", kill_on_drop: false }`
[INFO] running `Command { std: "docker" "rm" "-f" "ea6d7159a570d39586543108709a29c4ba7b5cc691a0499b51597b9863e2ee45", kill_on_drop: false }`
[INFO] [stdout] ea6d7159a570d39586543108709a29c4ba7b5cc691a0499b51597b9863e2ee45
[INFO] running `Command { std: "docker" "create" "-v" "/var/lib/crater-agent-workspace/builds/worker-6-tc1/target:/opt/rustwide/target:rw,Z" "-v" "/var/lib/crater-agent-workspace/builds/worker-6-tc1/source:/opt/rustwide/workdir:ro,Z" "-v" "/var/lib/crater-agent-workspace/cargo-home:/opt/rustwide/cargo-home:ro,Z" "-v" "/var/lib/crater-agent-workspace/rustup-home:/opt/rustwide/rustup-home:ro,Z" "-e" "SOURCE_DIR=/opt/rustwide/workdir" "-e" "CARGO_TARGET_DIR=/opt/rustwide/target" "-e" "CARGO_INCREMENTAL=0" "-e" "RUST_BACKTRACE=full" "-e" "RUSTFLAGS=--cap-lints=warn" "-e" "RUSTDOCFLAGS=--cap-lints=warn" "-e" "CARGO_HOME=/opt/rustwide/cargo-home" "-e" "RUSTUP_HOME=/opt/rustwide/rustup-home" "-w" "/opt/rustwide/workdir" "-m" "1610612736" "--user" "0:0" "--network" "none" "ghcr.io/rust-lang/crates-build-env/linux@sha256:5ff2268d62e97bff2cde7d5815dd6ed5b47097566f13b8d0ca110b04b60e07ed" "/opt/rustwide/cargo-home/bin/cargo" "+1.69.0" "build" "--frozen" "--message-format=json", kill_on_drop: false }`
[INFO] [stdout] 027b9006aa87c465aeadc84cb0ca4237ef1fe6e4708b01b283e2c2277d7ebd3a
[INFO] running `Command { std: "docker" "start" "-a" "027b9006aa87c465aeadc84cb0ca4237ef1fe6e4708b01b283e2c2277d7ebd3a", kill_on_drop: false }`
[INFO] [stderr]    Compiling libc v0.2.140
[INFO] [stderr]    Compiling proc-macro2 v1.0.52
[INFO] [stderr]    Compiling quote v1.0.25
[INFO] [stderr]    Compiling pkg-config v0.3.26
[INFO] [stderr]    Compiling once_cell v1.17.1
[INFO] [stderr]    Compiling io-lifetimes v1.0.6
[INFO] [stderr]    Compiling generic-array v0.14.6
[INFO] [stderr]    Compiling rustix v0.36.9
[INFO] [stderr]    Compiling serde_derive v1.0.155
[INFO] [stderr]    Compiling serde v1.0.155
[INFO] [stderr]    Compiling linux-raw-sys v0.1.4
[INFO] [stderr]    Compiling tokio v1.27.0
[INFO] [stderr]    Compiling futures-core v0.3.27
[INFO] [stderr]    Compiling ahash v0.7.6
[INFO] [stderr]    Compiling indexmap v1.9.2
[INFO] [stderr]    Compiling miniz_oxide v0.6.2
[INFO] [stderr]    Compiling hashbrown v0.12.3
[INFO] [stderr]    Compiling untrusted v0.7.1
[INFO] [stderr]    Compiling spin v0.5.2
[INFO] [stderr]    Compiling tinyvec_macros v0.1.1
[INFO] [stderr]    Compiling futures-task v0.3.27
[INFO] [stderr]    Compiling tinyvec v1.6.0
[INFO] [stderr]    Compiling tracing-core v0.1.30
[INFO] [stderr]    Compiling openssl v0.10.51
[INFO] [stderr]    Compiling futures-util v0.3.27
[INFO] [stderr]    Compiling percent-encoding v2.2.0
[INFO] [stderr]    Compiling foreign-types-shared v0.1.1
[INFO] [stderr]    Compiling httparse v1.8.0
[INFO] [stderr]    Compiling futures-channel v0.3.27
[INFO] [stderr]    Compiling foreign-types v0.3.2
[INFO] [stderr]    Compiling form_urlencoded v1.1.0
[INFO] [stderr]    Compiling futures-io v0.3.27
[INFO] [stderr]    Compiling tracing v0.1.37
[INFO] [stderr]    Compiling native-tls v0.2.11
[INFO] [stderr]    Compiling unicode-bidi v0.3.11
[INFO] [stderr]    Compiling utf8parse v0.2.1
[INFO] [stderr]    Compiling block-buffer v0.10.4
[INFO] [stderr]    Compiling crypto-common v0.1.6
[INFO] [stderr]    Compiling futures-sink v0.3.27
[INFO] [stderr]    Compiling digest v0.10.6
[INFO] [stderr]    Compiling syn v1.0.109
[INFO] [stderr]    Compiling syn v2.0.11
[INFO] [stderr]    Compiling jobserver v0.1.26
[INFO] [stderr]    Compiling getrandom v0.2.8
[INFO] [stderr]    Compiling cpufeatures v0.2.5
[INFO] [stderr]    Compiling anstyle-parse v0.2.0
[INFO] [stderr]    Compiling anstyle v1.0.0
[INFO] [stderr]    Compiling rustls v0.20.8
[INFO] [stderr]    Compiling try-lock v0.2.4
[INFO] [stderr]    Compiling zstd-safe v5.0.2+zstd.1.5.2
[INFO] [stderr]    Compiling cc v1.0.79
[INFO] [stderr]    Compiling unicode-normalization v0.1.22
[INFO] [stderr]    Compiling anstyle-query v1.0.0
[INFO] [stderr]    Compiling openssl-probe v0.1.5
[INFO] [stderr]    Compiling colorchoice v1.0.0
[INFO] [stderr]    Compiling want v0.3.0
[INFO] [stderr]    Compiling flate2 v1.0.25
[INFO] [stderr]    Compiling http-body v0.4.5
[INFO] [stderr]    Compiling object v0.30.3
[INFO] [stderr]    Compiling clap_lex v0.4.1
[INFO] [stderr]    Compiling parking_lot_core v0.9.7
[INFO] [stderr]    Compiling num_cpus v1.15.0
[INFO] [stderr]    Compiling openssl-src v111.25.1+1.1.1t
[INFO] [stderr]    Compiling parking_lot v0.12.1
[INFO] [stderr]    Compiling signal-hook-registry v1.4.1
[INFO] [stderr]    Compiling socket2 v0.4.9
[INFO] [stderr]    Compiling mio v0.8.6
[INFO] [stderr]    Compiling rand_core v0.6.4
[INFO] [stderr]    Compiling unicode-linebreak v0.1.4
[INFO] [stderr]    Compiling idna v0.3.0
[INFO] [stderr]    Compiling tower-service v0.3.2
[INFO] [stderr]    Compiling rustc-demangle v0.1.21
[INFO] [stderr]    Compiling strsim v0.10.0
[INFO] [stderr]    Compiling rand_chacha v0.3.1
[INFO] [stderr]    Compiling rustix v0.37.6
[INFO] [stderr]    Compiling openssl-sys v0.9.86
[INFO] [stderr]    Compiling ring v0.16.20
[INFO] [stderr]    Compiling zstd-sys v2.0.7+zstd.1.5.4
[INFO] [stderr]    Compiling bzip2-sys v0.1.11+1.0.8
[INFO] [stderr]    Compiling backtrace v0.3.67
[INFO] [stderr]    Compiling url v2.3.1
[INFO] [stderr]    Compiling lzma-sys v0.1.20
[INFO] [stderr]    Compiling semver v1.0.17
[INFO] [stderr]    Compiling is-terminal v0.4.4
[INFO] [stderr]    Compiling anstream v0.3.0
[INFO] [stderr]    Compiling base64ct v1.6.0
[INFO] [stderr]    Compiling httpdate v1.0.2
[INFO] [stderr]    Compiling clap_builder v4.2.4
[INFO] [stderr]    Compiling rand v0.8.5
[INFO] [stderr]    Compiling dirs-sys v0.3.7
[INFO] [stderr]    Compiling password-hash v0.4.2
[INFO] [stderr]    Compiling sha2 v0.10.6
[INFO] [stderr]    Compiling hmac v0.12.1
[INFO] [stderr]    Compiling cipher v0.3.0
[INFO] [stderr]    Compiling smawk v0.3.1
[INFO] [stderr]    Compiling is_ci v1.1.1
[INFO] [stderr]    Compiling winnow v0.3.5
[INFO] [stderr]    Compiling linux-raw-sys v0.3.1
[INFO] [stderr]    Compiling time v0.3.20
[INFO] [stderr]    Compiling pbkdf2 v0.11.0
[INFO] [stderr]    Compiling supports-color v2.0.0
[INFO] [stderr]    Compiling aes v0.7.5
[INFO] [stderr]    Compiling directories v4.0.1
[INFO] [stderr]    Compiling supports-hyperlinks v2.0.0
[INFO] [stderr]    Compiling supports-unicode v2.0.0
[INFO] [stderr]    Compiling errno v0.2.8
[INFO] [stderr]    Compiling dirs-sys v0.4.0
[INFO] [stderr]    Compiling xattr v0.2.3
[INFO] [stderr]    Compiling terminal_size v0.1.17
[INFO] [stderr]    Compiling filetime v0.2.20
[INFO] [stderr]    Compiling sha1 v0.10.5
[INFO] [stderr]    Compiling mime v0.3.16
[INFO] [stderr]    Compiling fastrand v1.9.0
[INFO] [stderr]    Compiling textwrap v0.15.2
[INFO] [stderr]    Compiling base64 v0.21.0
[INFO] [stderr]    Compiling ipnet v2.7.1
[INFO] [stderr]    Compiling backtrace-ext v0.2.1
[INFO] [stderr]    Compiling owo-colors v3.5.0
[INFO] [stderr]    Compiling constant_time_eq v0.1.5
[INFO] [stderr]    Compiling console v0.15.5
[INFO] [stderr]    Compiling env_logger v0.10.0
[INFO] [stderr]    Compiling tar v0.4.38
[INFO] [stderr]    Compiling directories v5.0.0
[INFO] [stderr]    Compiling guess_host_triple v0.1.3
[INFO] [stderr]    Compiling xz2 v0.1.7
[INFO] [stderr]    Compiling retry v2.0.0
[INFO] [stderr]    Compiling tokio-macros v2.0.0
[INFO] [stderr]    Compiling thiserror-impl v1.0.40
[INFO] [stderr]    Compiling clap_derive v4.2.0
[INFO] [stderr]    Compiling miette-derive v5.8.0
[INFO] [stderr]    Compiling webpki v0.22.0
[INFO] [stderr]    Compiling sct v0.7.0
[INFO] [stderr]    Compiling async-trait v0.1.68
[INFO] [stderr]    Compiling tempfile v3.5.0
[INFO] [stderr]    Compiling webpki-roots v0.22.6
[INFO] [stderr]    Compiling openssl-macros v0.1.0
[INFO] [stderr]    Compiling pin-project-internal v1.0.12
[INFO] [stderr]    Compiling strum_macros v0.24.3
[INFO] [stderr]    Compiling bzip2 v0.4.4
[INFO] [stderr]    Compiling thiserror v1.0.40
[INFO] [stderr]    Compiling miette v5.8.0
[INFO] [stderr]    Compiling clap v4.2.4
[INFO] [stderr]    Compiling clap_complete v4.2.1
[INFO] [stderr]    Compiling pin-project v1.0.12
[INFO] [stderr]    Compiling strum v0.24.1
[INFO] [stderr]    Compiling tokio-util v0.7.7
[INFO] [stderr]    Compiling tokio-retry v0.3.0
[INFO] [stderr]    Compiling h2 v0.3.16
[INFO] [stderr]    Compiling zstd v0.11.2+zstd.1.5.2
[INFO] [stderr]    Compiling zip v0.6.4
[INFO] [stderr]    Compiling serde_spanned v0.6.1
[INFO] [stderr]    Compiling serde_json v1.0.96
[INFO] [stderr]    Compiling toml_datetime v0.6.1
[INFO] [stderr]    Compiling serde_urlencoded v0.7.1
[INFO] [stderr]    Compiling toml_edit v0.19.6
[INFO] [stderr]    Compiling ureq v2.6.2
[INFO] [stderr]    Compiling hyper v0.14.25
[INFO] [stderr]    Compiling toml v0.7.3
[INFO] [stderr]    Compiling update-informer v0.6.0
[INFO] [stderr]    Compiling tokio-native-tls v0.3.1
[INFO] [stderr]    Compiling hyper-tls v0.5.0
[INFO] [stderr]    Compiling reqwest v0.11.16
[INFO] [stderr]    Compiling espup v0.4.0 (/opt/rustwide/workdir)
[INFO] [stderr]     Finished dev [unoptimized + debuginfo] target(s) in 42.04s
[INFO] running `Command { std: "docker" "inspect" "027b9006aa87c465aeadc84cb0ca4237ef1fe6e4708b01b283e2c2277d7ebd3a", kill_on_drop: false }`
[INFO] running `Command { std: "docker" "rm" "-f" "027b9006aa87c465aeadc84cb0ca4237ef1fe6e4708b01b283e2c2277d7ebd3a", kill_on_drop: false }`
[INFO] [stdout] 027b9006aa87c465aeadc84cb0ca4237ef1fe6e4708b01b283e2c2277d7ebd3a
[INFO] running `Command { std: "docker" "create" "-v" "/var/lib/crater-agent-workspace/builds/worker-6-tc1/target:/opt/rustwide/target:rw,Z" "-v" "/var/lib/crater-agent-workspace/builds/worker-6-tc1/source:/opt/rustwide/workdir:ro,Z" "-v" "/var/lib/crater-agent-workspace/cargo-home:/opt/rustwide/cargo-home:ro,Z" "-v" "/var/lib/crater-agent-workspace/rustup-home:/opt/rustwide/rustup-home:ro,Z" "-e" "SOURCE_DIR=/opt/rustwide/workdir" "-e" "CARGO_TARGET_DIR=/opt/rustwide/target" "-e" "CARGO_INCREMENTAL=0" "-e" "RUST_BACKTRACE=full" "-e" "RUSTFLAGS=--cap-lints=warn" "-e" "RUSTDOCFLAGS=--cap-lints=warn" "-e" "CARGO_HOME=/opt/rustwide/cargo-home" "-e" "RUSTUP_HOME=/opt/rustwide/rustup-home" "-w" "/opt/rustwide/workdir" "-m" "1610612736" "--user" "0:0" "--network" "none" "ghcr.io/rust-lang/crates-build-env/linux@sha256:5ff2268d62e97bff2cde7d5815dd6ed5b47097566f13b8d0ca110b04b60e07ed" "/opt/rustwide/cargo-home/bin/cargo" "+1.69.0" "test" "--frozen" "--no-run" "--message-format=json", kill_on_drop: false }`
[INFO] [stdout] 399295bde337fec4be62a0614c7f437213825e5cc2ce217b6533d9bfdf83ba7e
[INFO] running `Command { std: "docker" "start" "-a" "399295bde337fec4be62a0614c7f437213825e5cc2ce217b6533d9bfdf83ba7e", kill_on_drop: false }`
[INFO] [stderr]    Compiling regex-automata v0.1.10
[INFO] [stderr]    Compiling aho-corasick v0.7.20
[INFO] [stderr]    Compiling predicates-core v1.0.6
[INFO] [stderr]    Compiling doc-comment v0.3.3
[INFO] [stderr]    Compiling same-file v1.0.6
[INFO] [stderr]    Compiling thread_local v1.1.7
[INFO] [stderr]    Compiling termtree v0.4.0
[INFO] [stderr]    Compiling difflib v0.4.0
[INFO] [stderr]    Compiling anstyle v0.3.5
[INFO] [stderr]    Compiling wait-timeout v0.2.0
[INFO] [stderr]    Compiling walkdir v2.3.2
[INFO] [stderr]    Compiling predicates-tree v1.0.7
[INFO] [stderr]    Compiling predicates v3.0.1
[INFO] [stderr]    Compiling bstr v1.3.0
[INFO] [stderr]    Compiling globset v0.4.10
[INFO] [stderr]    Compiling assert_cmd v2.0.11
[INFO] [stderr]    Compiling ignore v0.4.20
[INFO] [stderr]    Compiling globwalk v0.8.1
[INFO] [stderr]    Compiling assert_fs v1.0.13
[INFO] [stderr]    Compiling espup v0.4.0 (/opt/rustwide/workdir)
[INFO] [stderr]     Finished test [unoptimized + debuginfo] target(s) in 8.77s
[INFO] running `Command { std: "docker" "inspect" "399295bde337fec4be62a0614c7f437213825e5cc2ce217b6533d9bfdf83ba7e", kill_on_drop: false }`
[INFO] running `Command { std: "docker" "rm" "-f" "399295bde337fec4be62a0614c7f437213825e5cc2ce217b6533d9bfdf83ba7e", kill_on_drop: false }`
[INFO] [stdout] 399295bde337fec4be62a0614c7f437213825e5cc2ce217b6533d9bfdf83ba7e
[INFO] running `Command { std: "docker" "create" "-v" "/var/lib/crater-agent-workspace/builds/worker-6-tc1/target:/opt/rustwide/target:rw,Z" "-v" "/var/lib/crater-agent-workspace/builds/worker-6-tc1/source:/opt/rustwide/workdir:ro,Z" "-v" "/var/lib/crater-agent-workspace/cargo-home:/opt/rustwide/cargo-home:ro,Z" "-v" "/var/lib/crater-agent-workspace/rustup-home:/opt/rustwide/rustup-home:ro,Z" "-e" "SOURCE_DIR=/opt/rustwide/workdir" "-e" "CARGO_TARGET_DIR=/opt/rustwide/target" "-e" "CARGO_INCREMENTAL=0" "-e" "RUST_BACKTRACE=full" "-e" "RUSTFLAGS=--cap-lints=warn" "-e" "RUSTDOCFLAGS=--cap-lints=warn" "-e" "CARGO_HOME=/opt/rustwide/cargo-home" "-e" "RUSTUP_HOME=/opt/rustwide/rustup-home" "-w" "/opt/rustwide/workdir" "-m" "1610612736" "--user" "0:0" "--network" "none" "ghcr.io/rust-lang/crates-build-env/linux@sha256:5ff2268d62e97bff2cde7d5815dd6ed5b47097566f13b8d0ca110b04b60e07ed" "/opt/rustwide/cargo-home/bin/cargo" "+1.69.0" "test" "--frozen", kill_on_drop: false }`
[INFO] [stdout] cf63fb36639e701636f112069a2a2c0b6ed17f40cc52c774f6230cf1fb49944e
[INFO] running `Command { std: "docker" "start" "-a" "cf63fb36639e701636f112069a2a2c0b6ed17f40cc52c774f6230cf1fb49944e", kill_on_drop: false }`
[INFO] [stderr]     Finished test [unoptimized + debuginfo] target(s) in 0.53s
[INFO] [stderr]      Running unittests src/lib.rs (/opt/rustwide/target/debug/deps/espup-e57b70a959242f1a)
[INFO] [stdout] 
[INFO] [stdout] running 7 tests
[INFO] [stdout] test host_triple::tests::test_get_host_triple ... ok
[INFO] [stdout] test toolchain::rust::tests::test_get_cargo_home ... ok
[INFO] [stdout] test env::tests::test_create_export_file ... ok
[INFO] [stdout] test env::tests::test_get_export_file ... ok
[INFO] [stderr] [0m[38;5;8m[[0m2023-04-30T03:05:18Z [0m[34mDEBUG[0m[0m[38;5;8m][0m  Parsing Xtensa Rust version: 1.65.0.0
[INFO] [stderr] [0m[38;5;8m[[0m2023-04-30T03:05:18Z [0m[34mDEBUG[0m[0m[38;5;8m][0m  Parsing targets: esp32
[INFO] [stdout] test targets::tests::test_parse_targets ... ok
[INFO] [stderr] [0m[38;5;8m[[0m2023-04-30T03:05:18Z [0m[34mDEBUG[0m[0m[38;5;8m][0m  Parsed targets: {ESP32}
[INFO] [stderr] [0m[38;5;8m[[0m2023-04-30T03:05:18Z [0m[34mDEBUG[0m[0m[38;5;8m][0m  Parsing targets: esp32,esp32s2
[INFO] [stderr] [0m[38;5;8m[[0m2023-04-30T03:05:18Z [0m[34mDEBUG[0m[0m[38;5;8m][0m  Parsed targets: {ESP32, ESP32S2}
[INFO] [stderr] [0m[38;5;8m[[0m2023-04-30T03:05:18Z [0m[34mDEBUG[0m[0m[38;5;8m][0m  Parsing targets: esp32s3 esp32
[INFO] [stderr] [0m[38;5;8m[[0m2023-04-30T03:05:18Z [0m[34mDEBUG[0m[0m[38;5;8m][0m  Parsed targets: {ESP32, ESP32S3}
[INFO] [stderr] [0m[38;5;8m[[0m2023-04-30T03:05:18Z [0m[34mDEBUG[0m[0m[38;5;8m][0m  Parsing targets: esp32s3,esp32,esp32c3
[INFO] [stderr] [0m[38;5;8m[[0m2023-04-30T03:05:18Z [0m[34mDEBUG[0m[0m[38;5;8m][0m  Parsed targets: {ESP32, ESP32C3, ESP32S3}
[INFO] [stderr] [0m[38;5;8m[[0m2023-04-30T03:05:18Z [0m[34mDEBUG[0m[0m[38;5;8m][0m  Parsing targets: all
[INFO] [stderr] [0m[38;5;8m[[0m2023-04-30T03:05:18Z [0m[34mDEBUG[0m[0m[38;5;8m][0m  Parsed targets: {ESP32S2, ESP32C3, ESP32S3, ESP32H2, ESP32C6, ESP32, ESP32C2}
[INFO] [stderr] [0m[38;5;8m[[0m2023-04-30T03:05:18Z [0m[32mINFO [0m[0m[38;5;8m][0m  Querying GitHub API: 'https://api.github.com/repos/esp-rs/rust-build/releases'
[INFO] [stdout] test toolchain::rust::tests::test_get_rustup_home ... ok
[INFO] [stderr] [0m[38;5;8m[[0m2023-04-30T03:05:18Z [0m[34mDEBUG[0m[0m[38;5;8m][0m starting new connection: https://api.github.com/
[INFO] [stderr] [0m[38;5;8m[[0m2023-04-30T03:05:18Z [0m[34mDEBUG[0m[0m[38;5;8m][0m starting new connection: https://api.github.com/
[INFO] [stderr] [0m[38;5;8m[[0m2023-04-30T03:05:19Z [0m[34mDEBUG[0m[0m[38;5;8m][0m starting new connection: https://api.github.com/
[INFO] [stderr] [0m[38;5;8m[[0m2023-04-30T03:05:19Z [0m[34mDEBUG[0m[0m[38;5;8m][0m starting new connection: https://api.github.com/
[INFO] [stderr] [0m[38;5;8m[[0m2023-04-30T03:05:19Z [0m[34mDEBUG[0m[0m[38;5;8m][0m starting new connection: https://api.github.com/
[INFO] [stderr] [0m[38;5;8m[[0m2023-04-30T03:05:19Z [0m[34mDEBUG[0m[0m[38;5;8m][0m starting new connection: https://api.github.com/
[INFO] [stdout] test toolchain::rust::tests::test_xtensa_rust_parse_version ... FAILED
[INFO] [stdout] 
[INFO] [stdout] failures:
[INFO] [stdout] 
[INFO] [stdout] ---- toolchain::rust::tests::test_xtensa_rust_parse_version stdout ----
[INFO] [stdout] thread 'toolchain::rust::tests::test_xtensa_rust_parse_version' panicked at 'called `Result::unwrap()` on an `Err` value: Error { error: RewquestError(reqwest::Error { kind: Request, url: Url { scheme: "https", cannot_be_a_base: false, username: "", password: None, host: Some(Domain("api.github.com")), port: None, path: "/repos/esp-rs/rust-build/releases", query: None, fragment: None }, source: hyper::Error(Connect, ConnectError("dns error", Custom { kind: Uncategorized, error: "failed to lookup address information: Temporary failure in name resolution" })) }), total_delay: 500ms, tries: 6 }', src/toolchain/mod.rs:166:6
[INFO] [stdout] stack backtrace:
[INFO] [stdout]    0:     0x55d189f4b2da - std::backtrace_rs::backtrace::libunwind::trace::ha9053a9a07ca49cb
[INFO] [stdout]                                at /rustc/84c898d65adf2f39a5a98507f1fe0ce10a2b8dbc/library/std/src/../../backtrace/src/backtrace/libunwind.rs:93:5
[INFO] [stdout]    1:     0x55d189f4b2da - std::backtrace_rs::backtrace::trace_unsynchronized::h9c2852a457ad564e
[INFO] [stdout]                                at /rustc/84c898d65adf2f39a5a98507f1fe0ce10a2b8dbc/library/std/src/../../backtrace/src/backtrace/mod.rs:66:5
[INFO] [stdout]    2:     0x55d189f4b2da - std::sys_common::backtrace::_print_fmt::h457936fbfaa0070f
[INFO] [stdout]                                at /rustc/84c898d65adf2f39a5a98507f1fe0ce10a2b8dbc/library/std/src/sys_common/backtrace.rs:65:5
[INFO] [stdout]    3:     0x55d189f4b2da - <std::sys_common::backtrace::_print::DisplayBacktrace as core::fmt::Display>::fmt::h5779d7bf7f70cb0c
[INFO] [stdout]                                at /rustc/84c898d65adf2f39a5a98507f1fe0ce10a2b8dbc/library/std/src/sys_common/backtrace.rs:44:22
[INFO] [stdout]    4:     0x55d189f7362e - core::fmt::write::h5a4baaff1bcd3eb5
[INFO] [stdout]                                at /rustc/84c898d65adf2f39a5a98507f1fe0ce10a2b8dbc/library/core/src/fmt/mod.rs:1232:17
[INFO] [stdout]    5:     0x55d189f47af5 - std::io::Write::write_fmt::h478f79c628ef31d1
[INFO] [stdout]                                at /rustc/84c898d65adf2f39a5a98507f1fe0ce10a2b8dbc/library/std/src/io/mod.rs:1684:15
[INFO] [stdout]    6:     0x55d189f4b0a5 - std::sys_common::backtrace::_print::h5fcdc36060f177e8
[INFO] [stdout]                                at /rustc/84c898d65adf2f39a5a98507f1fe0ce10a2b8dbc/library/std/src/sys_common/backtrace.rs:47:5
[INFO] [stdout]    7:     0x55d189f4b0a5 - std::sys_common::backtrace::print::h54ca9458b876c8bf
[INFO] [stdout]                                at /rustc/84c898d65adf2f39a5a98507f1fe0ce10a2b8dbc/library/std/src/sys_common/backtrace.rs:34:9
[INFO] [stdout]    8:     0x55d189f4ce6f - std::panicking::default_hook::{{closure}}::hbe471161c7664ed6
[INFO] [stdout]                                at /rustc/84c898d65adf2f39a5a98507f1fe0ce10a2b8dbc/library/std/src/panicking.rs:271:22
[INFO] [stdout]    9:     0x55d189f4cb2f - std::panicking::default_hook::ha3500da57aa4ac4f
[INFO] [stdout]                                at /rustc/84c898d65adf2f39a5a98507f1fe0ce10a2b8dbc/library/std/src/panicking.rs:287:9
[INFO] [stdout]   10:     0x55d1896c4487 - <alloc::boxed::Box<F,A> as core::ops::function::Fn<Args>>::call::hdf1b89dd137ece34
[INFO] [stdout]                                at /rustc/84c898d65adf2f39a5a98507f1fe0ce10a2b8dbc/library/alloc/src/boxed.rs:2001:9
[INFO] [stdout]   11:     0x55d1896c4487 - test::test_main::{{closure}}::h9081a79f20e75698
[INFO] [stdout]                                at /rustc/84c898d65adf2f39a5a98507f1fe0ce10a2b8dbc/library/test/src/lib.rs:135:21
[INFO] [stdout]   12:     0x55d189f4d59d - <alloc::boxed::Box<F,A> as core::ops::function::Fn<Args>>::call::h6507bddc3eebb4a5
[INFO] [stdout]                                at /rustc/84c898d65adf2f39a5a98507f1fe0ce10a2b8dbc/library/alloc/src/boxed.rs:2001:9
[INFO] [stdout]   13:     0x55d189f4d59d - std::panicking::rust_panic_with_hook::h50c09d000dc561d2
[INFO] [stdout]                                at /rustc/84c898d65adf2f39a5a98507f1fe0ce10a2b8dbc/library/std/src/panicking.rs:696:13
[INFO] [stdout]   14:     0x55d189f4d319 - std::panicking::begin_panic_handler::{{closure}}::h9e2b2176e00e0d9c
[INFO] [stdout]                                at /rustc/84c898d65adf2f39a5a98507f1fe0ce10a2b8dbc/library/std/src/panicking.rs:583:13
[INFO] [stdout]   15:     0x55d189f4b746 - std::sys_common::backtrace::__rust_end_short_backtrace::h5739b8e512c09d02
[INFO] [stdout]                                at /rustc/84c898d65adf2f39a5a98507f1fe0ce10a2b8dbc/library/std/src/sys_common/backtrace.rs:150:18
[INFO] [stdout]   16:     0x55d189f4d022 - rust_begin_unwind
[INFO] [stdout]                                at /rustc/84c898d65adf2f39a5a98507f1fe0ce10a2b8dbc/library/std/src/panicking.rs:579:5
[INFO] [stdout]   17:     0x55d1896768a3 - core::panicking::panic_fmt::hf33a1475b4dc5c3e
[INFO] [stdout]                                at /rustc/84c898d65adf2f39a5a98507f1fe0ce10a2b8dbc/library/core/src/panicking.rs:64:14
[INFO] [stdout]   18:     0x55d189676d53 - core::result::unwrap_failed::hdff5465d74574b44
[INFO] [stdout]                                at /rustc/84c898d65adf2f39a5a98507f1fe0ce10a2b8dbc/library/core/src/result.rs:1750:5
[INFO] [stdout]   19:     0x55d189680bec - core::result::Result<T,E>::unwrap::ha4502b3e757b04ce
[INFO] [stdout]                                at /rustc/84c898d65adf2f39a5a98507f1fe0ce10a2b8dbc/library/core/src/result.rs:1090:23
[INFO] [stdout]   20:     0x55d18967d5eb - espup::toolchain::github_query::h1ff63fc42a66a295
[INFO] [stdout]                                at /opt/rustwide/workdir/src/toolchain/mod.rs:151:16
[INFO] [stdout]   21:     0x55d189688eaa - espup::toolchain::rust::XtensaRust::parse_version::h6b4f95792ec9fbb6
[INFO] [stdout]                                at /opt/rustwide/workdir/src/toolchain/rust.rs:117:20
[INFO] [stdout]   22:     0x55d18968aea9 - espup::toolchain::rust::tests::test_xtensa_rust_parse_version::h1b0d358109fbc63f
[INFO] [stdout]                                at /opt/rustwide/workdir/src/toolchain/rust.rs:431:20
[INFO] [stdout]   23:     0x55d18968ae57 - espup::toolchain::rust::tests::test_xtensa_rust_parse_version::{{closure}}::h12d125c33e895eba
[INFO] [stdout]                                at /opt/rustwide/workdir/src/toolchain/rust.rs:429:41
[INFO] [stdout]   24:     0x55d189679ae5 - core::ops::function::FnOnce::call_once::hc7bf515f646bca98
[INFO] [stdout]                                at /rustc/84c898d65adf2f39a5a98507f1fe0ce10a2b8dbc/library/core/src/ops/function.rs:250:5
[INFO] [stdout]   25:     0x55d1896c986f - core::ops::function::FnOnce::call_once::h7d969581be7d0075
[INFO] [stdout]                                at /rustc/84c898d65adf2f39a5a98507f1fe0ce10a2b8dbc/library/core/src/ops/function.rs:250:5
[INFO] [stdout]   26:     0x55d1896c986f - test::__rust_begin_short_backtrace::hca25a52684e56655
[INFO] [stdout]                                at /rustc/84c898d65adf2f39a5a98507f1fe0ce10a2b8dbc/library/test/src/lib.rs:656:18
[INFO] [stdout]   27:     0x55d18969ae8c - test::run_test::{{closure}}::ha8ac744c4af1a4bb
[INFO] [stdout]                                at /rustc/84c898d65adf2f39a5a98507f1fe0ce10a2b8dbc/library/test/src/lib.rs:647:30
[INFO] [stdout]   28:     0x55d18969ae8c - core::ops::function::FnOnce::call_once{{vtable.shim}}::h7b411a9ed45bdecf
[INFO] [stdout]                                at /rustc/84c898d65adf2f39a5a98507f1fe0ce10a2b8dbc/library/core/src/ops/function.rs:250:5
[INFO] [stdout]   29:     0x55d1896c8836 - <alloc::boxed::Box<F,A> as core::ops::function::FnOnce<Args>>::call_once::hd05328869a8ed200
[INFO] [stdout]                                at /rustc/84c898d65adf2f39a5a98507f1fe0ce10a2b8dbc/library/alloc/src/boxed.rs:1987:9
[INFO] [stdout]   30:     0x55d1896c8836 - <core::panic::unwind_safe::AssertUnwindSafe<F> as core::ops::function::FnOnce<()>>::call_once::h0c601ce20bd5b2be
[INFO] [stdout]                                at /rustc/84c898d65adf2f39a5a98507f1fe0ce10a2b8dbc/library/core/src/panic/unwind_safe.rs:271:9
[INFO] [stdout]   31:     0x55d1896c8836 - std::panicking::try::do_call::ha4be5c164fe30854
[INFO] [stdout]                                at /rustc/84c898d65adf2f39a5a98507f1fe0ce10a2b8dbc/library/std/src/panicking.rs:487:40
[INFO] [stdout]   32:     0x55d1896c8836 - std::panicking::try::h604546f3609af05f
[INFO] [stdout]                                at /rustc/84c898d65adf2f39a5a98507f1fe0ce10a2b8dbc/library/std/src/panicking.rs:451:19
[INFO] [stdout]   33:     0x55d1896c8836 - std::panic::catch_unwind::h5bfa8afe44c9c2f9
[INFO] [stdout]                                at /rustc/84c898d65adf2f39a5a98507f1fe0ce10a2b8dbc/library/std/src/panic.rs:140:14
[INFO] [stdout]   34:     0x55d1896c8836 - test::run_test_in_process::hd50dee55dd63e6aa
[INFO] [stdout]                                at /rustc/84c898d65adf2f39a5a98507f1fe0ce10a2b8dbc/library/test/src/lib.rs:679:27
[INFO] [stdout]   35:     0x55d1896c8836 - test::run_test::run_test_inner::{{closure}}::h4aa0f433aa85cea8
[INFO] [stdout]                                at /rustc/84c898d65adf2f39a5a98507f1fe0ce10a2b8dbc/library/test/src/lib.rs:573:39
[INFO] [stdout]   36:     0x55d189695501 - test::run_test::run_test_inner::{{closure}}::had56431adf24b4d6
[INFO] [stdout]                                at /rustc/84c898d65adf2f39a5a98507f1fe0ce10a2b8dbc/library/test/src/lib.rs:600:37
[INFO] [stdout]   37:     0x55d189695501 - std::sys_common::backtrace::__rust_begin_short_backtrace::ha8d9890e0c73bf13
[INFO] [stdout]                                at /rustc/84c898d65adf2f39a5a98507f1fe0ce10a2b8dbc/library/std/src/sys_common/backtrace.rs:134:18
[INFO] [stdout]   38:     0x55d18969af1b - std::thread::Builder::spawn_unchecked_::{{closure}}::{{closure}}::h251832bcb4a95327
[INFO] [stdout]                                at /rustc/84c898d65adf2f39a5a98507f1fe0ce10a2b8dbc/library/std/src/thread/mod.rs:560:17
[INFO] [stdout]   39:     0x55d18969af1b - <core::panic::unwind_safe::AssertUnwindSafe<F> as core::ops::function::FnOnce<()>>::call_once::h8fdff598fa414831
[INFO] [stdout]                                at /rustc/84c898d65adf2f39a5a98507f1fe0ce10a2b8dbc/library/core/src/panic/unwind_safe.rs:271:9
[INFO] [stdout]   40:     0x55d18969af1b - std::panicking::try::do_call::h455dd2f7764a950f
[INFO] [stdout]                                at /rustc/84c898d65adf2f39a5a98507f1fe0ce10a2b8dbc/library/std/src/panicking.rs:487:40
[INFO] [stdout]   41:     0x55d18969af1b - std::panicking::try::had6f23b7b73ae72a
[INFO] [stdout]                                at /rustc/84c898d65adf2f39a5a98507f1fe0ce10a2b8dbc/library/std/src/panicking.rs:451:19
[INFO] [stdout]   42:     0x55d18969af1b - std::panic::catch_unwind::ha6a5ca3915b4dad0
[INFO] [stdout]                                at /rustc/84c898d65adf2f39a5a98507f1fe0ce10a2b8dbc/library/std/src/panic.rs:140:14
[INFO] [stdout]   43:     0x55d18969af1b - std::thread::Builder::spawn_unchecked_::{{closure}}::h883b72ef75da6231
[INFO] [stdout]                                at /rustc/84c898d65adf2f39a5a98507f1fe0ce10a2b8dbc/library/std/src/thread/mod.rs:559:30
[INFO] [stdout]   44:     0x55d18969af1b - core::ops::function::FnOnce::call_once{{vtable.shim}}::hb7dff73dc8bd2ccb
[INFO] [stdout]                                at /rustc/84c898d65adf2f39a5a98507f1fe0ce10a2b8dbc/library/core/src/ops/function.rs:250:5
[INFO] [stdout]   45:     0x55d189f524c3 - <alloc::boxed::Box<F,A> as core::ops::function::FnOnce<Args>>::call_once::h39990b24eedef2ab
[INFO] [stdout]                                at /rustc/84c898d65adf2f39a5a98507f1fe0ce10a2b8dbc/library/alloc/src/boxed.rs:1987:9
[INFO] [stdout]   46:     0x55d189f524c3 - <alloc::boxed::Box<F,A> as core::ops::function::FnOnce<Args>>::call_once::h01a027258444143b
[INFO] [stdout]                                at /rustc/84c898d65adf2f39a5a98507f1fe0ce10a2b8dbc/library/alloc/src/boxed.rs:1987:9
[INFO] [stdout]   47:     0x55d189f524c3 - std::sys::unix::thread::Thread::new::thread_start::ha4f1cdd9c25884ba
[INFO] [stdout]                                at /rustc/84c898d65adf2f39a5a98507f1fe0ce10a2b8dbc/library/std/src/sys/unix/thread.rs:108:17
[INFO] [stdout]   48:     0x7fd17bcdeb43 - <unknown>
[INFO] [stdout]   49:     0x7fd17bd6fbb4 - __clone
[INFO] [stdout]   50:                0x0 - <unknown>
[INFO] [stdout] 
[INFO] [stdout] 
[INFO] [stdout] failures:
[INFO] [stdout]     toolchain::rust::tests::test_xtensa_rust_parse_version
[INFO] [stdout] 
[INFO] [stdout] test result: FAILED. 6 passed; 1 failed; 0 ignored; 0 measured; 0 filtered out; finished in 0.63s
[INFO] [stdout] 
[INFO] [stderr] error: test failed, to rerun pass `--lib`
[INFO] running `Command { std: "docker" "inspect" "cf63fb36639e701636f112069a2a2c0b6ed17f40cc52c774f6230cf1fb49944e", kill_on_drop: false }`
[INFO] running `Command { std: "docker" "rm" "-f" "cf63fb36639e701636f112069a2a2c0b6ed17f40cc52c774f6230cf1fb49944e", kill_on_drop: false }`
[INFO] [stdout] cf63fb36639e701636f112069a2a2c0b6ed17f40cc52c774f6230cf1fb49944e
