[INFO] fetching crate espocrm-rs 0.4.1...
[INFO] testing espocrm-rs-0.4.1 against 1.69.0 for beta-1.70-1
[INFO] extracting crate espocrm-rs 0.4.1 into /workspace/builds/worker-2-tc1/source
[INFO] validating manifest of crates.io crate espocrm-rs 0.4.1 on toolchain 1.69.0
[INFO] running `Command { std: CARGO_HOME="/workspace/cargo-home" RUSTUP_HOME="/workspace/rustup-home" "/workspace/cargo-home/bin/cargo" "+1.69.0" "metadata" "--manifest-path" "Cargo.toml" "--no-deps", kill_on_drop: false }`
[INFO] started tweaking crates.io crate espocrm-rs 0.4.1
[INFO] finished tweaking crates.io crate espocrm-rs 0.4.1
[INFO] tweaked toml for crates.io crate espocrm-rs 0.4.1 written to /workspace/builds/worker-2-tc1/source/Cargo.toml
[INFO] running `Command { std: CARGO_HOME="/workspace/cargo-home" RUSTUP_HOME="/workspace/rustup-home" __CARGO_TEST_CHANNEL_OVERRIDE_DO_NOT_USE_THIS="nightly" "/workspace/cargo-home/bin/cargo" "+1.69.0" "generate-lockfile" "--manifest-path" "Cargo.toml" "-Zno-index-update", kill_on_drop: false }`
[INFO] running `Command { std: CARGO_HOME="/workspace/cargo-home" RUSTUP_HOME="/workspace/rustup-home" "/workspace/cargo-home/bin/cargo" "+1.69.0" "fetch" "--manifest-path" "Cargo.toml", kill_on_drop: false }`
[INFO] running `Command { std: "docker" "create" "-v" "/var/lib/crater-agent-workspace/builds/worker-2-tc1/target:/opt/rustwide/target:rw,Z" "-v" "/var/lib/crater-agent-workspace/builds/worker-2-tc1/source:/opt/rustwide/workdir:ro,Z" "-v" "/var/lib/crater-agent-workspace/cargo-home:/opt/rustwide/cargo-home:ro,Z" "-v" "/var/lib/crater-agent-workspace/rustup-home:/opt/rustwide/rustup-home:ro,Z" "-e" "SOURCE_DIR=/opt/rustwide/workdir" "-e" "CARGO_TARGET_DIR=/opt/rustwide/target" "-e" "CARGO_HOME=/opt/rustwide/cargo-home" "-e" "RUSTUP_HOME=/opt/rustwide/rustup-home" "-w" "/opt/rustwide/workdir" "-m" "1610612736" "--user" "0:0" "--network" "none" "ghcr.io/rust-lang/crates-build-env/linux@sha256:5ff2268d62e97bff2cde7d5815dd6ed5b47097566f13b8d0ca110b04b60e07ed" "/opt/rustwide/cargo-home/bin/cargo" "+1.69.0" "metadata" "--no-deps" "--format-version=1", kill_on_drop: false }`
[INFO] [stdout] b1a11e7dc3675050309ad4970c4f51af454be6f0f5536dfcb3028a03d88fc034
[INFO] running `Command { std: "docker" "start" "-a" "b1a11e7dc3675050309ad4970c4f51af454be6f0f5536dfcb3028a03d88fc034", kill_on_drop: false }`
[INFO] running `Command { std: "docker" "inspect" "b1a11e7dc3675050309ad4970c4f51af454be6f0f5536dfcb3028a03d88fc034", kill_on_drop: false }`
[INFO] running `Command { std: "docker" "rm" "-f" "b1a11e7dc3675050309ad4970c4f51af454be6f0f5536dfcb3028a03d88fc034", kill_on_drop: false }`
[INFO] [stdout] b1a11e7dc3675050309ad4970c4f51af454be6f0f5536dfcb3028a03d88fc034
[INFO] running `Command { std: "docker" "create" "-v" "/var/lib/crater-agent-workspace/builds/worker-2-tc1/target:/opt/rustwide/target:rw,Z" "-v" "/var/lib/crater-agent-workspace/builds/worker-2-tc1/source:/opt/rustwide/workdir:ro,Z" "-v" "/var/lib/crater-agent-workspace/cargo-home:/opt/rustwide/cargo-home:ro,Z" "-v" "/var/lib/crater-agent-workspace/rustup-home:/opt/rustwide/rustup-home:ro,Z" "-e" "SOURCE_DIR=/opt/rustwide/workdir" "-e" "CARGO_TARGET_DIR=/opt/rustwide/target" "-e" "CARGO_INCREMENTAL=0" "-e" "RUST_BACKTRACE=full" "-e" "RUSTFLAGS=--cap-lints=warn" "-e" "RUSTDOCFLAGS=--cap-lints=warn" "-e" "CARGO_HOME=/opt/rustwide/cargo-home" "-e" "RUSTUP_HOME=/opt/rustwide/rustup-home" "-w" "/opt/rustwide/workdir" "-m" "1610612736" "--user" "0:0" "--network" "none" "ghcr.io/rust-lang/crates-build-env/linux@sha256:5ff2268d62e97bff2cde7d5815dd6ed5b47097566f13b8d0ca110b04b60e07ed" "/opt/rustwide/cargo-home/bin/cargo" "+1.69.0" "build" "--frozen" "--message-format=json", kill_on_drop: false }`
[INFO] [stdout] 6d615c343d3e0b04ab6f1e6ae20a0a79dc4e6a1a1301cdd78e11e0e4db608d89
[INFO] running `Command { std: "docker" "start" "-a" "6d615c343d3e0b04ab6f1e6ae20a0a79dc4e6a1a1301cdd78e11e0e4db608d89", kill_on_drop: false }`
[INFO] [stderr]    Compiling pin-project-lite v0.2.9
[INFO] [stderr]    Compiling futures-core v0.3.28
[INFO] [stderr]    Compiling generic-array v0.14.7
[INFO] [stderr]    Compiling tokio v1.28.0
[INFO] [stderr]    Compiling futures-task v0.3.28
[INFO] [stderr]    Compiling socket2 v0.4.9
[INFO] [stderr]    Compiling mio v0.8.6
[INFO] [stderr]    Compiling tracing-core v0.1.30
[INFO] [stderr]    Compiling futures-util v0.3.28
[INFO] [stderr]    Compiling http v0.2.9
[INFO] [stderr]    Compiling indexmap v1.9.3
[INFO] [stderr]    Compiling futures-sink v0.3.28
[INFO] [stderr]    Compiling tracing v0.1.37
[INFO] [stderr]    Compiling futures-channel v0.3.28
[INFO] [stderr]    Compiling subtle v2.4.1
[INFO] [stderr]    Compiling want v0.3.0
[INFO] [stderr]    Compiling http-body v0.4.5
[INFO] [stderr]    Compiling tower-service v0.3.2
[INFO] [stderr]    Compiling block-buffer v0.10.4
[INFO] [stderr]    Compiling crypto-common v0.1.6
[INFO] [stderr]    Compiling httpdate v1.0.2
[INFO] [stderr]    Compiling serde_urlencoded v0.7.1
[INFO] [stderr]    Compiling ipnet v2.7.2
[INFO] [stderr]    Compiling digest v0.10.6
[INFO] [stderr]    Compiling base64 v0.21.0
[INFO] [stderr]    Compiling sha2 v0.10.6
[INFO] [stderr]    Compiling hmac v0.12.1
[INFO] [stderr]    Compiling base64 v0.13.1
[INFO] [stderr]    Compiling tap v1.0.1
[INFO] [stderr]    Compiling urlencoding v2.1.2
[INFO] [stderr]    Compiling tokio-util v0.7.8
[INFO] [stderr]    Compiling h2 v0.3.18
[INFO] [stderr]    Compiling hyper v0.14.26
[INFO] [stderr]    Compiling reqwest v0.11.17
[INFO] [stderr]    Compiling espocrm-rs v0.4.1 (/opt/rustwide/workdir)
[INFO] [stderr]     Finished dev [unoptimized + debuginfo] target(s) in 27.03s
[INFO] running `Command { std: "docker" "inspect" "6d615c343d3e0b04ab6f1e6ae20a0a79dc4e6a1a1301cdd78e11e0e4db608d89", kill_on_drop: false }`
[INFO] running `Command { std: "docker" "rm" "-f" "6d615c343d3e0b04ab6f1e6ae20a0a79dc4e6a1a1301cdd78e11e0e4db608d89", kill_on_drop: false }`
[INFO] [stdout] 6d615c343d3e0b04ab6f1e6ae20a0a79dc4e6a1a1301cdd78e11e0e4db608d89
[INFO] running `Command { std: "docker" "create" "-v" "/var/lib/crater-agent-workspace/builds/worker-2-tc1/target:/opt/rustwide/target:rw,Z" "-v" "/var/lib/crater-agent-workspace/builds/worker-2-tc1/source:/opt/rustwide/workdir:ro,Z" "-v" "/var/lib/crater-agent-workspace/cargo-home:/opt/rustwide/cargo-home:ro,Z" "-v" "/var/lib/crater-agent-workspace/rustup-home:/opt/rustwide/rustup-home:ro,Z" "-e" "SOURCE_DIR=/opt/rustwide/workdir" "-e" "CARGO_TARGET_DIR=/opt/rustwide/target" "-e" "CARGO_INCREMENTAL=0" "-e" "RUST_BACKTRACE=full" "-e" "RUSTFLAGS=--cap-lints=warn" "-e" "RUSTDOCFLAGS=--cap-lints=warn" "-e" "CARGO_HOME=/opt/rustwide/cargo-home" "-e" "RUSTUP_HOME=/opt/rustwide/rustup-home" "-w" "/opt/rustwide/workdir" "-m" "1610612736" "--user" "0:0" "--network" "none" "ghcr.io/rust-lang/crates-build-env/linux@sha256:5ff2268d62e97bff2cde7d5815dd6ed5b47097566f13b8d0ca110b04b60e07ed" "/opt/rustwide/cargo-home/bin/cargo" "+1.69.0" "test" "--frozen" "--no-run" "--message-format=json", kill_on_drop: false }`
[INFO] [stdout] 94b47a4f96176ccb92292b82752d83440ab2e9dda7b0721bdaab43ec776235e1
[INFO] running `Command { std: "docker" "start" "-a" "94b47a4f96176ccb92292b82752d83440ab2e9dda7b0721bdaab43ec776235e1", kill_on_drop: false }`
[INFO] [stderr]    Compiling syn v2.0.15
[INFO] [stderr]    Compiling serde_derive v1.0.160
[INFO] [stderr]    Compiling serde v1.0.160
[INFO] [stderr]    Compiling serde_urlencoded v0.7.1
[INFO] [stderr]    Compiling serde_json v1.0.96
[INFO] [stderr]    Compiling reqwest v0.11.17
[INFO] [stderr]    Compiling espocrm-rs v0.4.1 (/opt/rustwide/workdir)
[INFO] [stderr]     Finished test [unoptimized + debuginfo] target(s) in 24.00s
[INFO] running `Command { std: "docker" "inspect" "94b47a4f96176ccb92292b82752d83440ab2e9dda7b0721bdaab43ec776235e1", kill_on_drop: false }`
[INFO] running `Command { std: "docker" "rm" "-f" "94b47a4f96176ccb92292b82752d83440ab2e9dda7b0721bdaab43ec776235e1", kill_on_drop: false }`
[INFO] [stdout] 94b47a4f96176ccb92292b82752d83440ab2e9dda7b0721bdaab43ec776235e1
[INFO] running `Command { std: "docker" "create" "-v" "/var/lib/crater-agent-workspace/builds/worker-2-tc1/target:/opt/rustwide/target:rw,Z" "-v" "/var/lib/crater-agent-workspace/builds/worker-2-tc1/source:/opt/rustwide/workdir:ro,Z" "-v" "/var/lib/crater-agent-workspace/cargo-home:/opt/rustwide/cargo-home:ro,Z" "-v" "/var/lib/crater-agent-workspace/rustup-home:/opt/rustwide/rustup-home:ro,Z" "-e" "SOURCE_DIR=/opt/rustwide/workdir" "-e" "CARGO_TARGET_DIR=/opt/rustwide/target" "-e" "CARGO_INCREMENTAL=0" "-e" "RUST_BACKTRACE=full" "-e" "RUSTFLAGS=--cap-lints=warn" "-e" "RUSTDOCFLAGS=--cap-lints=warn" "-e" "CARGO_HOME=/opt/rustwide/cargo-home" "-e" "RUSTUP_HOME=/opt/rustwide/rustup-home" "-w" "/opt/rustwide/workdir" "-m" "1610612736" "--user" "0:0" "--network" "none" "ghcr.io/rust-lang/crates-build-env/linux@sha256:5ff2268d62e97bff2cde7d5815dd6ed5b47097566f13b8d0ca110b04b60e07ed" "/opt/rustwide/cargo-home/bin/cargo" "+1.69.0" "test" "--frozen", kill_on_drop: false }`
[INFO] [stdout] 17c17739bd4acf6f4884e9c13aa870c6a09a7c47d09920111cb514a9c6ac7fe5
[INFO] running `Command { std: "docker" "start" "-a" "17c17739bd4acf6f4884e9c13aa870c6a09a7c47d09920111cb514a9c6ac7fe5", kill_on_drop: false }`
[INFO] [stderr]     Finished test [unoptimized + debuginfo] target(s) in 0.13s
[INFO] [stderr]      Running unittests src/lib.rs (/opt/rustwide/target/debug/deps/espocrm_rs-b9a15a8558931684)
[INFO] [stdout] 
[INFO] [stdout] running 12 tests
[INFO] [stdout] test tests::api_key ... ok
[INFO] [stdout] test tests::secret_key ... ok
[INFO] [stdout] test tests::full ... ok
[INFO] [stdout] test tests::modify_url ... ok
[INFO] [stdout] test tests::password ... ok
[INFO] [stdout] test tests::serialize_with_where_string_value ... ok
[INFO] [stdout] test tests::url ... ok
[INFO] [stdout] test tests::serialize_without_where_value ... ok
[INFO] [stdout] test tests::normalize_url ... ok
[INFO] [stdout] test tests::serialize_basic ... ok
[INFO] [stdout] test tests::serialize_with_where_array_value ... ok
[INFO] [stdout] test tests::username ... ok
[INFO] [stdout] 
[INFO] [stdout] test result: ok. 12 passed; 0 failed; 0 ignored; 0 measured; 0 filtered out; finished in 0.02s
[INFO] [stdout] 
[INFO] [stderr]    Doc-tests espocrm-rs
[INFO] [stdout] 
[INFO] [stdout] running 5 tests
[INFO] [stdout] test src/lib.rs - (line 82) ... FAILED
[INFO] [stdout] test src/lib.rs - (line 14) ... ok
[INFO] [stdout] test src/lib.rs - (line 24) ... ok
[INFO] [stdout] test src/lib.rs - (line 33) ... ok
[INFO] [stdout] test src/lib.rs - (line 48) ... ok
[INFO] [stdout] 
[INFO] [stdout] failures:
[INFO] [stdout] 
[INFO] [stdout] ---- src/lib.rs - (line 82) stdout ----
[INFO] [stdout] error[E0277]: `MyData` doesn't implement `Debug`
[INFO] [stdout]    --> src/lib.rs:102:60
[INFO] [stdout]     |
[INFO] [stdout] 23  | let result = client.request(Method::Post, "Contact", None, Some(data));
[INFO] [stdout]     |                     -------                                ^^^^^^^^^^ `MyData` cannot be formatted using `{:?}`
[INFO] [stdout]     |                     |
[INFO] [stdout]     |                     required by a bound introduced by this call
[INFO] [stdout]     |
[INFO] [stdout]     = help: the trait `Debug` is not implemented for `MyData`
[INFO] [stdout]     = note: add `#[derive(Debug)]` to `MyData` or manually `impl Debug for MyData`
[INFO] [stdout] note: required by a bound in `EspoApiClient::request`
[INFO] [stdout]    --> /opt/rustwide/workdir/src/espocrm_api_client.rs:179:32
[INFO] [stdout]     |
[INFO] [stdout] 179 |         T: Serialize + Clone + Debug,
[INFO] [stdout]     |                                ^^^^^ required by this bound in `EspoApiClient::request`
[INFO] [stdout] help: consider annotating `MyData` with `#[derive(Debug)]`
[INFO] [stdout]     |
[INFO] [stdout] 8   | #[derive(Debug)]
[INFO] [stdout]     |
[INFO] [stdout] 
[INFO] [stdout] error: aborting due to previous error
[INFO] [stdout] 
[INFO] [stdout] For more information about this error, try `rustc --explain E0277`.
[INFO] [stdout] Couldn't compile the test.
[INFO] [stdout] 
[INFO] [stdout] failures:
[INFO] [stdout]     src/lib.rs - (line 82)
[INFO] [stdout] 
[INFO] [stdout] test result: FAILED. 4 passed; 1 failed; 0 ignored; 0 measured; 0 filtered out; finished in 6.00s
[INFO] [stdout] 
[INFO] [stderr] error: doctest failed, to rerun pass `--doc`
[INFO] running `Command { std: "docker" "inspect" "17c17739bd4acf6f4884e9c13aa870c6a09a7c47d09920111cb514a9c6ac7fe5", kill_on_drop: false }`
[INFO] running `Command { std: "docker" "rm" "-f" "17c17739bd4acf6f4884e9c13aa870c6a09a7c47d09920111cb514a9c6ac7fe5", kill_on_drop: false }`
[INFO] [stdout] 17c17739bd4acf6f4884e9c13aa870c6a09a7c47d09920111cb514a9c6ac7fe5
