[INFO] fetching crate esp-01 0.1.1...
[INFO] testing esp-01-0.1.1 against beta-2023-04-20 for beta-1.70-1
[INFO] extracting crate esp-01 0.1.1 into /workspace/builds/worker-7-tc2/source
[INFO] validating manifest of crates.io crate esp-01 0.1.1 on toolchain beta-2023-04-20
[INFO] running `Command { std: CARGO_HOME="/workspace/cargo-home" RUSTUP_HOME="/workspace/rustup-home" "/workspace/cargo-home/bin/cargo" "+beta-2023-04-20" "metadata" "--manifest-path" "Cargo.toml" "--no-deps", kill_on_drop: false }`
[INFO] started tweaking crates.io crate esp-01 0.1.1
[INFO] finished tweaking crates.io crate esp-01 0.1.1
[INFO] tweaked toml for crates.io crate esp-01 0.1.1 written to /workspace/builds/worker-7-tc2/source/Cargo.toml
[INFO] running `Command { std: CARGO_HOME="/workspace/cargo-home" RUSTUP_HOME="/workspace/rustup-home" __CARGO_TEST_CHANNEL_OVERRIDE_DO_NOT_USE_THIS="nightly" "/workspace/cargo-home/bin/cargo" "+beta-2023-04-20" "generate-lockfile" "--manifest-path" "Cargo.toml" "-Zno-index-update", kill_on_drop: false }`
[INFO] running `Command { std: CARGO_HOME="/workspace/cargo-home" RUSTUP_HOME="/workspace/rustup-home" "/workspace/cargo-home/bin/cargo" "+beta-2023-04-20" "fetch" "--manifest-path" "Cargo.toml", kill_on_drop: false }`
[INFO] [stderr]  Downloading crates ...
[INFO] [stderr]   Downloaded arrayvec v0.4.12
[INFO] running `Command { std: "docker" "create" "-v" "/var/lib/crater-agent-workspace/builds/worker-7-tc2/target:/opt/rustwide/target:rw,Z" "-v" "/var/lib/crater-agent-workspace/builds/worker-7-tc2/source:/opt/rustwide/workdir:ro,Z" "-v" "/var/lib/crater-agent-workspace/cargo-home:/opt/rustwide/cargo-home:ro,Z" "-v" "/var/lib/crater-agent-workspace/rustup-home:/opt/rustwide/rustup-home:ro,Z" "-e" "SOURCE_DIR=/opt/rustwide/workdir" "-e" "CARGO_TARGET_DIR=/opt/rustwide/target" "-e" "CARGO_HOME=/opt/rustwide/cargo-home" "-e" "RUSTUP_HOME=/opt/rustwide/rustup-home" "-w" "/opt/rustwide/workdir" "-m" "1610612736" "--user" "0:0" "--network" "none" "ghcr.io/rust-lang/crates-build-env/linux@sha256:5ff2268d62e97bff2cde7d5815dd6ed5b47097566f13b8d0ca110b04b60e07ed" "/opt/rustwide/cargo-home/bin/cargo" "+beta-2023-04-20" "metadata" "--no-deps" "--format-version=1", kill_on_drop: false }`
[INFO] [stdout] cdccd99dfedc12411db2a00ce5534278610e8fbb54f2628c591c37e18ce84747
[INFO] running `Command { std: "docker" "start" "-a" "cdccd99dfedc12411db2a00ce5534278610e8fbb54f2628c591c37e18ce84747", kill_on_drop: false }`
[INFO] running `Command { std: "docker" "inspect" "cdccd99dfedc12411db2a00ce5534278610e8fbb54f2628c591c37e18ce84747", kill_on_drop: false }`
[INFO] running `Command { std: "docker" "rm" "-f" "cdccd99dfedc12411db2a00ce5534278610e8fbb54f2628c591c37e18ce84747", kill_on_drop: false }`
[INFO] [stdout] cdccd99dfedc12411db2a00ce5534278610e8fbb54f2628c591c37e18ce84747
[INFO] running `Command { std: "docker" "create" "-v" "/var/lib/crater-agent-workspace/builds/worker-7-tc2/target:/opt/rustwide/target:rw,Z" "-v" "/var/lib/crater-agent-workspace/builds/worker-7-tc2/source:/opt/rustwide/workdir:ro,Z" "-v" "/var/lib/crater-agent-workspace/cargo-home:/opt/rustwide/cargo-home:ro,Z" "-v" "/var/lib/crater-agent-workspace/rustup-home:/opt/rustwide/rustup-home:ro,Z" "-e" "SOURCE_DIR=/opt/rustwide/workdir" "-e" "CARGO_TARGET_DIR=/opt/rustwide/target" "-e" "CARGO_INCREMENTAL=0" "-e" "RUST_BACKTRACE=full" "-e" "RUSTFLAGS=--cap-lints=warn" "-e" "RUSTDOCFLAGS=--cap-lints=warn" "-e" "CARGO_HOME=/opt/rustwide/cargo-home" "-e" "RUSTUP_HOME=/opt/rustwide/rustup-home" "-w" "/opt/rustwide/workdir" "-m" "1610612736" "--user" "0:0" "--network" "none" "ghcr.io/rust-lang/crates-build-env/linux@sha256:5ff2268d62e97bff2cde7d5815dd6ed5b47097566f13b8d0ca110b04b60e07ed" "/opt/rustwide/cargo-home/bin/cargo" "+beta-2023-04-20" "build" "--frozen" "--message-format=json", kill_on_drop: false }`
[INFO] [stdout] cdd33bc780c692e238a1dcf9356dab498e9f5a362187ea541c4a995c938da13c
[INFO] running `Command { std: "docker" "start" "-a" "cdd33bc780c692e238a1dcf9356dab498e9f5a362187ea541c4a995c938da13c", kill_on_drop: false }`
[INFO] [stderr]    Compiling nb v1.1.0
[INFO] [stderr]    Compiling arrayvec v0.4.12
[INFO] [stderr]    Compiling void v1.0.2
[INFO] [stderr]    Compiling nodrop v0.1.14
[INFO] [stderr]    Compiling itoa v0.4.8
[INFO] [stderr]    Compiling nb v0.1.3
[INFO] [stderr]    Compiling embedded-hal v0.2.7
[INFO] [stderr]    Compiling esp-01 v0.1.1 (/opt/rustwide/workdir)
[INFO] [stdout] warning: fields `step` and `cause` are never read
[INFO] [stdout]   --> src/lib.rs:84:5
[INFO] [stdout]    |
[INFO] [stdout] 83 | pub struct TransmissionError<R, T, P> {
[INFO] [stdout]    |            ----------------- fields in this struct
[INFO] [stdout] 84 |     step: TransmissionStep,
[INFO] [stdout]    |     ^^^^
[INFO] [stdout] 85 |     cause: Error<R, T, P>
[INFO] [stdout]    |     ^^^^^
[INFO] [stdout]    |
[INFO] [stdout]    = note: `TransmissionError` has a derived impl for the trait `Debug`, but this is intentionally ignored during dead code analysis
[INFO] [stdout]    = note: `#[warn(dead_code)]` on by default
[INFO] [stdout] 
[INFO] [stdout] 
[INFO] [stdout] warning: 1 warning emitted
[INFO] [stdout] 
[INFO] [stdout] 
[INFO] [stderr]     Finished dev [unoptimized + debuginfo] target(s) in 0.60s
[INFO] running `Command { std: "docker" "inspect" "cdd33bc780c692e238a1dcf9356dab498e9f5a362187ea541c4a995c938da13c", kill_on_drop: false }`
[INFO] running `Command { std: "docker" "rm" "-f" "cdd33bc780c692e238a1dcf9356dab498e9f5a362187ea541c4a995c938da13c", kill_on_drop: false }`
[INFO] [stdout] cdd33bc780c692e238a1dcf9356dab498e9f5a362187ea541c4a995c938da13c
[INFO] running `Command { std: "docker" "create" "-v" "/var/lib/crater-agent-workspace/builds/worker-7-tc2/target:/opt/rustwide/target:rw,Z" "-v" "/var/lib/crater-agent-workspace/builds/worker-7-tc2/source:/opt/rustwide/workdir:ro,Z" "-v" "/var/lib/crater-agent-workspace/cargo-home:/opt/rustwide/cargo-home:ro,Z" "-v" "/var/lib/crater-agent-workspace/rustup-home:/opt/rustwide/rustup-home:ro,Z" "-e" "SOURCE_DIR=/opt/rustwide/workdir" "-e" "CARGO_TARGET_DIR=/opt/rustwide/target" "-e" "CARGO_INCREMENTAL=0" "-e" "RUST_BACKTRACE=full" "-e" "RUSTFLAGS=--cap-lints=warn" "-e" "RUSTDOCFLAGS=--cap-lints=warn" "-e" "CARGO_HOME=/opt/rustwide/cargo-home" "-e" "RUSTUP_HOME=/opt/rustwide/rustup-home" "-w" "/opt/rustwide/workdir" "-m" "1610612736" "--user" "0:0" "--network" "none" "ghcr.io/rust-lang/crates-build-env/linux@sha256:5ff2268d62e97bff2cde7d5815dd6ed5b47097566f13b8d0ca110b04b60e07ed" "/opt/rustwide/cargo-home/bin/cargo" "+beta-2023-04-20" "test" "--frozen" "--no-run" "--message-format=json", kill_on_drop: false }`
[INFO] [stdout] 1e86acc9e46af8831f0a1a4ef3f6b0e6ae3aa35051234c65343e51e64b53351f
[INFO] running `Command { std: "docker" "start" "-a" "1e86acc9e46af8831f0a1a4ef3f6b0e6ae3aa35051234c65343e51e64b53351f", kill_on_drop: false }`
[INFO] [stderr]    Compiling esp-01 v0.1.1 (/opt/rustwide/workdir)
[INFO] [stdout] warning: fields `step` and `cause` are never read
[INFO] [stdout]   --> src/lib.rs:84:5
[INFO] [stdout]    |
[INFO] [stdout] 83 | pub struct TransmissionError<R, T, P> {
[INFO] [stdout]    |            ----------------- fields in this struct
[INFO] [stdout] 84 |     step: TransmissionStep,
[INFO] [stdout]    |     ^^^^
[INFO] [stdout] 85 |     cause: Error<R, T, P>
[INFO] [stdout]    |     ^^^^^
[INFO] [stdout]    |
[INFO] [stdout]    = note: `TransmissionError` has a derived impl for the trait `Debug`, but this is intentionally ignored during dead code analysis
[INFO] [stdout]    = note: `#[warn(dead_code)]` on by default
[INFO] [stdout] 
[INFO] [stdout] 
[INFO] [stdout] warning: 1 warning emitted
[INFO] [stdout] 
[INFO] [stdout] 
[INFO] [stdout] warning: fields `step` and `cause` are never read
[INFO] [stdout]   --> src/lib.rs:84:5
[INFO] [stdout]    |
[INFO] [stdout] 83 | pub struct TransmissionError<R, T, P> {
[INFO] [stdout]    |            ----------------- fields in this struct
[INFO] [stdout] 84 |     step: TransmissionStep,
[INFO] [stdout]    |     ^^^^
[INFO] [stdout] 85 |     cause: Error<R, T, P>
[INFO] [stdout]    |     ^^^^^
[INFO] [stdout]    |
[INFO] [stdout]    = note: `TransmissionError` has a derived impl for the trait `Debug`, but this is intentionally ignored during dead code analysis
[INFO] [stdout]    = note: `#[warn(dead_code)]` on by default
[INFO] [stdout] 
[INFO] [stdout] 
[INFO] [stdout] warning: 1 warning emitted
[INFO] [stdout] 
[INFO] [stdout] 
[INFO] [stderr]     Finished test [unoptimized + debuginfo] target(s) in 0.39s
[INFO] running `Command { std: "docker" "inspect" "1e86acc9e46af8831f0a1a4ef3f6b0e6ae3aa35051234c65343e51e64b53351f", kill_on_drop: false }`
[INFO] running `Command { std: "docker" "rm" "-f" "1e86acc9e46af8831f0a1a4ef3f6b0e6ae3aa35051234c65343e51e64b53351f", kill_on_drop: false }`
[INFO] [stdout] 1e86acc9e46af8831f0a1a4ef3f6b0e6ae3aa35051234c65343e51e64b53351f
[INFO] running `Command { std: "docker" "create" "-v" "/var/lib/crater-agent-workspace/builds/worker-7-tc2/target:/opt/rustwide/target:rw,Z" "-v" "/var/lib/crater-agent-workspace/builds/worker-7-tc2/source:/opt/rustwide/workdir:ro,Z" "-v" "/var/lib/crater-agent-workspace/cargo-home:/opt/rustwide/cargo-home:ro,Z" "-v" "/var/lib/crater-agent-workspace/rustup-home:/opt/rustwide/rustup-home:ro,Z" "-e" "SOURCE_DIR=/opt/rustwide/workdir" "-e" "CARGO_TARGET_DIR=/opt/rustwide/target" "-e" "CARGO_INCREMENTAL=0" "-e" "RUST_BACKTRACE=full" "-e" "RUSTFLAGS=--cap-lints=warn" "-e" "RUSTDOCFLAGS=--cap-lints=warn" "-e" "CARGO_HOME=/opt/rustwide/cargo-home" "-e" "RUSTUP_HOME=/opt/rustwide/rustup-home" "-w" "/opt/rustwide/workdir" "-m" "1610612736" "--user" "0:0" "--network" "none" "ghcr.io/rust-lang/crates-build-env/linux@sha256:5ff2268d62e97bff2cde7d5815dd6ed5b47097566f13b8d0ca110b04b60e07ed" "/opt/rustwide/cargo-home/bin/cargo" "+beta-2023-04-20" "test" "--frozen", kill_on_drop: false }`
[INFO] [stdout] 50122a69a72e6bb58a2a3b9fdb12a0198c02df7adf07d2cc354684f19961210c
[INFO] running `Command { std: "docker" "start" "-a" "50122a69a72e6bb58a2a3b9fdb12a0198c02df7adf07d2cc354684f19961210c", kill_on_drop: false }`
[INFO] [stdout] 
[INFO] [stderr] warning: fields `step` and `cause` are never read
[INFO] [stdout] running 0 tests
[INFO] [stderr]   --> src/lib.rs:84:5
[INFO] [stdout] 
[INFO] [stderr]    |
[INFO] [stdout] test result: ok. 0 passed; 0 failed; 0 ignored; 0 measured; 0 filtered out; finished in 0.00s
[INFO] [stderr] 83 | pub struct TransmissionError<R, T, P> {
[INFO] [stdout] 
[INFO] [stderr]    |            ----------------- fields in this struct
[INFO] [stderr] 84 |     step: TransmissionStep,
[INFO] [stderr]    |     ^^^^
[INFO] [stderr] 85 |     cause: Error<R, T, P>
[INFO] [stderr]    |     ^^^^^
[INFO] [stderr]    |
[INFO] [stderr]    = note: `TransmissionError` has a derived impl for the trait `Debug`, but this is intentionally ignored during dead code analysis
[INFO] [stderr]    = note: `#[warn(dead_code)]` on by default
[INFO] [stderr] 
[INFO] [stderr] warning: `esp-01` (lib) generated 1 warning
[INFO] [stderr] warning: `esp-01` (lib test) generated 1 warning (1 duplicate)
[INFO] [stderr]     Finished test [unoptimized + debuginfo] target(s) in 0.01s
[INFO] [stderr]      Running unittests src/lib.rs (/opt/rustwide/target/debug/deps/esp_01-c12eb063f29b954d)
[INFO] [stderr]    Doc-tests esp-01
[INFO] [stdout] 
[INFO] [stdout] running 2 tests
[INFO] [stdout] test src/timing.rs - timing::LongTimer (line 14) ... FAILED
[INFO] [stdout] test src/lib.rs - compare_circular_buffer (line 398) ... FAILED
[INFO] [stdout] 
[INFO] [stdout] failures:
[INFO] [stdout] 
[INFO] [stdout] ---- src/timing.rs - timing::LongTimer (line 14) stdout ----
[INFO] [stdout] error[E0433]: failed to resolve: use of undeclared crate or module `esp01`
[INFO] [stdout]   --> src/timing.rs:46:9
[INFO] [stdout]    |
[INFO] [stdout] 34 | impl<T> esp01::LongTimer for LongTimer<T>
[INFO] [stdout]    |         ^^^^^ use of undeclared crate or module `esp01`
[INFO] [stdout]    |
[INFO] [stdout] help: there is a crate or module with a similar name
[INFO] [stdout]    |
[INFO] [stdout] 34 | impl<T> esp_01::LongTimer for LongTimer<T>
[INFO] [stdout]    |         ~~~~~~
[INFO] [stdout] 
[INFO] [stdout] error[E0412]: cannot find type `Timer` in this scope
[INFO] [stdout]  --> src/timing.rs:16:12
[INFO] [stdout]   |
[INFO] [stdout] 4 |     timer: Timer<T>,
[INFO] [stdout]   |            ^^^^^ not found in this scope
[INFO] [stdout] 
[INFO] [stdout] error[E0412]: cannot find type `Timer` in this scope
[INFO] [stdout]  --> src/timing.rs:21:11
[INFO] [stdout]   |
[INFO] [stdout] 9 |     where Timer<T>: CountDown<Time = Hertz> + Periodic
[INFO] [stdout]   |           ^^^^^ not found in this scope
[INFO] [stdout] 
[INFO] [stdout] error[E0405]: cannot find trait `CountDown` in this scope
[INFO] [stdout]  --> src/timing.rs:21:21
[INFO] [stdout]   |
[INFO] [stdout] 9 |     where Timer<T>: CountDown<Time = Hertz> + Periodic
[INFO] [stdout]   |                     ^^^^^^^^^ not found in this scope
[INFO] [stdout]   |
[INFO] [stdout] help: consider importing this trait
[INFO] [stdout]   |
[INFO] [stdout] 2 + use embedded_hal::timer::CountDown;
[INFO] [stdout]   |
[INFO] [stdout] 
[INFO] [stdout] error[E0412]: cannot find type `Hertz` in this scope
[INFO] [stdout]  --> src/timing.rs:21:38
[INFO] [stdout]   |
[INFO] [stdout] 9 |     where Timer<T>: CountDown<Time = Hertz> + Periodic
[INFO] [stdout]   |                                      ^^^^^ not found in this scope
[INFO] [stdout] 
[INFO] [stdout] error[E0405]: cannot find trait `Periodic` in this scope
[INFO] [stdout]  --> src/timing.rs:21:47
[INFO] [stdout]   |
[INFO] [stdout] 9 |     where Timer<T>: CountDown<Time = Hertz> + Periodic
[INFO] [stdout]   |                                               ^^^^^^^^ not found in this scope
[INFO] [stdout]   |
[INFO] [stdout] help: consider importing this trait
[INFO] [stdout]   |
[INFO] [stdout] 2 + use embedded_hal::timer::Periodic;
[INFO] [stdout]   |
[INFO] [stdout] 
[INFO] [stdout] error[E0412]: cannot find type `Timer` in this scope
[INFO] [stdout]   --> src/timing.rs:23:23
[INFO] [stdout]    |
[INFO] [stdout] 11 |     pub fn new(timer: Timer<T>) -> Self {
[INFO] [stdout]    |                       ^^^^^ not found in this scope
[INFO] [stdout] 
[INFO] [stdout] error[E0412]: cannot find type `Infallible` in this scope
[INFO] [stdout]   --> src/timing.rs:29:50
[INFO] [stdout]    |
[INFO] [stdout] 17 |     fn process_tick(&mut self) -> nb::Result<(), Infallible>{
[INFO] [stdout]    |                                                  ^^^^^^^^^^ not found in this scope
[INFO] [stdout]    |
[INFO] [stdout] help: consider importing one of these items
[INFO] [stdout]    |
[INFO] [stdout] 2  + use core::convert::Infallible;
[INFO] [stdout]    |
[INFO] [stdout] 2  + use std::convert::Infallible;
[INFO] [stdout]    |
[INFO] [stdout] 
[INFO] [stdout] error[E0412]: cannot find type `Timer` in this scope
[INFO] [stdout]   --> src/timing.rs:47:11
[INFO] [stdout]    |
[INFO] [stdout] 35 |     where Timer<T>: CountDown<Time = Hertz> + Periodic
[INFO] [stdout]    |           ^^^^^ not found in this scope
[INFO] [stdout] 
[INFO] [stdout] error[E0405]: cannot find trait `CountDown` in this scope
[INFO] [stdout]   --> src/timing.rs:47:21
[INFO] [stdout]    |
[INFO] [stdout] 35 |     where Timer<T>: CountDown<Time = Hertz> + Periodic
[INFO] [stdout]    |                     ^^^^^^^^^ not found in this scope
[INFO] [stdout]    |
[INFO] [stdout] help: consider importing this trait
[INFO] [stdout]    |
[INFO] [stdout] 2  + use embedded_hal::timer::CountDown;
[INFO] [stdout]    |
[INFO] [stdout] 
[INFO] [stdout] error[E0412]: cannot find type `Hertz` in this scope
[INFO] [stdout]   --> src/timing.rs:47:38
[INFO] [stdout]    |
[INFO] [stdout] 35 |     where Timer<T>: CountDown<Time = Hertz> + Periodic
[INFO] [stdout]    |                                      ^^^^^ not found in this scope
[INFO] [stdout] 
[INFO] [stdout] error[E0405]: cannot find trait `Periodic` in this scope
[INFO] [stdout]   --> src/timing.rs:47:47
[INFO] [stdout]    |
[INFO] [stdout] 35 |     where Timer<T>: CountDown<Time = Hertz> + Periodic
[INFO] [stdout]    |                                               ^^^^^^^^ not found in this scope
[INFO] [stdout]    |
[INFO] [stdout] help: consider importing this trait
[INFO] [stdout]    |
[INFO] [stdout] 2  + use embedded_hal::timer::Periodic;
[INFO] [stdout]    |
[INFO] [stdout] 
[INFO] [stdout] error[E0412]: cannot find type `Infallible` in this scope
[INFO] [stdout]   --> src/timing.rs:49:42
[INFO] [stdout]    |
[INFO] [stdout] 37 |     fn wait(&mut self) -> nb::Result<(), Infallible> {
[INFO] [stdout]    |                                          ^^^^^^^^^^ not found in this scope
[INFO] [stdout]    |
[INFO] [stdout] help: consider importing one of these items
[INFO] [stdout]    |
[INFO] [stdout] 2  + use core::convert::Infallible;
[INFO] [stdout]    |
[INFO] [stdout] 2  + use std::convert::Infallible;
[INFO] [stdout]    |
[INFO] [stdout] 
[INFO] [stdout] error[E0531]: cannot find tuple struct or tuple variant `Millisecond` in this scope
[INFO] [stdout]   --> src/timing.rs:56:25
[INFO] [stdout]    |
[INFO] [stdout] 44 |     fn start(&mut self, Millisecond(duration): Millisecond) {
[INFO] [stdout]    |                         ^^^^^^^^^^^ not found in this scope
[INFO] [stdout]    |
[INFO] [stdout] help: consider importing this tuple struct
[INFO] [stdout]    |
[INFO] [stdout] 2  + use esp_01::Millisecond;
[INFO] [stdout]    |
[INFO] [stdout] 
[INFO] [stdout] error[E0412]: cannot find type `Millisecond` in this scope
[INFO] [stdout]   --> src/timing.rs:56:48
[INFO] [stdout]    |
[INFO] [stdout] 44 |     fn start(&mut self, Millisecond(duration): Millisecond) {
[INFO] [stdout]    |                                                ^^^^^^^^^^^ not found in this scope
[INFO] [stdout]    |
[INFO] [stdout] help: consider importing this struct
[INFO] [stdout]    |
[INFO] [stdout] 2  + use esp_01::Millisecond;
[INFO] [stdout]    |
[INFO] [stdout] 
[INFO] [stdout] error: aborting due to 15 previous errors
[INFO] [stdout] 
[INFO] [stdout] Some errors have detailed explanations: E0405, E0412, E0433, E0531.
[INFO] [stdout] For more information about an error, try `rustc --explain E0405`.
[INFO] [stdout] Couldn't compile the test.
[INFO] [stdout] ---- src/lib.rs - compare_circular_buffer (line 398) stdout ----
[INFO] [stdout] error[E0425]: cannot find value `offset` in this scope
[INFO] [stdout]  --> src/lib.rs:400:9
[INFO] [stdout]   |
[INFO] [stdout] 4 |      ^- offset
[INFO] [stdout]   |         ^^^^^^ not found in this scope
[INFO] [stdout]   |
[INFO] [stdout] help: consider importing one of these items
[INFO] [stdout]   |
[INFO] [stdout] 2 + use core::intrinsics::offset;
[INFO] [stdout]   |
[INFO] [stdout] 2 + use std::intrinsics::offset;
[INFO] [stdout]   |
[INFO] [stdout] 
[INFO] [stdout] error[E0308]: mismatched types
[INFO] [stdout]  --> src/lib.rs:399:1
[INFO] [stdout]   |
[INFO] [stdout] 2 |   fn main() { #[allow(non_snake_case)] fn _doctest_main_src_lib_rs_398_0() {
[INFO] [stdout]   |                                                                            - help: try adding a return type: `-> [i32; 6]`
[INFO] [stdout] 3 | / [4,5,0,1,2,3]
[INFO] [stdout] 4 | |      ^- offset
[INFO] [stdout]   | |______________^ expected `()`, found `[{integer}; 6]`
[INFO] [stdout] 
[INFO] [stdout] error: aborting due to 2 previous errors
[INFO] [stdout] 
[INFO] [stdout] Some errors have detailed explanations: E0308, E0425.
[INFO] [stdout] For more information about an error, try `rustc --explain E0308`.
[INFO] [stdout] Couldn't compile the test.
[INFO] [stdout] 
[INFO] [stdout] failures:
[INFO] [stdout]     src/lib.rs - compare_circular_buffer (line 398)
[INFO] [stdout]     src/timing.rs - timing::LongTimer (line 14)
[INFO] [stdout] 
[INFO] [stdout] test result: FAILED. 0 passed; 2 failed; 0 ignored; 0 measured; 0 filtered out; finished in 0.06s
[INFO] [stdout] 
[INFO] [stderr] error: doctest failed, to rerun pass `--doc`
[INFO] running `Command { std: "docker" "inspect" "50122a69a72e6bb58a2a3b9fdb12a0198c02df7adf07d2cc354684f19961210c", kill_on_drop: false }`
[INFO] running `Command { std: "docker" "rm" "-f" "50122a69a72e6bb58a2a3b9fdb12a0198c02df7adf07d2cc354684f19961210c", kill_on_drop: false }`
[INFO] [stdout] 50122a69a72e6bb58a2a3b9fdb12a0198c02df7adf07d2cc354684f19961210c
