[INFO] fetching crate error-utils 0.1.4...
[INFO] testing error-utils-0.1.4 against 1.69.0 for beta-1.70-1
[INFO] extracting crate error-utils 0.1.4 into /workspace/builds/worker-3-tc1/source
[INFO] validating manifest of crates.io crate error-utils 0.1.4 on toolchain 1.69.0
[INFO] running `Command { std: CARGO_HOME="/workspace/cargo-home" RUSTUP_HOME="/workspace/rustup-home" "/workspace/cargo-home/bin/cargo" "+1.69.0" "metadata" "--manifest-path" "Cargo.toml" "--no-deps", kill_on_drop: false }`
[INFO] started tweaking crates.io crate error-utils 0.1.4
[INFO] finished tweaking crates.io crate error-utils 0.1.4
[INFO] tweaked toml for crates.io crate error-utils 0.1.4 written to /workspace/builds/worker-3-tc1/source/Cargo.toml
[INFO] crate crates.io crate error-utils 0.1.4 already has a lockfile, it will not be regenerated
[INFO] running `Command { std: CARGO_HOME="/workspace/cargo-home" RUSTUP_HOME="/workspace/rustup-home" "/workspace/cargo-home/bin/cargo" "+1.69.0" "fetch" "--manifest-path" "Cargo.toml", kill_on_drop: false }`
[INFO] [stderr]  Downloading crates ...
[INFO] [stderr]   Downloaded error-utils-derive v0.1.3
[INFO] running `Command { std: "docker" "create" "-v" "/var/lib/crater-agent-workspace/builds/worker-3-tc1/target:/opt/rustwide/target:rw,Z" "-v" "/var/lib/crater-agent-workspace/builds/worker-3-tc1/source:/opt/rustwide/workdir:ro,Z" "-v" "/var/lib/crater-agent-workspace/cargo-home:/opt/rustwide/cargo-home:ro,Z" "-v" "/var/lib/crater-agent-workspace/rustup-home:/opt/rustwide/rustup-home:ro,Z" "-e" "SOURCE_DIR=/opt/rustwide/workdir" "-e" "CARGO_TARGET_DIR=/opt/rustwide/target" "-e" "CARGO_HOME=/opt/rustwide/cargo-home" "-e" "RUSTUP_HOME=/opt/rustwide/rustup-home" "-w" "/opt/rustwide/workdir" "-m" "1610612736" "--user" "0:0" "--network" "none" "ghcr.io/rust-lang/crates-build-env/linux@sha256:97d61d7686bf65f8ecb15491ab51835e82dc9176a96a831f143a431b191fc501" "/opt/rustwide/cargo-home/bin/cargo" "+1.69.0" "metadata" "--no-deps" "--format-version=1", kill_on_drop: false }`
[INFO] [stdout] aacede7bf4832578bdbe18623ae40b29afa4be98c75b400b1b626d2c2b508144
[INFO] running `Command { std: "docker" "start" "-a" "aacede7bf4832578bdbe18623ae40b29afa4be98c75b400b1b626d2c2b508144", kill_on_drop: false }`
[INFO] running `Command { std: "docker" "inspect" "aacede7bf4832578bdbe18623ae40b29afa4be98c75b400b1b626d2c2b508144", kill_on_drop: false }`
[INFO] running `Command { std: "docker" "rm" "-f" "aacede7bf4832578bdbe18623ae40b29afa4be98c75b400b1b626d2c2b508144", kill_on_drop: false }`
[INFO] [stdout] aacede7bf4832578bdbe18623ae40b29afa4be98c75b400b1b626d2c2b508144
[INFO] running `Command { std: "docker" "create" "-v" "/var/lib/crater-agent-workspace/builds/worker-3-tc1/target:/opt/rustwide/target:rw,Z" "-v" "/var/lib/crater-agent-workspace/builds/worker-3-tc1/source:/opt/rustwide/workdir:ro,Z" "-v" "/var/lib/crater-agent-workspace/cargo-home:/opt/rustwide/cargo-home:ro,Z" "-v" "/var/lib/crater-agent-workspace/rustup-home:/opt/rustwide/rustup-home:ro,Z" "-e" "SOURCE_DIR=/opt/rustwide/workdir" "-e" "CARGO_TARGET_DIR=/opt/rustwide/target" "-e" "CARGO_INCREMENTAL=0" "-e" "RUST_BACKTRACE=full" "-e" "RUSTFLAGS=--cap-lints=warn" "-e" "RUSTDOCFLAGS=--cap-lints=warn" "-e" "CARGO_HOME=/opt/rustwide/cargo-home" "-e" "RUSTUP_HOME=/opt/rustwide/rustup-home" "-w" "/opt/rustwide/workdir" "-m" "1610612736" "--user" "0:0" "--network" "none" "ghcr.io/rust-lang/crates-build-env/linux@sha256:97d61d7686bf65f8ecb15491ab51835e82dc9176a96a831f143a431b191fc501" "/opt/rustwide/cargo-home/bin/cargo" "+1.69.0" "build" "--frozen" "--message-format=json", kill_on_drop: false }`
[INFO] [stdout] 68d70053316910fa68cc0f36d491c07a973dfbfa7cde873de5a8d685688987b8
[INFO] running `Command { std: "docker" "start" "-a" "68d70053316910fa68cc0f36d491c07a973dfbfa7cde873de5a8d685688987b8", kill_on_drop: false }`
[INFO] [stderr]    Compiling proc-macro2 v1.0.41
[INFO] [stderr]    Compiling unicode-ident v1.0.2
[INFO] [stderr]    Compiling quote v1.0.20
[INFO] [stderr]    Compiling syn v1.0.98
[INFO] [stderr]    Compiling error-utils-derive v0.1.3
[INFO] [stderr]    Compiling error-utils v0.1.4 (/opt/rustwide/workdir)
[INFO] [stderr]     Finished dev [unoptimized + debuginfo] target(s) in 3.83s
[INFO] running `Command { std: "docker" "inspect" "68d70053316910fa68cc0f36d491c07a973dfbfa7cde873de5a8d685688987b8", kill_on_drop: false }`
[INFO] running `Command { std: "docker" "rm" "-f" "68d70053316910fa68cc0f36d491c07a973dfbfa7cde873de5a8d685688987b8", kill_on_drop: false }`
[INFO] [stdout] 68d70053316910fa68cc0f36d491c07a973dfbfa7cde873de5a8d685688987b8
[INFO] running `Command { std: "docker" "create" "-v" "/var/lib/crater-agent-workspace/builds/worker-3-tc1/target:/opt/rustwide/target:rw,Z" "-v" "/var/lib/crater-agent-workspace/builds/worker-3-tc1/source:/opt/rustwide/workdir:ro,Z" "-v" "/var/lib/crater-agent-workspace/cargo-home:/opt/rustwide/cargo-home:ro,Z" "-v" "/var/lib/crater-agent-workspace/rustup-home:/opt/rustwide/rustup-home:ro,Z" "-e" "SOURCE_DIR=/opt/rustwide/workdir" "-e" "CARGO_TARGET_DIR=/opt/rustwide/target" "-e" "CARGO_INCREMENTAL=0" "-e" "RUST_BACKTRACE=full" "-e" "RUSTFLAGS=--cap-lints=warn" "-e" "RUSTDOCFLAGS=--cap-lints=warn" "-e" "CARGO_HOME=/opt/rustwide/cargo-home" "-e" "RUSTUP_HOME=/opt/rustwide/rustup-home" "-w" "/opt/rustwide/workdir" "-m" "1610612736" "--user" "0:0" "--network" "none" "ghcr.io/rust-lang/crates-build-env/linux@sha256:97d61d7686bf65f8ecb15491ab51835e82dc9176a96a831f143a431b191fc501" "/opt/rustwide/cargo-home/bin/cargo" "+1.69.0" "test" "--frozen" "--no-run" "--message-format=json", kill_on_drop: false }`
[INFO] [stdout] 3a964d5d7ebe55eae3d8af85616b80000e17e4570874dd0a6ee7e4cddec7c356
[INFO] running `Command { std: "docker" "start" "-a" "3a964d5d7ebe55eae3d8af85616b80000e17e4570874dd0a6ee7e4cddec7c356", kill_on_drop: false }`
[INFO] [stderr]    Compiling serde v1.0.140
[INFO] [stderr]    Compiling toml v0.5.9
[INFO] [stderr]    Compiling error-utils v0.1.4 (/opt/rustwide/workdir)
[INFO] [stderr]     Finished test [unoptimized + debuginfo] target(s) in 5.70s
[INFO] running `Command { std: "docker" "inspect" "3a964d5d7ebe55eae3d8af85616b80000e17e4570874dd0a6ee7e4cddec7c356", kill_on_drop: false }`
[INFO] running `Command { std: "docker" "rm" "-f" "3a964d5d7ebe55eae3d8af85616b80000e17e4570874dd0a6ee7e4cddec7c356", kill_on_drop: false }`
[INFO] [stdout] 3a964d5d7ebe55eae3d8af85616b80000e17e4570874dd0a6ee7e4cddec7c356
[INFO] running `Command { std: "docker" "create" "-v" "/var/lib/crater-agent-workspace/builds/worker-3-tc1/target:/opt/rustwide/target:rw,Z" "-v" "/var/lib/crater-agent-workspace/builds/worker-3-tc1/source:/opt/rustwide/workdir:ro,Z" "-v" "/var/lib/crater-agent-workspace/cargo-home:/opt/rustwide/cargo-home:ro,Z" "-v" "/var/lib/crater-agent-workspace/rustup-home:/opt/rustwide/rustup-home:ro,Z" "-e" "SOURCE_DIR=/opt/rustwide/workdir" "-e" "CARGO_TARGET_DIR=/opt/rustwide/target" "-e" "CARGO_INCREMENTAL=0" "-e" "RUST_BACKTRACE=full" "-e" "RUSTFLAGS=--cap-lints=warn" "-e" "RUSTDOCFLAGS=--cap-lints=warn" "-e" "CARGO_HOME=/opt/rustwide/cargo-home" "-e" "RUSTUP_HOME=/opt/rustwide/rustup-home" "-w" "/opt/rustwide/workdir" "-m" "1610612736" "--user" "0:0" "--network" "none" "ghcr.io/rust-lang/crates-build-env/linux@sha256:97d61d7686bf65f8ecb15491ab51835e82dc9176a96a831f143a431b191fc501" "/opt/rustwide/cargo-home/bin/cargo" "+1.69.0" "test" "--frozen", kill_on_drop: false }`
[INFO] [stdout] d1f5a90023d9aa12db4a31495ec6e0762bbaf0b1a0414b2d2acf893a85bdc83c
[INFO] running `Command { std: "docker" "start" "-a" "d1f5a90023d9aa12db4a31495ec6e0762bbaf0b1a0414b2d2acf893a85bdc83c", kill_on_drop: false }`
[INFO] [stderr]     Finished test [unoptimized + debuginfo] target(s) in 0.01s
[INFO] [stderr]      Running unittests src/lib.rs (/opt/rustwide/target/debug/deps/error_utils-5cea14c9d1b3c316)
[INFO] [stderr]    Doc-tests error-utils
[INFO] [stdout] 
[INFO] [stdout] running 0 tests
[INFO] [stdout] 
[INFO] [stdout] test result: ok. 0 passed; 0 failed; 0 ignored; 0 measured; 0 filtered out; finished in 0.00s
[INFO] [stdout] 
[INFO] [stdout] 
[INFO] [stdout] running 4 tests
[INFO] [stdout] test src/handle.rs - handle::handle_err (line 11) ... FAILED
[INFO] [stdout] test src/handle.rs - handle::handle_err (line 22) ... FAILED
[INFO] [stdout] test src/fail.rs - fail::fail (line 17) ... FAILED
[INFO] [stdout] test src/fail.rs - fail::fail (line 9) ... FAILED
[INFO] [stdout] 
[INFO] [stdout] failures:
[INFO] [stdout] 
[INFO] [stdout] ---- src/handle.rs - handle::handle_err (line 11) stdout ----
[INFO] [stdout] error: expected one of `.`, `;`, `?`, `}`, or an operator, found `=>`
[INFO] [stdout]  --> src/handle.rs:15:18
[INFO] [stdout]   |
[INFO] [stdout] 6 |     Some(result) => result,
[INFO] [stdout]   |                  ^^ expected one of `.`, `;`, `?`, `}`, or an operator
[INFO] [stdout] 
[INFO] [stdout] error: expected one of `.`, `?`, `{`, or an operator, found `;`
[INFO] [stdout]  --> src/handle.rs:17:2
[INFO] [stdout]   |
[INFO] [stdout] 5 | let result = match /* Some expression */ {
[INFO] [stdout]   |              -----
[INFO] [stdout]   |              |
[INFO] [stdout]   |              while parsing this `match` expression
[INFO] [stdout]   |              help: try removing this `match`
[INFO] [stdout] ...
[INFO] [stdout] 8 | };
[INFO] [stdout]   |  ^ expected one of `.`, `?`, `{`, or an operator
[INFO] [stdout] 
[INFO] [stdout] error: cannot find macro `handle_err` in this scope
[INFO] [stdout]  --> src/handle.rs:12:1
[INFO] [stdout]   |
[INFO] [stdout] 3 | handle_err!(/* Some expression */, None => /* Some handle */);
[INFO] [stdout]   | ^^^^^^^^^^
[INFO] [stdout]   |
[INFO] [stdout]   = help: consider importing this macro:
[INFO] [stdout]           error_utils::handle_err
[INFO] [stdout] 
[INFO] [stdout] error: aborting due to 3 previous errors
[INFO] [stdout] 
[INFO] [stdout] Couldn't compile the test.
[INFO] [stdout] ---- src/handle.rs - handle::handle_err (line 22) stdout ----
[INFO] [stdout] error: expected one of `.`, `;`, `?`, `}`, or an operator, found `=>`
[INFO] [stdout]  --> src/handle.rs:26:16
[INFO] [stdout]   |
[INFO] [stdout] 6 |     Ok(result) => result,
[INFO] [stdout]   |                ^^ expected one of `.`, `;`, `?`, `}`, or an operator
[INFO] [stdout] 
[INFO] [stdout] error: expected one of `.`, `?`, `{`, or an operator, found `;`
[INFO] [stdout]  --> src/handle.rs:28:2
[INFO] [stdout]   |
[INFO] [stdout] 5 | let result = match /* Some expression */ {
[INFO] [stdout]   |              -----
[INFO] [stdout]   |              |
[INFO] [stdout]   |              while parsing this `match` expression
[INFO] [stdout]   |              help: try removing this `match`
[INFO] [stdout] ...
[INFO] [stdout] 8 | };
[INFO] [stdout]   |  ^ expected one of `.`, `?`, `{`, or an operator
[INFO] [stdout] 
[INFO] [stdout] error: cannot find macro `handle_err` in this scope
[INFO] [stdout]  --> src/handle.rs:23:1
[INFO] [stdout]   |
[INFO] [stdout] 3 | handle_err!(/* Some expression */, err => /* Some handle */);
[INFO] [stdout]   | ^^^^^^^^^^
[INFO] [stdout]   |
[INFO] [stdout]   = help: consider importing this macro:
[INFO] [stdout]           error_utils::handle_err
[INFO] [stdout] 
[INFO] [stdout] error: aborting due to 3 previous errors
[INFO] [stdout] 
[INFO] [stdout] Couldn't compile the test.
[INFO] [stdout] ---- src/fail.rs - fail::fail (line 17) stdout ----
[INFO] [stdout] error: cannot find macro `fail` in this scope
[INFO] [stdout]  --> src/fail.rs:18:1
[INFO] [stdout]   |
[INFO] [stdout] 3 | fail!(/* exit code */);
[INFO] [stdout]   | ^^^^
[INFO] [stdout]   |
[INFO] [stdout]   = help: consider importing this macro:
[INFO] [stdout]           error_utils::fail
[INFO] [stdout] 
[INFO] [stdout] error[E0061]: this function takes 1 argument but 0 arguments were supplied
[INFO] [stdout]  --> src/fail.rs:20:1
[INFO] [stdout]   |
[INFO] [stdout] 5 | std::process::exit(/* exit code */);
[INFO] [stdout]   | ^^^^^^^^^^^^^^^^^^----------------- an argument of type `i32` is missing
[INFO] [stdout]   |
[INFO] [stdout] note: function defined here
[INFO] [stdout]  --> /rustc/84c898d65adf2f39a5a98507f1fe0ce10a2b8dbc/library/std/src/process.rs:2060:8
[INFO] [stdout] help: provide the argument
[INFO] [stdout]   |
[INFO] [stdout] 5 | std::process::exit(/* i32 */);
[INFO] [stdout]   |                   ~~~~~~~~~~~
[INFO] [stdout] 
[INFO] [stdout] error: aborting due to 2 previous errors
[INFO] [stdout] 
[INFO] [stdout] For more information about this error, try `rustc --explain E0061`.
[INFO] [stdout] Couldn't compile the test.
[INFO] [stdout] ---- src/fail.rs - fail::fail (line 9) stdout ----
[INFO] [stdout] error: cannot find macro `fail` in this scope
[INFO] [stdout]  --> src/fail.rs:10:1
[INFO] [stdout]   |
[INFO] [stdout] 3 | fail!();
[INFO] [stdout]   | ^^^^
[INFO] [stdout]   |
[INFO] [stdout]   = help: consider importing this macro:
[INFO] [stdout]           error_utils::fail
[INFO] [stdout] 
[INFO] [stdout] error: aborting due to previous error
[INFO] [stdout] 
[INFO] [stdout] Couldn't compile the test.
[INFO] [stdout] 
[INFO] [stdout] failures:
[INFO] [stdout]     src/fail.rs - fail::fail (line 17)
[INFO] [stdout]     src/fail.rs - fail::fail (line 9)
[INFO] [stdout]     src/handle.rs - handle::handle_err (line 11)
[INFO] [stdout]     src/handle.rs - handle::handle_err (line 22)
[INFO] [stdout] 
[INFO] [stdout] test result: FAILED. 0 passed; 4 failed; 0 ignored; 0 measured; 0 filtered out; finished in 0.07s
[INFO] [stdout] 
[INFO] [stderr] error: doctest failed, to rerun pass `--doc`
[INFO] running `Command { std: "docker" "inspect" "d1f5a90023d9aa12db4a31495ec6e0762bbaf0b1a0414b2d2acf893a85bdc83c", kill_on_drop: false }`
[INFO] running `Command { std: "docker" "rm" "-f" "d1f5a90023d9aa12db4a31495ec6e0762bbaf0b1a0414b2d2acf893a85bdc83c", kill_on_drop: false }`
[INFO] [stdout] d1f5a90023d9aa12db4a31495ec6e0762bbaf0b1a0414b2d2acf893a85bdc83c
