[INFO] fetching crate error-stack 0.3.1...
[INFO] testing error-stack-0.3.1 against 1.69.0 for beta-1.70-1
[INFO] extracting crate error-stack 0.3.1 into /workspace/builds/worker-6-tc1/source
[INFO] validating manifest of crates.io crate error-stack 0.3.1 on toolchain 1.69.0
[INFO] running `Command { std: CARGO_HOME="/workspace/cargo-home" RUSTUP_HOME="/workspace/rustup-home" "/workspace/cargo-home/bin/cargo" "+1.69.0" "metadata" "--manifest-path" "Cargo.toml" "--no-deps", kill_on_drop: false }`
[INFO] removed /workspace/builds/worker-6-tc1/source/rust-toolchain.toml
[INFO] started tweaking crates.io crate error-stack 0.3.1
[INFO] removed 0 missing examples
[INFO] removed 0 missing tests
[INFO] finished tweaking crates.io crate error-stack 0.3.1
[INFO] tweaked toml for crates.io crate error-stack 0.3.1 written to /workspace/builds/worker-6-tc1/source/Cargo.toml
[INFO] crate crates.io crate error-stack 0.3.1 already has a lockfile, it will not be regenerated
[INFO] running `Command { std: CARGO_HOME="/workspace/cargo-home" RUSTUP_HOME="/workspace/rustup-home" "/workspace/cargo-home/bin/cargo" "+1.69.0" "fetch" "--manifest-path" "Cargo.toml", kill_on_drop: false }`
[INFO] [stderr]  Downloading crates ...
[INFO] [stderr]   Downloaded expect-test v1.4.0
[INFO] [stderr]   Downloaded is_ci v1.1.1
[INFO] [stderr]   Downloaded supports-unicode v1.0.2
[INFO] [stderr]   Downloaded supports-color v2.0.0
[INFO] [stderr]   Downloaded serde_json v1.0.92
[INFO] [stderr]   Downloaded insta v1.26.0
[INFO] [stderr]   Downloaded ansi-to-html v0.1.2
[INFO] running `Command { std: "docker" "create" "-v" "/var/lib/crater-agent-workspace/builds/worker-6-tc1/target:/opt/rustwide/target:rw,Z" "-v" "/var/lib/crater-agent-workspace/builds/worker-6-tc1/source:/opt/rustwide/workdir:ro,Z" "-v" "/var/lib/crater-agent-workspace/cargo-home:/opt/rustwide/cargo-home:ro,Z" "-v" "/var/lib/crater-agent-workspace/rustup-home:/opt/rustwide/rustup-home:ro,Z" "-e" "SOURCE_DIR=/opt/rustwide/workdir" "-e" "CARGO_TARGET_DIR=/opt/rustwide/target" "-e" "CARGO_HOME=/opt/rustwide/cargo-home" "-e" "RUSTUP_HOME=/opt/rustwide/rustup-home" "-w" "/opt/rustwide/workdir" "-m" "1610612736" "--user" "0:0" "--network" "none" "ghcr.io/rust-lang/crates-build-env/linux@sha256:5ff2268d62e97bff2cde7d5815dd6ed5b47097566f13b8d0ca110b04b60e07ed" "/opt/rustwide/cargo-home/bin/cargo" "+1.69.0" "metadata" "--no-deps" "--format-version=1", kill_on_drop: false }`
[INFO] [stdout] b4e7e0ed1c043afa639bcfc67615d2bd4e5da42a81ae1c3dd96a35fdcd9cebbb
[INFO] running `Command { std: "docker" "start" "-a" "b4e7e0ed1c043afa639bcfc67615d2bd4e5da42a81ae1c3dd96a35fdcd9cebbb", kill_on_drop: false }`
[INFO] running `Command { std: "docker" "inspect" "b4e7e0ed1c043afa639bcfc67615d2bd4e5da42a81ae1c3dd96a35fdcd9cebbb", kill_on_drop: false }`
[INFO] running `Command { std: "docker" "rm" "-f" "b4e7e0ed1c043afa639bcfc67615d2bd4e5da42a81ae1c3dd96a35fdcd9cebbb", kill_on_drop: false }`
[INFO] [stdout] b4e7e0ed1c043afa639bcfc67615d2bd4e5da42a81ae1c3dd96a35fdcd9cebbb
[INFO] running `Command { std: "docker" "create" "-v" "/var/lib/crater-agent-workspace/builds/worker-6-tc1/target:/opt/rustwide/target:rw,Z" "-v" "/var/lib/crater-agent-workspace/builds/worker-6-tc1/source:/opt/rustwide/workdir:ro,Z" "-v" "/var/lib/crater-agent-workspace/cargo-home:/opt/rustwide/cargo-home:ro,Z" "-v" "/var/lib/crater-agent-workspace/rustup-home:/opt/rustwide/rustup-home:ro,Z" "-e" "SOURCE_DIR=/opt/rustwide/workdir" "-e" "CARGO_TARGET_DIR=/opt/rustwide/target" "-e" "CARGO_INCREMENTAL=0" "-e" "RUST_BACKTRACE=full" "-e" "RUSTFLAGS=--cap-lints=warn" "-e" "RUSTDOCFLAGS=--cap-lints=warn" "-e" "CARGO_HOME=/opt/rustwide/cargo-home" "-e" "RUSTUP_HOME=/opt/rustwide/rustup-home" "-w" "/opt/rustwide/workdir" "-m" "1610612736" "--user" "0:0" "--network" "none" "ghcr.io/rust-lang/crates-build-env/linux@sha256:5ff2268d62e97bff2cde7d5815dd6ed5b47097566f13b8d0ca110b04b60e07ed" "/opt/rustwide/cargo-home/bin/cargo" "+1.69.0" "build" "--frozen" "--message-format=json", kill_on_drop: false }`
[INFO] [stdout] 79b3fa1f13dc874ba7249e5aeff78131ccf9f7fcfeb97cb39b1ba087a00cdbb0
[INFO] running `Command { std: "docker" "start" "-a" "79b3fa1f13dc874ba7249e5aeff78131ccf9f7fcfeb97cb39b1ba087a00cdbb0", kill_on_drop: false }`
[INFO] [stderr]    Compiling semver v1.0.16
[INFO] [stderr]    Compiling rustc_version v0.4.0
[INFO] [stderr]    Compiling error-stack v0.3.1 (/opt/rustwide/workdir)
[INFO] [stderr]     Finished dev [unoptimized + debuginfo] target(s) in 1.55s
[INFO] running `Command { std: "docker" "inspect" "79b3fa1f13dc874ba7249e5aeff78131ccf9f7fcfeb97cb39b1ba087a00cdbb0", kill_on_drop: false }`
[INFO] running `Command { std: "docker" "rm" "-f" "79b3fa1f13dc874ba7249e5aeff78131ccf9f7fcfeb97cb39b1ba087a00cdbb0", kill_on_drop: false }`
[INFO] [stdout] 79b3fa1f13dc874ba7249e5aeff78131ccf9f7fcfeb97cb39b1ba087a00cdbb0
[INFO] running `Command { std: "docker" "create" "-v" "/var/lib/crater-agent-workspace/builds/worker-6-tc1/target:/opt/rustwide/target:rw,Z" "-v" "/var/lib/crater-agent-workspace/builds/worker-6-tc1/source:/opt/rustwide/workdir:ro,Z" "-v" "/var/lib/crater-agent-workspace/cargo-home:/opt/rustwide/cargo-home:ro,Z" "-v" "/var/lib/crater-agent-workspace/rustup-home:/opt/rustwide/rustup-home:ro,Z" "-e" "SOURCE_DIR=/opt/rustwide/workdir" "-e" "CARGO_TARGET_DIR=/opt/rustwide/target" "-e" "CARGO_INCREMENTAL=0" "-e" "RUST_BACKTRACE=full" "-e" "RUSTFLAGS=--cap-lints=warn" "-e" "RUSTDOCFLAGS=--cap-lints=warn" "-e" "CARGO_HOME=/opt/rustwide/cargo-home" "-e" "RUSTUP_HOME=/opt/rustwide/rustup-home" "-w" "/opt/rustwide/workdir" "-m" "1610612736" "--user" "0:0" "--network" "none" "ghcr.io/rust-lang/crates-build-env/linux@sha256:5ff2268d62e97bff2cde7d5815dd6ed5b47097566f13b8d0ca110b04b60e07ed" "/opt/rustwide/cargo-home/bin/cargo" "+1.69.0" "test" "--frozen" "--no-run" "--message-format=json", kill_on_drop: false }`
[INFO] [stdout] 48b7e4160627eb0d075c01097961fbfa0e40e271e9e23b3b643a23649deac7f7
[INFO] running `Command { std: "docker" "start" "-a" "48b7e4160627eb0d075c01097961fbfa0e40e271e9e23b3b643a23649deac7f7", kill_on_drop: false }`
[INFO] [stderr]    Compiling proc-macro2 v1.0.51
[INFO] [stderr]    Compiling quote v1.0.23
[INFO] [stderr]    Compiling unicode-ident v1.0.6
[INFO] [stderr]    Compiling syn v1.0.107
[INFO] [stderr]    Compiling libc v0.2.139
[INFO] [stderr]    Compiling serde_derive v1.0.152
[INFO] [stderr]    Compiling once_cell v1.17.0
[INFO] [stderr]    Compiling serde v1.0.152
[INFO] [stderr]    Compiling futures-core v0.3.26
[INFO] [stderr]    Compiling autocfg v1.1.0
[INFO] [stderr]    Compiling futures-channel v0.3.26
[INFO] [stderr]    Compiling futures-task v0.3.26
[INFO] [stderr]    Compiling lazy_static v1.4.0
[INFO] [stderr]    Compiling io-lifetimes v1.0.5
[INFO] [stderr]    Compiling rustix v0.36.8
[INFO] [stderr]    Compiling futures-sink v0.3.26
[INFO] [stderr]    Compiling futures-util v0.3.26
[INFO] [stderr]    Compiling cfg-if v1.0.0
[INFO] [stderr]    Compiling log v0.4.17
[INFO] [stderr]    Compiling pin-project-lite v0.2.9
[INFO] [stderr]    Compiling tracing-core v0.1.30
[INFO] [stderr]    Compiling aho-corasick v0.7.20
[INFO] [stderr]    Compiling thiserror v1.0.38
[INFO] [stderr]    Compiling linux-raw-sys v0.1.4
[INFO] [stderr]    Compiling futures-io v0.3.26
[INFO] [stderr]    Compiling slab v0.4.7
[INFO] [stderr]    Compiling pin-utils v0.1.0
[INFO] [stderr]    Compiling regex-syntax v0.6.28
[INFO] [stderr]    Compiling serde_json v1.0.92
[INFO] [stderr]    Compiling linked-hash-map v0.5.6
[INFO] [stderr]    Compiling itoa v1.0.5
[INFO] [stderr]    Compiling ryu v1.0.12
[INFO] [stderr]    Compiling overload v0.1.1
[INFO] [stderr]    Compiling trybuild v1.0.77
[INFO] [stderr]    Compiling base64 v0.13.1
[INFO] [stderr]    Compiling tracing-log v0.1.3
[INFO] [stderr]    Compiling nu-ansi-term v0.46.0
[INFO] [stderr]    Compiling yaml-rust v0.4.5
[INFO] [stderr]    Compiling thread_local v1.1.4
[INFO] [stderr]    Compiling sharded-slab v0.1.4
[INFO] [stderr]    Compiling glob v0.3.1
[INFO] [stderr]    Compiling similar v2.2.1
[INFO] [stderr]    Compiling smallvec v1.10.0
[INFO] [stderr]    Compiling is_ci v1.1.1
[INFO] [stderr]    Compiling termcolor v1.2.0
[INFO] [stderr]    Compiling dissimilar v1.0.6
[INFO] [stderr]    Compiling owo-colors v3.5.0
[INFO] [stderr]    Compiling expect-test v1.4.0
[INFO] [stderr]    Compiling tracing-subscriber v0.3.16
[INFO] [stderr]    Compiling console v0.15.5
[INFO] [stderr]    Compiling atty v0.2.14
[INFO] [stderr]    Compiling supports-unicode v1.0.2
[INFO] [stderr]    Compiling regex v1.7.1
[INFO] [stderr]    Compiling is-terminal v0.4.3
[INFO] [stderr]    Compiling supports-color v2.0.0
[INFO] [stderr]    Compiling futures-executor v0.3.26
[INFO] [stderr]    Compiling futures v0.3.26
[INFO] [stderr]    Compiling thiserror-impl v1.0.38
[INFO] [stderr]    Compiling tracing-attributes v0.1.23
[INFO] [stderr]    Compiling tracing v0.1.37
[INFO] [stderr]    Compiling ansi-to-html v0.1.2
[INFO] [stderr]    Compiling ron v0.7.1
[INFO] [stderr]    Compiling basic-toml v0.1.1
[INFO] [stderr]    Compiling insta v1.26.0
[INFO] [stderr]    Compiling error-stack v0.3.1 (/opt/rustwide/workdir)
[INFO] [stderr]     Finished test [unoptimized + debuginfo] target(s) in 20.61s
[INFO] running `Command { std: "docker" "inspect" "48b7e4160627eb0d075c01097961fbfa0e40e271e9e23b3b643a23649deac7f7", kill_on_drop: false }`
[INFO] running `Command { std: "docker" "rm" "-f" "48b7e4160627eb0d075c01097961fbfa0e40e271e9e23b3b643a23649deac7f7", kill_on_drop: false }`
[INFO] [stdout] 48b7e4160627eb0d075c01097961fbfa0e40e271e9e23b3b643a23649deac7f7
[INFO] running `Command { std: "docker" "create" "-v" "/var/lib/crater-agent-workspace/builds/worker-6-tc1/target:/opt/rustwide/target:rw,Z" "-v" "/var/lib/crater-agent-workspace/builds/worker-6-tc1/source:/opt/rustwide/workdir:ro,Z" "-v" "/var/lib/crater-agent-workspace/cargo-home:/opt/rustwide/cargo-home:ro,Z" "-v" "/var/lib/crater-agent-workspace/rustup-home:/opt/rustwide/rustup-home:ro,Z" "-e" "SOURCE_DIR=/opt/rustwide/workdir" "-e" "CARGO_TARGET_DIR=/opt/rustwide/target" "-e" "CARGO_INCREMENTAL=0" "-e" "RUST_BACKTRACE=full" "-e" "RUSTFLAGS=--cap-lints=warn" "-e" "RUSTDOCFLAGS=--cap-lints=warn" "-e" "CARGO_HOME=/opt/rustwide/cargo-home" "-e" "RUSTUP_HOME=/opt/rustwide/rustup-home" "-w" "/opt/rustwide/workdir" "-m" "1610612736" "--user" "0:0" "--network" "none" "ghcr.io/rust-lang/crates-build-env/linux@sha256:5ff2268d62e97bff2cde7d5815dd6ed5b47097566f13b8d0ca110b04b60e07ed" "/opt/rustwide/cargo-home/bin/cargo" "+1.69.0" "test" "--frozen", kill_on_drop: false }`
[INFO] [stdout] 63fd7686c5e49673a08acf58aeefc4871e0dce919ed512b2476a1164b1fa855d
[INFO] running `Command { std: "docker" "start" "-a" "63fd7686c5e49673a08acf58aeefc4871e0dce919ed512b2476a1164b1fa855d", kill_on_drop: false }`
[INFO] [stderr]     Blocking waiting for file lock on package cache
[INFO] [stderr]     Finished test [unoptimized + debuginfo] target(s) in 0.48s
[INFO] [stderr]      Running unittests src/lib.rs (/opt/rustwide/target/debug/deps/error_stack-9091a460d057a2cf)
[INFO] [stdout] 
[INFO] [stdout] running 1 test
[INFO] [stdout] test tests::test_size ... ok
[INFO] [stdout] 
[INFO] [stdout] test result: ok. 1 passed; 0 failed; 0 ignored; 0 measured; 0 filtered out; finished in 0.00s
[INFO] [stdout] 
[INFO] [stderr]      Running tests/compiletest.rs (/opt/rustwide/target/debug/deps/compiletest-b963857e1f86658b)
[INFO] [stdout] 
[INFO] [stdout] running 1 test
[INFO] [stdout] test ui ... ignored, Outputs are different across toolchains
[INFO] [stdout] 
[INFO] [stdout] test result: ok. 0 passed; 0 failed; 1 ignored; 0 measured; 0 filtered out; finished in 0.00s
[INFO] [stdout] 
[INFO] [stderr]      Running tests/test_attach.rs (/opt/rustwide/target/debug/deps/test_attach-14975af89edf9791)
[INFO] [stdout] 
[INFO] [stdout] running 3 tests
[INFO] [stdout] test attach ... ok
[INFO] [stdout] test attach_future ... ok
[INFO] [stdout] test attach_result ... ok
[INFO] [stdout] 
[INFO] [stdout] test result: ok. 3 passed; 0 failed; 0 ignored; 0 measured; 0 filtered out; finished in 0.00s
[INFO] [stdout] 
[INFO] [stderr]      Running tests/test_attach_printable.rs (/opt/rustwide/target/debug/deps/test_attach_printable-276c136e3252329b)
[INFO] [stdout] 
[INFO] [stdout] running 3 tests
[INFO] [stdout] test attach_future ... ok
[INFO] [stdout] test attach ... ok
[INFO] [stdout] test attach_result ... ok
[INFO] [stdout] 
[INFO] [stdout] test result: ok. 3 passed; 0 failed; 0 ignored; 0 measured; 0 filtered out; finished in 0.00s
[INFO] [stdout] 
[INFO] [stderr]      Running tests/test_backtrace.rs (/opt/rustwide/target/debug/deps/test_backtrace-1b832061db23f502)
[INFO] [stdout] 
[INFO] [stdout] running 1 test
[INFO] [stdout] test captured ... ok
[INFO] [stdout] 
[INFO] [stdout] test result: ok. 1 passed; 0 failed; 0 ignored; 0 measured; 0 filtered out; finished in 0.00s
[INFO] [stdout] 
[INFO] [stderr]      Running tests/test_change_context.rs (/opt/rustwide/target/debug/deps/test_change_context-ff4959f7403be7d0)
[INFO] [stdout] 
[INFO] [stdout] running 3 tests
[INFO] [stdout] test attach ... ok
[INFO] [stdout] test attach_result ... ok
[INFO] [stdout] test attach_future ... ok
[INFO] [stdout] 
[INFO] [stdout] test result: ok. 3 passed; 0 failed; 0 ignored; 0 measured; 0 filtered out; finished in 0.00s
[INFO] [stdout] 
[INFO] [stderr]      Running tests/test_compatibility.rs (/opt/rustwide/target/debug/deps/test_compatibility-5ab94c75e74a756e)
[INFO] [stdout] 
[INFO] [stdout] running 0 tests
[INFO] [stdout] 
[INFO] [stdout] test result: ok. 0 passed; 0 failed; 0 ignored; 0 measured; 0 filtered out; finished in 0.00s
[INFO] [stdout] 
[INFO] [stderr]      Running tests/test_conversion.rs (/opt/rustwide/target/debug/deps/test_conversion-01277e07a1aeaf9f)
[INFO] [stdout] 
[INFO] [stdout] running 3 tests
[INFO] [stdout] test boxed_error ... ok
[INFO] [stdout] test report ... ok
[INFO] [stdout] test into_report ... ok
[INFO] [stdout] 
[INFO] [stdout] test result: ok. 3 passed; 0 failed; 0 ignored; 0 measured; 0 filtered out; finished in 0.00s
[INFO] [stdout] 
[INFO] [stderr]      Running tests/test_debug.rs (/opt/rustwide/target/debug/deps/test_debug-0a1836081b382c48)
[INFO] [stdout] 
[INFO] [stdout] running 2 tests
[INFO] [stdout] test sources_nested_alternate ... ok
[INFO] [stdout] test sources_nested ... ok
[INFO] [stdout] 
[INFO] [stdout] test result: ok. 2 passed; 0 failed; 0 ignored; 0 measured; 0 filtered out; finished in 0.05s
[INFO] [stdout] 
[INFO] [stderr]      Running tests/test_display.rs (/opt/rustwide/target/debug/deps/test_display-99f11a24aa2ba33f)
[INFO] [stdout] 
[INFO] [stdout] running 2 tests
[INFO] [stdout] test extended ... ok
[INFO] [stdout] test normal ... ok
[INFO] [stdout] 
[INFO] [stdout] test result: ok. 2 passed; 0 failed; 0 ignored; 0 measured; 0 filtered out; finished in 0.00s
[INFO] [stdout] 
[INFO] [stderr]      Running tests/test_downcast.rs (/opt/rustwide/target/debug/deps/test_downcast-9ecc8725e6322402)
[INFO] [stdout] 
[INFO] [stdout] running 2 tests
[INFO] [stdout] test downcast_mut ... ok
[INFO] [stdout] test downcast_ref ... ok
[INFO] [stdout] 
[INFO] [stdout] test result: ok. 2 passed; 0 failed; 0 ignored; 0 measured; 0 filtered out; finished in 0.00s
[INFO] [stdout] 
[INFO] [stderr]      Running tests/test_extend.rs (/opt/rustwide/target/debug/deps/test_extend-3f53e28718ed60ac)
[INFO] [stdout] 
[INFO] [stdout] running 5 tests
[INFO] [stdout] test collect_none ... ok
[INFO] [stdout] test collect ... ok
[INFO] [stdout] test extend ... ok
[INFO] [stdout] test extend_one ... ok
[INFO] [stdout] test extend_one_nested ... ok
[INFO] [stdout] 
[INFO] [stdout] test result: ok. 5 passed; 0 failed; 0 ignored; 0 measured; 0 filtered out; finished in 0.00s
[INFO] [stdout] 
[INFO] [stderr]      Running tests/test_frame.rs (/opt/rustwide/target/debug/deps/test_frame-b0d01a5cb5696370)
[INFO] [stdout] 
[INFO] [stdout] running 5 tests
[INFO] [stdout] test context ... ok
[INFO] [stdout] test opaque_attachment ... ok
[INFO] [stdout] test printable_attachment ... ok
[INFO] [stdout] test sources ... ok
[INFO] [stdout] test type_id ... ok
[INFO] [stdout] 
[INFO] [stdout] test result: ok. 5 passed; 0 failed; 0 ignored; 0 measured; 0 filtered out; finished in 0.00s
[INFO] [stdout] 
[INFO] [stderr]      Running tests/test_iter.rs (/opt/rustwide/target/debug/deps/test_iter-2ed7f27a54616c2a)
[INFO] [stdout] 
[INFO] [stdout] running 2 tests
[INFO] [stdout] test iter ... ok
[INFO] [stdout] test iter_mut ... ok
[INFO] [stdout] 
[INFO] [stdout] test result: ok. 2 passed; 0 failed; 0 ignored; 0 measured; 0 filtered out; finished in 0.00s
[INFO] [stdout] 
[INFO] [stderr]      Running tests/test_macros.rs (/opt/rustwide/target/debug/deps/test_macros-7db729bc75d6868c)
[INFO] [stdout] 
[INFO] [stdout] running 3 tests
[INFO] [stdout] test bail ... ok
[INFO] [stdout] test report ... ok
[INFO] [stdout] test ensure ... ok
[INFO] [stdout] 
[INFO] [stdout] test result: ok. 3 passed; 0 failed; 0 ignored; 0 measured; 0 filtered out; finished in 0.00s
[INFO] [stdout] 
[INFO] [stderr]      Running tests/test_provision.rs (/opt/rustwide/target/debug/deps/test_provision-90c1b4390275d8c5)
[INFO] [stdout] 
[INFO] [stdout] running 0 tests
[INFO] [stdout] 
[INFO] [stdout] test result: ok. 0 passed; 0 failed; 0 ignored; 0 measured; 0 filtered out; finished in 0.00s
[INFO] [stdout] 
[INFO] [stderr]      Running tests/test_serialize.rs (/opt/rustwide/target/debug/deps/test_serialize-45ff91fd5019089b)
[INFO] [stdout] 
[INFO] [stdout] running 0 tests
[INFO] [stdout] 
[INFO] [stdout] test result: ok. 0 passed; 0 failed; 0 ignored; 0 measured; 0 filtered out; finished in 0.00s
[INFO] [stdout] 
[INFO] [stderr]      Running tests/test_span_trace.rs (/opt/rustwide/target/debug/deps/test_span_trace-67ea836b403a55cc)
[INFO] [stdout] 
[INFO] [stdout] running 0 tests
[INFO] [stdout] 
[INFO] [stdout] test result: ok. 0 passed; 0 failed; 0 ignored; 0 measured; 0 filtered out; finished in 0.00s
[INFO] [stdout] 
[INFO] [stderr]    Doc-tests error-stack
[INFO] [stdout] 
[INFO] [stdout] running 34 tests
[INFO] [stdout] test src/fmt.rs - fmt::sym (line 205) ... ignored
[INFO] [stdout] test src/hook.rs - hook::Report<()>::install_debug_hook (line 82) ... ok
[INFO] [stdout] test src/context.rs - context::Context (line 22) ... ok
[INFO] [stdout] test src/lib.rs - (line 111) ... ok
[INFO] [stdout] test src/lib.rs - (line 246) ... ok
[INFO] [stdout] test src/lib.rs - (line 332) ... ok
[INFO] [stdout] test src/lib.rs - (line 74) ... ok
[INFO] [stdout] test src/fmt/hook.rs - fmt::hook::HookContext (line 65) ... FAILED
[INFO] [stdout] test src/lib.rs - (line 38) ... ok
[INFO] [stdout] test src/macros.rs - macros::bail (line 149) ... ok
[INFO] [stdout] test src/macros.rs - macros::report (line 82) ... ok
[INFO] [stdout] test src/macros.rs - macros::bail (line 167) ... ok
[INFO] [stdout] test src/macros.rs - macros::ensure (line 216) ... ok
[INFO] [stdout] test src/macros.rs - macros::report (line 99) ... ok
[INFO] [stdout] test src/report.rs - report::Report (line 84) ... ok
[INFO] [stdout] test src/report.rs - report::Report<C>::current_context (line 611) ... FAILED
[INFO] [stdout] test src/fmt/hook.rs - fmt::hook::HookContext<T>::push_body (line 316) ... FAILED
[INFO] [stdout] test src/report.rs - report::Report<C>::contains (line 541) ... ok
[INFO] [stdout] test src/report.rs - report::Report (line 228) ... ok
[INFO] [stdout] test src/report.rs - report::Report<C>::downcast_ref (line 568) ... ok
[INFO] [stdout] test src/report.rs - report::Report<C>::extend_one (line 338) ... ok
[INFO] [stdout] test src/report.rs - report::Report (line 103) ... ok
[INFO] [stdout] test src/report.rs - report::Report<C>::attach_printable (line 428) ... ok
[INFO] [stdout] test src/result.rs - result::Result (line 16) ... ok
[INFO] [stdout] test src/fmt/charset.rs - fmt::charset::Report<()>::set_charset (line 61) ... ok
[INFO] [stdout] test src/fmt.rs - fmt (line 42) ... ok
[INFO] [stdout] test src/fmt/color.rs - fmt::color::Report<()>::set_color_mode (line 70) ... ok
[INFO] [stdout] test src/fmt/hook.rs - fmt::hook::HookContext<T>::push_appendix (line 257) ... ok
[INFO] [stdout] test src/fmt/hook.rs - fmt::hook::HookContext<T>::decrement_counter (line 52) ... ok
[INFO] [stdout] test src/hook.rs - hook::Report<()>::install_debug_hook (line 30) ... ok
[INFO] [stdout] test src/fmt/hook.rs - fmt::hook::HookContext<T>::increment_counter (line 51) ... ok
[INFO] [stdout] test src/lib.rs - (line 153) ... ok
[INFO] [stdout] test src/fmt/hook.rs - fmt::hook::HookContext<T>::cast (line 57) ... ok
[INFO] [stdout] test src/fmt/hook.rs - fmt::hook::HookContext (line 211) ... ok
[INFO] [stdout] 
[INFO] [stdout] failures:
[INFO] [stdout] 
[INFO] [stdout] ---- src/fmt/hook.rs - fmt::hook::HookContext (line 65) stdout ----
[INFO] [stdout] error: linking with `cc` failed: exit status: 1
[INFO] [stdout]   |
[INFO] [stdout]   = note: LC_ALL="C" PATH="/opt/rustwide/rustup-home/toolchains/1.69.0-x86_64-unknown-linux-gnu/lib/rustlib/x86_64-unknown-linux-gnu/bin:/opt/rustwide/cargo-home/bin:/usr/local/sbin:/usr/local/bin:/usr/sbin:/usr/bin:/sbin:/bin" VSLANG="1033" "cc" "-m64" "/tmp/rustcIUPshr/symbols.o" "/tmp/rustdoctestgwUyJ4/rust_out.rust_out.5bfee551-cgu.0.rcgu.o" "/tmp/rustdoctestgwUyJ4/rust_out.j00p4ncf7xg64kg.rcgu.o" "-Wl,--as-needed" "-L" "/opt/rustwide/target/debug/deps" "-L" "/opt/rustwide/target/debug/deps" "-L" "/opt/rustwide/rustup-home/toolchains/1.69.0-x86_64-unknown-linux-gnu/lib/rustlib/x86_64-unknown-linux-gnu/lib" "-Wl,-Bstatic" "/opt/rustwide/target/debug/deps/libansi_to_html-edb2e1b3dc8cc28e.rlib" "/opt/rustwide/target/debug/deps/libthiserror-e9160b23370a3203.rlib" "/opt/rustwide/target/debug/deps/libregex-f6c7ff49d39ccc61.rlib" "/opt/rustwide/target/debug/deps/libaho_corasick-9bb9d75852409017.rlib" "/opt/rustwide/target/debug/deps/libmemchr-b18e4aa3c7a38625.rlib" "/opt/rustwide/target/debug/deps/libregex_syntax-818c2f7eeae25f7c.rlib" "/opt/rustwide/target/debug/deps/libexpect_test-c80fe9c0dd31c971.rlib" "/opt/rustwide/target/debug/deps/libdissimilar-9aa6bceb567ec2b8.rlib" "/opt/rustwide/target/debug/deps/libonce_cell-f4689346a1005a4d.rlib" "/opt/rustwide/target/debug/deps/liberror_stack-1282dbd65b4098c2.rlib" "/opt/rustwide/rustup-home/toolchains/1.69.0-x86_64-unknown-linux-gnu/lib/rustlib/x86_64-unknown-linux-gnu/lib/libstd-89bc084783fdc439.rlib" "/opt/rustwide/rustup-home/toolchains/1.69.0-x86_64-unknown-linux-gnu/lib/rustlib/x86_64-unknown-linux-gnu/lib/libpanic_unwind-8bee4b287d4367c1.rlib" "/opt/rustwide/rustup-home/toolchains/1.69.0-x86_64-unknown-linux-gnu/lib/rustlib/x86_64-unknown-linux-gnu/lib/libobject-d61707aed80694c0.rlib" "/opt/rustwide/rustup-home/toolchains/1.69.0-x86_64-unknown-linux-gnu/lib/rustlib/x86_64-unknown-linux-gnu/lib/libmemchr-d85366256f22345b.rlib" "/opt/rustwide/rustup-home/toolchains/1.69.0-x86_64-unknown-linux-gnu/lib/rustlib/x86_64-unknown-linux-gnu/lib/libaddr2line-96069b86b8a8cae9.rlib" "/opt/rustwide/rustup-home/toolchains/1.69.0-x86_64-unknown-linux-gnu/lib/rustlib/x86_64-unknown-linux-gnu/lib/libgimli-d19d53abf68dfa6c.rlib" "/opt/rustwide/rustup-home/toolchains/1.69.0-x86_64-unknown-linux-gnu/lib/rustlib/x86_64-unknown-linux-gnu/lib/librustc_demangle-787cbccd19d64ac6.rlib" "/opt/rustwide/rustup-home/toolchains/1.69.0-x86_64-unknown-linux-gnu/lib/rustlib/x86_64-unknown-linux-gnu/lib/libstd_detect-b3837a36b830e0d0.rlib" "/opt/rustwide/rustup-home/toolchains/1.69.0-x86_64-unknown-linux-gnu/lib/rustlib/x86_64-unknown-linux-gnu/lib/libhashbrown-e3deb0e7e3f04966.rlib" "/opt/rustwide/rustup-home/toolchains/1.69.0-x86_64-unknown-linux-gnu/lib/rustlib/x86_64-unknown-linux-gnu/lib/libminiz_oxide-dabbb79c9815def4.rlib" "/opt/rustwide/rustup-home/toolchains/1.69.0-x86_64-unknown-linux-gnu/lib/rustlib/x86_64-unknown-linux-gnu/lib/libadler-305b01f34c9409f2.rlib" "/opt/rustwide/rustup-home/toolchains/1.69.0-x86_64-unknown-linux-gnu/lib/rustlib/x86_64-unknown-linux-gnu/lib/librustc_std_workspace_alloc-f833521df6074e73.rlib" "/opt/rustwide/rustup-home/toolchains/1.69.0-x86_64-unknown-linux-gnu/lib/rustlib/x86_64-unknown-linux-gnu/lib/libunwind-9ac333113350d171.rlib" "/opt/rustwide/rustup-home/toolchains/1.69.0-x86_64-unknown-linux-gnu/lib/rustlib/x86_64-unknown-linux-gnu/lib/libcfg_if-1c126114322d0eee.rlib" "/opt/rustwide/rustup-home/toolchains/1.69.0-x86_64-unknown-linux-gnu/lib/rustlib/x86_64-unknown-linux-gnu/lib/liblibc-bad9164fdeeecf92.rlib" "/opt/rustwide/rustup-home/toolchains/1.69.0-x86_64-unknown-linux-gnu/lib/rustlib/x86_64-unknown-linux-gnu/lib/liballoc-f9374b1e480fa681.rlib" "/opt/rustwide/rustup-home/toolchains/1.69.0-x86_64-unknown-linux-gnu/lib/rustlib/x86_64-unknown-linux-gnu/lib/librustc_std_workspace_core-207f06e41d9603af.rlib" "/opt/rustwide/rustup-home/toolchains/1.69.0-x86_64-unknown-linux-gnu/lib/rustlib/x86_64-unknown-linux-gnu/lib/libcore-7e2768e66e984e85.rlib" "/opt/rustwide/rustup-home/toolchains/1.69.0-x86_64-unknown-linux-gnu/lib/rustlib/x86_64-unknown-linux-gnu/lib/libcompiler_builtins-957b4aff41f8cd46.rlib" "-Wl,-Bdynamic" "-lgcc_s" "-lutil" "-lrt" "-lpthread" "-lm" "-ldl" "-lc" "-Wl,--eh-frame-hdr" "-Wl,-z,noexecstack" "-L" "/opt/rustwide/rustup-home/toolchains/1.69.0-x86_64-unknown-linux-gnu/lib/rustlib/x86_64-unknown-linux-gnu/lib" "-o" "/tmp/rustdoctestgwUyJ4/rust_out" "-Wl,--gc-sections" "-pie" "-Wl,-z,relro,-z,now" "-nodefaultlibs"
[INFO] [stdout]   = note: collect2: fatal error: ld terminated with signal 9 [Killed]
[INFO] [stdout]           compilation terminated.
[INFO] [stdout]           
[INFO] [stdout] 
[INFO] [stdout] error: aborting due to previous error
[INFO] [stdout] 
[INFO] [stdout] Couldn't compile the test.
[INFO] [stdout] ---- src/report.rs - report::Report<C>::current_context (line 611) stdout ----
[INFO] [stdout] Couldn't compile the test.
[INFO] [stdout] ---- src/fmt/hook.rs - fmt::hook::HookContext<T>::push_body (line 316) stdout ----
[INFO] [stdout] error: linking with `cc` failed: exit status: 1
[INFO] [stdout]   |
[INFO] [stdout]   = note: LC_ALL="C" PATH="/opt/rustwide/rustup-home/toolchains/1.69.0-x86_64-unknown-linux-gnu/lib/rustlib/x86_64-unknown-linux-gnu/bin:/opt/rustwide/cargo-home/bin:/usr/local/sbin:/usr/local/bin:/usr/sbin:/usr/bin:/sbin:/bin" VSLANG="1033" "cc" "-m64" "/tmp/rustc6q1IcB/symbols.o" "/tmp/rustdoctestWD4LMd/rust_out.rust_out.5bfee551-cgu.0.rcgu.o" "/tmp/rustdoctestWD4LMd/rust_out.j00p4ncf7xg64kg.rcgu.o" "-Wl,--as-needed" "-L" "/opt/rustwide/target/debug/deps" "-L" "/opt/rustwide/target/debug/deps" "-L" "/opt/rustwide/rustup-home/toolchains/1.69.0-x86_64-unknown-linux-gnu/lib/rustlib/x86_64-unknown-linux-gnu/lib" "-Wl,-Bstatic" "/opt/rustwide/target/debug/deps/libansi_to_html-edb2e1b3dc8cc28e.rlib" "/opt/rustwide/target/debug/deps/libthiserror-e9160b23370a3203.rlib" "/opt/rustwide/target/debug/deps/libregex-f6c7ff49d39ccc61.rlib" "/opt/rustwide/target/debug/deps/libaho_corasick-9bb9d75852409017.rlib" "/opt/rustwide/target/debug/deps/libmemchr-b18e4aa3c7a38625.rlib" "/opt/rustwide/target/debug/deps/libregex_syntax-818c2f7eeae25f7c.rlib" "/opt/rustwide/target/debug/deps/libexpect_test-c80fe9c0dd31c971.rlib" "/opt/rustwide/target/debug/deps/libdissimilar-9aa6bceb567ec2b8.rlib" "/opt/rustwide/target/debug/deps/libonce_cell-f4689346a1005a4d.rlib" "/opt/rustwide/target/debug/deps/liberror_stack-1282dbd65b4098c2.rlib" "/opt/rustwide/rustup-home/toolchains/1.69.0-x86_64-unknown-linux-gnu/lib/rustlib/x86_64-unknown-linux-gnu/lib/libstd-89bc084783fdc439.rlib" "/opt/rustwide/rustup-home/toolchains/1.69.0-x86_64-unknown-linux-gnu/lib/rustlib/x86_64-unknown-linux-gnu/lib/libpanic_unwind-8bee4b287d4367c1.rlib" "/opt/rustwide/rustup-home/toolchains/1.69.0-x86_64-unknown-linux-gnu/lib/rustlib/x86_64-unknown-linux-gnu/lib/libobject-d61707aed80694c0.rlib" "/opt/rustwide/rustup-home/toolchains/1.69.0-x86_64-unknown-linux-gnu/lib/rustlib/x86_64-unknown-linux-gnu/lib/libmemchr-d85366256f22345b.rlib" "/opt/rustwide/rustup-home/toolchains/1.69.0-x86_64-unknown-linux-gnu/lib/rustlib/x86_64-unknown-linux-gnu/lib/libaddr2line-96069b86b8a8cae9.rlib" "/opt/rustwide/rustup-home/toolchains/1.69.0-x86_64-unknown-linux-gnu/lib/rustlib/x86_64-unknown-linux-gnu/lib/libgimli-d19d53abf68dfa6c.rlib" "/opt/rustwide/rustup-home/toolchains/1.69.0-x86_64-unknown-linux-gnu/lib/rustlib/x86_64-unknown-linux-gnu/lib/librustc_demangle-787cbccd19d64ac6.rlib" "/opt/rustwide/rustup-home/toolchains/1.69.0-x86_64-unknown-linux-gnu/lib/rustlib/x86_64-unknown-linux-gnu/lib/libstd_detect-b3837a36b830e0d0.rlib" "/opt/rustwide/rustup-home/toolchains/1.69.0-x86_64-unknown-linux-gnu/lib/rustlib/x86_64-unknown-linux-gnu/lib/libhashbrown-e3deb0e7e3f04966.rlib" "/opt/rustwide/rustup-home/toolchains/1.69.0-x86_64-unknown-linux-gnu/lib/rustlib/x86_64-unknown-linux-gnu/lib/libminiz_oxide-dabbb79c9815def4.rlib" "/opt/rustwide/rustup-home/toolchains/1.69.0-x86_64-unknown-linux-gnu/lib/rustlib/x86_64-unknown-linux-gnu/lib/libadler-305b01f34c9409f2.rlib" "/opt/rustwide/rustup-home/toolchains/1.69.0-x86_64-unknown-linux-gnu/lib/rustlib/x86_64-unknown-linux-gnu/lib/librustc_std_workspace_alloc-f833521df6074e73.rlib" "/opt/rustwide/rustup-home/toolchains/1.69.0-x86_64-unknown-linux-gnu/lib/rustlib/x86_64-unknown-linux-gnu/lib/libunwind-9ac333113350d171.rlib" "/opt/rustwide/rustup-home/toolchains/1.69.0-x86_64-unknown-linux-gnu/lib/rustlib/x86_64-unknown-linux-gnu/lib/libcfg_if-1c126114322d0eee.rlib" "/opt/rustwide/rustup-home/toolchains/1.69.0-x86_64-unknown-linux-gnu/lib/rustlib/x86_64-unknown-linux-gnu/lib/liblibc-bad9164fdeeecf92.rlib" "/opt/rustwide/rustup-home/toolchains/1.69.0-x86_64-unknown-linux-gnu/lib/rustlib/x86_64-unknown-linux-gnu/lib/liballoc-f9374b1e480fa681.rlib" "/opt/rustwide/rustup-home/toolchains/1.69.0-x86_64-unknown-linux-gnu/lib/rustlib/x86_64-unknown-linux-gnu/lib/librustc_std_workspace_core-207f06e41d9603af.rlib" "/opt/rustwide/rustup-home/toolchains/1.69.0-x86_64-unknown-linux-gnu/lib/rustlib/x86_64-unknown-linux-gnu/lib/libcore-7e2768e66e984e85.rlib" "/opt/rustwide/rustup-home/toolchains/1.69.0-x86_64-unknown-linux-gnu/lib/rustlib/x86_64-unknown-linux-gnu/lib/libcompiler_builtins-957b4aff41f8cd46.rlib" "-Wl,-Bdynamic" "-lgcc_s" "-lutil" "-lrt" "-lpthread" "-lm" "-ldl" "-lc" "-Wl,--eh-frame-hdr" "-Wl,-z,noexecstack" "-L" "/opt/rustwide/rustup-home/toolchains/1.69.0-x86_64-unknown-linux-gnu/lib/rustlib/x86_64-unknown-linux-gnu/lib" "-o" "/tmp/rustdoctestWD4LMd/rust_out" "-Wl,--gc-sections" "-pie" "-Wl,-z,relro,-z,now" "-nodefaultlibs"
[INFO] [stdout]   = note: collect2: fatal error: ld terminated with signal 9 [Killed]
[INFO] [stdout]           compilation terminated.
[INFO] [stdout]           
[INFO] [stdout] 
[INFO] [stdout] error: aborting due to previous error
[INFO] [stdout] 
[INFO] [stdout] Couldn't compile the test.
[INFO] [stdout] 
[INFO] [stdout] failures:
[INFO] [stdout]     src/fmt/hook.rs - fmt::hook::HookContext (line 65)
[INFO] [stdout]     src/fmt/hook.rs - fmt::hook::HookContext<T>::push_body (line 316)
[INFO] [stdout]     src/report.rs - report::Report<C>::current_context (line 611)
[INFO] [stdout] 
[INFO] [stdout] test result: FAILED. 30 passed; 3 failed; 1 ignored; 0 measured; 0 filtered out; finished in 4.36s
[INFO] [stdout] 
[INFO] [stderr] error: doctest failed, to rerun pass `--doc`
[INFO] running `Command { std: "docker" "inspect" "63fd7686c5e49673a08acf58aeefc4871e0dce919ed512b2476a1164b1fa855d", kill_on_drop: false }`
[INFO] running `Command { std: "docker" "rm" "-f" "63fd7686c5e49673a08acf58aeefc4871e0dce919ed512b2476a1164b1fa855d", kill_on_drop: false }`
[INFO] [stdout] 63fd7686c5e49673a08acf58aeefc4871e0dce919ed512b2476a1164b1fa855d
