[INFO] fetching crate envpath 0.0.1-beta.3...
[INFO] testing envpath-0.0.1-beta.3 against 1.69.0 for beta-1.70-1
[INFO] extracting crate envpath 0.0.1-beta.3 into /workspace/builds/worker-2-tc1/source
[INFO] validating manifest of crates.io crate envpath 0.0.1-beta.3 on toolchain 1.69.0
[INFO] running `Command { std: CARGO_HOME="/workspace/cargo-home" RUSTUP_HOME="/workspace/rustup-home" "/workspace/cargo-home/bin/cargo" "+1.69.0" "metadata" "--manifest-path" "Cargo.toml" "--no-deps", kill_on_drop: false }`
[INFO] started tweaking crates.io crate envpath 0.0.1-beta.3
[INFO] finished tweaking crates.io crate envpath 0.0.1-beta.3
[INFO] tweaked toml for crates.io crate envpath 0.0.1-beta.3 written to /workspace/builds/worker-2-tc1/source/Cargo.toml
[INFO] running `Command { std: CARGO_HOME="/workspace/cargo-home" RUSTUP_HOME="/workspace/rustup-home" __CARGO_TEST_CHANNEL_OVERRIDE_DO_NOT_USE_THIS="nightly" "/workspace/cargo-home/bin/cargo" "+1.69.0" "generate-lockfile" "--manifest-path" "Cargo.toml" "-Zno-index-update", kill_on_drop: false }`
[INFO] running `Command { std: CARGO_HOME="/workspace/cargo-home" RUSTUP_HOME="/workspace/rustup-home" "/workspace/cargo-home/bin/cargo" "+1.69.0" "fetch" "--manifest-path" "Cargo.toml", kill_on_drop: false }`
[INFO] [stderr]  Downloading crates ...
[INFO] [stderr]   Downloaded directories v5.0.0
[INFO] running `Command { std: "docker" "create" "-v" "/var/lib/crater-agent-workspace/builds/worker-2-tc1/target:/opt/rustwide/target:rw,Z" "-v" "/var/lib/crater-agent-workspace/builds/worker-2-tc1/source:/opt/rustwide/workdir:ro,Z" "-v" "/var/lib/crater-agent-workspace/cargo-home:/opt/rustwide/cargo-home:ro,Z" "-v" "/var/lib/crater-agent-workspace/rustup-home:/opt/rustwide/rustup-home:ro,Z" "-e" "SOURCE_DIR=/opt/rustwide/workdir" "-e" "CARGO_TARGET_DIR=/opt/rustwide/target" "-e" "CARGO_HOME=/opt/rustwide/cargo-home" "-e" "RUSTUP_HOME=/opt/rustwide/rustup-home" "-w" "/opt/rustwide/workdir" "-m" "1610612736" "--user" "0:0" "--network" "none" "ghcr.io/rust-lang/crates-build-env/linux@sha256:5ff2268d62e97bff2cde7d5815dd6ed5b47097566f13b8d0ca110b04b60e07ed" "/opt/rustwide/cargo-home/bin/cargo" "+1.69.0" "metadata" "--no-deps" "--format-version=1", kill_on_drop: false }`
[INFO] [stdout] 316a541556e16bd6ea6bfc124d23d199382a74d0ba06f550a9342546bedab879
[INFO] running `Command { std: "docker" "start" "-a" "316a541556e16bd6ea6bfc124d23d199382a74d0ba06f550a9342546bedab879", kill_on_drop: false }`
[INFO] running `Command { std: "docker" "inspect" "316a541556e16bd6ea6bfc124d23d199382a74d0ba06f550a9342546bedab879", kill_on_drop: false }`
[INFO] running `Command { std: "docker" "rm" "-f" "316a541556e16bd6ea6bfc124d23d199382a74d0ba06f550a9342546bedab879", kill_on_drop: false }`
[INFO] [stdout] 316a541556e16bd6ea6bfc124d23d199382a74d0ba06f550a9342546bedab879
[INFO] running `Command { std: "docker" "create" "-v" "/var/lib/crater-agent-workspace/builds/worker-2-tc1/target:/opt/rustwide/target:rw,Z" "-v" "/var/lib/crater-agent-workspace/builds/worker-2-tc1/source:/opt/rustwide/workdir:ro,Z" "-v" "/var/lib/crater-agent-workspace/cargo-home:/opt/rustwide/cargo-home:ro,Z" "-v" "/var/lib/crater-agent-workspace/rustup-home:/opt/rustwide/rustup-home:ro,Z" "-e" "SOURCE_DIR=/opt/rustwide/workdir" "-e" "CARGO_TARGET_DIR=/opt/rustwide/target" "-e" "CARGO_INCREMENTAL=0" "-e" "RUST_BACKTRACE=full" "-e" "RUSTFLAGS=--cap-lints=warn" "-e" "RUSTDOCFLAGS=--cap-lints=warn" "-e" "CARGO_HOME=/opt/rustwide/cargo-home" "-e" "RUSTUP_HOME=/opt/rustwide/rustup-home" "-w" "/opt/rustwide/workdir" "-m" "1610612736" "--user" "0:0" "--network" "none" "ghcr.io/rust-lang/crates-build-env/linux@sha256:5ff2268d62e97bff2cde7d5815dd6ed5b47097566f13b8d0ca110b04b60e07ed" "/opt/rustwide/cargo-home/bin/cargo" "+1.69.0" "build" "--frozen" "--message-format=json", kill_on_drop: false }`
[INFO] [stdout] 072d64cf9c123c63c528e27819cf05df95fcfd1835e7662865a1be0817ad53bf
[INFO] running `Command { std: "docker" "start" "-a" "072d64cf9c123c63c528e27819cf05df95fcfd1835e7662865a1be0817ad53bf", kill_on_drop: false }`
[INFO] [stderr]    Compiling libc v0.2.142
[INFO] [stderr]    Compiling dirs-sys v0.4.0
[INFO] [stderr]    Compiling dirs v5.0.0
[INFO] [stderr]    Compiling directories v5.0.0
[INFO] [stderr]    Compiling envpath v0.0.1-beta.3 (/opt/rustwide/workdir)
[INFO] [stderr]     Finished dev [unoptimized + debuginfo] target(s) in 1.58s
[INFO] running `Command { std: "docker" "inspect" "072d64cf9c123c63c528e27819cf05df95fcfd1835e7662865a1be0817ad53bf", kill_on_drop: false }`
[INFO] running `Command { std: "docker" "rm" "-f" "072d64cf9c123c63c528e27819cf05df95fcfd1835e7662865a1be0817ad53bf", kill_on_drop: false }`
[INFO] [stdout] 072d64cf9c123c63c528e27819cf05df95fcfd1835e7662865a1be0817ad53bf
[INFO] running `Command { std: "docker" "create" "-v" "/var/lib/crater-agent-workspace/builds/worker-2-tc1/target:/opt/rustwide/target:rw,Z" "-v" "/var/lib/crater-agent-workspace/builds/worker-2-tc1/source:/opt/rustwide/workdir:ro,Z" "-v" "/var/lib/crater-agent-workspace/cargo-home:/opt/rustwide/cargo-home:ro,Z" "-v" "/var/lib/crater-agent-workspace/rustup-home:/opt/rustwide/rustup-home:ro,Z" "-e" "SOURCE_DIR=/opt/rustwide/workdir" "-e" "CARGO_TARGET_DIR=/opt/rustwide/target" "-e" "CARGO_INCREMENTAL=0" "-e" "RUST_BACKTRACE=full" "-e" "RUSTFLAGS=--cap-lints=warn" "-e" "RUSTDOCFLAGS=--cap-lints=warn" "-e" "CARGO_HOME=/opt/rustwide/cargo-home" "-e" "RUSTUP_HOME=/opt/rustwide/rustup-home" "-w" "/opt/rustwide/workdir" "-m" "1610612736" "--user" "0:0" "--network" "none" "ghcr.io/rust-lang/crates-build-env/linux@sha256:5ff2268d62e97bff2cde7d5815dd6ed5b47097566f13b8d0ca110b04b60e07ed" "/opt/rustwide/cargo-home/bin/cargo" "+1.69.0" "test" "--frozen" "--no-run" "--message-format=json", kill_on_drop: false }`
[INFO] [stdout] 3215090efe26b6b0d1c7e74cdaf101a436456a225eec46f39f4791c68987e578
[INFO] running `Command { std: "docker" "start" "-a" "3215090efe26b6b0d1c7e74cdaf101a436456a225eec46f39f4791c68987e578", kill_on_drop: false }`
[INFO] [stderr]    Compiling proc-macro2 v1.0.56
[INFO] [stderr]    Compiling unicode-ident v1.0.8
[INFO] [stderr]    Compiling quote v1.0.26
[INFO] [stderr]    Compiling serde_derive v1.0.160
[INFO] [stderr]    Compiling serde v1.0.160
[INFO] [stderr]    Compiling anyhow v1.0.71
[INFO] [stderr]    Compiling base64 v0.13.1
[INFO] [stderr]    Compiling bitflags v1.3.2
[INFO] [stderr]    Compiling syn v2.0.15
[INFO] [stderr]    Compiling ron v0.8.0
[INFO] [stderr]    Compiling envpath v0.0.1-beta.3 (/opt/rustwide/workdir)
[INFO] [stdout] warning: unused import: `super::*`
[INFO] [stdout]    --> src/dirs.rs:255:9
[INFO] [stdout]     |
[INFO] [stdout] 255 |     use super::*;
[INFO] [stdout]     |         ^^^^^^^^
[INFO] [stdout]     |
[INFO] [stdout]     = note: `#[warn(unused_imports)]` on by default
[INFO] [stdout] 
[INFO] [stdout] 
[INFO] [stdout] warning: 1 warning emitted
[INFO] [stdout] 
[INFO] [stdout] 
[INFO] [stderr]     Finished test [unoptimized + debuginfo] target(s) in 8.99s
[INFO] running `Command { std: "docker" "inspect" "3215090efe26b6b0d1c7e74cdaf101a436456a225eec46f39f4791c68987e578", kill_on_drop: false }`
[INFO] running `Command { std: "docker" "rm" "-f" "3215090efe26b6b0d1c7e74cdaf101a436456a225eec46f39f4791c68987e578", kill_on_drop: false }`
[INFO] [stdout] 3215090efe26b6b0d1c7e74cdaf101a436456a225eec46f39f4791c68987e578
[INFO] running `Command { std: "docker" "create" "-v" "/var/lib/crater-agent-workspace/builds/worker-2-tc1/target:/opt/rustwide/target:rw,Z" "-v" "/var/lib/crater-agent-workspace/builds/worker-2-tc1/source:/opt/rustwide/workdir:ro,Z" "-v" "/var/lib/crater-agent-workspace/cargo-home:/opt/rustwide/cargo-home:ro,Z" "-v" "/var/lib/crater-agent-workspace/rustup-home:/opt/rustwide/rustup-home:ro,Z" "-e" "SOURCE_DIR=/opt/rustwide/workdir" "-e" "CARGO_TARGET_DIR=/opt/rustwide/target" "-e" "CARGO_INCREMENTAL=0" "-e" "RUST_BACKTRACE=full" "-e" "RUSTFLAGS=--cap-lints=warn" "-e" "RUSTDOCFLAGS=--cap-lints=warn" "-e" "CARGO_HOME=/opt/rustwide/cargo-home" "-e" "RUSTUP_HOME=/opt/rustwide/rustup-home" "-w" "/opt/rustwide/workdir" "-m" "1610612736" "--user" "0:0" "--network" "none" "ghcr.io/rust-lang/crates-build-env/linux@sha256:5ff2268d62e97bff2cde7d5815dd6ed5b47097566f13b8d0ca110b04b60e07ed" "/opt/rustwide/cargo-home/bin/cargo" "+1.69.0" "test" "--frozen", kill_on_drop: false }`
[INFO] [stdout] e3906b7849e6ad62717cb2edf729bc72011f81d3d4e60327ed327bdbe96a804d
[INFO] running `Command { std: "docker" "start" "-a" "e3906b7849e6ad62717cb2edf729bc72011f81d3d4e60327ed327bdbe96a804d", kill_on_drop: false }`
[INFO] [stderr] warning: unused import: `super::*`
[INFO] [stderr]    --> src/dirs.rs:255:9
[INFO] [stderr]     |
[INFO] [stderr] 255 |     use super::*;
[INFO] [stderr]     |         ^^^^^^^^
[INFO] [stderr]     |
[INFO] [stderr]     = note: `#[warn(unused_imports)]` on by default
[INFO] [stderr] 
[INFO] [stderr] warning: `envpath` (lib test) generated 1 warning (run `cargo fix --lib -p envpath --tests` to apply 1 suggestion)
[INFO] [stderr]     Finished test [unoptimized + debuginfo] target(s) in 0.02s
[INFO] [stderr]      Running unittests src/lib.rs (/opt/rustwide/target/debug/deps/envpath-606f471d56881f8e)
[INFO] [stdout] 
[INFO] [stdout] running 18 tests
[INFO] [stdout] test consts::arch::tests::print_deb_arch ... ok
[INFO] [stdout] test from::tests::from_iter_ref ... ok
[INFO] [stdout] test consts::tests::test_const_dir ... ok
[INFO] [stdout] test os_cow::tests::os_cow_doc ... ok
[INFO] [stdout] test os_cow::tests::into_os_cow_doc ... ok
[INFO] [stdout] test dirs::tests::remix_dir ... ok
[INFO] [stdout] test from::tests::new_env_path ... ok
[INFO] [stdout] test os_env::tests::find_the_first_colon ... ok
[INFO] [stdout] test os_env::tests::print_unicode_mark ... ok
[INFO] [stdout] test os_env::tests::split_to_two_chunks ... ok
[INFO] [stdout] test os_env::tests::test_complex_envs ... ok
[INFO] [stdout] test parser::tests::deser_doc ... ok
[INFO] [stdout] test parser::tests::deser_vec ... ok
[INFO] [stdout] test project::tests::proj_env ... ok
[INFO] [stdout] test project::tests::test_proj_dir ... ok
[INFO] [stdout] test raw::tests::clear_raw_doc ... ok
[INFO] [stdout] test project::tests::test_proj_dir_question_mark ... ok
[INFO] [stdout] test project::tests::remix_proj_and_env ... ok
[INFO] [stdout] 
[INFO] [stdout] test result: ok. 18 passed; 0 failed; 0 ignored; 0 measured; 0 filtered out; finished in 0.00s
[INFO] [stdout] 
[INFO] [stderr]    Doc-tests envpath
[INFO] [stdout] 
[INFO] [stdout] running 16 tests
[INFO] [stdout] test src/os_cow.rs - os_cow::into_os_cow (line 35) - compile ... FAILED
[INFO] [stdout] test src/os_cow.rs - os_cow::from_str (line 18) - compile ... FAILED
[INFO] [stdout] test src/lib.rs - (line 30) ... FAILED
[INFO] [stdout] test src/lib.rs - (line 69) ... FAILED
[INFO] [stdout] test src/consts/arch.rs - consts::arch::get_deb_arch (line 25) ... ok
[INFO] [stdout] test src/from.rs - from::EnvPath<'r>::from (line 108) ... ok
[INFO] [stdout] test src/from.rs - from::EnvPath<'r>::from (line 37) ... ok
[INFO] [stdout] test src/from.rs - from::EnvPath<'r>::from (line 77) ... ok
[INFO] [stdout] test src/raw.rs - raw::EnvPath<'r>::get_raw (line 41) ... ok
[INFO] [stdout] test src/from.rs - from::EnvPath<'r>::from (line 56) ... ok
[INFO] [stdout] test src/from.rs - from::EnvPath<'r>::new (line 133) ... ok
[INFO] [stdout] test src/raw.rs - raw::EnvPath<'r>::clear_raw (line 85) ... ok
[INFO] [stdout] test src/from.rs - from::EnvPath<'r>::new_cow (line 206) ... ok
[INFO] [stdout] test src/parser.rs - parser::EnvPath<'_>::de (line 103) ... ok
[INFO] [stdout] test src/raw.rs - raw::EnvPath<'r>::set_raw (line 65) ... ok
[INFO] [stdout] test src/from.rs - from::EnvPath<'r>::new_owned (line 168) ... ok
[INFO] [stdout] 
[INFO] [stdout] failures:
[INFO] [stdout] 
[INFO] [stdout] ---- src/os_cow.rs - os_cow::into_os_cow (line 35) stdout ----
[INFO] [stdout] error[E0603]: module `os_cow` is private
[INFO] [stdout]    --> src/os_cow.rs:41:25
[INFO] [stdout]     |
[INFO] [stdout] 9   |   let os_cow = envpath::os_cow::into_os_cow(path);
[INFO] [stdout]     |                         ^^^^^^ private module
[INFO] [stdout]     |
[INFO] [stdout] note: the module `os_cow` is defined here
[INFO] [stdout]    --> /opt/rustwide/workdir/src/lib.rs:254:1
[INFO] [stdout]     |
[INFO] [stdout] 254 | mod os_cow;
[INFO] [stdout]     | ^^^^^^^^^^
[INFO] [stdout] 
[INFO] [stdout] error: aborting due to previous error
[INFO] [stdout] 
[INFO] [stdout] For more information about this error, try `rustc --explain E0603`.
[INFO] [stdout] Couldn't compile the test.
[INFO] [stdout] ---- src/os_cow.rs - os_cow::from_str (line 18) stdout ----
[INFO] [stdout] error[E0603]: module `os_cow` is private
[INFO] [stdout]    --> src/os_cow.rs:19:14
[INFO] [stdout]     |
[INFO] [stdout] 4   | use envpath::os_cow;
[INFO] [stdout]     |              ^^^^^^ private module
[INFO] [stdout]     |
[INFO] [stdout] note: the module `os_cow` is defined here
[INFO] [stdout]    --> /opt/rustwide/workdir/src/lib.rs:254:1
[INFO] [stdout]     |
[INFO] [stdout] 254 | mod os_cow;
[INFO] [stdout]     | ^^^^^^^^^^
[INFO] [stdout] 
[INFO] [stdout] error: aborting due to previous error
[INFO] [stdout] 
[INFO] [stdout] For more information about this error, try `rustc --explain E0603`.
[INFO] [stdout] Couldn't compile the test.
[INFO] [stdout] ---- src/lib.rs - (line 30) stdout ----
[INFO] [stdout] error[E0277]: the trait bound `EnvPath<'_>: Serialize` is not satisfied
[INFO] [stdout]     --> src/lib.rs:34:34
[INFO] [stdout]      |
[INFO] [stdout] 7    |         #[derive(Debug, Default, Serialize, Deserialize)]
[INFO] [stdout]      |                                  ^^^^^^^^^ the trait `Serialize` is not implemented for `EnvPath<'_>`
[INFO] [stdout] ...
[INFO] [stdout] 10   |             dir: Option<EnvPath<'a>>,
[INFO] [stdout]      |             --- required by a bound introduced by this call
[INFO] [stdout]      |
[INFO] [stdout]      = help: the following other types implement trait `Serialize`:
[INFO] [stdout]                &'a T
[INFO] [stdout]                &'a mut T
[INFO] [stdout]                ()
[INFO] [stdout]                (T0, T1)
[INFO] [stdout]                (T0, T1, T2)
[INFO] [stdout]                (T0, T1, T2, T3)
[INFO] [stdout]                (T0, T1, T2, T3, T4)
[INFO] [stdout]                (T0, T1, T2, T3, T4, T5)
[INFO] [stdout]              and 130 others
[INFO] [stdout]      = note: required for `std::option::Option<EnvPath<'_>>` to implement `Serialize`
[INFO] [stdout] note: required by a bound in `_doctest_main_src_lib_rs_30_0::_::_serde::ser::SerializeStruct::serialize_field`
[INFO] [stdout]     --> /opt/rustwide/cargo-home/registry/src/github.com-1ecc6299db9ec823/serde-1.0.160/src/ser/mod.rs:1901:12
[INFO] [stdout]      |
[INFO] [stdout] 1901 |         T: Serialize;
[INFO] [stdout]      |            ^^^^^^^^^ required by this bound in `SerializeStruct::serialize_field`
[INFO] [stdout] 
[INFO] [stdout] error[E0277]: the trait bound `EnvPath<'a>: Deserialize<'_>` is not satisfied
[INFO] [stdout]     --> src/lib.rs:37:18
[INFO] [stdout]      |
[INFO] [stdout] 10   |             dir: Option<EnvPath<'a>>,
[INFO] [stdout]      |                  ^^^^^^^^^^^^^^^^^^^ the trait `Deserialize<'_>` is not implemented for `EnvPath<'a>`
[INFO] [stdout]      |
[INFO] [stdout]      = help: the following other types implement trait `Deserialize<'de>`:
[INFO] [stdout]                &'a Path
[INFO] [stdout]                &'a [u8]
[INFO] [stdout]                &'a str
[INFO] [stdout]                ()
[INFO] [stdout]                (T0, T1)
[INFO] [stdout]                (T0, T1, T2)
[INFO] [stdout]                (T0, T1, T2, T3)
[INFO] [stdout]                (T0, T1, T2, T3, T4)
[INFO] [stdout]              and 131 others
[INFO] [stdout]      = note: required for `std::option::Option<EnvPath<'a>>` to implement `Deserialize<'_>`
[INFO] [stdout] note: required by a bound in `next_element`
[INFO] [stdout]     --> /opt/rustwide/cargo-home/registry/src/github.com-1ecc6299db9ec823/serde-1.0.160/src/de/mod.rs:1729:12
[INFO] [stdout]      |
[INFO] [stdout] 1729 |         T: Deserialize<'de>,
[INFO] [stdout]      |            ^^^^^^^^^^^^^^^^ required by this bound in `SeqAccess::next_element`
[INFO] [stdout] 
[INFO] [stdout] error[E0277]: the trait bound `EnvPath<'a>: Deserialize<'_>` is not satisfied
[INFO] [stdout]     --> src/lib.rs:37:18
[INFO] [stdout]      |
[INFO] [stdout] 10   |             dir: Option<EnvPath<'a>>,
[INFO] [stdout]      |                  ^^^^^^^^^^^^^^^^^^^ the trait `Deserialize<'_>` is not implemented for `EnvPath<'a>`
[INFO] [stdout]      |
[INFO] [stdout]      = help: the following other types implement trait `Deserialize<'de>`:
[INFO] [stdout]                &'a Path
[INFO] [stdout]                &'a [u8]
[INFO] [stdout]                &'a str
[INFO] [stdout]                ()
[INFO] [stdout]                (T0, T1)
[INFO] [stdout]                (T0, T1, T2)
[INFO] [stdout]                (T0, T1, T2, T3)
[INFO] [stdout]                (T0, T1, T2, T3, T4)
[INFO] [stdout]              and 131 others
[INFO] [stdout]      = note: required for `std::option::Option<EnvPath<'a>>` to implement `Deserialize<'_>`
[INFO] [stdout] note: required by a bound in `next_value`
[INFO] [stdout]     --> /opt/rustwide/cargo-home/registry/src/github.com-1ecc6299db9ec823/serde-1.0.160/src/de/mod.rs:1868:12
[INFO] [stdout]      |
[INFO] [stdout] 1868 |         V: Deserialize<'de>,
[INFO] [stdout]      |            ^^^^^^^^^^^^^^^^ required by this bound in `MapAccess::next_value`
[INFO] [stdout] 
[INFO] [stdout] error: aborting due to 3 previous errors
[INFO] [stdout] 
[INFO] [stdout] For more information about this error, try `rustc --explain E0277`.
[INFO] [stdout] Couldn't compile the test.
[INFO] [stdout] ---- src/lib.rs - (line 69) stdout ----
[INFO] [stdout] error[E0277]: the trait bound `EnvPath<'_>: Serialize` is not satisfied
[INFO] [stdout]     --> src/lib.rs:74:34
[INFO] [stdout]      |
[INFO] [stdout] 8    |         #[derive(Debug, Default, Serialize, Deserialize)]
[INFO] [stdout]      |                                  ^^^^^^^^^ the trait `Serialize` is not implemented for `EnvPath<'_>`
[INFO] [stdout] ...
[INFO] [stdout] 11   |             dir: Option<EnvPath<'a>>,
[INFO] [stdout]      |             --- required by a bound introduced by this call
[INFO] [stdout]      |
[INFO] [stdout]      = help: the following other types implement trait `Serialize`:
[INFO] [stdout]                &'a T
[INFO] [stdout]                &'a mut T
[INFO] [stdout]                ()
[INFO] [stdout]                (T0, T1)
[INFO] [stdout]                (T0, T1, T2)
[INFO] [stdout]                (T0, T1, T2, T3)
[INFO] [stdout]                (T0, T1, T2, T3, T4)
[INFO] [stdout]                (T0, T1, T2, T3, T4, T5)
[INFO] [stdout]              and 130 others
[INFO] [stdout]      = note: required for `std::option::Option<EnvPath<'_>>` to implement `Serialize`
[INFO] [stdout] note: required by a bound in `_doctest_main_src_lib_rs_69_0::_::_serde::ser::SerializeStruct::serialize_field`
[INFO] [stdout]     --> /opt/rustwide/cargo-home/registry/src/github.com-1ecc6299db9ec823/serde-1.0.160/src/ser/mod.rs:1901:12
[INFO] [stdout]      |
[INFO] [stdout] 1901 |         T: Serialize;
[INFO] [stdout]      |            ^^^^^^^^^ required by this bound in `SerializeStruct::serialize_field`
[INFO] [stdout] 
[INFO] [stdout] error[E0277]: the trait bound `EnvPath<'a>: Deserialize<'_>` is not satisfied
[INFO] [stdout]     --> src/lib.rs:77:18
[INFO] [stdout]      |
[INFO] [stdout] 11   |             dir: Option<EnvPath<'a>>,
[INFO] [stdout]      |                  ^^^^^^^^^^^^^^^^^^^ the trait `Deserialize<'_>` is not implemented for `EnvPath<'a>`
[INFO] [stdout]      |
[INFO] [stdout]      = help: the following other types implement trait `Deserialize<'de>`:
[INFO] [stdout]                &'a Path
[INFO] [stdout]                &'a [u8]
[INFO] [stdout]                &'a str
[INFO] [stdout]                ()
[INFO] [stdout]                (T0, T1)
[INFO] [stdout]                (T0, T1, T2)
[INFO] [stdout]                (T0, T1, T2, T3)
[INFO] [stdout]                (T0, T1, T2, T3, T4)
[INFO] [stdout]              and 131 others
[INFO] [stdout]      = note: required for `std::option::Option<EnvPath<'a>>` to implement `Deserialize<'_>`
[INFO] [stdout] note: required by a bound in `next_element`
[INFO] [stdout]     --> /opt/rustwide/cargo-home/registry/src/github.com-1ecc6299db9ec823/serde-1.0.160/src/de/mod.rs:1729:12
[INFO] [stdout]      |
[INFO] [stdout] 1729 |         T: Deserialize<'de>,
[INFO] [stdout]      |            ^^^^^^^^^^^^^^^^ required by this bound in `SeqAccess::next_element`
[INFO] [stdout] 
[INFO] [stdout] error[E0277]: the trait bound `EnvPath<'a>: Deserialize<'_>` is not satisfied
[INFO] [stdout]     --> src/lib.rs:77:18
[INFO] [stdout]      |
[INFO] [stdout] 11   |             dir: Option<EnvPath<'a>>,
[INFO] [stdout]      |                  ^^^^^^^^^^^^^^^^^^^ the trait `Deserialize<'_>` is not implemented for `EnvPath<'a>`
[INFO] [stdout]      |
[INFO] [stdout]      = help: the following other types implement trait `Deserialize<'de>`:
[INFO] [stdout]                &'a Path
[INFO] [stdout]                &'a [u8]
[INFO] [stdout]                &'a str
[INFO] [stdout]                ()
[INFO] [stdout]                (T0, T1)
[INFO] [stdout]                (T0, T1, T2)
[INFO] [stdout]                (T0, T1, T2, T3)
[INFO] [stdout]                (T0, T1, T2, T3, T4)
[INFO] [stdout]              and 131 others
[INFO] [stdout]      = note: required for `std::option::Option<EnvPath<'a>>` to implement `Deserialize<'_>`
[INFO] [stdout] note: required by a bound in `next_value`
[INFO] [stdout]     --> /opt/rustwide/cargo-home/registry/src/github.com-1ecc6299db9ec823/serde-1.0.160/src/de/mod.rs:1868:12
[INFO] [stdout]      |
[INFO] [stdout] 1868 |         V: Deserialize<'de>,
[INFO] [stdout]      |            ^^^^^^^^^^^^^^^^ required by this bound in `MapAccess::next_value`
[INFO] [stdout] 
[INFO] [stdout] error: aborting due to 3 previous errors
[INFO] [stdout] 
[INFO] [stdout] For more information about this error, try `rustc --explain E0277`.
[INFO] [stdout] Couldn't compile the test.
[INFO] [stdout] 
[INFO] [stdout] failures:
[INFO] [stdout]     src/lib.rs - (line 30)
[INFO] [stdout]     src/lib.rs - (line 69)
[INFO] [stdout]     src/os_cow.rs - os_cow::from_str (line 18)
[INFO] [stdout]     src/os_cow.rs - os_cow::into_os_cow (line 35)
[INFO] [stdout] 
[INFO] [stdout] test result: FAILED. 12 passed; 4 failed; 0 ignored; 0 measured; 0 filtered out; finished in 0.41s
[INFO] [stdout] 
[INFO] [stderr] error: doctest failed, to rerun pass `--doc`
[INFO] running `Command { std: "docker" "inspect" "e3906b7849e6ad62717cb2edf729bc72011f81d3d4e60327ed327bdbe96a804d", kill_on_drop: false }`
[INFO] running `Command { std: "docker" "rm" "-f" "e3906b7849e6ad62717cb2edf729bc72011f81d3d4e60327ed327bdbe96a804d", kill_on_drop: false }`
[INFO] [stdout] e3906b7849e6ad62717cb2edf729bc72011f81d3d4e60327ed327bdbe96a804d
