[INFO] fetching crate envi 0.1.0...
[INFO] testing envi-0.1.0 against 1.69.0 for beta-1.70-1
[INFO] extracting crate envi 0.1.0 into /workspace/builds/worker-5-tc1/source
[INFO] validating manifest of crates.io crate envi 0.1.0 on toolchain 1.69.0
[INFO] running `Command { std: CARGO_HOME="/workspace/cargo-home" RUSTUP_HOME="/workspace/rustup-home" "/workspace/cargo-home/bin/cargo" "+1.69.0" "metadata" "--manifest-path" "Cargo.toml" "--no-deps", kill_on_drop: false }`
[INFO] started tweaking crates.io crate envi 0.1.0
[INFO] finished tweaking crates.io crate envi 0.1.0
[INFO] tweaked toml for crates.io crate envi 0.1.0 written to /workspace/builds/worker-5-tc1/source/Cargo.toml
[INFO] crate crates.io crate envi 0.1.0 already has a lockfile, it will not be regenerated
[INFO] running `Command { std: CARGO_HOME="/workspace/cargo-home" RUSTUP_HOME="/workspace/rustup-home" "/workspace/cargo-home/bin/cargo" "+1.69.0" "fetch" "--manifest-path" "Cargo.toml", kill_on_drop: false }`
[INFO] [stderr]  Downloading crates ...
[INFO] [stderr]   Downloaded assert_fs v1.0.7
[INFO] [stderr]   Downloaded serial_test_derive v0.4.0
[INFO] [stderr]   Downloaded serial_test v0.4.0
[INFO] [stderr]   Downloaded libc v0.2.116
[INFO] running `Command { std: "docker" "create" "-v" "/var/lib/crater-agent-workspace/builds/worker-5-tc1/target:/opt/rustwide/target:rw,Z" "-v" "/var/lib/crater-agent-workspace/builds/worker-5-tc1/source:/opt/rustwide/workdir:ro,Z" "-v" "/var/lib/crater-agent-workspace/cargo-home:/opt/rustwide/cargo-home:ro,Z" "-v" "/var/lib/crater-agent-workspace/rustup-home:/opt/rustwide/rustup-home:ro,Z" "-e" "SOURCE_DIR=/opt/rustwide/workdir" "-e" "CARGO_TARGET_DIR=/opt/rustwide/target" "-e" "CARGO_HOME=/opt/rustwide/cargo-home" "-e" "RUSTUP_HOME=/opt/rustwide/rustup-home" "-w" "/opt/rustwide/workdir" "-m" "1610612736" "--user" "0:0" "--network" "none" "ghcr.io/rust-lang/crates-build-env/linux@sha256:5ff2268d62e97bff2cde7d5815dd6ed5b47097566f13b8d0ca110b04b60e07ed" "/opt/rustwide/cargo-home/bin/cargo" "+1.69.0" "metadata" "--no-deps" "--format-version=1", kill_on_drop: false }`
[INFO] [stdout] a2fa177992f02f262bcb032129e8a046f61e1bd4497a8ac208507c52a800327e
[INFO] running `Command { std: "docker" "start" "-a" "a2fa177992f02f262bcb032129e8a046f61e1bd4497a8ac208507c52a800327e", kill_on_drop: false }`
[INFO] running `Command { std: "docker" "inspect" "a2fa177992f02f262bcb032129e8a046f61e1bd4497a8ac208507c52a800327e", kill_on_drop: false }`
[INFO] running `Command { std: "docker" "rm" "-f" "a2fa177992f02f262bcb032129e8a046f61e1bd4497a8ac208507c52a800327e", kill_on_drop: false }`
[INFO] [stdout] a2fa177992f02f262bcb032129e8a046f61e1bd4497a8ac208507c52a800327e
[INFO] running `Command { std: "docker" "create" "-v" "/var/lib/crater-agent-workspace/builds/worker-5-tc1/target:/opt/rustwide/target:rw,Z" "-v" "/var/lib/crater-agent-workspace/builds/worker-5-tc1/source:/opt/rustwide/workdir:ro,Z" "-v" "/var/lib/crater-agent-workspace/cargo-home:/opt/rustwide/cargo-home:ro,Z" "-v" "/var/lib/crater-agent-workspace/rustup-home:/opt/rustwide/rustup-home:ro,Z" "-e" "SOURCE_DIR=/opt/rustwide/workdir" "-e" "CARGO_TARGET_DIR=/opt/rustwide/target" "-e" "CARGO_INCREMENTAL=0" "-e" "RUST_BACKTRACE=full" "-e" "RUSTFLAGS=--cap-lints=warn" "-e" "RUSTDOCFLAGS=--cap-lints=warn" "-e" "CARGO_HOME=/opt/rustwide/cargo-home" "-e" "RUSTUP_HOME=/opt/rustwide/rustup-home" "-w" "/opt/rustwide/workdir" "-m" "1610612736" "--user" "0:0" "--network" "none" "ghcr.io/rust-lang/crates-build-env/linux@sha256:5ff2268d62e97bff2cde7d5815dd6ed5b47097566f13b8d0ca110b04b60e07ed" "/opt/rustwide/cargo-home/bin/cargo" "+1.69.0" "build" "--frozen" "--message-format=json", kill_on_drop: false }`
[INFO] [stdout] 8659b1f6903e3d579021a3fd411128098758734cc23a4380a3dbd573e5612fc8
[INFO] running `Command { std: "docker" "start" "-a" "8659b1f6903e3d579021a3fd411128098758734cc23a4380a3dbd573e5612fc8", kill_on_drop: false }`
[INFO] [stderr]    Compiling proc-macro2 v1.0.36
[INFO] [stderr]    Compiling libc v0.2.116
[INFO] [stderr]    Compiling serde v1.0.136
[INFO] [stderr]    Compiling syn v1.0.86
[INFO] [stderr]    Compiling anyhow v1.0.53
[INFO] [stderr]    Compiling ryu v1.0.9
[INFO] [stderr]    Compiling indexmap v1.8.0
[INFO] [stderr]    Compiling textwrap v0.11.0
[INFO] [stderr]    Compiling serde_json v1.0.79
[INFO] [stderr]    Compiling linked-hash-map v0.5.4
[INFO] [stderr]    Compiling itoa v1.0.1
[INFO] [stderr]    Compiling shell-escape v0.1.5
[INFO] [stderr]    Compiling yaml-rust v0.4.5
[INFO] [stderr]    Compiling quote v1.0.15
[INFO] [stderr]    Compiling atty v0.2.14
[INFO] [stderr]    Compiling clap v2.34.0
[INFO] [stderr]    Compiling proc-macro-error-attr v1.0.4
[INFO] [stderr]    Compiling proc-macro-error v1.0.4
[INFO] [stderr]    Compiling toml v0.5.8
[INFO] [stderr]    Compiling serde_yaml v0.8.23
[INFO] [stderr]    Compiling structopt-derive v0.4.18
[INFO] [stderr]    Compiling structopt v0.3.26
[INFO] [stderr]    Compiling envi v0.1.0 (/opt/rustwide/workdir)
[INFO] [stderr]     Finished dev [unoptimized + debuginfo] target(s) in 5.57s
[INFO] running `Command { std: "docker" "inspect" "8659b1f6903e3d579021a3fd411128098758734cc23a4380a3dbd573e5612fc8", kill_on_drop: false }`
[INFO] running `Command { std: "docker" "rm" "-f" "8659b1f6903e3d579021a3fd411128098758734cc23a4380a3dbd573e5612fc8", kill_on_drop: false }`
[INFO] [stdout] 8659b1f6903e3d579021a3fd411128098758734cc23a4380a3dbd573e5612fc8
[INFO] running `Command { std: "docker" "create" "-v" "/var/lib/crater-agent-workspace/builds/worker-5-tc1/target:/opt/rustwide/target:rw,Z" "-v" "/var/lib/crater-agent-workspace/builds/worker-5-tc1/source:/opt/rustwide/workdir:ro,Z" "-v" "/var/lib/crater-agent-workspace/cargo-home:/opt/rustwide/cargo-home:ro,Z" "-v" "/var/lib/crater-agent-workspace/rustup-home:/opt/rustwide/rustup-home:ro,Z" "-e" "SOURCE_DIR=/opt/rustwide/workdir" "-e" "CARGO_TARGET_DIR=/opt/rustwide/target" "-e" "CARGO_INCREMENTAL=0" "-e" "RUST_BACKTRACE=full" "-e" "RUSTFLAGS=--cap-lints=warn" "-e" "RUSTDOCFLAGS=--cap-lints=warn" "-e" "CARGO_HOME=/opt/rustwide/cargo-home" "-e" "RUSTUP_HOME=/opt/rustwide/rustup-home" "-w" "/opt/rustwide/workdir" "-m" "1610612736" "--user" "0:0" "--network" "none" "ghcr.io/rust-lang/crates-build-env/linux@sha256:5ff2268d62e97bff2cde7d5815dd6ed5b47097566f13b8d0ca110b04b60e07ed" "/opt/rustwide/cargo-home/bin/cargo" "+1.69.0" "test" "--frozen" "--no-run" "--message-format=json", kill_on_drop: false }`
[INFO] [stdout] 75c9d291c0a8d451a8e75c0f81394f4e3e7f78282bf649563e4fcffaa0477ab2
[INFO] running `Command { std: "docker" "start" "-a" "75c9d291c0a8d451a8e75c0f81394f4e3e7f78282bf649563e4fcffaa0477ab2", kill_on_drop: false }`
[INFO] [stderr]    Compiling libc v0.2.116
[INFO] [stderr]    Compiling regex-automata v0.1.10
[INFO] [stderr]    Compiling crossbeam-utils v0.8.7
[INFO] [stderr]    Compiling num-traits v0.2.14
[INFO] [stderr]    Compiling predicates-core v1.0.3
[INFO] [stderr]    Compiling doc-comment v0.3.3
[INFO] [stderr]    Compiling aho-corasick v0.7.18
[INFO] [stderr]    Compiling once_cell v1.9.0
[INFO] [stderr]    Compiling either v1.6.1
[INFO] [stderr]    Compiling termtree v0.2.4
[INFO] [stderr]    Compiling normalize-line-endings v0.3.0
[INFO] [stderr]    Compiling difflib v0.4.0
[INFO] [stderr]    Compiling lock_api v0.3.4
[INFO] [stderr]    Compiling fastrand v1.7.0
[INFO] [stderr]    Compiling remove_dir_all v0.5.3
[INFO] [stderr]    Compiling serial_test_derive v0.4.0
[INFO] [stderr]    Compiling itertools v0.10.3
[INFO] [stderr]    Compiling predicates-tree v1.0.5
[INFO] [stderr]    Compiling bstr v0.2.17
[INFO] [stderr]    Compiling thread_local v1.1.4
[INFO] [stderr]    Compiling regex v1.5.4
[INFO] [stderr]    Compiling atty v0.2.14
[INFO] [stderr]    Compiling parking_lot_core v0.7.2
[INFO] [stderr]    Compiling wait-timeout v0.2.0
[INFO] [stderr]    Compiling tempfile v3.3.0
[INFO] [stderr]    Compiling clap v2.34.0
[INFO] [stderr]    Compiling parking_lot v0.10.2
[INFO] [stderr]    Compiling float-cmp v0.9.0
[INFO] [stderr]    Compiling serial_test v0.4.0
[INFO] [stderr]    Compiling globset v0.4.8
[INFO] [stderr]    Compiling predicates v2.1.1
[INFO] [stderr]    Compiling ignore v0.4.18
[INFO] [stderr]    Compiling assert_cmd v2.0.4
[INFO] [stderr]    Compiling globwalk v0.8.1
[INFO] [stderr]    Compiling assert_fs v1.0.7
[INFO] [stderr]    Compiling structopt v0.3.26
[INFO] [stderr]    Compiling envi v0.1.0 (/opt/rustwide/workdir)
[INFO] [stderr]     Finished test [unoptimized + debuginfo] target(s) in 8.34s
[INFO] running `Command { std: "docker" "inspect" "75c9d291c0a8d451a8e75c0f81394f4e3e7f78282bf649563e4fcffaa0477ab2", kill_on_drop: false }`
[INFO] running `Command { std: "docker" "rm" "-f" "75c9d291c0a8d451a8e75c0f81394f4e3e7f78282bf649563e4fcffaa0477ab2", kill_on_drop: false }`
[INFO] [stdout] 75c9d291c0a8d451a8e75c0f81394f4e3e7f78282bf649563e4fcffaa0477ab2
[INFO] running `Command { std: "docker" "create" "-v" "/var/lib/crater-agent-workspace/builds/worker-5-tc1/target:/opt/rustwide/target:rw,Z" "-v" "/var/lib/crater-agent-workspace/builds/worker-5-tc1/source:/opt/rustwide/workdir:ro,Z" "-v" "/var/lib/crater-agent-workspace/cargo-home:/opt/rustwide/cargo-home:ro,Z" "-v" "/var/lib/crater-agent-workspace/rustup-home:/opt/rustwide/rustup-home:ro,Z" "-e" "SOURCE_DIR=/opt/rustwide/workdir" "-e" "CARGO_TARGET_DIR=/opt/rustwide/target" "-e" "CARGO_INCREMENTAL=0" "-e" "RUST_BACKTRACE=full" "-e" "RUSTFLAGS=--cap-lints=warn" "-e" "RUSTDOCFLAGS=--cap-lints=warn" "-e" "CARGO_HOME=/opt/rustwide/cargo-home" "-e" "RUSTUP_HOME=/opt/rustwide/rustup-home" "-w" "/opt/rustwide/workdir" "-m" "1610612736" "--user" "0:0" "--network" "none" "ghcr.io/rust-lang/crates-build-env/linux@sha256:5ff2268d62e97bff2cde7d5815dd6ed5b47097566f13b8d0ca110b04b60e07ed" "/opt/rustwide/cargo-home/bin/cargo" "+1.69.0" "test" "--frozen", kill_on_drop: false }`
[INFO] [stdout] 3981d4ce0355809fe336d3e4fd865fd88731d9d38ef7753433425ba6214b7774
[INFO] running `Command { std: "docker" "start" "-a" "3981d4ce0355809fe336d3e4fd865fd88731d9d38ef7753433425ba6214b7774", kill_on_drop: false }`
[INFO] [stderr]     Finished test [unoptimized + debuginfo] target(s) in 0.06s
[INFO] [stderr]      Running unittests src/lib.rs (/opt/rustwide/target/debug/deps/envi-9ff6096b79a479d9)
[INFO] [stdout] 
[INFO] [stdout] running 4 tests
[INFO] [stdout] test file_parser::json::tests::test_json_parser ... ok
[INFO] [stdout] test tests::test_unique_keys ... ok
[INFO] [stdout] test file_parser::toml::tests::test_json_parser ... ok
[INFO] [stdout] test file_parser::yaml::tests::test_json_parser ... ok
[INFO] [stdout] 
[INFO] [stdout] test result: ok. 4 passed; 0 failed; 0 ignored; 0 measured; 0 filtered out; finished in 0.00s
[INFO] [stdout] 
[INFO] [stderr]      Running unittests src/main.rs (/opt/rustwide/target/debug/deps/envi-c0b8ae5b11127126)
[INFO] [stdout] 
[INFO] [stdout] running 0 tests
[INFO] [stdout] 
[INFO] [stdout] test result: ok. 0 passed; 0 failed; 0 ignored; 0 measured; 0 filtered out; finished in 0.00s
[INFO] [stdout] 
[INFO] [stderr]      Running tests/integration.rs (/opt/rustwide/target/debug/deps/integration-004980c19cb6a381)
[INFO] [stdout] 
[INFO] [stdout] running 36 tests
[INFO] [stdout] test cmd_diff_success_json ... ok
[INFO] [stdout] test cmd_diff_success_toml ... ok
[INFO] [stdout] test cmd_ediff_no_env_success_toml ... ok
[INFO] [stdout] test cmd_diff_success_yaml ... ok
[INFO] [stdout] test cmd_keys_success_json ... ok
[INFO] [stdout] test cmd_diff_success_yml ... ok
[INFO] [stdout] test cmd_keys_success_yml ... ok
[INFO] [stdout] test cmd_keys_success_toml ... ok
[INFO] [stdout] test cmd_keys_success_yaml ... ok
[INFO] [stdout] test cmd_show_invalid_key_json ... ok
[INFO] [stdout] test cmd_show_invalid_key_toml ... ok
[INFO] [stdout] test cmd_ediff_no_env_success_json ... ok
[INFO] [stdout] test cmd_show_invalid_key_yml ... ok
[INFO] [stdout] test cmd_show_name_only_success_json ... ok
[INFO] [stdout] test cmd_show_name_only_success_toml ... ok
[INFO] [stdout] test cmd_show_name_only_success_yml ... ok
[INFO] [stdout] test cmd_show_name_only_success_yaml ... ok
[INFO] [stdout] test cmd_show_invalid_key_yaml ... ok
[INFO] [stdout] test cmd_show_name_value_only_success_yaml ... ok
[INFO] [stdout] test cmd_show_name_value_only_success_toml ... ok
[INFO] [stdout] test cmd_show_name_value_only_success_json ... ok
[INFO] [stdout] test cmd_show_name_value_only_success_yml ... ok
[INFO] [stdout] test cmd_show_success_json ... ok
[INFO] [stdout] test cmd_ediff_no_env_success_yaml ... ok
[INFO] [stdout] test cmd_show_success_toml ... ok
[INFO] [stdout] test cmd_show_success_yaml ... ok
[INFO] [stdout] test cmd_show_success_yml ... ok
[INFO] [stdout] test cmd_show_to_file_success_json ... ok
[INFO] [stdout] test cmd_show_to_file_success_yml ... ok
[INFO] [stdout] test cmd_show_to_file_success_toml ... ok
[INFO] [stdout] test cmd_ediff_with_env_success_json ... ok
[INFO] [stdout] test cmd_show_to_file_success_yaml ... ok
[INFO] [stdout] test cmd_ediff_no_env_success_yml ... FAILED
[INFO] [stdout] test cmd_ediff_with_env_success_toml ... ok
[INFO] [stdout] test cmd_ediff_with_env_success_yaml ... ok
[INFO] [stdout] test cmd_ediff_with_env_success_yml ... ok
[INFO] [stdout] 
[INFO] [stdout] failures:
[INFO] [stdout] 
[INFO] [stdout] ---- cmd_ediff_no_env_success_yml stdout ----
[INFO] [stdout] thread 'cmd_ediff_no_env_success_yml' panicked at 'Unexpected stdout, failed diff original var
[INFO] [stdout] ├── original: --- env
[INFO] [stdout] │   +++ local
[INFO] [stdout] │   + BAR=local_bar
[INFO] [stdout] │   + FOO=foo
[INFO] [stdout] ├── diff: 
[INFO] [stdout] │   --- 	orig
[INFO] [stdout] │   +++ 	var
[INFO] [stdout] │   @@ -3,0 +4 @@
[INFO] [stdout] │   +- FOO=something-else
[INFO] [stdout] └── var as str: --- env
[INFO] [stdout]     +++ local
[INFO] [stdout]     + BAR=local_bar
[INFO] [stdout]     - FOO=something-else
[INFO] [stdout]     + FOO=foo
[INFO] [stdout] 
[INFO] [stdout] command=`"/opt/rustwide/target/debug/envi" "-i" "/opt/rustwide/workdir/tests/data/envi.yml" "ediff" "local"`
[INFO] [stdout] code=0
[INFO] [stdout] stdout="--- env\n+++ local\n+ BAR=local_bar\n- FOO=something-else\n+ FOO=foo\n"
[INFO] [stdout] stderr=""
[INFO] [stdout] ', /rustc/84c898d65adf2f39a5a98507f1fe0ce10a2b8dbc/library/core/src/ops/function.rs:250:5
[INFO] [stdout] stack backtrace:
[INFO] [stdout]    0:     0x55fd79bc668a - std::backtrace_rs::backtrace::libunwind::trace::ha9053a9a07ca49cb
[INFO] [stdout]                                at /rustc/84c898d65adf2f39a5a98507f1fe0ce10a2b8dbc/library/std/src/../../backtrace/src/backtrace/libunwind.rs:93:5
[INFO] [stdout]    1:     0x55fd79bc668a - std::backtrace_rs::backtrace::trace_unsynchronized::h9c2852a457ad564e
[INFO] [stdout]                                at /rustc/84c898d65adf2f39a5a98507f1fe0ce10a2b8dbc/library/std/src/../../backtrace/src/backtrace/mod.rs:66:5
[INFO] [stdout]    2:     0x55fd79bc668a - std::sys_common::backtrace::_print_fmt::h457936fbfaa0070f
[INFO] [stdout]                                at /rustc/84c898d65adf2f39a5a98507f1fe0ce10a2b8dbc/library/std/src/sys_common/backtrace.rs:65:5
[INFO] [stdout]    3:     0x55fd79bc668a - <std::sys_common::backtrace::_print::DisplayBacktrace as core::fmt::Display>::fmt::h5779d7bf7f70cb0c
[INFO] [stdout]                                at /rustc/84c898d65adf2f39a5a98507f1fe0ce10a2b8dbc/library/std/src/sys_common/backtrace.rs:44:22
[INFO] [stdout]    4:     0x55fd79beb50e - core::fmt::write::h5a4baaff1bcd3eb5
[INFO] [stdout]                                at /rustc/84c898d65adf2f39a5a98507f1fe0ce10a2b8dbc/library/core/src/fmt/mod.rs:1232:17
[INFO] [stdout]    5:     0x55fd79bc37b5 - std::io::Write::write_fmt::h478f79c628ef31d1
[INFO] [stdout]                                at /rustc/84c898d65adf2f39a5a98507f1fe0ce10a2b8dbc/library/std/src/io/mod.rs:1684:15
[INFO] [stdout]    6:     0x55fd79bc6455 - std::sys_common::backtrace::_print::h5fcdc36060f177e8
[INFO] [stdout]                                at /rustc/84c898d65adf2f39a5a98507f1fe0ce10a2b8dbc/library/std/src/sys_common/backtrace.rs:47:5
[INFO] [stdout]    7:     0x55fd79bc6455 - std::sys_common::backtrace::print::h54ca9458b876c8bf
[INFO] [stdout]                                at /rustc/84c898d65adf2f39a5a98507f1fe0ce10a2b8dbc/library/std/src/sys_common/backtrace.rs:34:9
[INFO] [stdout]    8:     0x55fd79bc829f - std::panicking::default_hook::{{closure}}::hbe471161c7664ed6
[INFO] [stdout]                                at /rustc/84c898d65adf2f39a5a98507f1fe0ce10a2b8dbc/library/std/src/panicking.rs:271:22
[INFO] [stdout]    9:     0x55fd79bc7f5f - std::panicking::default_hook::ha3500da57aa4ac4f
[INFO] [stdout]                                at /rustc/84c898d65adf2f39a5a98507f1fe0ce10a2b8dbc/library/std/src/panicking.rs:287:9
[INFO] [stdout]   10:     0x55fd79b21647 - <alloc::boxed::Box<F,A> as core::ops::function::Fn<Args>>::call::hdf1b89dd137ece34
[INFO] [stdout]                                at /rustc/84c898d65adf2f39a5a98507f1fe0ce10a2b8dbc/library/alloc/src/boxed.rs:2001:9
[INFO] [stdout]   11:     0x55fd79b21647 - test::test_main::{{closure}}::h9081a79f20e75698
[INFO] [stdout]                                at /rustc/84c898d65adf2f39a5a98507f1fe0ce10a2b8dbc/library/test/src/lib.rs:135:21
[INFO] [stdout]   12:     0x55fd79bc89cd - <alloc::boxed::Box<F,A> as core::ops::function::Fn<Args>>::call::h6507bddc3eebb4a5
[INFO] [stdout]                                at /rustc/84c898d65adf2f39a5a98507f1fe0ce10a2b8dbc/library/alloc/src/boxed.rs:2001:9
[INFO] [stdout]   13:     0x55fd79bc89cd - std::panicking::rust_panic_with_hook::h50c09d000dc561d2
[INFO] [stdout]                                at /rustc/84c898d65adf2f39a5a98507f1fe0ce10a2b8dbc/library/std/src/panicking.rs:696:13
[INFO] [stdout]   14:     0x55fd79bc8749 - std::panicking::begin_panic_handler::{{closure}}::h9e2b2176e00e0d9c
[INFO] [stdout]                                at /rustc/84c898d65adf2f39a5a98507f1fe0ce10a2b8dbc/library/std/src/panicking.rs:583:13
[INFO] [stdout]   15:     0x55fd79bc6af6 - std::sys_common::backtrace::__rust_end_short_backtrace::h5739b8e512c09d02
[INFO] [stdout]                                at /rustc/84c898d65adf2f39a5a98507f1fe0ce10a2b8dbc/library/std/src/sys_common/backtrace.rs:150:18
[INFO] [stdout]   16:     0x55fd79bc8452 - rust_begin_unwind
[INFO] [stdout]                                at /rustc/84c898d65adf2f39a5a98507f1fe0ce10a2b8dbc/library/std/src/panicking.rs:579:5
[INFO] [stdout]   17:     0x55fd79aec193 - core::panicking::panic_fmt::hf33a1475b4dc5c3e
[INFO] [stdout]                                at /rustc/84c898d65adf2f39a5a98507f1fe0ce10a2b8dbc/library/core/src/panicking.rs:64:14
[INFO] [stdout]   18:     0x55fd79b562ec - core::panicking::panic_display::h3a71d179c0a7dcb6
[INFO] [stdout]                                at /rustc/84c898d65adf2f39a5a98507f1fe0ce10a2b8dbc/library/core/src/panicking.rs:147:5
[INFO] [stdout]   19:     0x55fd79b53427 - assert_cmd::assert::AssertError::panic::h3d213e2be967ee74
[INFO] [stdout]                                at /opt/rustwide/cargo-home/registry/src/github.com-1ecc6299db9ec823/assert_cmd-2.0.4/src/assert.rs:1036:9
[INFO] [stdout]   20:     0x55fd79b54667 - core::ops::function::FnOnce::call_once::h48d28a5f364c1b0b
[INFO] [stdout]                                at /rustc/84c898d65adf2f39a5a98507f1fe0ce10a2b8dbc/library/core/src/ops/function.rs:250:5
[INFO] [stdout]   21:     0x55fd79b51430 - core::result::Result<T,E>::unwrap_or_else::h7766317575afbefa
[INFO] [stdout]                                at /rustc/84c898d65adf2f39a5a98507f1fe0ce10a2b8dbc/library/core/src/result.rs:1465:23
[INFO] [stdout]   22:     0x55fd79af0499 - assert_cmd::assert::Assert::stdout::hc1446d2787494775
[INFO] [stdout]                                at /opt/rustwide/cargo-home/registry/src/github.com-1ecc6299db9ec823/assert_cmd-2.0.4/src/assert.rs:362:9
[INFO] [stdout]   23:     0x55fd79aee4c2 - integration::cmd_ediff_no_env_success_for_file_type::h54353106fc42c0f2
[INFO] [stdout]                                at /opt/rustwide/workdir/tests/integration.rs:289:5
[INFO] [stdout]   24:     0x55fd79aef206 - integration::cmd_ediff_no_env_success_yml::{{closure}}::h82c844784c8e0dcb
[INFO] [stdout]                                at /opt/rustwide/workdir/tests/integration.rs:315:5
[INFO] [stdout]   25:     0x55fd79af148e - core::ops::function::FnOnce::call_once::h8b752ef937916c1b
[INFO] [stdout]                                at /rustc/84c898d65adf2f39a5a98507f1fe0ce10a2b8dbc/library/core/src/ops/function.rs:250:5
[INFO] [stdout]   26:     0x55fd79aefc95 - serial_test::serial_core_with_return::h376a2c654b515a08
[INFO] [stdout]                                at /opt/rustwide/cargo-home/registry/src/github.com-1ecc6299db9ec823/serial_test-0.4.0/src/lib.rs:54:5
[INFO] [stdout]   27:     0x55fd79aef1e8 - integration::cmd_ediff_no_env_success_yml::h3f0a0cb0d8dbfa6b
[INFO] [stdout]                                at /opt/rustwide/workdir/tests/integration.rs:313:1
[INFO] [stdout]   28:     0x55fd79aef1b7 - integration::cmd_ediff_no_env_success_yml::{{closure}}::hef19ad29e62af169
[INFO] [stdout]                                at /opt/rustwide/workdir/tests/integration.rs:314:38
[INFO] [stdout]   29:     0x55fd79af14e5 - core::ops::function::FnOnce::call_once::h9117e8e715357fa7
[INFO] [stdout]                                at /rustc/84c898d65adf2f39a5a98507f1fe0ce10a2b8dbc/library/core/src/ops/function.rs:250:5
[INFO] [stdout]   30:     0x55fd79b26a2f - core::ops::function::FnOnce::call_once::h7d969581be7d0075
[INFO] [stdout]                                at /rustc/84c898d65adf2f39a5a98507f1fe0ce10a2b8dbc/library/core/src/ops/function.rs:250:5
[INFO] [stdout]   31:     0x55fd79b26a2f - test::__rust_begin_short_backtrace::hca25a52684e56655
[INFO] [stdout]                                at /rustc/84c898d65adf2f39a5a98507f1fe0ce10a2b8dbc/library/test/src/lib.rs:656:18
[INFO] [stdout]   32:     0x55fd79af804c - test::run_test::{{closure}}::ha8ac744c4af1a4bb
[INFO] [stdout]                                at /rustc/84c898d65adf2f39a5a98507f1fe0ce10a2b8dbc/library/test/src/lib.rs:647:30
[INFO] [stdout]   33:     0x55fd79af804c - core::ops::function::FnOnce::call_once{{vtable.shim}}::h7b411a9ed45bdecf
[INFO] [stdout]                                at /rustc/84c898d65adf2f39a5a98507f1fe0ce10a2b8dbc/library/core/src/ops/function.rs:250:5
[INFO] [stdout]   34:     0x55fd79b259f6 - <alloc::boxed::Box<F,A> as core::ops::function::FnOnce<Args>>::call_once::hd05328869a8ed200
[INFO] [stdout]                                at /rustc/84c898d65adf2f39a5a98507f1fe0ce10a2b8dbc/library/alloc/src/boxed.rs:1987:9
[INFO] [stdout]   35:     0x55fd79b259f6 - <core::panic::unwind_safe::AssertUnwindSafe<F> as core::ops::function::FnOnce<()>>::call_once::h0c601ce20bd5b2be
[INFO] [stdout]                                at /rustc/84c898d65adf2f39a5a98507f1fe0ce10a2b8dbc/library/core/src/panic/unwind_safe.rs:271:9
[INFO] [stdout]   36:     0x55fd79b259f6 - std::panicking::try::do_call::ha4be5c164fe30854
[INFO] [stdout]                                at /rustc/84c898d65adf2f39a5a98507f1fe0ce10a2b8dbc/library/std/src/panicking.rs:487:40
[INFO] [stdout]   37:     0x55fd79b259f6 - std::panicking::try::h604546f3609af05f
[INFO] [stdout]                                at /rustc/84c898d65adf2f39a5a98507f1fe0ce10a2b8dbc/library/std/src/panicking.rs:451:19
[INFO] [stdout]   38:     0x55fd79b259f6 - std::panic::catch_unwind::h5bfa8afe44c9c2f9
[INFO] [stdout]                                at /rustc/84c898d65adf2f39a5a98507f1fe0ce10a2b8dbc/library/std/src/panic.rs:140:14
[INFO] [stdout]   39:     0x55fd79b259f6 - test::run_test_in_process::hd50dee55dd63e6aa
[INFO] [stdout]                                at /rustc/84c898d65adf2f39a5a98507f1fe0ce10a2b8dbc/library/test/src/lib.rs:679:27
[INFO] [stdout]   40:     0x55fd79b259f6 - test::run_test::run_test_inner::{{closure}}::h4aa0f433aa85cea8
[INFO] [stdout]                                at /rustc/84c898d65adf2f39a5a98507f1fe0ce10a2b8dbc/library/test/src/lib.rs:573:39
[INFO] [stdout]   41:     0x55fd79af26c1 - test::run_test::run_test_inner::{{closure}}::had56431adf24b4d6
[INFO] [stdout]                                at /rustc/84c898d65adf2f39a5a98507f1fe0ce10a2b8dbc/library/test/src/lib.rs:600:37
[INFO] [stdout]   42:     0x55fd79af26c1 - std::sys_common::backtrace::__rust_begin_short_backtrace::ha8d9890e0c73bf13
[INFO] [stdout]                                at /rustc/84c898d65adf2f39a5a98507f1fe0ce10a2b8dbc/library/std/src/sys_common/backtrace.rs:134:18
[INFO] [stdout]   43:     0x55fd79af80db - std::thread::Builder::spawn_unchecked_::{{closure}}::{{closure}}::h251832bcb4a95327
[INFO] [stdout]                                at /rustc/84c898d65adf2f39a5a98507f1fe0ce10a2b8dbc/library/std/src/thread/mod.rs:560:17
[INFO] [stdout]   44:     0x55fd79af80db - <core::panic::unwind_safe::AssertUnwindSafe<F> as core::ops::function::FnOnce<()>>::call_once::h8fdff598fa414831
[INFO] [stdout]                                at /rustc/84c898d65adf2f39a5a98507f1fe0ce10a2b8dbc/library/core/src/panic/unwind_safe.rs:271:9
[INFO] [stdout]   45:     0x55fd79af80db - std::panicking::try::do_call::h455dd2f7764a950f
[INFO] [stdout]                                at /rustc/84c898d65adf2f39a5a98507f1fe0ce10a2b8dbc/library/std/src/panicking.rs:487:40
[INFO] [stdout]   46:     0x55fd79af80db - std::panicking::try::had6f23b7b73ae72a
[INFO] [stdout]                                at /rustc/84c898d65adf2f39a5a98507f1fe0ce10a2b8dbc/library/std/src/panicking.rs:451:19
[INFO] [stdout]   47:     0x55fd79af80db - std::panic::catch_unwind::ha6a5ca3915b4dad0
[INFO] [stdout]                                at /rustc/84c898d65adf2f39a5a98507f1fe0ce10a2b8dbc/library/std/src/panic.rs:140:14
[INFO] [stdout]   48:     0x55fd79af80db - std::thread::Builder::spawn_unchecked_::{{closure}}::h883b72ef75da6231
[INFO] [stdout]                                at /rustc/84c898d65adf2f39a5a98507f1fe0ce10a2b8dbc/library/std/src/thread/mod.rs:559:30
[INFO] [stdout]   49:     0x55fd79af80db - core::ops::function::FnOnce::call_once{{vtable.shim}}::hb7dff73dc8bd2ccb
[INFO] [stdout]                                at /rustc/84c898d65adf2f39a5a98507f1fe0ce10a2b8dbc/library/core/src/ops/function.rs:250:5
[INFO] [stdout]   50:     0x55fd79bcde83 - <alloc::boxed::Box<F,A> as core::ops::function::FnOnce<Args>>::call_once::h39990b24eedef2ab
[INFO] [stdout]                                at /rustc/84c898d65adf2f39a5a98507f1fe0ce10a2b8dbc/library/alloc/src/boxed.rs:1987:9
[INFO] [stdout]   51:     0x55fd79bcde83 - <alloc::boxed::Box<F,A> as core::ops::function::FnOnce<Args>>::call_once::h01a027258444143b
[INFO] [stdout]                                at /rustc/84c898d65adf2f39a5a98507f1fe0ce10a2b8dbc/library/alloc/src/boxed.rs:1987:9
[INFO] [stdout]   52:     0x55fd79bcde83 - std::sys::unix::thread::Thread::new::thread_start::ha4f1cdd9c25884ba
[INFO] [stdout]                                at /rustc/84c898d65adf2f39a5a98507f1fe0ce10a2b8dbc/library/std/src/sys/unix/thread.rs:108:17
[INFO] [stdout]   53:     0x7f5cc3884b43 - <unknown>
[INFO] [stdout]   54:     0x7f5cc3915bb4 - __clone
[INFO] [stdout]   55:                0x0 - <unknown>
[INFO] [stdout] 
[INFO] [stdout] 
[INFO] [stdout] failures:
[INFO] [stdout]     cmd_ediff_no_env_success_yml
[INFO] [stdout] 
[INFO] [stdout] test result: FAILED. 35 passed; 1 failed; 0 ignored; 0 measured; 0 filtered out; finished in 0.03s
[INFO] [stdout] 
[INFO] [stderr] error: test failed, to rerun pass `--test integration`
[INFO] running `Command { std: "docker" "inspect" "3981d4ce0355809fe336d3e4fd865fd88731d9d38ef7753433425ba6214b7774", kill_on_drop: false }`
[INFO] running `Command { std: "docker" "rm" "-f" "3981d4ce0355809fe336d3e4fd865fd88731d9d38ef7753433425ba6214b7774", kill_on_drop: false }`
[INFO] [stdout] 3981d4ce0355809fe336d3e4fd865fd88731d9d38ef7753433425ba6214b7774
