[INFO] fetching crate enumx_derive 0.4.2...
[INFO] testing enumx_derive-0.4.2 against 1.69.0 for beta-1.70-1
[INFO] extracting crate enumx_derive 0.4.2 into /workspace/builds/worker-6-tc1/source
[INFO] validating manifest of crates.io crate enumx_derive 0.4.2 on toolchain 1.69.0
[INFO] running `Command { std: CARGO_HOME="/workspace/cargo-home" RUSTUP_HOME="/workspace/rustup-home" "/workspace/cargo-home/bin/cargo" "+1.69.0" "metadata" "--manifest-path" "Cargo.toml" "--no-deps", kill_on_drop: false }`
[INFO] started tweaking crates.io crate enumx_derive 0.4.2
[INFO] finished tweaking crates.io crate enumx_derive 0.4.2
[INFO] tweaked toml for crates.io crate enumx_derive 0.4.2 written to /workspace/builds/worker-6-tc1/source/Cargo.toml
[INFO] running `Command { std: CARGO_HOME="/workspace/cargo-home" RUSTUP_HOME="/workspace/rustup-home" __CARGO_TEST_CHANNEL_OVERRIDE_DO_NOT_USE_THIS="nightly" "/workspace/cargo-home/bin/cargo" "+1.69.0" "generate-lockfile" "--manifest-path" "Cargo.toml" "-Zno-index-update", kill_on_drop: false }`
[INFO] running `Command { std: CARGO_HOME="/workspace/cargo-home" RUSTUP_HOME="/workspace/rustup-home" "/workspace/cargo-home/bin/cargo" "+1.69.0" "fetch" "--manifest-path" "Cargo.toml", kill_on_drop: false }`
[INFO] running `Command { std: "docker" "create" "-v" "/var/lib/crater-agent-workspace/builds/worker-6-tc1/target:/opt/rustwide/target:rw,Z" "-v" "/var/lib/crater-agent-workspace/builds/worker-6-tc1/source:/opt/rustwide/workdir:ro,Z" "-v" "/var/lib/crater-agent-workspace/cargo-home:/opt/rustwide/cargo-home:ro,Z" "-v" "/var/lib/crater-agent-workspace/rustup-home:/opt/rustwide/rustup-home:ro,Z" "-e" "SOURCE_DIR=/opt/rustwide/workdir" "-e" "CARGO_TARGET_DIR=/opt/rustwide/target" "-e" "CARGO_HOME=/opt/rustwide/cargo-home" "-e" "RUSTUP_HOME=/opt/rustwide/rustup-home" "-w" "/opt/rustwide/workdir" "-m" "1610612736" "--user" "0:0" "--network" "none" "ghcr.io/rust-lang/crates-build-env/linux@sha256:5ff2268d62e97bff2cde7d5815dd6ed5b47097566f13b8d0ca110b04b60e07ed" "/opt/rustwide/cargo-home/bin/cargo" "+1.69.0" "metadata" "--no-deps" "--format-version=1", kill_on_drop: false }`
[INFO] [stdout] 95f25b2cc07066d19280d4cb637f263456d7b8c50f6b6a6dcb8daa4696631acf
[INFO] running `Command { std: "docker" "start" "-a" "95f25b2cc07066d19280d4cb637f263456d7b8c50f6b6a6dcb8daa4696631acf", kill_on_drop: false }`
[INFO] running `Command { std: "docker" "inspect" "95f25b2cc07066d19280d4cb637f263456d7b8c50f6b6a6dcb8daa4696631acf", kill_on_drop: false }`
[INFO] running `Command { std: "docker" "rm" "-f" "95f25b2cc07066d19280d4cb637f263456d7b8c50f6b6a6dcb8daa4696631acf", kill_on_drop: false }`
[INFO] [stdout] 95f25b2cc07066d19280d4cb637f263456d7b8c50f6b6a6dcb8daa4696631acf
[INFO] running `Command { std: "docker" "create" "-v" "/var/lib/crater-agent-workspace/builds/worker-6-tc1/target:/opt/rustwide/target:rw,Z" "-v" "/var/lib/crater-agent-workspace/builds/worker-6-tc1/source:/opt/rustwide/workdir:ro,Z" "-v" "/var/lib/crater-agent-workspace/cargo-home:/opt/rustwide/cargo-home:ro,Z" "-v" "/var/lib/crater-agent-workspace/rustup-home:/opt/rustwide/rustup-home:ro,Z" "-e" "SOURCE_DIR=/opt/rustwide/workdir" "-e" "CARGO_TARGET_DIR=/opt/rustwide/target" "-e" "CARGO_INCREMENTAL=0" "-e" "RUST_BACKTRACE=full" "-e" "RUSTFLAGS=--cap-lints=warn" "-e" "RUSTDOCFLAGS=--cap-lints=warn" "-e" "CARGO_HOME=/opt/rustwide/cargo-home" "-e" "RUSTUP_HOME=/opt/rustwide/rustup-home" "-w" "/opt/rustwide/workdir" "-m" "1610612736" "--user" "0:0" "--network" "none" "ghcr.io/rust-lang/crates-build-env/linux@sha256:5ff2268d62e97bff2cde7d5815dd6ed5b47097566f13b8d0ca110b04b60e07ed" "/opt/rustwide/cargo-home/bin/cargo" "+1.69.0" "build" "--frozen" "--message-format=json", kill_on_drop: false }`
[INFO] [stdout] 3e2987e6959e477996257337c38e12ac00db6554bec5eb7e90fe6681a87fa257
[INFO] running `Command { std: "docker" "start" "-a" "3e2987e6959e477996257337c38e12ac00db6554bec5eb7e90fe6681a87fa257", kill_on_drop: false }`
[INFO] [stderr]    Compiling syn v1.0.109
[INFO] [stderr]    Compiling hashbrown v0.12.3
[INFO] [stderr]    Compiling indexmap v1.9.3
[INFO] [stderr]    Compiling enumx_derive v0.4.2 (/opt/rustwide/workdir)
[INFO] [stderr]     Finished dev [unoptimized + debuginfo] target(s) in 8.39s
[INFO] running `Command { std: "docker" "inspect" "3e2987e6959e477996257337c38e12ac00db6554bec5eb7e90fe6681a87fa257", kill_on_drop: false }`
[INFO] running `Command { std: "docker" "rm" "-f" "3e2987e6959e477996257337c38e12ac00db6554bec5eb7e90fe6681a87fa257", kill_on_drop: false }`
[INFO] [stdout] 3e2987e6959e477996257337c38e12ac00db6554bec5eb7e90fe6681a87fa257
[INFO] running `Command { std: "docker" "create" "-v" "/var/lib/crater-agent-workspace/builds/worker-6-tc1/target:/opt/rustwide/target:rw,Z" "-v" "/var/lib/crater-agent-workspace/builds/worker-6-tc1/source:/opt/rustwide/workdir:ro,Z" "-v" "/var/lib/crater-agent-workspace/cargo-home:/opt/rustwide/cargo-home:ro,Z" "-v" "/var/lib/crater-agent-workspace/rustup-home:/opt/rustwide/rustup-home:ro,Z" "-e" "SOURCE_DIR=/opt/rustwide/workdir" "-e" "CARGO_TARGET_DIR=/opt/rustwide/target" "-e" "CARGO_INCREMENTAL=0" "-e" "RUST_BACKTRACE=full" "-e" "RUSTFLAGS=--cap-lints=warn" "-e" "RUSTDOCFLAGS=--cap-lints=warn" "-e" "CARGO_HOME=/opt/rustwide/cargo-home" "-e" "RUSTUP_HOME=/opt/rustwide/rustup-home" "-w" "/opt/rustwide/workdir" "-m" "1610612736" "--user" "0:0" "--network" "none" "ghcr.io/rust-lang/crates-build-env/linux@sha256:5ff2268d62e97bff2cde7d5815dd6ed5b47097566f13b8d0ca110b04b60e07ed" "/opt/rustwide/cargo-home/bin/cargo" "+1.69.0" "test" "--frozen" "--no-run" "--message-format=json", kill_on_drop: false }`
[INFO] [stdout] 12d790c2a22553e85187c16295991b92f0a66b43432ec396166a24c92ff523e2
[INFO] running `Command { std: "docker" "start" "-a" "12d790c2a22553e85187c16295991b92f0a66b43432ec396166a24c92ff523e2", kill_on_drop: false }`
[INFO] [stderr]    Compiling enumx_derive v0.4.2 (/opt/rustwide/workdir)
[INFO] [stderr]     Finished test [unoptimized + debuginfo] target(s) in 2.36s
[INFO] running `Command { std: "docker" "inspect" "12d790c2a22553e85187c16295991b92f0a66b43432ec396166a24c92ff523e2", kill_on_drop: false }`
[INFO] running `Command { std: "docker" "rm" "-f" "12d790c2a22553e85187c16295991b92f0a66b43432ec396166a24c92ff523e2", kill_on_drop: false }`
[INFO] [stdout] 12d790c2a22553e85187c16295991b92f0a66b43432ec396166a24c92ff523e2
[INFO] running `Command { std: "docker" "create" "-v" "/var/lib/crater-agent-workspace/builds/worker-6-tc1/target:/opt/rustwide/target:rw,Z" "-v" "/var/lib/crater-agent-workspace/builds/worker-6-tc1/source:/opt/rustwide/workdir:ro,Z" "-v" "/var/lib/crater-agent-workspace/cargo-home:/opt/rustwide/cargo-home:ro,Z" "-v" "/var/lib/crater-agent-workspace/rustup-home:/opt/rustwide/rustup-home:ro,Z" "-e" "SOURCE_DIR=/opt/rustwide/workdir" "-e" "CARGO_TARGET_DIR=/opt/rustwide/target" "-e" "CARGO_INCREMENTAL=0" "-e" "RUST_BACKTRACE=full" "-e" "RUSTFLAGS=--cap-lints=warn" "-e" "RUSTDOCFLAGS=--cap-lints=warn" "-e" "CARGO_HOME=/opt/rustwide/cargo-home" "-e" "RUSTUP_HOME=/opt/rustwide/rustup-home" "-w" "/opt/rustwide/workdir" "-m" "1610612736" "--user" "0:0" "--network" "none" "ghcr.io/rust-lang/crates-build-env/linux@sha256:5ff2268d62e97bff2cde7d5815dd6ed5b47097566f13b8d0ca110b04b60e07ed" "/opt/rustwide/cargo-home/bin/cargo" "+1.69.0" "test" "--frozen", kill_on_drop: false }`
[INFO] [stdout] a1f4169d5ec1363a34e1a960b724661a2905e507bb14f41b4cf1c059b651fb39
[INFO] running `Command { std: "docker" "start" "-a" "a1f4169d5ec1363a34e1a960b724661a2905e507bb14f41b4cf1c059b651fb39", kill_on_drop: false }`
[INFO] [stderr]     Finished test [unoptimized + debuginfo] target(s) in 0.01s
[INFO] [stderr]      Running unittests src/lib.rs (/opt/rustwide/target/debug/deps/enumx_derive-ea15b6ef665e98eb)
[INFO] [stdout] 
[INFO] [stderr]    Doc-tests enumx_derive
[INFO] [stdout] running 0 tests
[INFO] [stdout] 
[INFO] [stdout] test result: ok. 0 passed; 0 failed; 0 ignored; 0 measured; 0 filtered out; finished in 0.00s
[INFO] [stdout] 
[INFO] [stdout] 
[INFO] [stdout] running 7 tests
[INFO] [stdout] test src/lib.rs - def_impls (line 310) - compile ... FAILED
[INFO] [stdout] test src/lib.rs - derive_exchange (line 546) - compile ... FAILED
[INFO] [stdout] test src/lib.rs - Enum (line 94) ... FAILED
[INFO] [stdout] test src/lib.rs - sum (line 1456) - compile ... FAILED
[INFO] [stdout] test src/lib.rs - sum_err (line 1574) ... FAILED
[INFO] [stdout] test src/lib.rs - sum_err (line 1586) ... FAILED
[INFO] [stdout] test src/lib.rs - Enum (line 107) ... ok
[INFO] [stdout] 
[INFO] [stdout] failures:
[INFO] [stdout] 
[INFO] [stdout] ---- src/lib.rs - def_impls (line 310) stdout ----
[INFO] [stdout] error: cannot find macro `def_impls` in this scope
[INFO] [stdout]  --> src/lib.rs:311:1
[INFO] [stdout]   |
[INFO] [stdout] 3 | def_impls! {
[INFO] [stdout]   | ^^^^^^^^^
[INFO] [stdout]   |
[INFO] [stdout]   = help: consider importing this macro:
[INFO] [stdout]           enumx_derive::def_impls
[INFO] [stdout] 
[INFO] [stdout] error: aborting due to previous error
[INFO] [stdout] 
[INFO] [stdout] Couldn't compile the test.
[INFO] [stdout] ---- src/lib.rs - derive_exchange (line 546) stdout ----
[INFO] [stdout] error: cannot find derive macro `Exchange` in this scope
[INFO] [stdout]  --> src/lib.rs:547:11
[INFO] [stdout]   |
[INFO] [stdout] 3 | #[derive( Exchange )]
[INFO] [stdout]   |           ^^^^^^^^
[INFO] [stdout]   |
[INFO] [stdout]   = help: consider importing this derive macro:
[INFO] [stdout]           enumx_derive::Exchange
[INFO] [stdout] 
[INFO] [stdout] error: aborting due to previous error
[INFO] [stdout] 
[INFO] [stdout] Couldn't compile the test.
[INFO] [stdout] ---- src/lib.rs - Enum (line 94) stdout ----
[INFO] [stdout] error[E0412]: cannot find type `Type0` in this scope
[INFO] [stdout]  --> src/lib.rs:96:9
[INFO] [stdout]   |
[INFO] [stdout] 4 |     _0( Type0 ),
[INFO] [stdout]   |         ^^^^^ not found in this scope
[INFO] [stdout] 
[INFO] [stdout] error[E0412]: cannot find type `Type1` in this scope
[INFO] [stdout]  --> src/lib.rs:97:9
[INFO] [stdout]   |
[INFO] [stdout] 5 |     _1( Type1 ),
[INFO] [stdout]   |         ^^^^^ not found in this scope
[INFO] [stdout] 
[INFO] [stdout] error[E0412]: cannot find type `TypeM` in this scope
[INFO] [stdout]  --> src/lib.rs:99:9
[INFO] [stdout]   |
[INFO] [stdout] 7 |     _M( TypeM ),
[INFO] [stdout]   |         ^^^^^ not found in this scope
[INFO] [stdout] 
[INFO] [stdout] error: aborting due to 3 previous errors
[INFO] [stdout] 
[INFO] [stdout] For more information about this error, try `rustc --explain E0412`.
[INFO] [stdout] Couldn't compile the test.
[INFO] [stdout] ---- src/lib.rs - sum (line 1456) stdout ----
[INFO] [stdout] error[E0658]: attributes on expressions are experimental
[INFO] [stdout]  --> src/lib.rs:1460:9
[INFO] [stdout]   |
[INFO] [stdout] 6 |         #[variant] 1_i32
[INFO] [stdout]   |         ^^^^^^^^^^
[INFO] [stdout]   |
[INFO] [stdout]   = note: see issue #15701 <https://github.com/rust-lang/rust/issues/15701> for more information
[INFO] [stdout] 
[INFO] [stdout] error[E0658]: attributes on expressions are experimental
[INFO] [stdout]  --> src/lib.rs:1462:9
[INFO] [stdout]   |
[INFO] [stdout] 8 |         #[variant] "false"
[INFO] [stdout]   |         ^^^^^^^^^^
[INFO] [stdout]   |
[INFO] [stdout]   = note: see issue #15701 <https://github.com/rust-lang/rust/issues/15701> for more information
[INFO] [stdout] 
[INFO] [stdout] error: cannot find attribute `sum` in this scope
[INFO] [stdout]  --> src/lib.rs:1457:3
[INFO] [stdout]   |
[INFO] [stdout] 3 | #[sum]
[INFO] [stdout]   |   ^^^
[INFO] [stdout]   |
[INFO] [stdout]   = help: consider importing this attribute macro:
[INFO] [stdout]           enumx_derive::sum
[INFO] [stdout] 
[INFO] [stdout] error: cannot find attribute `variant` in this scope
[INFO] [stdout]  --> src/lib.rs:1460:11
[INFO] [stdout]   |
[INFO] [stdout] 6 |         #[variant] 1_i32
[INFO] [stdout]   |           ^^^^^^^
[INFO] [stdout] 
[INFO] [stdout] error: cannot find attribute `variant` in this scope
[INFO] [stdout]  --> src/lib.rs:1462:11
[INFO] [stdout]   |
[INFO] [stdout] 8 |         #[variant] "false"
[INFO] [stdout]   |           ^^^^^^^
[INFO] [stdout] 
[INFO] [stdout] error[E0308]: `if` and `else` have incompatible types
[INFO] [stdout]  --> src/lib.rs:1462:20
[INFO] [stdout]   |
[INFO] [stdout] 5 | /     if cond {
[INFO] [stdout] 6 | |         #[variant] 1_i32
[INFO] [stdout]   | |                    ----- expected because of this
[INFO] [stdout] 7 | |     } else {
[INFO] [stdout] 8 | |         #[variant] "false"
[INFO] [stdout]   | |                    ^^^^^^^ expected `i32`, found `&str`
[INFO] [stdout] 9 | |     }
[INFO] [stdout]   | |_____- `if` and `else` have incompatible types
[INFO] [stdout]   |
[INFO] [stdout] help: you could change the return type to be a boxed trait object
[INFO] [stdout]   |
[INFO] [stdout] 4 | fn f( cond: bool ) -> Box<dyn Clone> {
[INFO] [stdout]   |                       ~~~~~~~      +
[INFO] [stdout] help: if you change the return type to expect trait objects, box the returned expressions
[INFO] [stdout]   |
[INFO] [stdout] 6 ~         #[variant] Box::new(1_i32)
[INFO] [stdout] 7 |     } else {
[INFO] [stdout] 8 ~         #[variant] Box::new("false")
[INFO] [stdout]   |
[INFO] [stdout] 
[INFO] [stdout] error: aborting due to 6 previous errors
[INFO] [stdout] 
[INFO] [stdout] Some errors have detailed explanations: E0308, E0658.
[INFO] [stdout] For more information about an error, try `rustc --explain E0308`.
[INFO] [stdout] Couldn't compile the test.
[INFO] [stdout] ---- src/lib.rs - sum_err (line 1574) stdout ----
[INFO] [stdout] error[E0658]: attributes on expressions are experimental
[INFO] [stdout]  --> src/lib.rs:1577:33
[INFO] [stdout]   |
[INFO] [stdout] 5 |     Err( error ) => return Err( #[variant] error ),
[INFO] [stdout]   |                                 ^^^^^^^^^^
[INFO] [stdout]   |
[INFO] [stdout]   = note: see issue #15701 <https://github.com/rust-lang/rust/issues/15701> for more information
[INFO] [stdout] 
[INFO] [stdout] error: cannot find attribute `variant` in this scope
[INFO] [stdout]  --> src/lib.rs:1577:35
[INFO] [stdout]   |
[INFO] [stdout] 5 |     Err( error ) => return Err( #[variant] error ),
[INFO] [stdout]   |                                   ^^^^^^^
[INFO] [stdout] 
[INFO] [stdout] error[E0425]: cannot find value `expr` in this scope
[INFO] [stdout]  --> src/lib.rs:1575:7
[INFO] [stdout]   |
[INFO] [stdout] 3 | match expr {
[INFO] [stdout]   |       ^^^^ not found in this scope
[INFO] [stdout] 
[INFO] [stdout] error[E0308]: mismatched types
[INFO] [stdout]  --> src/lib.rs:1577:28
[INFO] [stdout]   |
[INFO] [stdout] 2 | fn main() { #[allow(non_snake_case)] fn _doctest_main_src_lib_rs_1574_0() {
[INFO] [stdout]   |                                                                           - help: a return type might be missing here: `-> _`
[INFO] [stdout] ...
[INFO] [stdout] 5 |     Err( error ) => return Err( #[variant] error ),
[INFO] [stdout]   |                            ^^^^^^^^^^^^^^^^^^^^^^^ expected `()`, found `Result<_, _>`
[INFO] [stdout]   |
[INFO] [stdout]   = note: expected unit type `()`
[INFO] [stdout]                   found enum `Result<_, _>`
[INFO] [stdout] 
[INFO] [stdout] error: aborting due to 4 previous errors
[INFO] [stdout] 
[INFO] [stdout] Some errors have detailed explanations: E0308, E0425, E0658.
[INFO] [stdout] For more information about an error, try `rustc --explain E0308`.
[INFO] [stdout] Couldn't compile the test.
[INFO] [stdout] ---- src/lib.rs - sum_err (line 1586) stdout ----
[INFO] [stdout] error: cannot find attribute `sum_err` in this scope
[INFO] [stdout]  --> src/lib.rs:1587:3
[INFO] [stdout]   |
[INFO] [stdout] 3 | #[sum_err]
[INFO] [stdout]   |   ^^^^^^^
[INFO] [stdout]   |
[INFO] [stdout]   = help: consider importing this attribute macro:
[INFO] [stdout]           enumx_derive::sum_err
[INFO] [stdout] 
[INFO] [stdout] error: cannot find attribute `sum` in this scope
[INFO] [stdout]  --> src/lib.rs:1588:3
[INFO] [stdout]   |
[INFO] [stdout] 4 | #[sum( impl Clone )]
[INFO] [stdout]   |   ^^^
[INFO] [stdout]   |
[INFO] [stdout]   = help: consider importing this attribute macro:
[INFO] [stdout]           enumx_derive::sum
[INFO] [stdout] 
[INFO] [stdout] error[E0282]: type annotations needed
[INFO] [stdout]  --> src/lib.rs:1591:14
[INFO] [stdout]   |
[INFO] [stdout] 7 |         0 => Ok(()),
[INFO] [stdout]   |              ^^ cannot infer type of the type parameter `E` declared on the enum `Result`
[INFO] [stdout]   |
[INFO] [stdout] help: consider specifying the generic arguments
[INFO] [stdout]   |
[INFO] [stdout] 7 |         0 => Ok::<(), E>(()),
[INFO] [stdout]   |                +++++++++
[INFO] [stdout] 
[INFO] [stdout] error: aborting due to 3 previous errors
[INFO] [stdout] 
[INFO] [stdout] For more information about this error, try `rustc --explain E0282`.
[INFO] [stdout] Couldn't compile the test.
[INFO] [stdout] 
[INFO] [stdout] failures:
[INFO] [stdout]     src/lib.rs - Enum (line 94)
[INFO] [stdout]     src/lib.rs - def_impls (line 310)
[INFO] [stdout]     src/lib.rs - derive_exchange (line 546)
[INFO] [stdout]     src/lib.rs - sum (line 1456)
[INFO] [stdout]     src/lib.rs - sum_err (line 1574)
[INFO] [stdout]     src/lib.rs - sum_err (line 1586)
[INFO] [stdout] 
[INFO] [stdout] test result: FAILED. 1 passed; 6 failed; 0 ignored; 0 measured; 0 filtered out; finished in 0.34s
[INFO] [stdout] 
[INFO] [stderr] error: doctest failed, to rerun pass `--doc`
[INFO] running `Command { std: "docker" "inspect" "a1f4169d5ec1363a34e1a960b724661a2905e507bb14f41b4cf1c059b651fb39", kill_on_drop: false }`
[INFO] running `Command { std: "docker" "rm" "-f" "a1f4169d5ec1363a34e1a960b724661a2905e507bb14f41b4cf1c059b651fb39", kill_on_drop: false }`
[INFO] [stdout] a1f4169d5ec1363a34e1a960b724661a2905e507bb14f41b4cf1c059b651fb39
