[INFO] fetching crate enum_const_derive 0.1.1...
[INFO] testing enum_const_derive-0.1.1 against 1.69.0 for beta-1.70-1
[INFO] extracting crate enum_const_derive 0.1.1 into /workspace/builds/worker-3-tc1/source
[INFO] validating manifest of crates.io crate enum_const_derive 0.1.1 on toolchain 1.69.0
[INFO] running `Command { std: CARGO_HOME="/workspace/cargo-home" RUSTUP_HOME="/workspace/rustup-home" "/workspace/cargo-home/bin/cargo" "+1.69.0" "metadata" "--manifest-path" "Cargo.toml" "--no-deps", kill_on_drop: false }`
[INFO] started tweaking crates.io crate enum_const_derive 0.1.1
[INFO] finished tweaking crates.io crate enum_const_derive 0.1.1
[INFO] tweaked toml for crates.io crate enum_const_derive 0.1.1 written to /workspace/builds/worker-3-tc1/source/Cargo.toml
[INFO] running `Command { std: CARGO_HOME="/workspace/cargo-home" RUSTUP_HOME="/workspace/rustup-home" __CARGO_TEST_CHANNEL_OVERRIDE_DO_NOT_USE_THIS="nightly" "/workspace/cargo-home/bin/cargo" "+1.69.0" "generate-lockfile" "--manifest-path" "Cargo.toml" "-Zno-index-update", kill_on_drop: false }`
[INFO] running `Command { std: CARGO_HOME="/workspace/cargo-home" RUSTUP_HOME="/workspace/rustup-home" "/workspace/cargo-home/bin/cargo" "+1.69.0" "fetch" "--manifest-path" "Cargo.toml", kill_on_drop: false }`
[INFO] running `Command { std: "docker" "create" "-v" "/var/lib/crater-agent-workspace/builds/worker-3-tc1/target:/opt/rustwide/target:rw,Z" "-v" "/var/lib/crater-agent-workspace/builds/worker-3-tc1/source:/opt/rustwide/workdir:ro,Z" "-v" "/var/lib/crater-agent-workspace/cargo-home:/opt/rustwide/cargo-home:ro,Z" "-v" "/var/lib/crater-agent-workspace/rustup-home:/opt/rustwide/rustup-home:ro,Z" "-e" "SOURCE_DIR=/opt/rustwide/workdir" "-e" "CARGO_TARGET_DIR=/opt/rustwide/target" "-e" "CARGO_HOME=/opt/rustwide/cargo-home" "-e" "RUSTUP_HOME=/opt/rustwide/rustup-home" "-w" "/opt/rustwide/workdir" "-m" "1610612736" "--user" "0:0" "--network" "none" "ghcr.io/rust-lang/crates-build-env/linux@sha256:5ff2268d62e97bff2cde7d5815dd6ed5b47097566f13b8d0ca110b04b60e07ed" "/opt/rustwide/cargo-home/bin/cargo" "+1.69.0" "metadata" "--no-deps" "--format-version=1", kill_on_drop: false }`
[INFO] [stdout] 2ea91780f478754d3c920e1cde75112e77803701d1c999565ae11dce6f88fed8
[INFO] running `Command { std: "docker" "start" "-a" "2ea91780f478754d3c920e1cde75112e77803701d1c999565ae11dce6f88fed8", kill_on_drop: false }`
[INFO] running `Command { std: "docker" "inspect" "2ea91780f478754d3c920e1cde75112e77803701d1c999565ae11dce6f88fed8", kill_on_drop: false }`
[INFO] running `Command { std: "docker" "rm" "-f" "2ea91780f478754d3c920e1cde75112e77803701d1c999565ae11dce6f88fed8", kill_on_drop: false }`
[INFO] [stdout] 2ea91780f478754d3c920e1cde75112e77803701d1c999565ae11dce6f88fed8
[INFO] running `Command { std: "docker" "create" "-v" "/var/lib/crater-agent-workspace/builds/worker-3-tc1/target:/opt/rustwide/target:rw,Z" "-v" "/var/lib/crater-agent-workspace/builds/worker-3-tc1/source:/opt/rustwide/workdir:ro,Z" "-v" "/var/lib/crater-agent-workspace/cargo-home:/opt/rustwide/cargo-home:ro,Z" "-v" "/var/lib/crater-agent-workspace/rustup-home:/opt/rustwide/rustup-home:ro,Z" "-e" "SOURCE_DIR=/opt/rustwide/workdir" "-e" "CARGO_TARGET_DIR=/opt/rustwide/target" "-e" "CARGO_INCREMENTAL=0" "-e" "RUST_BACKTRACE=full" "-e" "RUSTFLAGS=--cap-lints=warn" "-e" "RUSTDOCFLAGS=--cap-lints=warn" "-e" "CARGO_HOME=/opt/rustwide/cargo-home" "-e" "RUSTUP_HOME=/opt/rustwide/rustup-home" "-w" "/opt/rustwide/workdir" "-m" "1610612736" "--user" "0:0" "--network" "none" "ghcr.io/rust-lang/crates-build-env/linux@sha256:5ff2268d62e97bff2cde7d5815dd6ed5b47097566f13b8d0ca110b04b60e07ed" "/opt/rustwide/cargo-home/bin/cargo" "+1.69.0" "build" "--frozen" "--message-format=json", kill_on_drop: false }`
[INFO] [stdout] 0773a1980ba749fd46da9b482960b4a8497518473dc40e87f3ce44695775128b
[INFO] running `Command { std: "docker" "start" "-a" "0773a1980ba749fd46da9b482960b4a8497518473dc40e87f3ce44695775128b", kill_on_drop: false }`
[INFO] [stderr]    Compiling enum_const_derive v0.1.1 (/opt/rustwide/workdir)
[INFO] [stderr]     Finished dev [unoptimized + debuginfo] target(s) in 0.85s
[INFO] running `Command { std: "docker" "inspect" "0773a1980ba749fd46da9b482960b4a8497518473dc40e87f3ce44695775128b", kill_on_drop: false }`
[INFO] running `Command { std: "docker" "rm" "-f" "0773a1980ba749fd46da9b482960b4a8497518473dc40e87f3ce44695775128b", kill_on_drop: false }`
[INFO] [stdout] 0773a1980ba749fd46da9b482960b4a8497518473dc40e87f3ce44695775128b
[INFO] running `Command { std: "docker" "create" "-v" "/var/lib/crater-agent-workspace/builds/worker-3-tc1/target:/opt/rustwide/target:rw,Z" "-v" "/var/lib/crater-agent-workspace/builds/worker-3-tc1/source:/opt/rustwide/workdir:ro,Z" "-v" "/var/lib/crater-agent-workspace/cargo-home:/opt/rustwide/cargo-home:ro,Z" "-v" "/var/lib/crater-agent-workspace/rustup-home:/opt/rustwide/rustup-home:ro,Z" "-e" "SOURCE_DIR=/opt/rustwide/workdir" "-e" "CARGO_TARGET_DIR=/opt/rustwide/target" "-e" "CARGO_INCREMENTAL=0" "-e" "RUST_BACKTRACE=full" "-e" "RUSTFLAGS=--cap-lints=warn" "-e" "RUSTDOCFLAGS=--cap-lints=warn" "-e" "CARGO_HOME=/opt/rustwide/cargo-home" "-e" "RUSTUP_HOME=/opt/rustwide/rustup-home" "-w" "/opt/rustwide/workdir" "-m" "1610612736" "--user" "0:0" "--network" "none" "ghcr.io/rust-lang/crates-build-env/linux@sha256:5ff2268d62e97bff2cde7d5815dd6ed5b47097566f13b8d0ca110b04b60e07ed" "/opt/rustwide/cargo-home/bin/cargo" "+1.69.0" "test" "--frozen" "--no-run" "--message-format=json", kill_on_drop: false }`
[INFO] [stdout] a720f27be93e81fe91ed66c6193d8f8b89f28781ea65b2f3aed2bfdcf97938a7
[INFO] running `Command { std: "docker" "start" "-a" "a720f27be93e81fe91ed66c6193d8f8b89f28781ea65b2f3aed2bfdcf97938a7", kill_on_drop: false }`
[INFO] [stderr]    Compiling enum_const_derive v0.1.1 (/opt/rustwide/workdir)
[INFO] [stderr]     Finished test [unoptimized + debuginfo] target(s) in 0.76s
[INFO] running `Command { std: "docker" "inspect" "a720f27be93e81fe91ed66c6193d8f8b89f28781ea65b2f3aed2bfdcf97938a7", kill_on_drop: false }`
[INFO] running `Command { std: "docker" "rm" "-f" "a720f27be93e81fe91ed66c6193d8f8b89f28781ea65b2f3aed2bfdcf97938a7", kill_on_drop: false }`
[INFO] [stdout] a720f27be93e81fe91ed66c6193d8f8b89f28781ea65b2f3aed2bfdcf97938a7
[INFO] running `Command { std: "docker" "create" "-v" "/var/lib/crater-agent-workspace/builds/worker-3-tc1/target:/opt/rustwide/target:rw,Z" "-v" "/var/lib/crater-agent-workspace/builds/worker-3-tc1/source:/opt/rustwide/workdir:ro,Z" "-v" "/var/lib/crater-agent-workspace/cargo-home:/opt/rustwide/cargo-home:ro,Z" "-v" "/var/lib/crater-agent-workspace/rustup-home:/opt/rustwide/rustup-home:ro,Z" "-e" "SOURCE_DIR=/opt/rustwide/workdir" "-e" "CARGO_TARGET_DIR=/opt/rustwide/target" "-e" "CARGO_INCREMENTAL=0" "-e" "RUST_BACKTRACE=full" "-e" "RUSTFLAGS=--cap-lints=warn" "-e" "RUSTDOCFLAGS=--cap-lints=warn" "-e" "CARGO_HOME=/opt/rustwide/cargo-home" "-e" "RUSTUP_HOME=/opt/rustwide/rustup-home" "-w" "/opt/rustwide/workdir" "-m" "1610612736" "--user" "0:0" "--network" "none" "ghcr.io/rust-lang/crates-build-env/linux@sha256:5ff2268d62e97bff2cde7d5815dd6ed5b47097566f13b8d0ca110b04b60e07ed" "/opt/rustwide/cargo-home/bin/cargo" "+1.69.0" "test" "--frozen", kill_on_drop: false }`
[INFO] [stdout] 8a1eb6e146caac1d22bcafec9d58ddfc93ce872a5f7233aa9f4058f626809140
[INFO] running `Command { std: "docker" "start" "-a" "8a1eb6e146caac1d22bcafec9d58ddfc93ce872a5f7233aa9f4058f626809140", kill_on_drop: false }`
[INFO] [stderr]     Finished test [unoptimized + debuginfo] target(s) in 0.01s
[INFO] [stderr]      Running unittests src/lib.rs (/opt/rustwide/target/debug/deps/enum_const_derive-219487d976b63b5b)
[INFO] [stdout] 
[INFO] [stdout] running 0 tests
[INFO] [stdout] 
[INFO] [stdout] test result: ok. 0 passed; 0 failed; 0 ignored; 0 measured; 0 filtered out; finished in 0.00s
[INFO] [stdout] 
[INFO] [stderr]    Doc-tests enum_const_derive
[INFO] [stdout] 
[INFO] [stdout] running 1 test
[INFO] [stdout] test src/lib.rs - enum_const (line 8) ... FAILED
[INFO] [stdout] 
[INFO] [stdout] failures:
[INFO] [stdout] 
[INFO] [stdout] ---- src/lib.rs - enum_const (line 8) stdout ----
[INFO] [stdout] error: cannot find derive macro `EnumConst` in this scope
[INFO] [stdout]  --> src/lib.rs:9:10
[INFO] [stdout]   |
[INFO] [stdout] 3 | #[derive(EnumConst)]
[INFO] [stdout]   |          ^^^^^^^^^
[INFO] [stdout]   |
[INFO] [stdout]   = help: consider importing this derive macro:
[INFO] [stdout]           enum_const_derive::EnumConst
[INFO] [stdout] 
[INFO] [stdout] error[E0433]: failed to resolve: could not find `enum_const` in the list of imported crates
[INFO] [stdout]   --> src/lib.rs:18:8
[INFO] [stdout]    |
[INFO] [stdout] 12 | impl ::enum_const::EnumConst for Foo {
[INFO] [stdout]    |        ^^^^^^^^^^ could not find `enum_const` in the list of imported crates
[INFO] [stdout] 
[INFO] [stdout] error: aborting due to 2 previous errors
[INFO] [stdout] 
[INFO] [stdout] For more information about this error, try `rustc --explain E0433`.
[INFO] [stdout] Couldn't compile the test.
[INFO] [stdout] 
[INFO] [stdout] failures:
[INFO] [stdout]     src/lib.rs - enum_const (line 8)
[INFO] [stdout] 
[INFO] [stdout] test result: FAILED. 0 passed; 1 failed; 0 ignored; 0 measured; 0 filtered out; finished in 0.07s
[INFO] [stdout] 
[INFO] [stderr] error: doctest failed, to rerun pass `--doc`
[INFO] running `Command { std: "docker" "inspect" "8a1eb6e146caac1d22bcafec9d58ddfc93ce872a5f7233aa9f4058f626809140", kill_on_drop: false }`
[INFO] running `Command { std: "docker" "rm" "-f" "8a1eb6e146caac1d22bcafec9d58ddfc93ce872a5f7233aa9f4058f626809140", kill_on_drop: false }`
[INFO] [stdout] 8a1eb6e146caac1d22bcafec9d58ddfc93ce872a5f7233aa9f4058f626809140
