[INFO] fetching crate enum-tags-macros 0.1.0...
[INFO] testing enum-tags-macros-0.1.0 against beta-2023-04-20 for beta-1.70-1
[INFO] extracting crate enum-tags-macros 0.1.0 into /workspace/builds/worker-5-tc2/source
[INFO] validating manifest of crates.io crate enum-tags-macros 0.1.0 on toolchain beta-2023-04-20
[INFO] running `Command { std: CARGO_HOME="/workspace/cargo-home" RUSTUP_HOME="/workspace/rustup-home" "/workspace/cargo-home/bin/cargo" "+beta-2023-04-20" "metadata" "--manifest-path" "Cargo.toml" "--no-deps", kill_on_drop: false }`
[INFO] started tweaking crates.io crate enum-tags-macros 0.1.0
[INFO] finished tweaking crates.io crate enum-tags-macros 0.1.0
[INFO] tweaked toml for crates.io crate enum-tags-macros 0.1.0 written to /workspace/builds/worker-5-tc2/source/Cargo.toml
[INFO] running `Command { std: CARGO_HOME="/workspace/cargo-home" RUSTUP_HOME="/workspace/rustup-home" __CARGO_TEST_CHANNEL_OVERRIDE_DO_NOT_USE_THIS="nightly" "/workspace/cargo-home/bin/cargo" "+beta-2023-04-20" "generate-lockfile" "--manifest-path" "Cargo.toml" "-Zno-index-update", kill_on_drop: false }`
[INFO] running `Command { std: CARGO_HOME="/workspace/cargo-home" RUSTUP_HOME="/workspace/rustup-home" "/workspace/cargo-home/bin/cargo" "+beta-2023-04-20" "fetch" "--manifest-path" "Cargo.toml", kill_on_drop: false }`
[INFO] running `Command { std: "docker" "create" "-v" "/var/lib/crater-agent-workspace/builds/worker-5-tc2/target:/opt/rustwide/target:rw,Z" "-v" "/var/lib/crater-agent-workspace/builds/worker-5-tc2/source:/opt/rustwide/workdir:ro,Z" "-v" "/var/lib/crater-agent-workspace/cargo-home:/opt/rustwide/cargo-home:ro,Z" "-v" "/var/lib/crater-agent-workspace/rustup-home:/opt/rustwide/rustup-home:ro,Z" "-e" "SOURCE_DIR=/opt/rustwide/workdir" "-e" "CARGO_TARGET_DIR=/opt/rustwide/target" "-e" "CARGO_HOME=/opt/rustwide/cargo-home" "-e" "RUSTUP_HOME=/opt/rustwide/rustup-home" "-w" "/opt/rustwide/workdir" "-m" "1610612736" "--user" "0:0" "--network" "none" "ghcr.io/rust-lang/crates-build-env/linux@sha256:5ff2268d62e97bff2cde7d5815dd6ed5b47097566f13b8d0ca110b04b60e07ed" "/opt/rustwide/cargo-home/bin/cargo" "+beta-2023-04-20" "metadata" "--no-deps" "--format-version=1", kill_on_drop: false }`
[INFO] [stdout] 29a71d4f6dcc80c8c5d89a3005c5bf2189b1efe434f29921b9e4163fa67d9a35
[INFO] running `Command { std: "docker" "start" "-a" "29a71d4f6dcc80c8c5d89a3005c5bf2189b1efe434f29921b9e4163fa67d9a35", kill_on_drop: false }`
[INFO] running `Command { std: "docker" "inspect" "29a71d4f6dcc80c8c5d89a3005c5bf2189b1efe434f29921b9e4163fa67d9a35", kill_on_drop: false }`
[INFO] running `Command { std: "docker" "rm" "-f" "29a71d4f6dcc80c8c5d89a3005c5bf2189b1efe434f29921b9e4163fa67d9a35", kill_on_drop: false }`
[INFO] [stdout] 29a71d4f6dcc80c8c5d89a3005c5bf2189b1efe434f29921b9e4163fa67d9a35
[INFO] running `Command { std: "docker" "create" "-v" "/var/lib/crater-agent-workspace/builds/worker-5-tc2/target:/opt/rustwide/target:rw,Z" "-v" "/var/lib/crater-agent-workspace/builds/worker-5-tc2/source:/opt/rustwide/workdir:ro,Z" "-v" "/var/lib/crater-agent-workspace/cargo-home:/opt/rustwide/cargo-home:ro,Z" "-v" "/var/lib/crater-agent-workspace/rustup-home:/opt/rustwide/rustup-home:ro,Z" "-e" "SOURCE_DIR=/opt/rustwide/workdir" "-e" "CARGO_TARGET_DIR=/opt/rustwide/target" "-e" "CARGO_INCREMENTAL=0" "-e" "RUST_BACKTRACE=full" "-e" "RUSTFLAGS=--cap-lints=warn" "-e" "RUSTDOCFLAGS=--cap-lints=warn" "-e" "CARGO_HOME=/opt/rustwide/cargo-home" "-e" "RUSTUP_HOME=/opt/rustwide/rustup-home" "-w" "/opt/rustwide/workdir" "-m" "1610612736" "--user" "0:0" "--network" "none" "ghcr.io/rust-lang/crates-build-env/linux@sha256:5ff2268d62e97bff2cde7d5815dd6ed5b47097566f13b8d0ca110b04b60e07ed" "/opt/rustwide/cargo-home/bin/cargo" "+beta-2023-04-20" "build" "--frozen" "--message-format=json", kill_on_drop: false }`
[INFO] [stdout] 07e2e13960103e1e808b18e669442175d3b977108095ead1503ac36071c73f7a
[INFO] running `Command { std: "docker" "start" "-a" "07e2e13960103e1e808b18e669442175d3b977108095ead1503ac36071c73f7a", kill_on_drop: false }`
[INFO] [stderr]    Compiling proc-macro2 v1.0.56
[INFO] [stderr]    Compiling quote v1.0.26
[INFO] [stderr]    Compiling unicode-ident v1.0.8
[INFO] [stderr]    Compiling syn v1.0.109
[INFO] [stderr]    Compiling enum-tags-macros v0.1.0 (/opt/rustwide/workdir)
[INFO] [stderr]     Finished dev [unoptimized + debuginfo] target(s) in 4.73s
[INFO] running `Command { std: "docker" "inspect" "07e2e13960103e1e808b18e669442175d3b977108095ead1503ac36071c73f7a", kill_on_drop: false }`
[INFO] running `Command { std: "docker" "rm" "-f" "07e2e13960103e1e808b18e669442175d3b977108095ead1503ac36071c73f7a", kill_on_drop: false }`
[INFO] [stdout] 07e2e13960103e1e808b18e669442175d3b977108095ead1503ac36071c73f7a
[INFO] running `Command { std: "docker" "create" "-v" "/var/lib/crater-agent-workspace/builds/worker-5-tc2/target:/opt/rustwide/target:rw,Z" "-v" "/var/lib/crater-agent-workspace/builds/worker-5-tc2/source:/opt/rustwide/workdir:ro,Z" "-v" "/var/lib/crater-agent-workspace/cargo-home:/opt/rustwide/cargo-home:ro,Z" "-v" "/var/lib/crater-agent-workspace/rustup-home:/opt/rustwide/rustup-home:ro,Z" "-e" "SOURCE_DIR=/opt/rustwide/workdir" "-e" "CARGO_TARGET_DIR=/opt/rustwide/target" "-e" "CARGO_INCREMENTAL=0" "-e" "RUST_BACKTRACE=full" "-e" "RUSTFLAGS=--cap-lints=warn" "-e" "RUSTDOCFLAGS=--cap-lints=warn" "-e" "CARGO_HOME=/opt/rustwide/cargo-home" "-e" "RUSTUP_HOME=/opt/rustwide/rustup-home" "-w" "/opt/rustwide/workdir" "-m" "1610612736" "--user" "0:0" "--network" "none" "ghcr.io/rust-lang/crates-build-env/linux@sha256:5ff2268d62e97bff2cde7d5815dd6ed5b47097566f13b8d0ca110b04b60e07ed" "/opt/rustwide/cargo-home/bin/cargo" "+beta-2023-04-20" "test" "--frozen" "--no-run" "--message-format=json", kill_on_drop: false }`
[INFO] [stdout] 8ec5c672cc5f3932b9d0ed92dedc20355dc3055322f73ac27049e6a7b5e021c3
[INFO] running `Command { std: "docker" "start" "-a" "8ec5c672cc5f3932b9d0ed92dedc20355dc3055322f73ac27049e6a7b5e021c3", kill_on_drop: false }`
[INFO] [stderr]    Compiling enum-tags-macros v0.1.0 (/opt/rustwide/workdir)
[INFO] [stderr]     Finished test [unoptimized + debuginfo] target(s) in 0.50s
[INFO] running `Command { std: "docker" "inspect" "8ec5c672cc5f3932b9d0ed92dedc20355dc3055322f73ac27049e6a7b5e021c3", kill_on_drop: false }`
[INFO] running `Command { std: "docker" "rm" "-f" "8ec5c672cc5f3932b9d0ed92dedc20355dc3055322f73ac27049e6a7b5e021c3", kill_on_drop: false }`
[INFO] [stdout] 8ec5c672cc5f3932b9d0ed92dedc20355dc3055322f73ac27049e6a7b5e021c3
[INFO] running `Command { std: "docker" "create" "-v" "/var/lib/crater-agent-workspace/builds/worker-5-tc2/target:/opt/rustwide/target:rw,Z" "-v" "/var/lib/crater-agent-workspace/builds/worker-5-tc2/source:/opt/rustwide/workdir:ro,Z" "-v" "/var/lib/crater-agent-workspace/cargo-home:/opt/rustwide/cargo-home:ro,Z" "-v" "/var/lib/crater-agent-workspace/rustup-home:/opt/rustwide/rustup-home:ro,Z" "-e" "SOURCE_DIR=/opt/rustwide/workdir" "-e" "CARGO_TARGET_DIR=/opt/rustwide/target" "-e" "CARGO_INCREMENTAL=0" "-e" "RUST_BACKTRACE=full" "-e" "RUSTFLAGS=--cap-lints=warn" "-e" "RUSTDOCFLAGS=--cap-lints=warn" "-e" "CARGO_HOME=/opt/rustwide/cargo-home" "-e" "RUSTUP_HOME=/opt/rustwide/rustup-home" "-w" "/opt/rustwide/workdir" "-m" "1610612736" "--user" "0:0" "--network" "none" "ghcr.io/rust-lang/crates-build-env/linux@sha256:5ff2268d62e97bff2cde7d5815dd6ed5b47097566f13b8d0ca110b04b60e07ed" "/opt/rustwide/cargo-home/bin/cargo" "+beta-2023-04-20" "test" "--frozen", kill_on_drop: false }`
[INFO] [stdout] 87e3c19dadfc4eee28c7022396bce1e535a132d5b6045efe23e117b7261837be
[INFO] running `Command { std: "docker" "start" "-a" "87e3c19dadfc4eee28c7022396bce1e535a132d5b6045efe23e117b7261837be", kill_on_drop: false }`
[INFO] [stderr]     Finished test [unoptimized + debuginfo] target(s) in 0.00s
[INFO] [stderr]      Running unittests src/lib.rs (/opt/rustwide/target/debug/deps/enum_tags_macros-85d5dd99d51ccb2b)
[INFO] [stdout] 
[INFO] [stdout] running 0 tests
[INFO] [stdout] 
[INFO] [stdout] test result: ok. 0 passed; 0 failed; 0 ignored; 0 measured; 0 filtered out; finished in 0.00s
[INFO] [stdout] 
[INFO] [stderr]    Doc-tests enum-tags-macros
[INFO] [stdout] 
[INFO] [stdout] running 1 test
[INFO] [stdout] test src/lib.rs - enum_tag (line 8) ... FAILED
[INFO] [stdout] 
[INFO] [stdout] failures:
[INFO] [stdout] 
[INFO] [stdout] ---- src/lib.rs - enum_tag (line 8) stdout ----
[INFO] [stdout] error[E0432]: unresolved import `enum_tags`
[INFO] [stdout]  --> src/lib.rs:9:5
[INFO] [stdout]   |
[INFO] [stdout] 3 | use enum_tags::*;
[INFO] [stdout]   |     ^^^^^^^^^ use of undeclared crate or module `enum_tags`
[INFO] [stdout] 
[INFO] [stdout] error: cannot find derive macro `Tag` in this scope
[INFO] [stdout]  --> src/lib.rs:10:10
[INFO] [stdout]   |
[INFO] [stdout] 4 | #[derive(Tag)]
[INFO] [stdout]   |          ^^^
[INFO] [stdout]   |
[INFO] [stdout]   = help: consider importing this derive macro:
[INFO] [stdout]           enum_tags_macros::Tag
[INFO] [stdout] 
[INFO] [stdout] error: aborting due to 2 previous errors
[INFO] [stdout] 
[INFO] [stdout] For more information about this error, try `rustc --explain E0432`.
[INFO] [stdout] Couldn't compile the test.
[INFO] [stdout] 
[INFO] [stdout] failures:
[INFO] [stdout]     src/lib.rs - enum_tag (line 8)
[INFO] [stdout] 
[INFO] [stdout] test result: FAILED. 0 passed; 1 failed; 0 ignored; 0 measured; 0 filtered out; finished in 0.04s
[INFO] [stdout] 
[INFO] [stderr] error: doctest failed, to rerun pass `--doc`
[INFO] running `Command { std: "docker" "inspect" "87e3c19dadfc4eee28c7022396bce1e535a132d5b6045efe23e117b7261837be", kill_on_drop: false }`
[INFO] running `Command { std: "docker" "rm" "-f" "87e3c19dadfc4eee28c7022396bce1e535a132d5b6045efe23e117b7261837be", kill_on_drop: false }`
[INFO] [stdout] 87e3c19dadfc4eee28c7022396bce1e535a132d5b6045efe23e117b7261837be
