[INFO] fetching crate endio_bit 0.2.0...
[INFO] testing endio_bit-0.2.0 against beta-2023-04-20 for beta-1.70-1
[INFO] extracting crate endio_bit 0.2.0 into /workspace/builds/worker-4-tc2/source
[INFO] validating manifest of crates.io crate endio_bit 0.2.0 on toolchain beta-2023-04-20
[INFO] running `Command { std: CARGO_HOME="/workspace/cargo-home" RUSTUP_HOME="/workspace/rustup-home" "/workspace/cargo-home/bin/cargo" "+beta-2023-04-20" "metadata" "--manifest-path" "Cargo.toml" "--no-deps", kill_on_drop: false }`
[INFO] started tweaking crates.io crate endio_bit 0.2.0
[INFO] finished tweaking crates.io crate endio_bit 0.2.0
[INFO] tweaked toml for crates.io crate endio_bit 0.2.0 written to /workspace/builds/worker-4-tc2/source/Cargo.toml
[INFO] running `Command { std: CARGO_HOME="/workspace/cargo-home" RUSTUP_HOME="/workspace/rustup-home" __CARGO_TEST_CHANNEL_OVERRIDE_DO_NOT_USE_THIS="nightly" "/workspace/cargo-home/bin/cargo" "+beta-2023-04-20" "generate-lockfile" "--manifest-path" "Cargo.toml" "-Zno-index-update", kill_on_drop: false }`
[INFO] running `Command { std: CARGO_HOME="/workspace/cargo-home" RUSTUP_HOME="/workspace/rustup-home" "/workspace/cargo-home/bin/cargo" "+beta-2023-04-20" "fetch" "--manifest-path" "Cargo.toml", kill_on_drop: false }`
[INFO] running `Command { std: "docker" "create" "-v" "/var/lib/crater-agent-workspace/builds/worker-4-tc2/target:/opt/rustwide/target:rw,Z" "-v" "/var/lib/crater-agent-workspace/builds/worker-4-tc2/source:/opt/rustwide/workdir:ro,Z" "-v" "/var/lib/crater-agent-workspace/cargo-home:/opt/rustwide/cargo-home:ro,Z" "-v" "/var/lib/crater-agent-workspace/rustup-home:/opt/rustwide/rustup-home:ro,Z" "-e" "SOURCE_DIR=/opt/rustwide/workdir" "-e" "CARGO_TARGET_DIR=/opt/rustwide/target" "-e" "CARGO_HOME=/opt/rustwide/cargo-home" "-e" "RUSTUP_HOME=/opt/rustwide/rustup-home" "-w" "/opt/rustwide/workdir" "-m" "1610612736" "--user" "0:0" "--network" "none" "ghcr.io/rust-lang/crates-build-env/linux@sha256:5ff2268d62e97bff2cde7d5815dd6ed5b47097566f13b8d0ca110b04b60e07ed" "/opt/rustwide/cargo-home/bin/cargo" "+beta-2023-04-20" "metadata" "--no-deps" "--format-version=1", kill_on_drop: false }`
[INFO] [stdout] 2d2133332e335a46593f02be954b0338e146e9bf33472ea2cb4122d4bd78ff1a
[INFO] running `Command { std: "docker" "start" "-a" "2d2133332e335a46593f02be954b0338e146e9bf33472ea2cb4122d4bd78ff1a", kill_on_drop: false }`
[INFO] running `Command { std: "docker" "inspect" "2d2133332e335a46593f02be954b0338e146e9bf33472ea2cb4122d4bd78ff1a", kill_on_drop: false }`
[INFO] running `Command { std: "docker" "rm" "-f" "2d2133332e335a46593f02be954b0338e146e9bf33472ea2cb4122d4bd78ff1a", kill_on_drop: false }`
[INFO] [stdout] 2d2133332e335a46593f02be954b0338e146e9bf33472ea2cb4122d4bd78ff1a
[INFO] running `Command { std: "docker" "create" "-v" "/var/lib/crater-agent-workspace/builds/worker-4-tc2/target:/opt/rustwide/target:rw,Z" "-v" "/var/lib/crater-agent-workspace/builds/worker-4-tc2/source:/opt/rustwide/workdir:ro,Z" "-v" "/var/lib/crater-agent-workspace/cargo-home:/opt/rustwide/cargo-home:ro,Z" "-v" "/var/lib/crater-agent-workspace/rustup-home:/opt/rustwide/rustup-home:ro,Z" "-e" "SOURCE_DIR=/opt/rustwide/workdir" "-e" "CARGO_TARGET_DIR=/opt/rustwide/target" "-e" "CARGO_INCREMENTAL=0" "-e" "RUST_BACKTRACE=full" "-e" "RUSTFLAGS=--cap-lints=warn" "-e" "RUSTDOCFLAGS=--cap-lints=warn" "-e" "CARGO_HOME=/opt/rustwide/cargo-home" "-e" "RUSTUP_HOME=/opt/rustwide/rustup-home" "-w" "/opt/rustwide/workdir" "-m" "1610612736" "--user" "0:0" "--network" "none" "ghcr.io/rust-lang/crates-build-env/linux@sha256:5ff2268d62e97bff2cde7d5815dd6ed5b47097566f13b8d0ca110b04b60e07ed" "/opt/rustwide/cargo-home/bin/cargo" "+beta-2023-04-20" "build" "--frozen" "--message-format=json", kill_on_drop: false }`
[INFO] [stdout] 0fbfa05f41d9958aa3d08338c1fecd7183773fa2950cf5348dba8753f9983d84
[INFO] running `Command { std: "docker" "start" "-a" "0fbfa05f41d9958aa3d08338c1fecd7183773fa2950cf5348dba8753f9983d84", kill_on_drop: false }`
[INFO] [stderr]    Compiling endio_bit v0.2.0 (/opt/rustwide/workdir)
[INFO] [stderr]     Finished dev [unoptimized + debuginfo] target(s) in 0.13s
[INFO] running `Command { std: "docker" "inspect" "0fbfa05f41d9958aa3d08338c1fecd7183773fa2950cf5348dba8753f9983d84", kill_on_drop: false }`
[INFO] running `Command { std: "docker" "rm" "-f" "0fbfa05f41d9958aa3d08338c1fecd7183773fa2950cf5348dba8753f9983d84", kill_on_drop: false }`
[INFO] [stdout] 0fbfa05f41d9958aa3d08338c1fecd7183773fa2950cf5348dba8753f9983d84
[INFO] running `Command { std: "docker" "create" "-v" "/var/lib/crater-agent-workspace/builds/worker-4-tc2/target:/opt/rustwide/target:rw,Z" "-v" "/var/lib/crater-agent-workspace/builds/worker-4-tc2/source:/opt/rustwide/workdir:ro,Z" "-v" "/var/lib/crater-agent-workspace/cargo-home:/opt/rustwide/cargo-home:ro,Z" "-v" "/var/lib/crater-agent-workspace/rustup-home:/opt/rustwide/rustup-home:ro,Z" "-e" "SOURCE_DIR=/opt/rustwide/workdir" "-e" "CARGO_TARGET_DIR=/opt/rustwide/target" "-e" "CARGO_INCREMENTAL=0" "-e" "RUST_BACKTRACE=full" "-e" "RUSTFLAGS=--cap-lints=warn" "-e" "RUSTDOCFLAGS=--cap-lints=warn" "-e" "CARGO_HOME=/opt/rustwide/cargo-home" "-e" "RUSTUP_HOME=/opt/rustwide/rustup-home" "-w" "/opt/rustwide/workdir" "-m" "1610612736" "--user" "0:0" "--network" "none" "ghcr.io/rust-lang/crates-build-env/linux@sha256:5ff2268d62e97bff2cde7d5815dd6ed5b47097566f13b8d0ca110b04b60e07ed" "/opt/rustwide/cargo-home/bin/cargo" "+beta-2023-04-20" "test" "--frozen" "--no-run" "--message-format=json", kill_on_drop: false }`
[INFO] [stdout] 7a49bf421dc1080a6f241f37b32e637875c67d512516c3697cace4b64f083ee1
[INFO] running `Command { std: "docker" "start" "-a" "7a49bf421dc1080a6f241f37b32e637875c67d512516c3697cace4b64f083ee1", kill_on_drop: false }`
[INFO] [stderr]    Compiling endio_bit v0.2.0 (/opt/rustwide/workdir)
[INFO] [stderr]     Finished test [unoptimized + debuginfo] target(s) in 0.59s
[INFO] running `Command { std: "docker" "inspect" "7a49bf421dc1080a6f241f37b32e637875c67d512516c3697cace4b64f083ee1", kill_on_drop: false }`
[INFO] running `Command { std: "docker" "rm" "-f" "7a49bf421dc1080a6f241f37b32e637875c67d512516c3697cace4b64f083ee1", kill_on_drop: false }`
[INFO] [stdout] 7a49bf421dc1080a6f241f37b32e637875c67d512516c3697cace4b64f083ee1
[INFO] running `Command { std: "docker" "create" "-v" "/var/lib/crater-agent-workspace/builds/worker-4-tc2/target:/opt/rustwide/target:rw,Z" "-v" "/var/lib/crater-agent-workspace/builds/worker-4-tc2/source:/opt/rustwide/workdir:ro,Z" "-v" "/var/lib/crater-agent-workspace/cargo-home:/opt/rustwide/cargo-home:ro,Z" "-v" "/var/lib/crater-agent-workspace/rustup-home:/opt/rustwide/rustup-home:ro,Z" "-e" "SOURCE_DIR=/opt/rustwide/workdir" "-e" "CARGO_TARGET_DIR=/opt/rustwide/target" "-e" "CARGO_INCREMENTAL=0" "-e" "RUST_BACKTRACE=full" "-e" "RUSTFLAGS=--cap-lints=warn" "-e" "RUSTDOCFLAGS=--cap-lints=warn" "-e" "CARGO_HOME=/opt/rustwide/cargo-home" "-e" "RUSTUP_HOME=/opt/rustwide/rustup-home" "-w" "/opt/rustwide/workdir" "-m" "1610612736" "--user" "0:0" "--network" "none" "ghcr.io/rust-lang/crates-build-env/linux@sha256:5ff2268d62e97bff2cde7d5815dd6ed5b47097566f13b8d0ca110b04b60e07ed" "/opt/rustwide/cargo-home/bin/cargo" "+beta-2023-04-20" "test" "--frozen", kill_on_drop: false }`
[INFO] [stdout] 9f680b3afaec93a9d3beef80edd5543385b2e6ce9a786a87903bc57833d2f221
[INFO] running `Command { std: "docker" "start" "-a" "9f680b3afaec93a9d3beef80edd5543385b2e6ce9a786a87903bc57833d2f221", kill_on_drop: false }`
[INFO] [stderr]     Finished test [unoptimized + debuginfo] target(s) in 0.00s
[INFO] [stderr]      Running unittests src/lib.rs (/opt/rustwide/target/debug/deps/endio_bit-4d582390982d9bcb)
[INFO] [stdout] 
[INFO] [stdout] running 33 tests
[INFO] [stdout] test read::tests_be::read_aligned ... ok
[INFO] [stdout] test read::tests_be::read_bit ... ok
[INFO] [stdout] test read::tests_be::read_bits ... ok
[INFO] [stdout] test read::tests_be::read_shifted ... ok
[INFO] [stdout] test read::tests_common::align ... ok
[INFO] [stdout] test read::tests_common::get_mut_aligned ... ok
[INFO] [stdout] test read::tests_common::into_inner ... ok
[INFO] [stdout] test read::tests_common::get_mut_unchecked ... ok
[INFO] [stdout] test read::tests_common::get_ref ... ok
[INFO] [stdout] test read::tests_le::read_aligned ... ok
[INFO] [stdout] test read::tests_le::read_bit ... ok
[INFO] [stdout] test read::tests_le::read_bits ... ok
[INFO] [stdout] test read::tests_le::read_shifted ... ok
[INFO] [stdout] test write::tests_be::write_aligned ... ok
[INFO] [stdout] test write::tests_be::write_bit ... ok
[INFO] [stdout] test write::tests_common::align ... ok
[INFO] [stdout] test write::tests_common::get_ref ... ok
[INFO] [stdout] test write::tests_common::into_inner ... ok
[INFO] [stdout] test write::tests_be::write_shifted ... ok
[INFO] [stdout] test write::tests_be::flush ... ok
[INFO] [stdout] test write::tests_le::write_aligned ... ok
[INFO] [stdout] test write::tests_le::write_bit ... ok
[INFO] [stdout] test write::tests_le::write_bits ... ok
[INFO] [stdout] test write::tests_le::write_shifted ... ok
[INFO] [stdout] test write::tests_be::write_bits ... ok
[INFO] [stdout] test write::tests_common::get_mut ... ok
[INFO] [stdout] test write::tests_le::flush ... ok
[INFO] [stdout] test read::tests_common::get_mut_unaligned - should panic ... ok
[INFO] [stdout] test write::tests_be::write_too_many_bits - should panic ... ok
[INFO] [stdout] test read::tests_le::read_too_many_bits - should panic ... ok
[INFO] [stdout] test write::tests_common::get_mut_unaligned - should panic ... ok
[INFO] [stdout] test read::tests_be::read_too_many_bits - should panic ... ok
[INFO] [stdout] test write::tests_le::write_too_many_bits - should panic ... ok
[INFO] [stdout] 
[INFO] [stdout] test result: ok. 33 passed; 0 failed; 0 ignored; 0 measured; 0 filtered out; finished in 0.02s
[INFO] [stdout] 
[INFO] [stderr]    Doc-tests endio_bit
[INFO] [stdout] 
[INFO] [stdout] running 10 tests
[INFO] [stdout] test src/write.rs - write::BitWriter<E,W>::write_bit (line 160) ... FAILED
[INFO] [stdout] test src/read.rs - read::BitReader<E,R>::read_bit (line 126) ... FAILED
[INFO] [stdout] test src/read.rs - read::BitReader<E,R>::get_ref (line 71) ... FAILED
[INFO] [stdout] test src/write.rs - write::BitWriter<E,W>::get_ref (line 103) ... FAILED
[INFO] [stdout] test src/read.rs - read::BitReader<E,R>::new (line 40) ... ok
[INFO] [stdout] test src/read.rs - read::BitReader<E,R>::read_bits (line 166) ... ok
[INFO] [stdout] test src/read.rs - read::BitReader<E,R>::read_bits (line 173) ... ok
[INFO] [stdout] test src/write.rs - write::BitWriter<E,W>::write_bits (line 212) ... ok
[INFO] [stdout] test src/write.rs - write::BitWriter<E,W>::write_bits (line 204) ... ok
[INFO] [stdout] test src/write.rs - write::BitWriter<E,W>::new (line 63) ... ok
[INFO] [stdout] 
[INFO] [stdout] failures:
[INFO] [stdout] 
[INFO] [stdout] ---- src/write.rs - write::BitWriter<E,W>::write_bit (line 160) stdout ----
[INFO] [stdout] error: unknown start of token: `
[INFO] [stdout]  --> src/write.rs:165:1
[INFO] [stdout]   |
[INFO] [stdout] 8 | ```
[INFO] [stdout]   | ^^^
[INFO] [stdout]   |
[INFO] [stdout]   = note: character appears 2 more times
[INFO] [stdout] help: Unicode character '`' (Grave Accent) looks like ''' (Single Quote), but it is not
[INFO] [stdout]   |
[INFO] [stdout] 8 | '''
[INFO] [stdout]   |
[INFO] [stdout] 
[INFO] [stdout] error: unknown start of token: `
[INFO] [stdout]   --> src/write.rs:171:1
[INFO] [stdout]    |
[INFO] [stdout] 14 | ```
[INFO] [stdout]    | ^^^
[INFO] [stdout]    |
[INFO] [stdout]    = note: character appears 2 more times
[INFO] [stdout] help: Unicode character '`' (Grave Accent) looks like ''' (Single Quote), but it is not
[INFO] [stdout]    |
[INFO] [stdout] 14 | '''
[INFO] [stdout]    |
[INFO] [stdout] 
[INFO] [stdout] error: unknown start of token: `
[INFO] [stdout]   --> src/write.rs:173:1
[INFO] [stdout]    |
[INFO] [stdout] 16 | ```
[INFO] [stdout]    | ^^^
[INFO] [stdout]    |
[INFO] [stdout]    = note: character appears 2 more times
[INFO] [stdout] help: Unicode character '`' (Grave Accent) looks like ''' (Single Quote), but it is not
[INFO] [stdout]    |
[INFO] [stdout] 16 | '''
[INFO] [stdout]    |
[INFO] [stdout] 
[INFO] [stdout] error: unknown start of token: `
[INFO] [stdout]   --> src/write.rs:179:1
[INFO] [stdout]    |
[INFO] [stdout] 22 | ```
[INFO] [stdout]    | ^^^
[INFO] [stdout]    |
[INFO] [stdout]    = note: character appears 2 more times
[INFO] [stdout] help: Unicode character '`' (Grave Accent) looks like ''' (Single Quote), but it is not
[INFO] [stdout]    |
[INFO] [stdout] 22 | '''
[INFO] [stdout]    |
[INFO] [stdout] 
[INFO] [stdout] error: expected one of `!`, `.`, `::`, `;`, `?`, `{`, `}`, or an operator, found `a`
[INFO] [stdout]  --> src/write.rs:161:8
[INFO] [stdout]   |
[INFO] [stdout] 4 | Writes a single bit, writing 1 for true, 0 for false.
[INFO] [stdout]   |        ^ expected one of 8 possible tokens
[INFO] [stdout] 
[INFO] [stdout] error: aborting due to 5 previous errors
[INFO] [stdout] 
[INFO] [stdout] Couldn't compile the test.
[INFO] [stdout] ---- src/read.rs - read::BitReader<E,R>::read_bit (line 126) stdout ----
[INFO] [stdout] error: unknown start of token: `
[INFO] [stdout]  --> src/read.rs:131:1
[INFO] [stdout]   |
[INFO] [stdout] 8 | ```
[INFO] [stdout]   | ^^^
[INFO] [stdout]   |
[INFO] [stdout]   = note: character appears 2 more times
[INFO] [stdout] help: Unicode character '`' (Grave Accent) looks like ''' (Single Quote), but it is not
[INFO] [stdout]   |
[INFO] [stdout] 8 | '''
[INFO] [stdout]   |
[INFO] [stdout] 
[INFO] [stdout] error: unknown start of token: `
[INFO] [stdout]   --> src/read.rs:136:1
[INFO] [stdout]    |
[INFO] [stdout] 13 | ```
[INFO] [stdout]    | ^^^
[INFO] [stdout]    |
[INFO] [stdout]    = note: character appears 2 more times
[INFO] [stdout] help: Unicode character '`' (Grave Accent) looks like ''' (Single Quote), but it is not
[INFO] [stdout]    |
[INFO] [stdout] 13 | '''
[INFO] [stdout]    |
[INFO] [stdout] 
[INFO] [stdout] error: unknown start of token: `
[INFO] [stdout]   --> src/read.rs:138:1
[INFO] [stdout]    |
[INFO] [stdout] 15 | ```
[INFO] [stdout]    | ^^^
[INFO] [stdout]    |
[INFO] [stdout]    = note: character appears 2 more times
[INFO] [stdout] help: Unicode character '`' (Grave Accent) looks like ''' (Single Quote), but it is not
[INFO] [stdout]    |
[INFO] [stdout] 15 | '''
[INFO] [stdout]    |
[INFO] [stdout] 
[INFO] [stdout] error: unknown start of token: `
[INFO] [stdout]   --> src/read.rs:143:1
[INFO] [stdout]    |
[INFO] [stdout] 20 | ```
[INFO] [stdout]    | ^^^
[INFO] [stdout]    |
[INFO] [stdout]    = note: character appears 2 more times
[INFO] [stdout] help: Unicode character '`' (Grave Accent) looks like ''' (Single Quote), but it is not
[INFO] [stdout]    |
[INFO] [stdout] 20 | '''
[INFO] [stdout]    |
[INFO] [stdout] 
[INFO] [stdout] error: expected one of `!`, `.`, `::`, `;`, `?`, `{`, `}`, or an operator, found `a`
[INFO] [stdout]  --> src/read.rs:127:7
[INFO] [stdout]   |
[INFO] [stdout] 4 | Reads a single bit, returning true for 1, false for 0.
[INFO] [stdout]   |       ^ expected one of 8 possible tokens
[INFO] [stdout] 
[INFO] [stdout] error: aborting due to 5 previous errors
[INFO] [stdout] 
[INFO] [stdout] Couldn't compile the test.
[INFO] [stdout] ---- src/read.rs - read::BitReader<E,R>::get_ref (line 71) stdout ----
[INFO] [stdout] error: unknown start of token: `
[INFO] [stdout]  --> src/read.rs:74:1
[INFO] [stdout]   |
[INFO] [stdout] 6 | ```compile_fail
[INFO] [stdout]   | ^^^
[INFO] [stdout]   |
[INFO] [stdout]   = note: character appears 2 more times
[INFO] [stdout] help: Unicode character '`' (Grave Accent) looks like ''' (Single Quote), but it is not
[INFO] [stdout]   |
[INFO] [stdout] 6 | '''compile_fail
[INFO] [stdout]   | ~~~
[INFO] [stdout] 
[INFO] [stdout] error: unknown start of token: `
[INFO] [stdout]   --> src/read.rs:81:1
[INFO] [stdout]    |
[INFO] [stdout] 13 | ```
[INFO] [stdout]    | ^^^
[INFO] [stdout]    |
[INFO] [stdout]    = note: character appears 2 more times
[INFO] [stdout] help: Unicode character '`' (Grave Accent) looks like ''' (Single Quote), but it is not
[INFO] [stdout]    |
[INFO] [stdout] 13 | '''
[INFO] [stdout]    |
[INFO] [stdout] 
[INFO] [stdout] error: expected one of `!`, `.`, `::`, `;`, `?`, `{`, `}`, or an operator, found `a`
[INFO] [stdout]  --> src/read.rs:72:6
[INFO] [stdout]   |
[INFO] [stdout] 4 | Gets a reference to the underlying reader.
[INFO] [stdout]   |      ^ expected one of 8 possible tokens
[INFO] [stdout] 
[INFO] [stdout] error: aborting due to 3 previous errors
[INFO] [stdout] 
[INFO] [stdout] Couldn't compile the test.
[INFO] [stdout] ---- src/write.rs - write::BitWriter<E,W>::get_ref (line 103) stdout ----
[INFO] [stdout] error: unknown start of token: `
[INFO] [stdout]  --> src/write.rs:106:1
[INFO] [stdout]   |
[INFO] [stdout] 6 | ```compile_fail
[INFO] [stdout]   | ^^^
[INFO] [stdout]   |
[INFO] [stdout]   = note: character appears 2 more times
[INFO] [stdout] help: Unicode character '`' (Grave Accent) looks like ''' (Single Quote), but it is not
[INFO] [stdout]   |
[INFO] [stdout] 6 | '''compile_fail
[INFO] [stdout]   | ~~~
[INFO] [stdout] 
[INFO] [stdout] error: unknown start of token: `
[INFO] [stdout]   --> src/write.rs:111:1
[INFO] [stdout]    |
[INFO] [stdout] 11 | ```
[INFO] [stdout]    | ^^^
[INFO] [stdout]    |
[INFO] [stdout]    = note: character appears 2 more times
[INFO] [stdout] help: Unicode character '`' (Grave Accent) looks like ''' (Single Quote), but it is not
[INFO] [stdout]    |
[INFO] [stdout] 11 | '''
[INFO] [stdout]    |
[INFO] [stdout] 
[INFO] [stdout] error: expected one of `!`, `.`, `::`, `;`, `?`, `{`, `}`, or an operator, found `a`
[INFO] [stdout]  --> src/write.rs:104:6
[INFO] [stdout]   |
[INFO] [stdout] 4 | Gets a reference to the underlying writer.
[INFO] [stdout]   |      ^ expected one of 8 possible tokens
[INFO] [stdout] 
[INFO] [stdout] error: aborting due to 3 previous errors
[INFO] [stdout] 
[INFO] [stdout] Couldn't compile the test.
[INFO] [stdout] 
[INFO] [stdout] failures:
[INFO] [stdout]     src/read.rs - read::BitReader<E,R>::get_ref (line 71)
[INFO] [stdout]     src/read.rs - read::BitReader<E,R>::read_bit (line 126)
[INFO] [stdout]     src/write.rs - write::BitWriter<E,W>::get_ref (line 103)
[INFO] [stdout]     src/write.rs - write::BitWriter<E,W>::write_bit (line 160)
[INFO] [stdout] 
[INFO] [stdout] test result: FAILED. 6 passed; 4 failed; 0 ignored; 0 measured; 0 filtered out; finished in 0.40s
[INFO] [stdout] 
[INFO] [stderr] error: doctest failed, to rerun pass `--doc`
[INFO] running `Command { std: "docker" "inspect" "9f680b3afaec93a9d3beef80edd5543385b2e6ce9a786a87903bc57833d2f221", kill_on_drop: false }`
[INFO] running `Command { std: "docker" "rm" "-f" "9f680b3afaec93a9d3beef80edd5543385b2e6ce9a786a87903bc57833d2f221", kill_on_drop: false }`
[INFO] [stdout] 9f680b3afaec93a9d3beef80edd5543385b2e6ce9a786a87903bc57833d2f221
