[INFO] fetching crate endbasic-std 0.10.0...
[INFO] testing endbasic-std-0.10.0 against 1.69.0 for beta-1.70-1
[INFO] extracting crate endbasic-std 0.10.0 into /workspace/builds/worker-5-tc1/source
[INFO] validating manifest of crates.io crate endbasic-std 0.10.0 on toolchain 1.69.0
[INFO] running `Command { std: CARGO_HOME="/workspace/cargo-home" RUSTUP_HOME="/workspace/rustup-home" "/workspace/cargo-home/bin/cargo" "+1.69.0" "metadata" "--manifest-path" "Cargo.toml" "--no-deps", kill_on_drop: false }`
[INFO] started tweaking crates.io crate endbasic-std 0.10.0
[INFO] finished tweaking crates.io crate endbasic-std 0.10.0
[INFO] tweaked toml for crates.io crate endbasic-std 0.10.0 written to /workspace/builds/worker-5-tc1/source/Cargo.toml
[INFO] crate crates.io crate endbasic-std 0.10.0 already has a lockfile, it will not be regenerated
[INFO] running `Command { std: CARGO_HOME="/workspace/cargo-home" RUSTUP_HOME="/workspace/rustup-home" "/workspace/cargo-home/bin/cargo" "+1.69.0" "fetch" "--manifest-path" "Cargo.toml", kill_on_drop: false }`
[INFO] [stderr]  Downloading crates ...
[INFO] [stderr]   Downloaded async-trait v0.1.60
[INFO] [stderr]   Downloaded async-recursion v0.3.2
[INFO] [stderr]   Downloaded nibble_vec v0.1.0
[INFO] [stderr]   Downloaded radix_trie v0.2.1
[INFO] [stderr]   Downloaded endbasic-core v0.10.0
[INFO] running `Command { std: "docker" "create" "-v" "/var/lib/crater-agent-workspace/builds/worker-5-tc1/target:/opt/rustwide/target:rw,Z" "-v" "/var/lib/crater-agent-workspace/builds/worker-5-tc1/source:/opt/rustwide/workdir:ro,Z" "-v" "/var/lib/crater-agent-workspace/cargo-home:/opt/rustwide/cargo-home:ro,Z" "-v" "/var/lib/crater-agent-workspace/rustup-home:/opt/rustwide/rustup-home:ro,Z" "-e" "SOURCE_DIR=/opt/rustwide/workdir" "-e" "CARGO_TARGET_DIR=/opt/rustwide/target" "-e" "CARGO_HOME=/opt/rustwide/cargo-home" "-e" "RUSTUP_HOME=/opt/rustwide/rustup-home" "-w" "/opt/rustwide/workdir" "-m" "1610612736" "--user" "0:0" "--network" "none" "ghcr.io/rust-lang/crates-build-env/linux@sha256:5ff2268d62e97bff2cde7d5815dd6ed5b47097566f13b8d0ca110b04b60e07ed" "/opt/rustwide/cargo-home/bin/cargo" "+1.69.0" "metadata" "--no-deps" "--format-version=1", kill_on_drop: false }`
[INFO] [stdout] c9c6317d0e7ab4178630439b2083135cdcb55a21ad1b368b070440cc1a91bdce
[INFO] running `Command { std: "docker" "start" "-a" "c9c6317d0e7ab4178630439b2083135cdcb55a21ad1b368b070440cc1a91bdce", kill_on_drop: false }`
[INFO] running `Command { std: "docker" "inspect" "c9c6317d0e7ab4178630439b2083135cdcb55a21ad1b368b070440cc1a91bdce", kill_on_drop: false }`
[INFO] running `Command { std: "docker" "rm" "-f" "c9c6317d0e7ab4178630439b2083135cdcb55a21ad1b368b070440cc1a91bdce", kill_on_drop: false }`
[INFO] [stdout] c9c6317d0e7ab4178630439b2083135cdcb55a21ad1b368b070440cc1a91bdce
[INFO] running `Command { std: "docker" "create" "-v" "/var/lib/crater-agent-workspace/builds/worker-5-tc1/target:/opt/rustwide/target:rw,Z" "-v" "/var/lib/crater-agent-workspace/builds/worker-5-tc1/source:/opt/rustwide/workdir:ro,Z" "-v" "/var/lib/crater-agent-workspace/cargo-home:/opt/rustwide/cargo-home:ro,Z" "-v" "/var/lib/crater-agent-workspace/rustup-home:/opt/rustwide/rustup-home:ro,Z" "-e" "SOURCE_DIR=/opt/rustwide/workdir" "-e" "CARGO_TARGET_DIR=/opt/rustwide/target" "-e" "CARGO_INCREMENTAL=0" "-e" "RUST_BACKTRACE=full" "-e" "RUSTFLAGS=--cap-lints=warn" "-e" "RUSTDOCFLAGS=--cap-lints=warn" "-e" "CARGO_HOME=/opt/rustwide/cargo-home" "-e" "RUSTUP_HOME=/opt/rustwide/rustup-home" "-w" "/opt/rustwide/workdir" "-m" "1610612736" "--user" "0:0" "--network" "none" "ghcr.io/rust-lang/crates-build-env/linux@sha256:5ff2268d62e97bff2cde7d5815dd6ed5b47097566f13b8d0ca110b04b60e07ed" "/opt/rustwide/cargo-home/bin/cargo" "+1.69.0" "build" "--frozen" "--message-format=json", kill_on_drop: false }`
[INFO] [stdout] 879ac3a3c1fa10b76679a7777fd01f5568fa7b067a57a8453b977c69873842c4
[INFO] running `Command { std: "docker" "start" "-a" "879ac3a3c1fa10b76679a7777fd01f5568fa7b067a57a8453b977c69873842c4", kill_on_drop: false }`
[INFO] [stderr]    Compiling proc-macro2 v1.0.49
[INFO] [stderr]    Compiling quote v1.0.23
[INFO] [stderr]    Compiling unicode-ident v1.0.6
[INFO] [stderr]    Compiling syn v1.0.107
[INFO] [stderr]    Compiling libc v0.2.139
[INFO] [stderr]    Compiling crossbeam-utils v0.8.14
[INFO] [stderr]    Compiling futures-core v0.3.25
[INFO] [stderr]    Compiling async-trait v0.1.60
[INFO] [stderr]    Compiling thiserror v1.0.38
[INFO] [stderr]    Compiling event-listener v2.5.3
[INFO] [stderr]    Compiling smallvec v1.10.0
[INFO] [stderr]    Compiling ppv-lite86 v0.2.17
[INFO] [stderr]    Compiling num_threads v0.1.6
[INFO] [stderr]    Compiling itoa v1.0.5
[INFO] [stderr]    Compiling nibble_vec v0.1.0
[INFO] [stderr]    Compiling parking v2.0.0
[INFO] [stderr]    Compiling concurrent-queue v2.0.0
[INFO] [stderr]    Compiling waker-fn v1.1.0
[INFO] [stderr]    Compiling endian-type v0.1.2
[INFO] [stderr]    Compiling time-core v0.1.0
[INFO] [stderr]    Compiling async-channel v1.8.0
[INFO] [stderr]    Compiling futures-io v0.3.25
[INFO] [stderr]    Compiling pin-project-lite v0.2.9
[INFO] [stderr]    Compiling getrandom v0.2.8
[INFO] [stderr]    Compiling fastrand v1.8.0
[INFO] [stderr]    Compiling time v0.3.17
[INFO] [stderr]    Compiling radix_trie v0.2.1
[INFO] [stderr]    Compiling rand_core v0.6.4
[INFO] [stderr]    Compiling futures-lite v1.12.0
[INFO] [stderr]    Compiling rand_chacha v0.3.1
[INFO] [stderr]    Compiling rand v0.8.5
[INFO] [stderr]    Compiling thiserror-impl v1.0.38
[INFO] [stderr]    Compiling async-recursion v0.3.2
[INFO] [stderr]    Compiling endbasic-core v0.10.0
[INFO] [stderr]    Compiling endbasic-std v0.10.0 (/opt/rustwide/workdir)
[INFO] [stderr]     Finished dev [unoptimized + debuginfo] target(s) in 20.35s
[INFO] running `Command { std: "docker" "inspect" "879ac3a3c1fa10b76679a7777fd01f5568fa7b067a57a8453b977c69873842c4", kill_on_drop: false }`
[INFO] running `Command { std: "docker" "rm" "-f" "879ac3a3c1fa10b76679a7777fd01f5568fa7b067a57a8453b977c69873842c4", kill_on_drop: false }`
[INFO] [stdout] 879ac3a3c1fa10b76679a7777fd01f5568fa7b067a57a8453b977c69873842c4
[INFO] running `Command { std: "docker" "create" "-v" "/var/lib/crater-agent-workspace/builds/worker-5-tc1/target:/opt/rustwide/target:rw,Z" "-v" "/var/lib/crater-agent-workspace/builds/worker-5-tc1/source:/opt/rustwide/workdir:ro,Z" "-v" "/var/lib/crater-agent-workspace/cargo-home:/opt/rustwide/cargo-home:ro,Z" "-v" "/var/lib/crater-agent-workspace/rustup-home:/opt/rustwide/rustup-home:ro,Z" "-e" "SOURCE_DIR=/opt/rustwide/workdir" "-e" "CARGO_TARGET_DIR=/opt/rustwide/target" "-e" "CARGO_INCREMENTAL=0" "-e" "RUST_BACKTRACE=full" "-e" "RUSTFLAGS=--cap-lints=warn" "-e" "RUSTDOCFLAGS=--cap-lints=warn" "-e" "CARGO_HOME=/opt/rustwide/cargo-home" "-e" "RUSTUP_HOME=/opt/rustwide/rustup-home" "-w" "/opt/rustwide/workdir" "-m" "1610612736" "--user" "0:0" "--network" "none" "ghcr.io/rust-lang/crates-build-env/linux@sha256:5ff2268d62e97bff2cde7d5815dd6ed5b47097566f13b8d0ca110b04b60e07ed" "/opt/rustwide/cargo-home/bin/cargo" "+1.69.0" "test" "--frozen" "--no-run" "--message-format=json", kill_on_drop: false }`
[INFO] [stdout] 94d02dadbb5186ae97ac26a2d65dbfca89ee0190d9b09261ef3c6fecb26350f0
[INFO] running `Command { std: "docker" "start" "-a" "94d02dadbb5186ae97ac26a2d65dbfca89ee0190d9b09261ef3c6fecb26350f0", kill_on_drop: false }`
[INFO] [stderr]    Compiling lock_api v0.4.9
[INFO] [stderr]    Compiling parking_lot_core v0.9.5
[INFO] [stderr]    Compiling log v0.4.17
[INFO] [stderr]    Compiling scopeguard v1.1.0
[INFO] [stderr]    Compiling crc32fast v1.3.2
[INFO] [stderr]    Compiling tokio v1.23.0
[INFO] [stderr]    Compiling miniz_oxide v0.6.2
[INFO] [stderr]    Compiling tokio-macros v1.8.2
[INFO] [stderr]    Compiling num_cpus v1.15.0
[INFO] [stderr]    Compiling mio v0.8.5
[INFO] [stderr]    Compiling socket2 v0.4.7
[INFO] [stderr]    Compiling parking_lot v0.12.1
[INFO] [stderr]    Compiling signal-hook-registry v1.4.0
[INFO] [stderr]    Compiling remove_dir_all v0.5.3
[INFO] [stderr]    Compiling bytes v1.3.0
[INFO] [stderr]    Compiling tempfile v3.3.0
[INFO] [stderr]    Compiling flate2 v1.0.25
[INFO] [stderr]    Compiling filetime v0.2.19
[INFO] [stderr]    Compiling endbasic-std v0.10.0 (/opt/rustwide/workdir)
[INFO] [stderr]     Finished test [unoptimized + debuginfo] target(s) in 21.92s
[INFO] running `Command { std: "docker" "inspect" "94d02dadbb5186ae97ac26a2d65dbfca89ee0190d9b09261ef3c6fecb26350f0", kill_on_drop: false }`
[INFO] running `Command { std: "docker" "rm" "-f" "94d02dadbb5186ae97ac26a2d65dbfca89ee0190d9b09261ef3c6fecb26350f0", kill_on_drop: false }`
[INFO] [stdout] 94d02dadbb5186ae97ac26a2d65dbfca89ee0190d9b09261ef3c6fecb26350f0
[INFO] running `Command { std: "docker" "create" "-v" "/var/lib/crater-agent-workspace/builds/worker-5-tc1/target:/opt/rustwide/target:rw,Z" "-v" "/var/lib/crater-agent-workspace/builds/worker-5-tc1/source:/opt/rustwide/workdir:ro,Z" "-v" "/var/lib/crater-agent-workspace/cargo-home:/opt/rustwide/cargo-home:ro,Z" "-v" "/var/lib/crater-agent-workspace/rustup-home:/opt/rustwide/rustup-home:ro,Z" "-e" "SOURCE_DIR=/opt/rustwide/workdir" "-e" "CARGO_TARGET_DIR=/opt/rustwide/target" "-e" "CARGO_INCREMENTAL=0" "-e" "RUST_BACKTRACE=full" "-e" "RUSTFLAGS=--cap-lints=warn" "-e" "RUSTDOCFLAGS=--cap-lints=warn" "-e" "CARGO_HOME=/opt/rustwide/cargo-home" "-e" "RUSTUP_HOME=/opt/rustwide/rustup-home" "-w" "/opt/rustwide/workdir" "-m" "1610612736" "--user" "0:0" "--network" "none" "ghcr.io/rust-lang/crates-build-env/linux@sha256:5ff2268d62e97bff2cde7d5815dd6ed5b47097566f13b8d0ca110b04b60e07ed" "/opt/rustwide/cargo-home/bin/cargo" "+1.69.0" "test" "--frozen", kill_on_drop: false }`
[INFO] [stdout] 8a871d62cc780bcfe4edba3f0af82ab5931ffcc4f790ff1878900cc1d1bd685c
[INFO] running `Command { std: "docker" "start" "-a" "8a871d62cc780bcfe4edba3f0af82ab5931ffcc4f790ff1878900cc1d1bd685c", kill_on_drop: false }`
[INFO] [stderr]     Finished test [unoptimized + debuginfo] target(s) in 0.09s
[INFO] [stderr]      Running unittests src/lib.rs (/opt/rustwide/target/debug/deps/endbasic_std-2b5025a987869c0f)
[INFO] [stdout] 
[INFO] [stdout] running 241 tests
[INFO] [stdout] test arrays::tests::test_bound_integration ... ok
[INFO] [stdout] test arrays::tests::test_lbound_ok ... ok
[INFO] [stdout] test arrays::tests::test_ubound_errors ... ok
[INFO] [stdout] test console::cmds::tests::test_cls_errors ... ok
[INFO] [stdout] test console::cmds::tests::test_color_errors ... ok
[INFO] [stdout] test arrays::tests::test_ubound_ok ... ok
[INFO] [stdout] test console::cmds::tests::test_color_ok ... ok
[INFO] [stdout] test console::cmds::tests::test_inkey_ok ... ok
[INFO] [stdout] test console::cmds::tests::test_input_errors ... ok
[INFO] [stdout] test arrays::tests::test_lbound_errors ... ok
[INFO] [stdout] test console::cmds::tests::test_cls_ok ... ok
[INFO] [stdout] test console::cmds::tests::test_input_ok ... ok
[INFO] [stdout] test console::cmds::tests::test_inkey_errors ... ok
[INFO] [stdout] test console::cmds::tests::test_input_retry ... ok
[INFO] [stdout] test console::cmds::tests::test_print_errors ... ok
[INFO] [stdout] test console::cmds::tests::test_locate_ok ... ok
[INFO] [stdout] test console::cmds::tests::test_input_on_predefined_vars ... ok
[INFO] [stdout] test console::format::tests::test_refill_and_print_multiple ... ok
[INFO] [stdout] test console::cmds::tests::test_print_ok ... ok
[INFO] [stdout] test console::cmds::tests::test_locate_errors ... ok
[INFO] [stdout] test console::format::tests::test_refill_and_print_empty ... ok
[INFO] [stdout] test console::format::tests::test_refill_nothing_fits ... ok
[INFO] [stdout] test console::format::tests::test_refill_reformats_periods ... ok
[INFO] [stdout] test console::format::tests::test_refill_some_lines ... ok
[INFO] [stdout] test console::linebuffer::tests::test_end ... ok
[INFO] [stdout] test console::linebuffer::tests::test_insert ... ok
[INFO] [stdout] test console::linebuffer::tests::test_insert_str ... ok
[INFO] [stdout] test console::linebuffer::tests::test_is_empty ... ok
[INFO] [stdout] test console::linebuffer::tests::test_range ... ok
[INFO] [stdout] test console::format::tests::test_refill_empty ... ok
[INFO] [stdout] test console::format::tests::test_refill_and_print_multiple_with_extra_indent ... ok
[INFO] [stdout] test console::format::tests::test_refill_and_print_one ... ok
[INFO] [stdout] test console::linebuffer::tests::test_remove ... ok
[INFO] [stdout] test console::linebuffer::tests::test_split_off ... ok
[INFO] [stdout] test console::readline::tests::test_read_line_interactive_empty ... ok
[INFO] [stdout] test console::linebuffer::tests::test_start ... ok
[INFO] [stdout] test console::cmds::tests::test_scrrows ... ok
[INFO] [stdout] test console::readline::tests::test_read_line_ignored_keys ... ok
[INFO] [stdout] test console::readline::tests::test_read_line_interactive_history_empty ... ok
[INFO] [stdout] test console::readline::tests::test_read_line_interactive_history_navigate_up_down_end_of_line ... ok
[INFO] [stdout] test console::readline::tests::test_read_line_interactive_middle_backspace ... ok
[INFO] [stdout] test console::readline::tests::test_read_line_interactive_horizontal_scrolling_not_implemented ... ok
[INFO] [stdout] test console::readline::tests::test_read_line_interactive_history_navigate_up_down_middle_of_line ... ok
[INFO] [stdout] test console::readline::tests::test_read_line_interactive_skips_empty_lines ... ok
[INFO] [stdout] test console::readline::tests::test_read_line_interactive_middle_input ... ok
[INFO] [stdout] test console::readline::tests::test_read_line_interactive_test_move_bounds ... ok
[INFO] [stdout] test console::readline::tests::test_read_line_interactive_test_home_end ... ok
[INFO] [stdout] test console::readline::tests::test_read_line_interactive_trailing_input ... ok
[INFO] [stdout] test console::readline::tests::test_read_line_interactive_utf8_add_and_remove_last ... ok
[INFO] [stdout] test console::readline::tests::test_read_line_interactive_utf8_basic ... ok
[INFO] [stdout] test console::readline::tests::test_read_line_interactive_utf8_navigate_2byte_chars ... ok
[INFO] [stdout] test console::readline::tests::test_read_line_interactive_utf8_remove_2byte_char ... ok
[INFO] [stdout] test console::readline::tests::test_read_line_interactive_history_not_enabled_by_default ... ok
[INFO] [stdout] test console::readline::tests::test_read_line_interactive_trailing_backspace ... ok
[INFO] [stdout] test console::cmds::tests::test_scrcols ... ok
[INFO] [stdout] test console::readline::tests::test_read_line_without_echo ... ok
[INFO] [stdout] test console::readline::tests::test_read_line_secure_unsupported_in_noninteractive_console ... ok
[INFO] [stdout] test console::readline::tests::test_read_line_secure_trivial_test ... ok
[INFO] [stdout] test console::readline::tests::test_read_line_interactive_history_navigate_and_edit ... ok
[INFO] [stdout] test console::tests::test_remove_control_chars ... ok
[INFO] [stdout] test console::tests::test_has_control_chars ... ok
[INFO] [stdout] test data::tests::test_read_clear_on_run ... ok
[INFO] [stdout] test data::tests::test_read_defaults_with_annotations ... ok
[INFO] [stdout] test console::readline::tests::test_read_line_with_prompt ... ok
[INFO] [stdout] test data::tests::test_read_errors ... ok
[INFO] [stdout] test data::tests::test_read_integer_to_double ... ok
[INFO] [stdout] test data::tests::test_read_multiple ... ok
[INFO] [stdout] test data::tests::test_read_out_of_data ... ok
[INFO] [stdout] test data::tests::test_read_double_to_integer ... ok
[INFO] [stdout] test data::tests::test_read_index_remains_out_of_bounds ... ok
[INFO] [stdout] test data::tests::test_read_simple ... ok
[INFO] [stdout] test data::tests::test_read_types ... ok
[INFO] [stdout] test data::tests::test_restore_nothing ... ok
[INFO] [stdout] test data::tests::test_read_defaults_without_annotations ... ok
[INFO] [stdout] test data::tests::test_restore_after_read ... ok
[INFO] [stdout] test data::tests::test_restore_errors ... ok
[INFO] [stdout] test data::tests::test_restore_before_read ... ok
[INFO] [stdout] test exec::tests::test_clear_errors ... ok
[INFO] [stdout] test exec::tests::test_clear_ok ... ok
[INFO] [stdout] test exec::tests::test_errmsg_errors ... ok
[INFO] [stdout] test exec::tests::test_errmsg_after_error ... ok
[INFO] [stdout] test exec::tests::test_errmsg_before_error ... ok
[INFO] [stdout] test exec::tests::test_sleep_ok_int ... ok
[INFO] [stdout] test gfx::tests::test_gfx_circle_ok ... ok
[INFO] [stdout] test gfx::tests::test_gfx_height ... ok
[INFO] [stdout] test exec::tests::test_sleep_errors ... ok
[INFO] [stdout] test exec::tests::test_sleep_ok_float ... ok
[INFO] [stdout] test exec::tests::test_sleep_real ... ok
[INFO] [stdout] test gfx::tests::test_gfx_circlef_ok ... ok
[INFO] [stdout] test gfx::tests::test_gfx_circle_errors ... ok
[INFO] [stdout] test gfx::tests::test_gfx_circlef_errors ... ok
[INFO] [stdout] test gfx::tests::test_gfx_line_ok ... ok
[INFO] [stdout] test gfx::tests::test_gfx_rectf_ok ... ok
[INFO] [stdout] test gfx::tests::test_gfx_sync_errors ... ok
[INFO] [stdout] test gfx::tests::test_gfx_pixel_errors ... ok
[INFO] [stdout] test gfx::tests::test_gfx_line_errors ... ok
[INFO] [stdout] test gfx::tests::test_gfx_rect_ok ... ok
[INFO] [stdout] test gfx::tests::test_gfx_pixel_ok ... ok
[INFO] [stdout] test gpio::tests::test_gpio_clear_all ... ok
[INFO] [stdout] test gpio::tests::test_gpio_clear_one ... ok
[INFO] [stdout] test gpio::tests::test_gpio_clear_errors ... ok
[INFO] [stdout] test gfx::tests::test_gfx_width ... ok
[INFO] [stdout] test gfx::tests::test_gfx_sync_ok ... ok
[INFO] [stdout] test gfx::tests::test_gfx_rect_errors ... ok
[INFO] [stdout] test gpio::tests::test_gpio_read_ok ... ok
[INFO] [stdout] test gpio::tests::test_gpio_setup_errors ... ok
[INFO] [stdout] test gpio::tests::test_gpio_write_errors ... ok
[INFO] [stdout] test gpio::tests::test_gpio_read_errors ... ok
[INFO] [stdout] test gpio::tests::test_gpio_write_ok ... ok
[INFO] [stdout] test gfx::tests::test_gfx_rectf_errors ... ok
[INFO] [stdout] test help::tests::test_help_describe_function_without_annotation ... ok
[INFO] [stdout] test help::tests::test_help_describe_command ... ok
[INFO] [stdout] test gpio::tests::test_real_backend ... ok
[INFO] [stdout] test help::tests::test_help_describe_function_with_annotation ... ok
[INFO] [stdout] test help::tests::test_help_describe_callables_topic ... ok
[INFO] [stdout] test gpio::tests::test_gpio_setup_ok ... ok
[INFO] [stdout] test help::tests::test_parse_lang_reference_empty ... ok
[INFO] [stdout] test help::tests::test_help_eval_arg ... ok
[INFO] [stdout] test gpio::tests::test_gpio_setup_multiple ... ok
[INFO] [stdout] test help::tests::test_help_summarize_symbols ... ok
[INFO] [stdout] test help::tests::test_help_errors ... ok
[INFO] [stdout] test numerics::tests::test_atn ... ok
[INFO] [stdout] test help::tests::test_help_prefix_search ... ok
[INFO] [stdout] test help::tests::test_parse_lang_reference_ignore_header ... ok
[INFO] [stdout] test help::tests::test_parse_lang_reference_junk_only ... ok
[INFO] [stdout] test help::tests::test_parse_lang_reference_one ... ok
[INFO] [stdout] test numerics::tests::test_cos ... ok
[INFO] [stdout] test numerics::tests::test_cint ... ok
[INFO] [stdout] test numerics::tests::test_deg_rad_errors ... ok
[INFO] [stdout] test numerics::tests::test_deg_rad_reset_on_clear ... ok
[INFO] [stdout] test numerics::tests::test_deg_rad_commands ... ok
[INFO] [stdout] test numerics::tests::test_pi ... ok
[INFO] [stdout] test numerics::tests::test_int ... ok
[INFO] [stdout] test numerics::tests::test_sin ... ok
[INFO] [stdout] test help::tests::test_parse_lang_reference_many ... ok
[INFO] [stdout] test numerics::tests::test_max ... ok
[INFO] [stdout] test program::tests::test_edit_errors ... ok
[INFO] [stdout] test numerics::tests::test_min ... ok
[INFO] [stdout] test program::tests::test_edit_ok ... ok
[INFO] [stdout] test numerics::tests::test_sqr ... ok
[INFO] [stdout] test program::tests::test_kill_errors ... ok
[INFO] [stdout] test program::tests::test_kill_ok ... ok
[INFO] [stdout] test program::tests::test_list_ok ... ok
[INFO] [stdout] test program::tests::test_load_dirty_with_name_continue ... ok
[INFO] [stdout] test program::tests::test_load_dirty_no_name_abort ... ok
[INFO] [stdout] test program::tests::test_load_dirty_no_name_continue ... ok
[INFO] [stdout] test program::tests::test_new_clears_program_and_variables ... ok
[INFO] [stdout] test program::tests::test_load_errors ... ok
[INFO] [stdout] test numerics::tests::test_randomize_and_rnd ... ok
[INFO] [stdout] test numerics::tests::test_tan ... ok
[INFO] [stdout] test program::tests::test_list_errors ... ok
[INFO] [stdout] test program::tests::test_load_dirty_with_name_abort ... ok
[INFO] [stdout] test program::tests::test_new_errors ... ok
[INFO] [stdout] test program::tests::test_load_ok ... ok
[INFO] [stdout] test program::tests::test_run_clears_before_execution_only ... ok
[INFO] [stdout] test program::tests::test_new_dirty_with_name_continue ... ok
[INFO] [stdout] test program::tests::test_run_errors ... ok
[INFO] [stdout] test program::tests::test_new_dirty_no_name_abort ... ok
[INFO] [stdout] test program::tests::test_new_dirty_with_name_abort ... ok
[INFO] [stdout] test program::tests::test_run_something_that_exits ... ok
[INFO] [stdout] test program::tests::test_save_reuse_name ... ok
[INFO] [stdout] test program::tests::test_save_errors ... ok
[INFO] [stdout] test program::tests::test_save_ok_explicit_name ... ok
[INFO] [stdout] test program::tests::test_new_dirty_no_name_continue ... ok
[INFO] [stdout] test program::tests::test_new_nothing ... ok
[INFO] [stdout] test storage::cmds::tests::test_dir_current_entries_are_sorted ... ok
[INFO] [stdout] test storage::cmds::tests::test_dir_errors ... ok
[INFO] [stdout] test storage::cmds::tests::test_cd_ok ... ok
[INFO] [stdout] test storage::cmds::tests::test_dir_current_empty ... ok
[INFO] [stdout] test storage::cmds::tests::test_cd_errors ... ok
[INFO] [stdout] test program::tests::test_save_unnamed_error ... ok
[INFO] [stdout] test program::tests::test_run_nothing ... ok
[INFO] [stdout] test storage::cmds::tests::test_dir_with_disk_free ... ok
[INFO] [stdout] test storage::cmds::tests::test_mount_list ... ok
[INFO] [stdout] test storage::cmds::tests::test_mount_mount ... ok
[INFO] [stdout] test storage::cmds::tests::test_pwd_with_system_path ... ok
[INFO] [stdout] test storage::cmds::tests::test_pwd_without_system_path ... ok
[INFO] [stdout] test storage::cmds::tests::test_unmount_ok ... ok
[INFO] [stdout] test storage::cmds::tests::test_unmount_errors ... ok
[INFO] [stdout] test storage::cmds::tests::test_dir_other_by_argument ... ok
[INFO] [stdout] test storage::cmds::tests::test_mount_errors ... ok
[INFO] [stdout] test storage::fs::tests::test_directorydrive_delete_missing_file ... ok
[INFO] [stdout] test storage::cmds::tests::test_dir_other_by_cwd ... ok
[INFO] [stdout] test storage::fs::tests::test_directorydrive_delete_ok ... ok
[INFO] [stdout] test storage::fs::tests::test_directorydrive_enumerate_some_files ... ok
[INFO] [stdout] test storage::fs::tests::test_directorydrive_put ... ok
[INFO] [stdout] test storage::fs::tests::test_directorydrive_system_path ... ok
[INFO] [stdout] test storage::mem::tests::test_inmemorydrive_get_update_acls ... ok
[INFO] [stdout] test storage::fs::tests::test_directorydrive_enumerate_follows_symlinks ... ok
[INFO] [stdout] test storage::fs::tests::test_directorydrive_enumerate_ignores_non_files ... ok
[INFO] [stdout] test storage::fs::tests::test_directorydrive_enumerate_nothing ... ok
[INFO] [stdout] test storage::fs::tests::test_directorydrive_enumerate_treats_missing_dir_as_empty ... ok
[INFO] [stdout] test storage::fs::tests::test_directorydrive_enumerate_fails_on_non_directory ... ok
[INFO] [stdout] test storage::fs::tests::test_directorydrive_get ... ok
[INFO] [stdout] test storage::tests::test_drivekey_errors ... ok
[INFO] [stdout] test storage::tests::test_location_leaf_name ... ok
[INFO] [stdout] test storage::tests::test_location_new_ok ... ok
[INFO] [stdout] test storage::tests::test_split_uri_errors ... ok
[INFO] [stdout] test storage::tests::test_split_uri_ok ... ok
[INFO] [stdout] test storage::tests::test_storage_attach_invalid_name ... ok
[INFO] [stdout] test storage::mem::tests::test_inmemorydrive_system_path ... ok
[INFO] [stdout] test storage::mem::tests::test_inmemorydrive_put_respects_acls ... ok
[INFO] [stdout] test storage::tests::test_drivekey_new ... ok
[INFO] [stdout] test storage::tests::test_location_new_errors ... ok
[INFO] [stdout] test storage::tests::test_storage_cd_and_cwd_ok ... ok
[INFO] [stdout] test storage::tests::test_storage_cd_errors ... ok
[INFO] [stdout] test storage::tests::test_storage_delete_errors ... ok
[INFO] [stdout] test storage::tests::test_storage_file_ops_with_relative_paths ... ok
[INFO] [stdout] test storage::tests::test_storage_get_errors ... ok
[INFO] [stdout] test storage::tests::test_storage_has_scheme ... ok
[INFO] [stdout] test storage::tests::test_storage_make_canonical_errors ... ok
[INFO] [stdout] test storage::tests::test_storage_make_canonical_ok ... ok
[INFO] [stdout] test storage::tests::test_storage_mount_ok ... ok
[INFO] [stdout] test storage::tests::test_storage_default ... ok
[INFO] [stdout] test storage::tests::test_storage_enumerate_errors ... ok
[INFO] [stdout] test storage::tests::test_storage_mounted ... ok
[INFO] [stdout] test storage::tests::test_storage_attach_already_attached ... ok
[INFO] [stdout] test storage::tests::test_storage_attach_ok ... ok
[INFO] [stdout] test storage::tests::test_storage_mount_path_redirection ... ok
[INFO] [stdout] test storage::tests::test_storage_put_errors ... ok
[INFO] [stdout] test storage::tests::test_storage_mount_unknown_scheme ... ok
[INFO] [stdout] test storage::tests::test_storage_file_ops_with_absolute_paths ... ok
[INFO] [stdout] test storage::tests::test_storage_system_path_errors ... ok
[INFO] [stdout] test storage::tests::test_storage_unmount_ok ... ok
[INFO] [stdout] test storage::tests::test_storage_system_path_of_cwd ... ok
[INFO] [stdout] test storage::tests::test_storage_system_path_ok ... ok
[INFO] [stdout] test storage::tests::test_storage_unmount_current_drive_error ... ok
[INFO] [stdout] test storage::tests::test_storage_unmount_not_mounted_error ... ok
[INFO] [stdout] test strings::tests::test_ltrim ... ok
[INFO] [stdout] test strings::tests::test_asc ... ok
[INFO] [stdout] test storage::tests::test_storage_mount_invalid_path_for_scheme ... ok
[INFO] [stdout] test strings::tests::test_len ... ok
[INFO] [stdout] test strings::tests::test_asc_chr_integration ... ok
[INFO] [stdout] test strings::tests::test_rtrim ... ok
[INFO] [stdout] test strings::tests::test_right ... ok
[INFO] [stdout] test strings::tests::test_left ... ok
[INFO] [stdout] test strings::tests::test_chr ... ok
[INFO] [stdout] test strings::tests::test_str_with_ltrim ... ok
[INFO] [stdout] test strings::tests::test_str ... ok
[INFO] [stdout] test strings::tests::test_mid ... ok
[INFO] [stdout] test console::cmds::tests::test_print_control_chars ... ok
[INFO] [stderr]      Running tests/integration_test.rs (/opt/rustwide/target/debug/deps/integration_test-52ea410429821350)
[INFO] [stdout] 
[INFO] [stdout] test result: ok. 241 passed; 0 failed; 0 ignored; 0 measured; 0 filtered out; finished in 0.75s
[INFO] [stdout] 
[INFO] [stdout] 
[INFO] [stdout] running 1 test
[INFO] [stdout] test test_example_script_runner ... FAILED
[INFO] [stdout] 
[INFO] [stdout] failures:
[INFO] [stdout] 
[INFO] [stdout] ---- test_example_script_runner stdout ----
[INFO] [stdout] thread 'test_example_script_runner' panicked at 'assertion failed: dir.join(\"Cargo.toml\").exists()', tests/integration_test.rs:52:5
[INFO] [stdout] stack backtrace:
[INFO] [stdout]    0:     0x55a9d08d7e9a - std::backtrace_rs::backtrace::libunwind::trace::ha9053a9a07ca49cb
[INFO] [stdout]                                at /rustc/84c898d65adf2f39a5a98507f1fe0ce10a2b8dbc/library/std/src/../../backtrace/src/backtrace/libunwind.rs:93:5
[INFO] [stdout]    1:     0x55a9d08d7e9a - std::backtrace_rs::backtrace::trace_unsynchronized::h9c2852a457ad564e
[INFO] [stdout]                                at /rustc/84c898d65adf2f39a5a98507f1fe0ce10a2b8dbc/library/std/src/../../backtrace/src/backtrace/mod.rs:66:5
[INFO] [stdout]    2:     0x55a9d08d7e9a - std::sys_common::backtrace::_print_fmt::h457936fbfaa0070f
[INFO] [stdout]                                at /rustc/84c898d65adf2f39a5a98507f1fe0ce10a2b8dbc/library/std/src/sys_common/backtrace.rs:65:5
[INFO] [stdout]    3:     0x55a9d08d7e9a - <std::sys_common::backtrace::_print::DisplayBacktrace as core::fmt::Display>::fmt::h5779d7bf7f70cb0c
[INFO] [stdout]                                at /rustc/84c898d65adf2f39a5a98507f1fe0ce10a2b8dbc/library/std/src/sys_common/backtrace.rs:44:22
[INFO] [stdout]    4:     0x55a9d08fb76e - core::fmt::write::h5a4baaff1bcd3eb5
[INFO] [stdout]                                at /rustc/84c898d65adf2f39a5a98507f1fe0ce10a2b8dbc/library/core/src/fmt/mod.rs:1232:17
[INFO] [stdout]    5:     0x55a9d08d4bc5 - std::io::Write::write_fmt::h478f79c628ef31d1
[INFO] [stdout]                                at /rustc/84c898d65adf2f39a5a98507f1fe0ce10a2b8dbc/library/std/src/io/mod.rs:1684:15
[INFO] [stdout]    6:     0x55a9d08d7c65 - std::sys_common::backtrace::_print::h5fcdc36060f177e8
[INFO] [stdout]                                at /rustc/84c898d65adf2f39a5a98507f1fe0ce10a2b8dbc/library/std/src/sys_common/backtrace.rs:47:5
[INFO] [stdout]    7:     0x55a9d08d7c65 - std::sys_common::backtrace::print::h54ca9458b876c8bf
[INFO] [stdout]                                at /rustc/84c898d65adf2f39a5a98507f1fe0ce10a2b8dbc/library/std/src/sys_common/backtrace.rs:34:9
[INFO] [stdout]    8:     0x55a9d08d9a2f - std::panicking::default_hook::{{closure}}::hbe471161c7664ed6
[INFO] [stdout]                                at /rustc/84c898d65adf2f39a5a98507f1fe0ce10a2b8dbc/library/std/src/panicking.rs:271:22
[INFO] [stdout]    9:     0x55a9d08d96ef - std::panicking::default_hook::ha3500da57aa4ac4f
[INFO] [stdout]                                at /rustc/84c898d65adf2f39a5a98507f1fe0ce10a2b8dbc/library/std/src/panicking.rs:287:9
[INFO] [stdout]   10:     0x55a9d08abcb7 - <alloc::boxed::Box<F,A> as core::ops::function::Fn<Args>>::call::hdf1b89dd137ece34
[INFO] [stdout]                                at /rustc/84c898d65adf2f39a5a98507f1fe0ce10a2b8dbc/library/alloc/src/boxed.rs:2001:9
[INFO] [stdout]   11:     0x55a9d08abcb7 - test::test_main::{{closure}}::h9081a79f20e75698
[INFO] [stdout]                                at /rustc/84c898d65adf2f39a5a98507f1fe0ce10a2b8dbc/library/test/src/lib.rs:135:21
[INFO] [stdout]   12:     0x55a9d08da15d - <alloc::boxed::Box<F,A> as core::ops::function::Fn<Args>>::call::h6507bddc3eebb4a5
[INFO] [stdout]                                at /rustc/84c898d65adf2f39a5a98507f1fe0ce10a2b8dbc/library/alloc/src/boxed.rs:2001:9
[INFO] [stdout]   13:     0x55a9d08da15d - std::panicking::rust_panic_with_hook::h50c09d000dc561d2
[INFO] [stdout]                                at /rustc/84c898d65adf2f39a5a98507f1fe0ce10a2b8dbc/library/std/src/panicking.rs:696:13
[INFO] [stdout]   14:     0x55a9d08d9e92 - std::panicking::begin_panic_handler::{{closure}}::h9e2b2176e00e0d9c
[INFO] [stdout]                                at /rustc/84c898d65adf2f39a5a98507f1fe0ce10a2b8dbc/library/std/src/panicking.rs:581:13
[INFO] [stdout]   15:     0x55a9d08d8306 - std::sys_common::backtrace::__rust_end_short_backtrace::h5739b8e512c09d02
[INFO] [stdout]                                at /rustc/84c898d65adf2f39a5a98507f1fe0ce10a2b8dbc/library/std/src/sys_common/backtrace.rs:150:18
[INFO] [stdout]   16:     0x55a9d08d9be2 - rust_begin_unwind
[INFO] [stdout]                                at /rustc/84c898d65adf2f39a5a98507f1fe0ce10a2b8dbc/library/std/src/panicking.rs:579:5
[INFO] [stdout]   17:     0x55a9d0873b73 - core::panicking::panic_fmt::hf33a1475b4dc5c3e
[INFO] [stdout]                                at /rustc/84c898d65adf2f39a5a98507f1fe0ce10a2b8dbc/library/core/src/panicking.rs:64:14
[INFO] [stdout]   18:     0x55a9d0873c0d - core::panicking::panic::h9533b2fee90b999e
[INFO] [stdout]                                at /rustc/84c898d65adf2f39a5a98507f1fe0ce10a2b8dbc/library/core/src/panicking.rs:114:5
[INFO] [stdout]   19:     0x55a9d0879b4b - integration_test::src_path::ha5b2c3c02587569f
[INFO] [stdout]                                at /opt/rustwide/workdir/tests/integration_test.rs:52:5
[INFO] [stdout]   20:     0x55a9d0879baa - integration_test::src_str::hecaa02868d40f69e
[INFO] [stdout]                                at /opt/rustwide/workdir/tests/integration_test.rs:59:5
[INFO] [stdout]   21:     0x55a9d087aa53 - integration_test::test_example_script_runner::h65939caa6ac5affa
[INFO] [stdout]                                at /opt/rustwide/workdir/tests/integration_test.rs:137:12
[INFO] [stdout]   22:     0x55a9d087a9e7 - integration_test::test_example_script_runner::{{closure}}::h27a1a59516fbc59c
[INFO] [stdout]                                at /opt/rustwide/workdir/tests/integration_test.rs:134:33
[INFO] [stdout]   23:     0x55a9d087b975 - core::ops::function::FnOnce::call_once::h53b276c0467fbb3f
[INFO] [stdout]                                at /rustc/84c898d65adf2f39a5a98507f1fe0ce10a2b8dbc/library/core/src/ops/function.rs:250:5
[INFO] [stdout]   24:     0x55a9d08b109f - core::ops::function::FnOnce::call_once::h7d969581be7d0075
[INFO] [stdout]                                at /rustc/84c898d65adf2f39a5a98507f1fe0ce10a2b8dbc/library/core/src/ops/function.rs:250:5
[INFO] [stdout]   25:     0x55a9d08b109f - test::__rust_begin_short_backtrace::hca25a52684e56655
[INFO] [stdout]                                at /rustc/84c898d65adf2f39a5a98507f1fe0ce10a2b8dbc/library/test/src/lib.rs:656:18
[INFO] [stdout]   26:     0x55a9d08826bc - test::run_test::{{closure}}::ha8ac744c4af1a4bb
[INFO] [stdout]                                at /rustc/84c898d65adf2f39a5a98507f1fe0ce10a2b8dbc/library/test/src/lib.rs:647:30
[INFO] [stdout]   27:     0x55a9d08826bc - core::ops::function::FnOnce::call_once{{vtable.shim}}::h7b411a9ed45bdecf
[INFO] [stdout]                                at /rustc/84c898d65adf2f39a5a98507f1fe0ce10a2b8dbc/library/core/src/ops/function.rs:250:5
[INFO] [stdout]   28:     0x55a9d08b0066 - <alloc::boxed::Box<F,A> as core::ops::function::FnOnce<Args>>::call_once::hd05328869a8ed200
[INFO] [stdout]                                at /rustc/84c898d65adf2f39a5a98507f1fe0ce10a2b8dbc/library/alloc/src/boxed.rs:1987:9
[INFO] [stdout]   29:     0x55a9d08b0066 - <core::panic::unwind_safe::AssertUnwindSafe<F> as core::ops::function::FnOnce<()>>::call_once::h0c601ce20bd5b2be
[INFO] [stdout]                                at /rustc/84c898d65adf2f39a5a98507f1fe0ce10a2b8dbc/library/core/src/panic/unwind_safe.rs:271:9
[INFO] [stdout]   30:     0x55a9d08b0066 - std::panicking::try::do_call::ha4be5c164fe30854
[INFO] [stdout]                                at /rustc/84c898d65adf2f39a5a98507f1fe0ce10a2b8dbc/library/std/src/panicking.rs:487:40
[INFO] [stdout]   31:     0x55a9d08b0066 - std::panicking::try::h604546f3609af05f
[INFO] [stdout]                                at /rustc/84c898d65adf2f39a5a98507f1fe0ce10a2b8dbc/library/std/src/panicking.rs:451:19
[INFO] [stdout]   32:     0x55a9d08b0066 - std::panic::catch_unwind::h5bfa8afe44c9c2f9
[INFO] [stdout]                                at /rustc/84c898d65adf2f39a5a98507f1fe0ce10a2b8dbc/library/std/src/panic.rs:140:14
[INFO] [stdout]   33:     0x55a9d08b0066 - test::run_test_in_process::hd50dee55dd63e6aa
[INFO] [stdout]                                at /rustc/84c898d65adf2f39a5a98507f1fe0ce10a2b8dbc/library/test/src/lib.rs:679:27
[INFO] [stdout]   34:     0x55a9d08b0066 - test::run_test::run_test_inner::{{closure}}::h4aa0f433aa85cea8
[INFO] [stdout]                                at /rustc/84c898d65adf2f39a5a98507f1fe0ce10a2b8dbc/library/test/src/lib.rs:573:39
[INFO] [stdout]   35:     0x55a9d087cd31 - test::run_test::run_test_inner::{{closure}}::had56431adf24b4d6
[INFO] [stdout]                                at /rustc/84c898d65adf2f39a5a98507f1fe0ce10a2b8dbc/library/test/src/lib.rs:600:37
[INFO] [stdout]   36:     0x55a9d087cd31 - std::sys_common::backtrace::__rust_begin_short_backtrace::ha8d9890e0c73bf13
[INFO] [stdout]                                at /rustc/84c898d65adf2f39a5a98507f1fe0ce10a2b8dbc/library/std/src/sys_common/backtrace.rs:134:18
[INFO] [stdout]   37:     0x55a9d088274b - std::thread::Builder::spawn_unchecked_::{{closure}}::{{closure}}::h251832bcb4a95327
[INFO] [stdout]                                at /rustc/84c898d65adf2f39a5a98507f1fe0ce10a2b8dbc/library/std/src/thread/mod.rs:560:17
[INFO] [stdout]   38:     0x55a9d088274b - <core::panic::unwind_safe::AssertUnwindSafe<F> as core::ops::function::FnOnce<()>>::call_once::h8fdff598fa414831
[INFO] [stdout]                                at /rustc/84c898d65adf2f39a5a98507f1fe0ce10a2b8dbc/library/core/src/panic/unwind_safe.rs:271:9
[INFO] [stdout]   39:     0x55a9d088274b - std::panicking::try::do_call::h455dd2f7764a950f
[INFO] [stdout]                                at /rustc/84c898d65adf2f39a5a98507f1fe0ce10a2b8dbc/library/std/src/panicking.rs:487:40
[INFO] [stdout]   40:     0x55a9d088274b - std::panicking::try::had6f23b7b73ae72a
[INFO] [stdout]                                at /rustc/84c898d65adf2f39a5a98507f1fe0ce10a2b8dbc/library/std/src/panicking.rs:451:19
[INFO] [stdout]   41:     0x55a9d088274b - std::panic::catch_unwind::ha6a5ca3915b4dad0
[INFO] [stdout]                                at /rustc/84c898d65adf2f39a5a98507f1fe0ce10a2b8dbc/library/std/src/panic.rs:140:14
[INFO] [stdout]   42:     0x55a9d088274b - std::thread::Builder::spawn_unchecked_::{{closure}}::h883b72ef75da6231
[INFO] [stdout]                                at /rustc/84c898d65adf2f39a5a98507f1fe0ce10a2b8dbc/library/std/src/thread/mod.rs:559:30
[INFO] [stdout]   43:     0x55a9d088274b - core::ops::function::FnOnce::call_once{{vtable.shim}}::hb7dff73dc8bd2ccb
[INFO] [stdout]                                at /rustc/84c898d65adf2f39a5a98507f1fe0ce10a2b8dbc/library/core/src/ops/function.rs:250:5
[INFO] [stdout]   44:     0x55a9d08de613 - <alloc::boxed::Box<F,A> as core::ops::function::FnOnce<Args>>::call_once::h39990b24eedef2ab
[INFO] [stdout]                                at /rustc/84c898d65adf2f39a5a98507f1fe0ce10a2b8dbc/library/alloc/src/boxed.rs:1987:9
[INFO] [stdout]   45:     0x55a9d08de613 - <alloc::boxed::Box<F,A> as core::ops::function::FnOnce<Args>>::call_once::h01a027258444143b
[INFO] [stdout]                                at /rustc/84c898d65adf2f39a5a98507f1fe0ce10a2b8dbc/library/alloc/src/boxed.rs:1987:9
[INFO] [stdout]   46:     0x55a9d08de613 - std::sys::unix::thread::Thread::new::thread_start::ha4f1cdd9c25884ba
[INFO] [stdout]                                at /rustc/84c898d65adf2f39a5a98507f1fe0ce10a2b8dbc/library/std/src/sys/unix/thread.rs:108:17
[INFO] [stdout]   47:     0x7fcf98ad5b43 - <unknown>
[INFO] [stdout]   48:     0x7fcf98b66bb4 - __clone
[INFO] [stdout]   49:                0x0 - <unknown>
[INFO] [stdout] 
[INFO] [stdout] 
[INFO] [stdout] failures:
[INFO] [stdout]     test_example_script_runner
[INFO] [stdout] 
[INFO] [stdout] test result: FAILED. 0 passed; 1 failed; 0 ignored; 0 measured; 0 filtered out; finished in 0.02s
[INFO] [stdout] 
[INFO] [stderr] error: test failed, to rerun pass `--test integration_test`
[INFO] running `Command { std: "docker" "inspect" "8a871d62cc780bcfe4edba3f0af82ab5931ffcc4f790ff1878900cc1d1bd685c", kill_on_drop: false }`
[INFO] running `Command { std: "docker" "rm" "-f" "8a871d62cc780bcfe4edba3f0af82ab5931ffcc4f790ff1878900cc1d1bd685c", kill_on_drop: false }`
[INFO] [stdout] 8a871d62cc780bcfe4edba3f0af82ab5931ffcc4f790ff1878900cc1d1bd685c
