[INFO] fetching crate encodingbufreader 0.1.1...
[INFO] testing encodingbufreader-0.1.1 against beta-2023-04-20 for beta-1.70-1
[INFO] extracting crate encodingbufreader 0.1.1 into /workspace/builds/worker-1-tc2/source
[INFO] validating manifest of crates.io crate encodingbufreader 0.1.1 on toolchain beta-2023-04-20
[INFO] running `Command { std: CARGO_HOME="/workspace/cargo-home" RUSTUP_HOME="/workspace/rustup-home" "/workspace/cargo-home/bin/cargo" "+beta-2023-04-20" "metadata" "--manifest-path" "Cargo.toml" "--no-deps", kill_on_drop: false }`
[INFO] started tweaking crates.io crate encodingbufreader 0.1.1
[INFO] finished tweaking crates.io crate encodingbufreader 0.1.1
[INFO] tweaked toml for crates.io crate encodingbufreader 0.1.1 written to /workspace/builds/worker-1-tc2/source/Cargo.toml
[INFO] running `Command { std: CARGO_HOME="/workspace/cargo-home" RUSTUP_HOME="/workspace/rustup-home" __CARGO_TEST_CHANNEL_OVERRIDE_DO_NOT_USE_THIS="nightly" "/workspace/cargo-home/bin/cargo" "+beta-2023-04-20" "generate-lockfile" "--manifest-path" "Cargo.toml" "-Zno-index-update", kill_on_drop: false }`
[INFO] running `Command { std: CARGO_HOME="/workspace/cargo-home" RUSTUP_HOME="/workspace/rustup-home" "/workspace/cargo-home/bin/cargo" "+beta-2023-04-20" "fetch" "--manifest-path" "Cargo.toml", kill_on_drop: false }`
[INFO] running `Command { std: "docker" "create" "-v" "/var/lib/crater-agent-workspace/builds/worker-1-tc2/target:/opt/rustwide/target:rw,Z" "-v" "/var/lib/crater-agent-workspace/builds/worker-1-tc2/source:/opt/rustwide/workdir:ro,Z" "-v" "/var/lib/crater-agent-workspace/cargo-home:/opt/rustwide/cargo-home:ro,Z" "-v" "/var/lib/crater-agent-workspace/rustup-home:/opt/rustwide/rustup-home:ro,Z" "-e" "SOURCE_DIR=/opt/rustwide/workdir" "-e" "CARGO_TARGET_DIR=/opt/rustwide/target" "-e" "CARGO_HOME=/opt/rustwide/cargo-home" "-e" "RUSTUP_HOME=/opt/rustwide/rustup-home" "-w" "/opt/rustwide/workdir" "-m" "1610612736" "--user" "0:0" "--network" "none" "ghcr.io/rust-lang/crates-build-env/linux@sha256:5ff2268d62e97bff2cde7d5815dd6ed5b47097566f13b8d0ca110b04b60e07ed" "/opt/rustwide/cargo-home/bin/cargo" "+beta-2023-04-20" "metadata" "--no-deps" "--format-version=1", kill_on_drop: false }`
[INFO] [stdout] 195297a175eb2b0223ab3d9b527602d7f41e88d53988fe3448ef7e37bc859d31
[INFO] running `Command { std: "docker" "start" "-a" "195297a175eb2b0223ab3d9b527602d7f41e88d53988fe3448ef7e37bc859d31", kill_on_drop: false }`
[INFO] running `Command { std: "docker" "inspect" "195297a175eb2b0223ab3d9b527602d7f41e88d53988fe3448ef7e37bc859d31", kill_on_drop: false }`
[INFO] running `Command { std: "docker" "rm" "-f" "195297a175eb2b0223ab3d9b527602d7f41e88d53988fe3448ef7e37bc859d31", kill_on_drop: false }`
[INFO] [stdout] 195297a175eb2b0223ab3d9b527602d7f41e88d53988fe3448ef7e37bc859d31
[INFO] running `Command { std: "docker" "create" "-v" "/var/lib/crater-agent-workspace/builds/worker-1-tc2/target:/opt/rustwide/target:rw,Z" "-v" "/var/lib/crater-agent-workspace/builds/worker-1-tc2/source:/opt/rustwide/workdir:ro,Z" "-v" "/var/lib/crater-agent-workspace/cargo-home:/opt/rustwide/cargo-home:ro,Z" "-v" "/var/lib/crater-agent-workspace/rustup-home:/opt/rustwide/rustup-home:ro,Z" "-e" "SOURCE_DIR=/opt/rustwide/workdir" "-e" "CARGO_TARGET_DIR=/opt/rustwide/target" "-e" "CARGO_INCREMENTAL=0" "-e" "RUST_BACKTRACE=full" "-e" "RUSTFLAGS=--cap-lints=warn" "-e" "RUSTDOCFLAGS=--cap-lints=warn" "-e" "CARGO_HOME=/opt/rustwide/cargo-home" "-e" "RUSTUP_HOME=/opt/rustwide/rustup-home" "-w" "/opt/rustwide/workdir" "-m" "1610612736" "--user" "0:0" "--network" "none" "ghcr.io/rust-lang/crates-build-env/linux@sha256:5ff2268d62e97bff2cde7d5815dd6ed5b47097566f13b8d0ca110b04b60e07ed" "/opt/rustwide/cargo-home/bin/cargo" "+beta-2023-04-20" "build" "--frozen" "--message-format=json", kill_on_drop: false }`
[INFO] [stdout] 9130335557dea354bca215f39692443530636adfca962eaecaf4d98b848cdf74
[INFO] running `Command { std: "docker" "start" "-a" "9130335557dea354bca215f39692443530636adfca962eaecaf4d98b848cdf74", kill_on_drop: false }`
[INFO] [stderr]    Compiling encoding_index_tests v0.1.4
[INFO] [stderr]    Compiling encoding-index-tradchinese v1.20141219.5
[INFO] [stderr]    Compiling encoding-index-simpchinese v1.20141219.5
[INFO] [stderr]    Compiling encoding-index-japanese v1.20141219.5
[INFO] [stderr]    Compiling encoding-index-korean v1.20141219.5
[INFO] [stderr]    Compiling encoding-index-singlebyte v1.20141219.5
[INFO] [stderr]    Compiling encoding v0.2.33
[INFO] [stderr]    Compiling encodingbufreader v0.1.1 (/opt/rustwide/workdir)
[INFO] [stderr]     Finished dev [unoptimized + debuginfo] target(s) in 1.85s
[INFO] running `Command { std: "docker" "inspect" "9130335557dea354bca215f39692443530636adfca962eaecaf4d98b848cdf74", kill_on_drop: false }`
[INFO] running `Command { std: "docker" "rm" "-f" "9130335557dea354bca215f39692443530636adfca962eaecaf4d98b848cdf74", kill_on_drop: false }`
[INFO] [stdout] 9130335557dea354bca215f39692443530636adfca962eaecaf4d98b848cdf74
[INFO] running `Command { std: "docker" "create" "-v" "/var/lib/crater-agent-workspace/builds/worker-1-tc2/target:/opt/rustwide/target:rw,Z" "-v" "/var/lib/crater-agent-workspace/builds/worker-1-tc2/source:/opt/rustwide/workdir:ro,Z" "-v" "/var/lib/crater-agent-workspace/cargo-home:/opt/rustwide/cargo-home:ro,Z" "-v" "/var/lib/crater-agent-workspace/rustup-home:/opt/rustwide/rustup-home:ro,Z" "-e" "SOURCE_DIR=/opt/rustwide/workdir" "-e" "CARGO_TARGET_DIR=/opt/rustwide/target" "-e" "CARGO_INCREMENTAL=0" "-e" "RUST_BACKTRACE=full" "-e" "RUSTFLAGS=--cap-lints=warn" "-e" "RUSTDOCFLAGS=--cap-lints=warn" "-e" "CARGO_HOME=/opt/rustwide/cargo-home" "-e" "RUSTUP_HOME=/opt/rustwide/rustup-home" "-w" "/opt/rustwide/workdir" "-m" "1610612736" "--user" "0:0" "--network" "none" "ghcr.io/rust-lang/crates-build-env/linux@sha256:5ff2268d62e97bff2cde7d5815dd6ed5b47097566f13b8d0ca110b04b60e07ed" "/opt/rustwide/cargo-home/bin/cargo" "+beta-2023-04-20" "test" "--frozen" "--no-run" "--message-format=json", kill_on_drop: false }`
[INFO] [stdout] 17d8de104e3dcde00ee67767fce0b57c90e31d14389d5b0ef541d44bc8b3f9aa
[INFO] running `Command { std: "docker" "start" "-a" "17d8de104e3dcde00ee67767fce0b57c90e31d14389d5b0ef541d44bc8b3f9aa", kill_on_drop: false }`
[INFO] [stderr]    Compiling encodingbufreader v0.1.1 (/opt/rustwide/workdir)
[INFO] [stderr]     Finished test [unoptimized + debuginfo] target(s) in 0.63s
[INFO] running `Command { std: "docker" "inspect" "17d8de104e3dcde00ee67767fce0b57c90e31d14389d5b0ef541d44bc8b3f9aa", kill_on_drop: false }`
[INFO] running `Command { std: "docker" "rm" "-f" "17d8de104e3dcde00ee67767fce0b57c90e31d14389d5b0ef541d44bc8b3f9aa", kill_on_drop: false }`
[INFO] [stdout] 17d8de104e3dcde00ee67767fce0b57c90e31d14389d5b0ef541d44bc8b3f9aa
[INFO] running `Command { std: "docker" "create" "-v" "/var/lib/crater-agent-workspace/builds/worker-1-tc2/target:/opt/rustwide/target:rw,Z" "-v" "/var/lib/crater-agent-workspace/builds/worker-1-tc2/source:/opt/rustwide/workdir:ro,Z" "-v" "/var/lib/crater-agent-workspace/cargo-home:/opt/rustwide/cargo-home:ro,Z" "-v" "/var/lib/crater-agent-workspace/rustup-home:/opt/rustwide/rustup-home:ro,Z" "-e" "SOURCE_DIR=/opt/rustwide/workdir" "-e" "CARGO_TARGET_DIR=/opt/rustwide/target" "-e" "CARGO_INCREMENTAL=0" "-e" "RUST_BACKTRACE=full" "-e" "RUSTFLAGS=--cap-lints=warn" "-e" "RUSTDOCFLAGS=--cap-lints=warn" "-e" "CARGO_HOME=/opt/rustwide/cargo-home" "-e" "RUSTUP_HOME=/opt/rustwide/rustup-home" "-w" "/opt/rustwide/workdir" "-m" "1610612736" "--user" "0:0" "--network" "none" "ghcr.io/rust-lang/crates-build-env/linux@sha256:5ff2268d62e97bff2cde7d5815dd6ed5b47097566f13b8d0ca110b04b60e07ed" "/opt/rustwide/cargo-home/bin/cargo" "+beta-2023-04-20" "test" "--frozen", kill_on_drop: false }`
[INFO] [stdout] 36b9e4565ab276aaf26808d65e3407f5735b76c413046148200fe17e8134d157
[INFO] running `Command { std: "docker" "start" "-a" "36b9e4565ab276aaf26808d65e3407f5735b76c413046148200fe17e8134d157", kill_on_drop: false }`
[INFO] [stderr]     Finished test [unoptimized + debuginfo] target(s) in 0.01s
[INFO] [stderr]      Running unittests src/lib.rs (/opt/rustwide/target/debug/deps/encodingbufreader-2271aeef50f2186f)
[INFO] [stdout] 
[INFO] [stdout] running 3 tests
[INFO] [stdout] test tests::test_decode_readline ... ok
[INFO] [stdout] test tests::test_decodeuft8 ... ok
[INFO] [stdout] test tests::test_decode_gb18030 ... ok
[INFO] [stdout] 
[INFO] [stdout] test result: ok. 3 passed; 0 failed; 0 ignored; 0 measured; 0 filtered out; finished in 0.01s
[INFO] [stdout] 
[INFO] [stderr]    Doc-tests encodingbufreader
[INFO] [stdout] 
[INFO] [stdout] running 2 tests
[INFO] [stdout] test src/lib.rs - BufReaderEncoding<R>::lines (line 103) ... FAILED
[INFO] [stdout] test src/lib.rs - BufReaderEncoding<R>::read_line (line 145) ... ok
[INFO] [stdout] 
[INFO] [stdout] failures:
[INFO] [stdout] 
[INFO] [stdout] ---- src/lib.rs - BufReaderEncoding<R>::lines (line 103) stdout ----
[INFO] [stdout] error[E0599]: the method `map` exists for struct `BufReaderEncoding<&[u8]>`, but its trait bounds were not satisfied
[INFO] [stdout]   --> src/lib.rs:108:58
[INFO] [stdout]    |
[INFO] [stdout] 8  | let mut lines_iter = BufReaderEncoding::new(bytes,UTF_8).map(|l| l.unwrap());
[INFO] [stdout]    |                                                          ^^^ method cannot be called on `BufReaderEncoding<&[u8]>` due to unsatisfied trait bounds
[INFO] [stdout]    |
[INFO] [stdout]   ::: /opt/rustwide/workdir/src/lib.rs:36:1
[INFO] [stdout]    |
[INFO] [stdout] 36 | pub struct BufReaderEncoding<R> {
[INFO] [stdout]    | ------------------------------- doesn't satisfy `BufReaderEncoding<&[u8]>: Iterator`
[INFO] [stdout]    |
[INFO] [stdout]    = note: the following trait bounds were not satisfied:
[INFO] [stdout]            `BufReaderEncoding<&[u8]>: Iterator`
[INFO] [stdout]            which is required by `&mut BufReaderEncoding<&[u8]>: Iterator`
[INFO] [stdout] 
[INFO] [stdout] error: aborting due to previous error
[INFO] [stdout] 
[INFO] [stdout] For more information about this error, try `rustc --explain E0599`.
[INFO] [stdout] Couldn't compile the test.
[INFO] [stdout] 
[INFO] [stdout] failures:
[INFO] [stdout]     src/lib.rs - BufReaderEncoding<R>::lines (line 103)
[INFO] [stdout] 
[INFO] [stdout] test result: FAILED. 1 passed; 1 failed; 0 ignored; 0 measured; 0 filtered out; finished in 0.36s
[INFO] [stdout] 
[INFO] [stderr] error: doctest failed, to rerun pass `--doc`
[INFO] running `Command { std: "docker" "inspect" "36b9e4565ab276aaf26808d65e3407f5735b76c413046148200fe17e8134d157", kill_on_drop: false }`
[INFO] running `Command { std: "docker" "rm" "-f" "36b9e4565ab276aaf26808d65e3407f5735b76c413046148200fe17e8134d157", kill_on_drop: false }`
[INFO] [stdout] 36b9e4565ab276aaf26808d65e3407f5735b76c413046148200fe17e8134d157
