[INFO] fetching crate enarx-config-86d3ad9 0.6.0...
[INFO] testing enarx-config-86d3ad9-0.6.0 against beta-2023-04-20 for beta-1.70-1
[INFO] extracting crate enarx-config-86d3ad9 0.6.0 into /workspace/builds/worker-4-tc2/source
[INFO] validating manifest of crates.io crate enarx-config-86d3ad9 0.6.0 on toolchain beta-2023-04-20
[INFO] running `Command { std: CARGO_HOME="/workspace/cargo-home" RUSTUP_HOME="/workspace/rustup-home" "/workspace/cargo-home/bin/cargo" "+beta-2023-04-20" "metadata" "--manifest-path" "Cargo.toml" "--no-deps", kill_on_drop: false }`
[INFO] started tweaking crates.io crate enarx-config-86d3ad9 0.6.0
[INFO] finished tweaking crates.io crate enarx-config-86d3ad9 0.6.0
[INFO] tweaked toml for crates.io crate enarx-config-86d3ad9 0.6.0 written to /workspace/builds/worker-4-tc2/source/Cargo.toml
[INFO] running `Command { std: CARGO_HOME="/workspace/cargo-home" RUSTUP_HOME="/workspace/rustup-home" __CARGO_TEST_CHANNEL_OVERRIDE_DO_NOT_USE_THIS="nightly" "/workspace/cargo-home/bin/cargo" "+beta-2023-04-20" "generate-lockfile" "--manifest-path" "Cargo.toml" "-Zno-index-update", kill_on_drop: false }`
[INFO] running `Command { std: CARGO_HOME="/workspace/cargo-home" RUSTUP_HOME="/workspace/rustup-home" "/workspace/cargo-home/bin/cargo" "+beta-2023-04-20" "fetch" "--manifest-path" "Cargo.toml", kill_on_drop: false }`
[INFO] running `Command { std: "docker" "create" "-v" "/var/lib/crater-agent-workspace/builds/worker-4-tc2/target:/opt/rustwide/target:rw,Z" "-v" "/var/lib/crater-agent-workspace/builds/worker-4-tc2/source:/opt/rustwide/workdir:ro,Z" "-v" "/var/lib/crater-agent-workspace/cargo-home:/opt/rustwide/cargo-home:ro,Z" "-v" "/var/lib/crater-agent-workspace/rustup-home:/opt/rustwide/rustup-home:ro,Z" "-e" "SOURCE_DIR=/opt/rustwide/workdir" "-e" "CARGO_TARGET_DIR=/opt/rustwide/target" "-e" "CARGO_HOME=/opt/rustwide/cargo-home" "-e" "RUSTUP_HOME=/opt/rustwide/rustup-home" "-w" "/opt/rustwide/workdir" "-m" "1610612736" "--user" "0:0" "--network" "none" "ghcr.io/rust-lang/crates-build-env/linux@sha256:5ff2268d62e97bff2cde7d5815dd6ed5b47097566f13b8d0ca110b04b60e07ed" "/opt/rustwide/cargo-home/bin/cargo" "+beta-2023-04-20" "metadata" "--no-deps" "--format-version=1", kill_on_drop: false }`
[INFO] [stdout] dfb4c862319d208acc2ae286174f13255739e88e58105f583e0ab6708311b0b8
[INFO] running `Command { std: "docker" "start" "-a" "dfb4c862319d208acc2ae286174f13255739e88e58105f583e0ab6708311b0b8", kill_on_drop: false }`
[INFO] running `Command { std: "docker" "inspect" "dfb4c862319d208acc2ae286174f13255739e88e58105f583e0ab6708311b0b8", kill_on_drop: false }`
[INFO] running `Command { std: "docker" "rm" "-f" "dfb4c862319d208acc2ae286174f13255739e88e58105f583e0ab6708311b0b8", kill_on_drop: false }`
[INFO] [stdout] dfb4c862319d208acc2ae286174f13255739e88e58105f583e0ab6708311b0b8
[INFO] running `Command { std: "docker" "create" "-v" "/var/lib/crater-agent-workspace/builds/worker-4-tc2/target:/opt/rustwide/target:rw,Z" "-v" "/var/lib/crater-agent-workspace/builds/worker-4-tc2/source:/opt/rustwide/workdir:ro,Z" "-v" "/var/lib/crater-agent-workspace/cargo-home:/opt/rustwide/cargo-home:ro,Z" "-v" "/var/lib/crater-agent-workspace/rustup-home:/opt/rustwide/rustup-home:ro,Z" "-e" "SOURCE_DIR=/opt/rustwide/workdir" "-e" "CARGO_TARGET_DIR=/opt/rustwide/target" "-e" "CARGO_INCREMENTAL=0" "-e" "RUST_BACKTRACE=full" "-e" "RUSTFLAGS=--cap-lints=warn" "-e" "RUSTDOCFLAGS=--cap-lints=warn" "-e" "CARGO_HOME=/opt/rustwide/cargo-home" "-e" "RUSTUP_HOME=/opt/rustwide/rustup-home" "-w" "/opt/rustwide/workdir" "-m" "1610612736" "--user" "0:0" "--network" "none" "ghcr.io/rust-lang/crates-build-env/linux@sha256:5ff2268d62e97bff2cde7d5815dd6ed5b47097566f13b8d0ca110b04b60e07ed" "/opt/rustwide/cargo-home/bin/cargo" "+beta-2023-04-20" "build" "--frozen" "--message-format=json", kill_on_drop: false }`
[INFO] [stdout] 7c5713b4507947378d460a02f62a0e450808fea042565b6e4acba4e62de070c2
[INFO] running `Command { std: "docker" "start" "-a" "7c5713b4507947378d460a02f62a0e450808fea042565b6e4acba4e62de070c2", kill_on_drop: false }`
[INFO] [stderr]    Compiling tinyvec_macros v0.1.1
[INFO] [stderr]    Compiling serde_derive v1.0.160
[INFO] [stderr]    Compiling serde v1.0.160
[INFO] [stderr]    Compiling percent-encoding v2.2.0
[INFO] [stderr]    Compiling unicode-bidi v0.3.13
[INFO] [stderr]    Compiling syn v2.0.15
[INFO] [stderr]    Compiling tinyvec v1.6.0
[INFO] [stderr]    Compiling form_urlencoded v1.1.0
[INFO] [stderr]    Compiling unicode-normalization v0.1.22
[INFO] [stderr]    Compiling idna v0.3.0
[INFO] [stderr]    Compiling url v2.3.1
[INFO] [stderr]    Compiling enarx-config-86d3ad9 v0.6.0 (/opt/rustwide/workdir)
[INFO] [stderr]     Finished dev [unoptimized + debuginfo] target(s) in 7.87s
[INFO] running `Command { std: "docker" "inspect" "7c5713b4507947378d460a02f62a0e450808fea042565b6e4acba4e62de070c2", kill_on_drop: false }`
[INFO] running `Command { std: "docker" "rm" "-f" "7c5713b4507947378d460a02f62a0e450808fea042565b6e4acba4e62de070c2", kill_on_drop: false }`
[INFO] [stdout] 7c5713b4507947378d460a02f62a0e450808fea042565b6e4acba4e62de070c2
[INFO] running `Command { std: "docker" "create" "-v" "/var/lib/crater-agent-workspace/builds/worker-4-tc2/target:/opt/rustwide/target:rw,Z" "-v" "/var/lib/crater-agent-workspace/builds/worker-4-tc2/source:/opt/rustwide/workdir:ro,Z" "-v" "/var/lib/crater-agent-workspace/cargo-home:/opt/rustwide/cargo-home:ro,Z" "-v" "/var/lib/crater-agent-workspace/rustup-home:/opt/rustwide/rustup-home:ro,Z" "-e" "SOURCE_DIR=/opt/rustwide/workdir" "-e" "CARGO_TARGET_DIR=/opt/rustwide/target" "-e" "CARGO_INCREMENTAL=0" "-e" "RUST_BACKTRACE=full" "-e" "RUSTFLAGS=--cap-lints=warn" "-e" "RUSTDOCFLAGS=--cap-lints=warn" "-e" "CARGO_HOME=/opt/rustwide/cargo-home" "-e" "RUSTUP_HOME=/opt/rustwide/rustup-home" "-w" "/opt/rustwide/workdir" "-m" "1610612736" "--user" "0:0" "--network" "none" "ghcr.io/rust-lang/crates-build-env/linux@sha256:5ff2268d62e97bff2cde7d5815dd6ed5b47097566f13b8d0ca110b04b60e07ed" "/opt/rustwide/cargo-home/bin/cargo" "+beta-2023-04-20" "test" "--frozen" "--no-run" "--message-format=json", kill_on_drop: false }`
[INFO] [stdout] 0933462438a177c6dde57755069d0695243b01bc9bf2a7fca2242716fa5ac73b
[INFO] running `Command { std: "docker" "start" "-a" "0933462438a177c6dde57755069d0695243b01bc9bf2a7fca2242716fa5ac73b", kill_on_drop: false }`
[INFO] [stderr]    Compiling toml v0.5.11
[INFO] [stderr]    Compiling enarx-config-86d3ad9 v0.6.0 (/opt/rustwide/workdir)
[INFO] [stderr]     Finished test [unoptimized + debuginfo] target(s) in 2.25s
[INFO] running `Command { std: "docker" "inspect" "0933462438a177c6dde57755069d0695243b01bc9bf2a7fca2242716fa5ac73b", kill_on_drop: false }`
[INFO] running `Command { std: "docker" "rm" "-f" "0933462438a177c6dde57755069d0695243b01bc9bf2a7fca2242716fa5ac73b", kill_on_drop: false }`
[INFO] [stdout] 0933462438a177c6dde57755069d0695243b01bc9bf2a7fca2242716fa5ac73b
[INFO] running `Command { std: "docker" "create" "-v" "/var/lib/crater-agent-workspace/builds/worker-4-tc2/target:/opt/rustwide/target:rw,Z" "-v" "/var/lib/crater-agent-workspace/builds/worker-4-tc2/source:/opt/rustwide/workdir:ro,Z" "-v" "/var/lib/crater-agent-workspace/cargo-home:/opt/rustwide/cargo-home:ro,Z" "-v" "/var/lib/crater-agent-workspace/rustup-home:/opt/rustwide/rustup-home:ro,Z" "-e" "SOURCE_DIR=/opt/rustwide/workdir" "-e" "CARGO_TARGET_DIR=/opt/rustwide/target" "-e" "CARGO_INCREMENTAL=0" "-e" "RUST_BACKTRACE=full" "-e" "RUSTFLAGS=--cap-lints=warn" "-e" "RUSTDOCFLAGS=--cap-lints=warn" "-e" "CARGO_HOME=/opt/rustwide/cargo-home" "-e" "RUSTUP_HOME=/opt/rustwide/rustup-home" "-w" "/opt/rustwide/workdir" "-m" "1610612736" "--user" "0:0" "--network" "none" "ghcr.io/rust-lang/crates-build-env/linux@sha256:5ff2268d62e97bff2cde7d5815dd6ed5b47097566f13b8d0ca110b04b60e07ed" "/opt/rustwide/cargo-home/bin/cargo" "+beta-2023-04-20" "test" "--frozen", kill_on_drop: false }`
[INFO] [stdout] 9d16fa4f5ba938799187abfeb9628da8a266a12c8e8d4c6039c005076d719044
[INFO] running `Command { std: "docker" "start" "-a" "9d16fa4f5ba938799187abfeb9628da8a266a12c8e8d4c6039c005076d719044", kill_on_drop: false }`
[INFO] [stderr]     Finished test [unoptimized + debuginfo] target(s) in 0.01s
[INFO] [stderr]      Running unittests src/lib.rs (/opt/rustwide/target/debug/deps/enarx_config_86d3ad9-ba5d8039a420de3d)
[INFO] [stdout] 
[INFO] [stdout] running 4 tests
[INFO] [stdout] test test::invalid_name ... ok
[INFO] [stdout] test test::names ... ok
[INFO] [stdout] test test::values ... ok
[INFO] [stdout] test test::check_template ... ok
[INFO] [stdout] 
[INFO] [stdout] test result: ok. 4 passed; 0 failed; 0 ignored; 0 measured; 0 filtered out; finished in 0.00s
[INFO] [stdout] 
[INFO] [stderr]    Doc-tests enarx-config-86d3ad9
[INFO] [stdout] 
[INFO] [stdout] running 2 tests
[INFO] [stdout] test src/lib.rs - (line 8) ... FAILED
[INFO] [stdout] test src/lib.rs - Config (line 118) ... FAILED
[INFO] [stdout] 
[INFO] [stdout] failures:
[INFO] [stdout] 
[INFO] [stdout] ---- src/lib.rs - (line 8) stdout ----
[INFO] [stdout] error[E0432]: unresolved import `enarx_config`
[INFO] [stdout]  --> src/lib.rs:10:5
[INFO] [stdout]   |
[INFO] [stdout] 4 | use enarx_config::Config;
[INFO] [stdout]   |     ^^^^^^^^^^^^ use of undeclared crate or module `enarx_config`
[INFO] [stdout] 
[INFO] [stdout] error: aborting due to previous error
[INFO] [stdout] 
[INFO] [stdout] For more information about this error, try `rustc --explain E0432`.
[INFO] [stdout] Couldn't compile the test.
[INFO] [stdout] ---- src/lib.rs - Config (line 118) stdout ----
[INFO] [stdout] error[E0432]: unresolved import `enarx_config`
[INFO] [stdout]  --> src/lib.rs:120:5
[INFO] [stdout]   |
[INFO] [stdout] 4 | use enarx_config::Config;
[INFO] [stdout]   |     ^^^^^^^^^^^^ use of undeclared crate or module `enarx_config`
[INFO] [stdout] 
[INFO] [stdout] error: aborting due to previous error
[INFO] [stdout] 
[INFO] [stdout] For more information about this error, try `rustc --explain E0432`.
[INFO] [stdout] Couldn't compile the test.
[INFO] [stdout] 
[INFO] [stdout] failures:
[INFO] [stdout]     src/lib.rs - (line 8)
[INFO] [stdout]     src/lib.rs - Config (line 118)
[INFO] [stdout] 
[INFO] [stdout] test result: FAILED. 0 passed; 2 failed; 0 ignored; 0 measured; 0 filtered out; finished in 0.03s
[INFO] [stdout] 
[INFO] [stderr] error: doctest failed, to rerun pass `--doc`
[INFO] running `Command { std: "docker" "inspect" "9d16fa4f5ba938799187abfeb9628da8a266a12c8e8d4c6039c005076d719044", kill_on_drop: false }`
[INFO] running `Command { std: "docker" "rm" "-f" "9d16fa4f5ba938799187abfeb9628da8a266a12c8e8d4c6039c005076d719044", kill_on_drop: false }`
[INFO] [stdout] 9d16fa4f5ba938799187abfeb9628da8a266a12c8e8d4c6039c005076d719044
