[INFO] fetching crate emu_core 0.1.1...
[INFO] testing emu_core-0.1.1 against beta-2023-04-20 for beta-1.70-1
[INFO] extracting crate emu_core 0.1.1 into /workspace/builds/worker-5-tc2/source
[INFO] validating manifest of crates.io crate emu_core 0.1.1 on toolchain beta-2023-04-20
[INFO] running `Command { std: CARGO_HOME="/workspace/cargo-home" RUSTUP_HOME="/workspace/rustup-home" "/workspace/cargo-home/bin/cargo" "+beta-2023-04-20" "metadata" "--manifest-path" "Cargo.toml" "--no-deps", kill_on_drop: false }`
[INFO] started tweaking crates.io crate emu_core 0.1.1
[INFO] finished tweaking crates.io crate emu_core 0.1.1
[INFO] tweaked toml for crates.io crate emu_core 0.1.1 written to /workspace/builds/worker-5-tc2/source/Cargo.toml
[INFO] crate crates.io crate emu_core 0.1.1 already has a lockfile, it will not be regenerated
[INFO] running `Command { std: CARGO_HOME="/workspace/cargo-home" RUSTUP_HOME="/workspace/rustup-home" "/workspace/cargo-home/bin/cargo" "+beta-2023-04-20" "fetch" "--manifest-path" "Cargo.toml", kill_on_drop: false }`
[INFO] [stderr]     Updating crates.io index
[INFO] [stderr]     Blocking waiting for file lock on package cache
[INFO] [stderr]  Downloading crates ...
[INFO] [stderr]   Downloaded proc-macro2 v1.0.10
[INFO] [stderr]   Downloaded peek-poke v0.2.0
[INFO] [stderr]   Downloaded peek-poke-derive v0.2.1
[INFO] [stderr]   Downloaded syn v1.0.17
[INFO] [stderr]   Downloaded lock_api v0.3.2
[INFO] [stderr]   Downloaded metal v0.18.0
[INFO] [stderr]   Downloaded shaderc v0.6.2
[INFO] [stderr]   Downloaded js-sys v0.3.32
[INFO] [stderr]   Downloaded wgpu-types v0.5.0
[INFO] [stderr]   Downloaded gfx-backend-vulkan v0.5.2
[INFO] [stderr]   Downloaded gfx-descriptor v0.1.0
[INFO] [stderr]   Downloaded gfx-backend-dx11 v0.5.0
[INFO] [stderr]   Downloaded d3d12 v0.3.0
[INFO] [stderr]   Downloaded spirv_cross v0.18.0
[INFO] [stderr]   Downloaded ash v0.30.0
[INFO] [stderr]   Downloaded hibitset v0.6.2
[INFO] [stderr]   Downloaded gfx-backend-dx12 v0.5.0
[INFO] [stderr]   Downloaded zerocopy v0.2.8
[INFO] [stderr]   Downloaded smallvec v1.2.0
[INFO] [stderr]   Downloaded shaderc-sys v0.6.2
[INFO] [stderr]   Downloaded emu_glsl v0.1.0
[INFO] [stderr]   Downloaded timeit v0.1.2
[INFO] [stderr]   Downloaded wgpu-core v0.5.0
[INFO] [stderr]   Downloaded zerocopy-derive v0.1.4
[INFO] [stderr]   Downloaded cocoa v0.20.0
[INFO] [stderr]   Downloaded range-alloc v0.1.0
[INFO] [stderr]   Downloaded gfx-backend-empty v0.5.0
[INFO] [stderr]   Downloaded gfx-auxil v0.3.0
[INFO] [stderr]   Downloaded gfx-backend-metal v0.5.1
[INFO] [stderr]   Downloaded gfx-hal v0.5.0
[INFO] [stderr]   Downloaded gfx-memory v0.1.3
[INFO] [stderr]   Downloaded wgpu-native v0.5.0
[INFO] [stderr]   Downloaded atom v0.3.5
[INFO] [stderr]   Downloaded wasm-bindgen-backend v0.2.55
[INFO] [stderr]   Downloaded wasm-bindgen-shared v0.2.55
[INFO] [stderr]   Downloaded wasm-bindgen-macro-support v0.2.55
[INFO] [stderr]   Downloaded wasm-bindgen-macro v0.2.55
[INFO] [stderr]   Downloaded wasm-bindgen v0.2.55
[INFO] [stderr]   Downloaded storage-map v0.2.0
[INFO] [stderr]   Downloaded core-graphics v0.19.0
[INFO] [stderr]   Downloaded cc v1.0.48
[INFO] [stderr]   Downloaded x11 v2.18.1
[INFO] [stderr]   Downloaded wgpu v0.5.0
[INFO] running `Command { std: "docker" "create" "-v" "/var/lib/crater-agent-workspace/builds/worker-5-tc2/target:/opt/rustwide/target:rw,Z" "-v" "/var/lib/crater-agent-workspace/builds/worker-5-tc2/source:/opt/rustwide/workdir:ro,Z" "-v" "/var/lib/crater-agent-workspace/cargo-home:/opt/rustwide/cargo-home:ro,Z" "-v" "/var/lib/crater-agent-workspace/rustup-home:/opt/rustwide/rustup-home:ro,Z" "-e" "SOURCE_DIR=/opt/rustwide/workdir" "-e" "CARGO_TARGET_DIR=/opt/rustwide/target" "-e" "CARGO_HOME=/opt/rustwide/cargo-home" "-e" "RUSTUP_HOME=/opt/rustwide/rustup-home" "-w" "/opt/rustwide/workdir" "-m" "1610612736" "--user" "0:0" "--network" "none" "ghcr.io/rust-lang/crates-build-env/linux@sha256:5ff2268d62e97bff2cde7d5815dd6ed5b47097566f13b8d0ca110b04b60e07ed" "/opt/rustwide/cargo-home/bin/cargo" "+beta-2023-04-20" "metadata" "--no-deps" "--format-version=1", kill_on_drop: false }`
[INFO] [stdout] b4c572db9da51a8856604b6144be324e20d70758d8571ae2f212e0396013903f
[INFO] running `Command { std: "docker" "start" "-a" "b4c572db9da51a8856604b6144be324e20d70758d8571ae2f212e0396013903f", kill_on_drop: false }`
[INFO] running `Command { std: "docker" "inspect" "b4c572db9da51a8856604b6144be324e20d70758d8571ae2f212e0396013903f", kill_on_drop: false }`
[INFO] running `Command { std: "docker" "rm" "-f" "b4c572db9da51a8856604b6144be324e20d70758d8571ae2f212e0396013903f", kill_on_drop: false }`
[INFO] [stdout] b4c572db9da51a8856604b6144be324e20d70758d8571ae2f212e0396013903f
[INFO] running `Command { std: "docker" "create" "-v" "/var/lib/crater-agent-workspace/builds/worker-5-tc2/target:/opt/rustwide/target:rw,Z" "-v" "/var/lib/crater-agent-workspace/builds/worker-5-tc2/source:/opt/rustwide/workdir:ro,Z" "-v" "/var/lib/crater-agent-workspace/cargo-home:/opt/rustwide/cargo-home:ro,Z" "-v" "/var/lib/crater-agent-workspace/rustup-home:/opt/rustwide/rustup-home:ro,Z" "-e" "SOURCE_DIR=/opt/rustwide/workdir" "-e" "CARGO_TARGET_DIR=/opt/rustwide/target" "-e" "CARGO_INCREMENTAL=0" "-e" "RUST_BACKTRACE=full" "-e" "RUSTFLAGS=--cap-lints=warn" "-e" "RUSTDOCFLAGS=--cap-lints=warn" "-e" "CARGO_HOME=/opt/rustwide/cargo-home" "-e" "RUSTUP_HOME=/opt/rustwide/rustup-home" "-w" "/opt/rustwide/workdir" "-m" "1610612736" "--user" "0:0" "--network" "none" "ghcr.io/rust-lang/crates-build-env/linux@sha256:5ff2268d62e97bff2cde7d5815dd6ed5b47097566f13b8d0ca110b04b60e07ed" "/opt/rustwide/cargo-home/bin/cargo" "+beta-2023-04-20" "build" "--frozen" "--message-format=json", kill_on_drop: false }`
[INFO] [stdout] 84cd0b7108db1284770bd00379cba00650f38aba802afe0cf71fb63dd4e21f2b
[INFO] running `Command { std: "docker" "start" "-a" "84cd0b7108db1284770bd00379cba00650f38aba802afe0cf71fb63dd4e21f2b", kill_on_drop: false }`
[INFO] [stderr]    Compiling proc-macro2 v1.0.10
[INFO] [stderr]    Compiling syn v1.0.17
[INFO] [stderr]    Compiling libc v0.2.66
[INFO] [stderr]    Compiling bitflags v1.2.1
[INFO] [stderr]    Compiling byteorder v1.3.2
[INFO] [stderr]    Compiling cfg-if v0.1.10
[INFO] [stderr]    Compiling cc v1.0.48
[INFO] [stderr]    Compiling pkg-config v0.3.17
[INFO] [stderr]    Compiling log v0.4.8
[INFO] [stderr]    Compiling smallvec v1.2.0
[INFO] [stderr]    Compiling syn v0.15.44
[INFO] [stderr]    Compiling scopeguard v1.0.0
[INFO] [stderr]    Compiling x11 v2.18.1
[INFO] [stderr]    Compiling proc-macro-nested v0.1.3
[INFO] [stderr]    Compiling atom v0.3.5
[INFO] [stderr]    Compiling hibitset v0.6.2
[INFO] [stderr]    Compiling raw-window-handle v0.3.3
[INFO] [stderr]    Compiling quote v1.0.3
[INFO] [stderr]    Compiling fxhash v0.2.1
[INFO] [stderr]    Compiling gfx-hal v0.5.0
[INFO] [stderr]    Compiling libloading v0.5.2
[INFO] [stderr]    Compiling parking_lot_core v0.7.0
[INFO] [stderr]    Compiling lock_api v0.3.2
[INFO] [stderr]    Compiling futures-sink v0.3.1
[INFO] [stderr]    Compiling arrayvec v0.5.1
[INFO] [stderr]    Compiling futures-core v0.3.1
[INFO] [stderr]    Compiling parking_lot v0.10.0
[INFO] [stderr]    Compiling futures-channel v0.3.1
[INFO] [stderr]    Compiling ash v0.30.0
[INFO] [stderr]    Compiling futures-io v0.3.1
[INFO] [stderr]    Compiling futures-task v0.3.1
[INFO] [stderr]    Compiling copyless v0.1.4
[INFO] [stderr]    Compiling vec_map v0.8.1
[INFO] [stderr]    Compiling pin-utils v0.1.0-alpha.4
[INFO] [stderr]    Compiling gfx-backend-empty v0.5.0
[INFO] [stderr]    Compiling gfx-memory v0.1.3
[INFO] [stderr]    Compiling gfx-descriptor v0.1.0
[INFO] [stderr]    Compiling synstructure v0.10.2
[INFO] [stderr]    Compiling zerocopy-derive v0.1.4
[INFO] [stderr]    Compiling synstructure v0.12.3
[INFO] [stderr]    Compiling peek-poke-derive v0.2.1
[INFO] [stderr]    Compiling proc-macro-hack v0.5.11
[INFO] [stderr]    Compiling derive_more v0.99.2
[INFO] [stderr]    Compiling zerocopy v0.2.8
[INFO] [stderr]    Compiling peek-poke v0.2.0
[INFO] [stderr]    Compiling wgpu-types v0.5.0
[INFO] [stderr]    Compiling futures-macro v0.3.1
[INFO] [stderr]    Compiling futures-util v0.3.1
[INFO] [stderr]    Compiling gfx-backend-vulkan v0.5.2
[INFO] [stderr]    Compiling wgpu-core v0.5.0
[INFO] [stderr]    Compiling futures-executor v0.3.1
[INFO] [stderr]    Compiling futures v0.3.1
[INFO] [stderr]    Compiling wgpu-native v0.5.0
[INFO] [stderr]    Compiling wgpu v0.5.0
[INFO] [stderr]    Compiling emu_core v0.1.1 (/opt/rustwide/workdir)
[INFO] [stdout] warning: unused import: `crate::device::*`
[INFO] [stdout]  --> src/compile_impls.rs:4:5
[INFO] [stdout]   |
[INFO] [stdout] 4 | use crate::device::*;
[INFO] [stdout]   |     ^^^^^^^^^^^^^^^^
[INFO] [stdout]   |
[INFO] [stdout]   = note: `#[warn(unused_imports)]` on by default
[INFO] [stdout] 
[INFO] [stdout] 
[INFO] [stdout] warning: 1 warning emitted
[INFO] [stdout] 
[INFO] [stdout] 
[INFO] [stderr]     Finished dev [unoptimized + debuginfo] target(s) in 33.26s
[INFO] running `Command { std: "docker" "inspect" "84cd0b7108db1284770bd00379cba00650f38aba802afe0cf71fb63dd4e21f2b", kill_on_drop: false }`
[INFO] running `Command { std: "docker" "rm" "-f" "84cd0b7108db1284770bd00379cba00650f38aba802afe0cf71fb63dd4e21f2b", kill_on_drop: false }`
[INFO] [stdout] 84cd0b7108db1284770bd00379cba00650f38aba802afe0cf71fb63dd4e21f2b
[INFO] running `Command { std: "docker" "create" "-v" "/var/lib/crater-agent-workspace/builds/worker-5-tc2/target:/opt/rustwide/target:rw,Z" "-v" "/var/lib/crater-agent-workspace/builds/worker-5-tc2/source:/opt/rustwide/workdir:ro,Z" "-v" "/var/lib/crater-agent-workspace/cargo-home:/opt/rustwide/cargo-home:ro,Z" "-v" "/var/lib/crater-agent-workspace/rustup-home:/opt/rustwide/rustup-home:ro,Z" "-e" "SOURCE_DIR=/opt/rustwide/workdir" "-e" "CARGO_TARGET_DIR=/opt/rustwide/target" "-e" "CARGO_INCREMENTAL=0" "-e" "RUST_BACKTRACE=full" "-e" "RUSTFLAGS=--cap-lints=warn" "-e" "RUSTDOCFLAGS=--cap-lints=warn" "-e" "CARGO_HOME=/opt/rustwide/cargo-home" "-e" "RUSTUP_HOME=/opt/rustwide/rustup-home" "-w" "/opt/rustwide/workdir" "-m" "1610612736" "--user" "0:0" "--network" "none" "ghcr.io/rust-lang/crates-build-env/linux@sha256:5ff2268d62e97bff2cde7d5815dd6ed5b47097566f13b8d0ca110b04b60e07ed" "/opt/rustwide/cargo-home/bin/cargo" "+beta-2023-04-20" "test" "--frozen" "--no-run" "--message-format=json", kill_on_drop: false }`
[INFO] [stdout] 588b324df0fdc2bba59cfb84a519a8c2e017d4114d7d1b591b1e244221d93f0f
[INFO] running `Command { std: "docker" "start" "-a" "588b324df0fdc2bba59cfb84a519a8c2e017d4114d7d1b591b1e244221d93f0f", kill_on_drop: false }`
[INFO] [stderr]    Compiling time v0.1.42
[INFO] [stderr]    Compiling emu_glsl v0.1.0
[INFO] [stdout] warning: unused import: `crate::device::*`
[INFO] [stdout]  --> src/compile_impls.rs:4:5
[INFO] [stdout]   |
[INFO] [stdout] 4 | use crate::device::*;
[INFO] [stdout]   |     ^^^^^^^^^^^^^^^^
[INFO] [stdout]   |
[INFO] [stdout]   = note: `#[warn(unused_imports)]` on by default
[INFO] [stdout] 
[INFO] [stdout] 
[INFO] [stdout] warning: 1 warning emitted
[INFO] [stdout] 
[INFO] [stdout] 
[INFO] [stderr]    Compiling timeit v0.1.2
[INFO] [stderr]    Compiling emu_core v0.1.1 (/opt/rustwide/workdir)
[INFO] [stdout] warning: unused import: `crate::device::*`
[INFO] [stdout]  --> src/compile_impls.rs:4:5
[INFO] [stdout]   |
[INFO] [stdout] 4 | use crate::device::*;
[INFO] [stdout]   |     ^^^^^^^^^^^^^^^^
[INFO] [stdout]   |
[INFO] [stdout]   = note: `#[warn(unused_imports)]` on by default
[INFO] [stdout] 
[INFO] [stdout] 
[INFO] [stdout] warning: 1 warning emitted
[INFO] [stdout] 
[INFO] [stdout] 
[INFO] [stderr]     Finished test [unoptimized + debuginfo] target(s) in 3.76s
[INFO] running `Command { std: "docker" "inspect" "588b324df0fdc2bba59cfb84a519a8c2e017d4114d7d1b591b1e244221d93f0f", kill_on_drop: false }`
[INFO] running `Command { std: "docker" "rm" "-f" "588b324df0fdc2bba59cfb84a519a8c2e017d4114d7d1b591b1e244221d93f0f", kill_on_drop: false }`
[INFO] [stdout] 588b324df0fdc2bba59cfb84a519a8c2e017d4114d7d1b591b1e244221d93f0f
[INFO] running `Command { std: "docker" "create" "-v" "/var/lib/crater-agent-workspace/builds/worker-5-tc2/target:/opt/rustwide/target:rw,Z" "-v" "/var/lib/crater-agent-workspace/builds/worker-5-tc2/source:/opt/rustwide/workdir:ro,Z" "-v" "/var/lib/crater-agent-workspace/cargo-home:/opt/rustwide/cargo-home:ro,Z" "-v" "/var/lib/crater-agent-workspace/rustup-home:/opt/rustwide/rustup-home:ro,Z" "-e" "SOURCE_DIR=/opt/rustwide/workdir" "-e" "CARGO_TARGET_DIR=/opt/rustwide/target" "-e" "CARGO_INCREMENTAL=0" "-e" "RUST_BACKTRACE=full" "-e" "RUSTFLAGS=--cap-lints=warn" "-e" "RUSTDOCFLAGS=--cap-lints=warn" "-e" "CARGO_HOME=/opt/rustwide/cargo-home" "-e" "RUSTUP_HOME=/opt/rustwide/rustup-home" "-w" "/opt/rustwide/workdir" "-m" "1610612736" "--user" "0:0" "--network" "none" "ghcr.io/rust-lang/crates-build-env/linux@sha256:5ff2268d62e97bff2cde7d5815dd6ed5b47097566f13b8d0ca110b04b60e07ed" "/opt/rustwide/cargo-home/bin/cargo" "+beta-2023-04-20" "test" "--frozen", kill_on_drop: false }`
[INFO] [stdout] d052b0d531c4cf62d80f47b91bb59b5fbfb1a49f91c6b5d01eb5ce8e2bcfc1e8
[INFO] running `Command { std: "docker" "start" "-a" "d052b0d531c4cf62d80f47b91bb59b5fbfb1a49f91c6b5d01eb5ce8e2bcfc1e8", kill_on_drop: false }`
[INFO] [stderr] warning: unused import: `crate::device::*`
[INFO] [stderr]  --> src/compile_impls.rs:4:5
[INFO] [stderr]   |
[INFO] [stderr] 4 | use crate::device::*;
[INFO] [stderr]   |     ^^^^^^^^^^^^^^^^
[INFO] [stderr]   |
[INFO] [stderr]   = note: `#[warn(unused_imports)]` on by default
[INFO] [stderr] 
[INFO] [stderr] warning: `emu_core` (lib) generated 1 warning (run `cargo fix --lib -p emu_core` to apply 1 suggestion)
[INFO] [stderr] warning: `emu_core` (lib test) generated 1 warning (1 duplicate)
[INFO] [stderr]     Finished test [unoptimized + debuginfo] target(s) in 0.09s
[INFO] [stderr]      Running unittests src/lib.rs (/opt/rustwide/target/debug/deps/emu_core-c45ec5b804497af7)
[INFO] [stdout] 
[INFO] [stderr]    Doc-tests emu_core
[INFO] [stdout] running 0 tests
[INFO] [stdout] 
[INFO] [stdout] test result: ok. 0 passed; 0 failed; 0 ignored; 0 measured; 0 filtered out; finished in 0.00s
[INFO] [stdout] 
[INFO] [stdout] 
[INFO] [stdout] running 27 tests
[INFO] [stdout] test src/compile.rs - compile::SpirvOrFinished (line 219) ... FAILED
[INFO] [stdout] test src/device.rs - device::Device::call (line 424) - compile ... ok
[INFO] [stdout] test src/device.rs - device::Device::compile (line 542) - compile ... ok
[INFO] [stdout] test src/compile.rs - compile::SpirvBuilder (line 50) ... ok
[INFO] [stdout] test src/boxed.rs - boxed::IntoDeviceBoxed (line 63) ... ok
[INFO] [stdout] test src/boxed.rs - boxed::DeviceBox<[T]>::get (line 275) ... ok
[INFO] [stdout] test src/device.rs - device::ArgsBuilder (line 967) ... ok
[INFO] [stdout] test src/boxed.rs - boxed::DeviceBox<T>::set (line 253) ... ok
[INFO] [stdout] test src/compile.rs - compile::compile (line 154) ... ok
[INFO] [stdout] test src/boxed.rs - boxed::AsDeviceBoxed (line 167) ... ok
[INFO] [stdout] test src/device.rs - device::Device::create_from (line 185) ... ok
[INFO] [stdout] test src/device.rs - device::Device::create_from_mut (line 202) ... ok
[INFO] [stdout] test src/device.rs - device::Device::create_with_size_mut (line 168) ... ok
[INFO] [stdout] test src/device.rs - device::DeviceBox (line 657) ... ok
[INFO] [stdout] test src/device.rs - device::Device::create_with_size (line 151) ... ok
[INFO] [stdout] test src/device.rs - device::Device::get (line 354) ... ok
[INFO] [stdout] test src/device.rs - device::Device::set_from (line 306) ... ok
[INFO] [stdout] test src/device.rs - device::DeviceBox (line 674) ... ok
[INFO] [stdout] test src/device.rs - device::DeviceBox (line 692) ... ok
[INFO] [stdout] test src/spawn.rs - spawn::spawn (line 17) ... FAILED
[INFO] [stdout] test src/device.rs - device::ParamsBuilder (line 853) ... ok
[INFO] [stdout] test src/device.rs - device::convert_to_spirv (line 632) ... ok
[INFO] [stdout] test src/device.rs - device::DeviceBox (line 718) ... ok
[INFO] [stdout] test src/pool.rs - pool::take (line 135) ... ok
[INFO] [stdout] test src/pool.rs - pool::assert_device_pool_initialized (line 99) ... ok
[INFO] [stdout] test src/pool.rs - pool::select (line 218) ... FAILED
[INFO] [stdout] test src/pool.rs - pool::pool (line 63) ... ok
[INFO] [stderr] error: doctest failed, to rerun pass `--doc`
[INFO] [stdout] 
[INFO] [stdout] failures:
[INFO] [stdout] 
[INFO] [stdout] ---- src/compile.rs - compile::SpirvOrFinished (line 219) stdout ----
[INFO] [stdout] error: linking with `cc` failed: exit status: 1
[INFO] [stdout]   |
[INFO] [stdout]   = note: LC_ALL="C" PATH="/opt/rustwide/rustup-home/toolchains/beta-2023-04-20-x86_64-unknown-linux-gnu/lib/rustlib/x86_64-unknown-linux-gnu/bin:/opt/rustwide/cargo-home/bin:/usr/local/sbin:/usr/local/bin:/usr/sbin:/usr/bin:/sbin:/bin" VSLANG="1033" "cc" "-m64" "/tmp/rustcv5tI7R/symbols.o" "/tmp/rustdoctestuWS6vT/rust_out.rust_out.c38b68ff-cgu.0.rcgu.o" "/tmp/rustdoctestuWS6vT/rust_out.38a7fyhsvjn6z0qy.rcgu.o" "-Wl,--as-needed" "-L" "/opt/rustwide/target/debug/deps" "-L" "/opt/rustwide/target/debug/deps" "-L" "/opt/rustwide/target/debug/build/libloading-cf421b9349c5715d/out" "-L" "/usr/lib/x86_64-linux-gnu" "-L" "/opt/rustwide/rustup-home/toolchains/beta-2023-04-20-x86_64-unknown-linux-gnu/lib/rustlib/x86_64-unknown-linux-gnu/lib" "-Wl,-Bstatic" "/opt/rustwide/target/debug/deps/libemu_core-012cdb028240d923.rlib" "/opt/rustwide/target/debug/deps/libfutures-d1816796e51e8d6b.rlib" "/opt/rustwide/target/debug/deps/libfutures_executor-c83a8d76391283b6.rlib" "/opt/rustwide/target/debug/deps/libfutures_util-c72bb7b788cb04d6.rlib" "/opt/rustwide/target/debug/deps/libmemchr-78368ee566dad470.rlib" "/opt/rustwide/target/debug/deps/libproc_macro_nested-1bdd6e81c8ff333e.rlib" "/opt/rustwide/target/debug/deps/libfutures_io-230959cf0265211c.rlib" "/opt/rustwide/target/debug/deps/libfutures_channel-1a54656688e7b43a.rlib" "/opt/rustwide/target/debug/deps/libfutures_sink-40ab5f024a251ae7.rlib" "/opt/rustwide/target/debug/deps/libfutures_task-201299274bca8230.rlib" "/opt/rustwide/target/debug/deps/libpin_utils-a2058c5ec177353c.rlib" "/opt/rustwide/target/debug/deps/libfutures_core-0366b6e49dbe7a12.rlib" "/opt/rustwide/target/debug/deps/libzerocopy-5bdb5e52ac91ab9a.rlib" "/opt/rustwide/target/debug/deps/libwgpu-cec7c6093774dd74.rlib" "/opt/rustwide/target/debug/deps/libwgpu_native-dd8ad24a80c611d1.rlib" "/opt/rustwide/target/debug/deps/libwgpu_core-b4916f1474d5c1eb.rlib" "/opt/rustwide/target/debug/deps/libvec_map-57200e3d45d6f731.rlib" "/opt/rustwide/target/debug/deps/libgfx_memory-62768dd9c1cda0e2.rlib" "/opt/rustwide/target/debug/deps/libslab-ee0db592f9db8068.rlib" "/opt/rustwide/target/debug/deps/libhibitset-9d19d57168ade034.rlib" "/opt/rustwide/target/debug/deps/libatom-1021087a5524f2f9.rlib" "/opt/rustwide/target/debug/deps/libcopyless-50bf03064300bef3.rlib" "/opt/rustwide/target/debug/deps/libgfx_descriptor-48cd2fe2b6973ed1.rlib" "/opt/rustwide/target/debug/deps/libfxhash-419f7886e93500c3.rlib" "/opt/rustwide/target/debug/deps/libbyteorder-93bd082c139829fe.rlib" "/opt/rustwide/target/debug/deps/libgfx_backend_vulkan-cabafcb9f2fea03a.rlib" "/opt/rustwide/target/debug/deps/libash-f07a11165fa4eba0.rlib" "/opt/rustwide/target/debug/deps/liblibloading-972e19ddd486cfc1.rlib" "/opt/rustwide/target/debug/deps/liblog-40db1ddbb0cb14b7.rlib" "/opt/rustwide/target/debug/deps/libgfx_backend_empty-86481aa7c4b988b6.rlib" "/opt/rustwide/target/debug/deps/libgfx_hal-fcbb74465cf8fb90.rlib" "/opt/rustwide/target/debug/deps/libraw_window_handle-248077ec4d8d2938.rlib" "/opt/rustwide/target/debug/deps/libwgpu_types-b354bd3fc640d321.rlib" "/opt/rustwide/target/debug/deps/libbitflags-9667ec3d8c9ff014.rlib" "/opt/rustwide/target/debug/deps/libpeek_poke-349e0fc361ecb613.rlib" "/opt/rustwide/target/debug/deps/libarrayvec-aef16ca94f1ec3d9.rlib" "/opt/rustwide/target/debug/deps/libparking_lot-b106e62fafe5365a.rlib" "/opt/rustwide/target/debug/deps/libparking_lot_core-80acdd2524f12d86.rlib" "/opt/rustwide/target/debug/deps/liblibc-273f39bb54299a53.rlib" "/opt/rustwide/target/debug/deps/libcfg_if-b22544e46cbb7baa.rlib" "/opt/rustwide/target/debug/deps/libsmallvec-ecf6bbda58319b12.rlib" "/opt/rustwide/target/debug/deps/liblock_api-682c1e6265c3c4f4.rlib" "/opt/rustwide/target/debug/deps/libscopeguard-d89edd6b5dde0279.rlib" "/opt/rustwide/target/debug/deps/liblazy_static-86422d76b8bd90ed.rlib" "/opt/rustwide/rustup-home/toolchains/beta-2023-04-20-x86_64-unknown-linux-gnu/lib/rustlib/x86_64-unknown-linux-gnu/lib/libstd-0e29cc23c5e02021.rlib" "/opt/rustwide/rustup-home/toolchains/beta-2023-04-20-x86_64-unknown-linux-gnu/lib/rustlib/x86_64-unknown-linux-gnu/lib/libpanic_unwind-d903621768a861d9.rlib" "/opt/rustwide/rustup-home/toolchains/beta-2023-04-20-x86_64-unknown-linux-gnu/lib/rustlib/x86_64-unknown-linux-gnu/lib/libobject-6d0225e655f31c13.rlib" "/opt/rustwide/rustup-home/toolchains/beta-2023-04-20-x86_64-unknown-linux-gnu/lib/rustlib/x86_64-unknown-linux-gnu/lib/libmemchr-9dbaf4eac7eaa079.rlib" "/opt/rustwide/rustup-home/toolchains/beta-2023-04-20-x86_64-unknown-linux-gnu/lib/rustlib/x86_64-unknown-linux-gnu/lib/libaddr2line-27f05b3d42a66dd0.rlib" "/opt/rustwide/rustup-home/toolchains/beta-2023-04-20-x86_64-unknown-linux-gnu/lib/rustlib/x86_64-unknown-linux-gnu/lib/libgimli-4d73f1030321c9a2.rlib" "/opt/rustwide/rustup-home/toolchains/beta-2023-04-20-x86_64-unknown-linux-gnu/lib/rustlib/x86_64-unknown-linux-gnu/lib/librustc_demangle-2846c9e58abd0acb.rlib" "/opt/rustwide/rustup-home/toolchains/beta-2023-04-20-x86_64-unknown-linux-gnu/lib/rustlib/x86_64-unknown-linux-gnu/lib/libstd_detect-a53d0f50415947be.rlib" "/opt/rustwide/rustup-home/toolchains/beta-2023-04-20-x86_64-unknown-linux-gnu/lib/rustlib/x86_64-unknown-linux-gnu/lib/libhashbrown-d48e4b6abc25b9dc.rlib" "/opt/rustwide/rustup-home/toolchains/beta-2023-04-20-x86_64-unknown-linux-gnu/lib/rustlib/x86_64-unknown-linux-gnu/lib/libminiz_oxide-2991859439ef1207.rlib" "/opt/rustwide/rustup-home/toolchains/beta-2023-04-20-x86_64-unknown-linux-gnu/lib/rustlib/x86_64-unknown-linux-gnu/lib/libadler-8a687517e4221bae.rlib" "/opt/rustwide/rustup-home/toolchains/beta-2023-04-20-x86_64-unknown-linux-gnu/lib/rustlib/x86_64-unknown-linux-gnu/lib/librustc_std_workspace_alloc-e07b554f6a67f5b3.rlib" "/opt/rustwide/rustup-home/toolchains/beta-2023-04-20-x86_64-unknown-linux-gnu/lib/rustlib/x86_64-unknown-linux-gnu/lib/libunwind-b68238b7c3c619dd.rlib" "/opt/rustwide/rustup-home/toolchains/beta-2023-04-20-x86_64-unknown-linux-gnu/lib/rustlib/x86_64-unknown-linux-gnu/lib/libcfg_if-d5e213e896c017e4.rlib" "/opt/rustwide/rustup-home/toolchains/beta-2023-04-20-x86_64-unknown-linux-gnu/lib/rustlib/x86_64-unknown-linux-gnu/lib/liblibc-0211a3b2e61d8689.rlib" "/opt/rustwide/rustup-home/toolchains/beta-2023-04-20-x86_64-unknown-linux-gnu/lib/rustlib/x86_64-unknown-linux-gnu/lib/liballoc-b371f055239ba51f.rlib" "/opt/rustwide/rustup-home/toolchains/beta-2023-04-20-x86_64-unknown-linux-gnu/lib/rustlib/x86_64-unknown-linux-gnu/lib/librustc_std_workspace_core-e60518d2760eb01e.rlib" "/opt/rustwide/rustup-home/toolchains/beta-2023-04-20-x86_64-unknown-linux-gnu/lib/rustlib/x86_64-unknown-linux-gnu/lib/libcore-1ad943f92a4b1081.rlib" "/opt/rustwide/rustup-home/toolchains/beta-2023-04-20-x86_64-unknown-linux-gnu/lib/rustlib/x86_64-unknown-linux-gnu/lib/libcompiler_builtins-f0d6e4d0fc1e80b4.rlib" "-Wl,-Bdynamic" "-ldl" "-lutil" "-lgcc_s" "-lutil" "-lrt" "-lpthread" "-lm" "-ldl" "-lc" "-Wl,--eh-frame-hdr" "-Wl,-z,noexecstack" "-L" "/opt/rustwide/rustup-home/toolchains/beta-2023-04-20-x86_64-unknown-linux-gnu/lib/rustlib/x86_64-unknown-linux-gnu/lib" "-o" "/tmp/rustdoctestuWS6vT/rust_out" "-Wl,--gc-sections" "-pie" "-Wl,-z,relro,-z,now" "-nodefaultlibs"
[INFO] [stdout]   = note: collect2: fatal error: ld terminated with signal 9 [Killed]
[INFO] [stdout]           compilation terminated.
[INFO] [stdout]           
[INFO] [stdout] 
[INFO] [stdout] error: aborting due to previous error
[INFO] [stdout] 
[INFO] [stdout] Couldn't compile the test.
[INFO] [stdout] ---- src/spawn.rs - spawn::spawn (line 17) stdout ----
[INFO] [stdout] error[E0412]: cannot find type `GlslKernel` in this scope
[INFO] [stdout]   --> src/spawn.rs:30:13
[INFO] [stdout]    |
[INFO] [stdout] 15 | let kernel: GlslKernel = GlslKernel::new()
[INFO] [stdout]    |             ^^^^^^^^^^ not found in this scope
[INFO] [stdout] 
[INFO] [stdout] error[E0412]: cannot find type `GlslKernel` in this scope
[INFO] [stdout]   --> src/spawn.rs:37:19
[INFO] [stdout]    |
[INFO] [stdout] 22 | let c = compile::<GlslKernel, GlslKernelCompile, _, GlobalCache>(kernel)?.finish()?;
[INFO] [stdout]    |                   ^^^^^^^^^^ not found in this scope
[INFO] [stdout] 
[INFO] [stdout] error[E0412]: cannot find type `GlslKernelCompile` in this scope
[INFO] [stdout]   --> src/spawn.rs:37:31
[INFO] [stdout]    |
[INFO] [stdout] 22 | let c = compile::<GlslKernel, GlslKernelCompile, _, GlobalCache>(kernel)?.finish()?;
[INFO] [stdout]    |                               ^^^^^^^^^^^^^^^^^ not found in this scope
[INFO] [stdout] 
[INFO] [stdout] error[E0433]: failed to resolve: use of undeclared type `GlslKernel`
[INFO] [stdout]   --> src/spawn.rs:30:26
[INFO] [stdout]    |
[INFO] [stdout] 15 | let kernel: GlslKernel = GlslKernel::new()
[INFO] [stdout]    |                          ^^^^^^^^^^ use of undeclared type `GlslKernel`
[INFO] [stdout] 
[INFO] [stdout] error: aborting due to 4 previous errors
[INFO] [stdout] 
[INFO] [stdout] Some errors have detailed explanations: E0412, E0433.
[INFO] [stdout] For more information about an error, try `rustc --explain E0412`.
[INFO] [stdout] Couldn't compile the test.
[INFO] [stdout] ---- src/pool.rs - pool::select (line 218) stdout ----
[INFO] [stdout] Test executable failed (exit status: 1).
[INFO] [stdout] 
[INFO] [stdout] stderr:
[INFO] [stdout] error: XDG_RUNTIME_DIR not set in the environment.
[INFO] [stdout] error: XDG_RUNTIME_DIR not set in the environment.
[INFO] [stdout] error: XDG_RUNTIME_DIR not set in the environment.
[INFO] [stdout] error: XDG_RUNTIME_DIR not set in the environment.
[INFO] [stdout] Error: no device could be found
[INFO] [stdout] 
[INFO] [stdout] 
[INFO] [stdout] 
[INFO] [stdout] failures:
[INFO] [stdout]     src/compile.rs - compile::SpirvOrFinished (line 219)
[INFO] [stdout]     src/pool.rs - pool::select (line 218)
[INFO] [stdout]     src/spawn.rs - spawn::spawn (line 17)
[INFO] [stdout] 
[INFO] [stdout] test result: FAILED. 24 passed; 3 failed; 0 ignored; 0 measured; 0 filtered out; finished in 24.28s
[INFO] [stdout] 
[INFO] running `Command { std: "docker" "inspect" "d052b0d531c4cf62d80f47b91bb59b5fbfb1a49f91c6b5d01eb5ce8e2bcfc1e8", kill_on_drop: false }`
[INFO] running `Command { std: "docker" "rm" "-f" "d052b0d531c4cf62d80f47b91bb59b5fbfb1a49f91c6b5d01eb5ce8e2bcfc1e8", kill_on_drop: false }`
[INFO] [stdout] d052b0d531c4cf62d80f47b91bb59b5fbfb1a49f91c6b5d01eb5ce8e2bcfc1e8
