[INFO] fetching crate emoji_pix 0.2.1...
[INFO] testing emoji_pix-0.2.1 against beta-2023-04-20 for beta-1.70-1
[INFO] extracting crate emoji_pix 0.2.1 into /workspace/builds/worker-3-tc2/source
[INFO] validating manifest of crates.io crate emoji_pix 0.2.1 on toolchain beta-2023-04-20
[INFO] running `Command { std: CARGO_HOME="/workspace/cargo-home" RUSTUP_HOME="/workspace/rustup-home" "/workspace/cargo-home/bin/cargo" "+beta-2023-04-20" "metadata" "--manifest-path" "Cargo.toml" "--no-deps", kill_on_drop: false }`
[INFO] started tweaking crates.io crate emoji_pix 0.2.1
[INFO] finished tweaking crates.io crate emoji_pix 0.2.1
[INFO] tweaked toml for crates.io crate emoji_pix 0.2.1 written to /workspace/builds/worker-3-tc2/source/Cargo.toml
[INFO] crate crates.io crate emoji_pix 0.2.1 already has a lockfile, it will not be regenerated
[INFO] running `Command { std: CARGO_HOME="/workspace/cargo-home" RUSTUP_HOME="/workspace/rustup-home" "/workspace/cargo-home/bin/cargo" "+beta-2023-04-20" "fetch" "--manifest-path" "Cargo.toml", kill_on_drop: false }`
[INFO] [stderr]     Updating crates.io index
[INFO] [stderr]  Downloading crates ...
[INFO] [stderr]   Downloaded matrixmultiply v0.1.15
[INFO] [stderr]   Downloaded rawpointer v0.1.0
[INFO] [stderr]   Downloaded pdqselect v0.1.1
[INFO] [stderr]   Downloaded float-cmp v0.6.0
[INFO] [stderr]   Downloaded geo-types v0.5.0
[INFO] [stderr]   Downloaded num v0.1.42
[INFO] [stderr]   Downloaded bytemuck v1.8.0
[INFO] [stderr]   Downloaded rstar v0.7.1
[INFO] [stderr]   Downloaded geo v0.13.0
[INFO] [stderr]   Downloaded rulinalg v0.4.2
[INFO] [stderr]   Downloaded scarlet v1.1.0
[INFO] [stderr]   Downloaded unicode_names2 v0.4.0
[INFO] running `Command { std: "docker" "create" "-v" "/var/lib/crater-agent-workspace/builds/worker-3-tc2/target:/opt/rustwide/target:rw,Z" "-v" "/var/lib/crater-agent-workspace/builds/worker-3-tc2/source:/opt/rustwide/workdir:ro,Z" "-v" "/var/lib/crater-agent-workspace/cargo-home:/opt/rustwide/cargo-home:ro,Z" "-v" "/var/lib/crater-agent-workspace/rustup-home:/opt/rustwide/rustup-home:ro,Z" "-e" "SOURCE_DIR=/opt/rustwide/workdir" "-e" "CARGO_TARGET_DIR=/opt/rustwide/target" "-e" "CARGO_HOME=/opt/rustwide/cargo-home" "-e" "RUSTUP_HOME=/opt/rustwide/rustup-home" "-w" "/opt/rustwide/workdir" "-m" "1610612736" "--user" "0:0" "--network" "none" "ghcr.io/rust-lang/crates-build-env/linux@sha256:5ff2268d62e97bff2cde7d5815dd6ed5b47097566f13b8d0ca110b04b60e07ed" "/opt/rustwide/cargo-home/bin/cargo" "+beta-2023-04-20" "metadata" "--no-deps" "--format-version=1", kill_on_drop: false }`
[INFO] [stdout] b4d4a7d3a4bb1295ec7a846f79789e86fc4592b7f1f09b69cdf26187afcf5572
[INFO] running `Command { std: "docker" "start" "-a" "b4d4a7d3a4bb1295ec7a846f79789e86fc4592b7f1f09b69cdf26187afcf5572", kill_on_drop: false }`
[INFO] running `Command { std: "docker" "inspect" "b4d4a7d3a4bb1295ec7a846f79789e86fc4592b7f1f09b69cdf26187afcf5572", kill_on_drop: false }`
[INFO] running `Command { std: "docker" "rm" "-f" "b4d4a7d3a4bb1295ec7a846f79789e86fc4592b7f1f09b69cdf26187afcf5572", kill_on_drop: false }`
[INFO] [stdout] b4d4a7d3a4bb1295ec7a846f79789e86fc4592b7f1f09b69cdf26187afcf5572
[INFO] running `Command { std: "docker" "create" "-v" "/var/lib/crater-agent-workspace/builds/worker-3-tc2/target:/opt/rustwide/target:rw,Z" "-v" "/var/lib/crater-agent-workspace/builds/worker-3-tc2/source:/opt/rustwide/workdir:ro,Z" "-v" "/var/lib/crater-agent-workspace/cargo-home:/opt/rustwide/cargo-home:ro,Z" "-v" "/var/lib/crater-agent-workspace/rustup-home:/opt/rustwide/rustup-home:ro,Z" "-e" "SOURCE_DIR=/opt/rustwide/workdir" "-e" "CARGO_TARGET_DIR=/opt/rustwide/target" "-e" "CARGO_INCREMENTAL=0" "-e" "RUST_BACKTRACE=full" "-e" "RUSTFLAGS=--cap-lints=warn" "-e" "RUSTDOCFLAGS=--cap-lints=warn" "-e" "CARGO_HOME=/opt/rustwide/cargo-home" "-e" "RUSTUP_HOME=/opt/rustwide/rustup-home" "-w" "/opt/rustwide/workdir" "-m" "1610612736" "--user" "0:0" "--network" "none" "ghcr.io/rust-lang/crates-build-env/linux@sha256:5ff2268d62e97bff2cde7d5815dd6ed5b47097566f13b8d0ca110b04b60e07ed" "/opt/rustwide/cargo-home/bin/cargo" "+beta-2023-04-20" "build" "--frozen" "--message-format=json", kill_on_drop: false }`
[INFO] [stdout] 70e3ec461d7e96a22e941fda2888d71875d95b31eb439a6df325016375eaa0f2
[INFO] running `Command { std: "docker" "start" "-a" "70e3ec461d7e96a22e941fda2888d71875d95b31eb439a6df325016375eaa0f2", kill_on_drop: false }`
[INFO] [stderr]    Compiling num-traits v0.2.14
[INFO] [stderr]    Compiling num-integer v0.1.44
[INFO] [stderr]    Compiling proc-macro2 v1.0.36
[INFO] [stderr]    Compiling libc v0.2.119
[INFO] [stderr]    Compiling memchr v2.4.1
[INFO] [stderr]    Compiling crossbeam-utils v0.8.7
[INFO] [stderr]    Compiling memoffset v0.6.5
[INFO] [stderr]    Compiling crossbeam-epoch v0.9.7
[INFO] [stderr]    Compiling num-iter v0.1.42
[INFO] [stderr]    Compiling syn v1.0.86
[INFO] [stderr]    Compiling rayon-core v1.9.1
[INFO] [stderr]    Compiling crossbeam-channel v0.5.2
[INFO] [stderr]    Compiling rayon v1.5.1
[INFO] [stderr]    Compiling quote v1.0.15
[INFO] [stderr]    Compiling crossbeam-deque v0.8.1
[INFO] [stderr]    Compiling num_cpus v1.13.1
[INFO] [stderr]    Compiling num-bigint v0.2.6
[INFO] [stderr]    Compiling serde v1.0.136
[INFO] [stderr]    Compiling num-rational v0.2.4
[INFO] [stderr]    Compiling miniz_oxide v0.4.4
[INFO] [stderr]    Compiling num-complex v0.2.4
[INFO] [stderr]    Compiling either v1.6.1
[INFO] [stderr]    Compiling pdqselect v0.1.1
[INFO] [stderr]    Compiling adler32 v1.2.0
[INFO] [stderr]    Compiling matrixmultiply v0.1.15
[INFO] [stderr]    Compiling rstar v0.7.1
[INFO] [stderr]    Compiling proc-macro-error-attr v1.0.4
[INFO] [stderr]    Compiling indexmap v1.8.0
[INFO] [stderr]    Compiling num-rational v0.3.2
[INFO] [stderr]    Compiling byteorder v1.4.3
[INFO] [stderr]    Compiling regex-automata v0.1.10
[INFO] [stderr]    Compiling serde_derive v1.0.136
[INFO] [stderr]    Compiling weezl v0.1.5
[INFO] [stderr]    Compiling rawpointer v0.1.0
[INFO] [stderr]    Compiling deflate v0.8.6
[INFO] [stderr]    Compiling geo-types v0.5.0
[INFO] [stderr]    Compiling proc-macro-error v1.0.4
[INFO] [stderr]    Compiling miniz_oxide v0.3.7
[INFO] [stderr]    Compiling num v0.1.42
[INFO] [stderr]    Compiling csv-core v0.1.10
[INFO] [stderr]    Compiling aho-corasick v0.7.18
[INFO] [stderr]    Compiling ryu v1.0.9
[INFO] [stderr]    Compiling jpeg-decoder v0.1.22
[INFO] [stderr]    Compiling regex-syntax v0.6.25
[INFO] [stderr]    Compiling itoa v0.4.8
[INFO] [stderr]    Compiling gif v0.11.3
[INFO] [stderr]    Compiling png v0.16.8
[INFO] [stderr]    Compiling tiff v0.6.1
[INFO] [stderr]    Compiling bstr v0.2.17
[INFO] [stderr]    Compiling rulinalg v0.4.2
[INFO] [stderr]    Compiling num v0.2.1
[INFO] [stderr]    Compiling geo v0.13.0
[INFO] [stderr]    Compiling csv v1.1.6
[INFO] [stderr]    Compiling float-cmp v0.6.0
[INFO] [stderr]    Compiling atty v0.2.14
[INFO] [stderr]    Compiling regex v1.5.5
[INFO] [stderr]    Compiling os_str_bytes v6.0.0
[INFO] [stderr]    Compiling clap_derive v3.1.4
[INFO] [stderr]    Compiling maplit v1.0.2
[INFO] [stderr]    Compiling scoped_threadpool v0.1.9
[INFO] [stderr]    Compiling bytemuck v1.8.0
[INFO] [stderr]    Compiling image v0.23.14
[INFO] [stderr]    Compiling unicode_names2 v0.4.0
[INFO] [stderr]    Compiling clap v3.1.6
[INFO] [stderr]    Compiling scarlet v1.1.0
[INFO] [stderr]    Compiling emoji_pix v0.2.1 (/opt/rustwide/workdir)
[INFO] [stderr]     Finished dev [unoptimized + debuginfo] target(s) in 14.65s
[INFO] running `Command { std: "docker" "inspect" "70e3ec461d7e96a22e941fda2888d71875d95b31eb439a6df325016375eaa0f2", kill_on_drop: false }`
[INFO] running `Command { std: "docker" "rm" "-f" "70e3ec461d7e96a22e941fda2888d71875d95b31eb439a6df325016375eaa0f2", kill_on_drop: false }`
[INFO] [stdout] 70e3ec461d7e96a22e941fda2888d71875d95b31eb439a6df325016375eaa0f2
[INFO] running `Command { std: "docker" "create" "-v" "/var/lib/crater-agent-workspace/builds/worker-3-tc2/target:/opt/rustwide/target:rw,Z" "-v" "/var/lib/crater-agent-workspace/builds/worker-3-tc2/source:/opt/rustwide/workdir:ro,Z" "-v" "/var/lib/crater-agent-workspace/cargo-home:/opt/rustwide/cargo-home:ro,Z" "-v" "/var/lib/crater-agent-workspace/rustup-home:/opt/rustwide/rustup-home:ro,Z" "-e" "SOURCE_DIR=/opt/rustwide/workdir" "-e" "CARGO_TARGET_DIR=/opt/rustwide/target" "-e" "CARGO_INCREMENTAL=0" "-e" "RUST_BACKTRACE=full" "-e" "RUSTFLAGS=--cap-lints=warn" "-e" "RUSTDOCFLAGS=--cap-lints=warn" "-e" "CARGO_HOME=/opt/rustwide/cargo-home" "-e" "RUSTUP_HOME=/opt/rustwide/rustup-home" "-w" "/opt/rustwide/workdir" "-m" "1610612736" "--user" "0:0" "--network" "none" "ghcr.io/rust-lang/crates-build-env/linux@sha256:5ff2268d62e97bff2cde7d5815dd6ed5b47097566f13b8d0ca110b04b60e07ed" "/opt/rustwide/cargo-home/bin/cargo" "+beta-2023-04-20" "test" "--frozen" "--no-run" "--message-format=json", kill_on_drop: false }`
[INFO] [stdout] b4d53c6df947fad30d1eb25be67296252003c688e4472962df48b19629f0c352
[INFO] running `Command { std: "docker" "start" "-a" "b4d53c6df947fad30d1eb25be67296252003c688e4472962df48b19629f0c352", kill_on_drop: false }`
[INFO] [stderr]    Compiling emoji_pix v0.2.1 (/opt/rustwide/workdir)
[INFO] [stderr]     Finished test [unoptimized + debuginfo] target(s) in 0.48s
[INFO] running `Command { std: "docker" "inspect" "b4d53c6df947fad30d1eb25be67296252003c688e4472962df48b19629f0c352", kill_on_drop: false }`
[INFO] running `Command { std: "docker" "rm" "-f" "b4d53c6df947fad30d1eb25be67296252003c688e4472962df48b19629f0c352", kill_on_drop: false }`
[INFO] [stdout] b4d53c6df947fad30d1eb25be67296252003c688e4472962df48b19629f0c352
[INFO] running `Command { std: "docker" "create" "-v" "/var/lib/crater-agent-workspace/builds/worker-3-tc2/target:/opt/rustwide/target:rw,Z" "-v" "/var/lib/crater-agent-workspace/builds/worker-3-tc2/source:/opt/rustwide/workdir:ro,Z" "-v" "/var/lib/crater-agent-workspace/cargo-home:/opt/rustwide/cargo-home:ro,Z" "-v" "/var/lib/crater-agent-workspace/rustup-home:/opt/rustwide/rustup-home:ro,Z" "-e" "SOURCE_DIR=/opt/rustwide/workdir" "-e" "CARGO_TARGET_DIR=/opt/rustwide/target" "-e" "CARGO_INCREMENTAL=0" "-e" "RUST_BACKTRACE=full" "-e" "RUSTFLAGS=--cap-lints=warn" "-e" "RUSTDOCFLAGS=--cap-lints=warn" "-e" "CARGO_HOME=/opt/rustwide/cargo-home" "-e" "RUSTUP_HOME=/opt/rustwide/rustup-home" "-w" "/opt/rustwide/workdir" "-m" "1610612736" "--user" "0:0" "--network" "none" "ghcr.io/rust-lang/crates-build-env/linux@sha256:5ff2268d62e97bff2cde7d5815dd6ed5b47097566f13b8d0ca110b04b60e07ed" "/opt/rustwide/cargo-home/bin/cargo" "+beta-2023-04-20" "test" "--frozen", kill_on_drop: false }`
[INFO] [stdout] 27cba428a8c45bf9f576d633060194a6510e781d2c285ca0015fcfd866800829
[INFO] running `Command { std: "docker" "start" "-a" "27cba428a8c45bf9f576d633060194a6510e781d2c285ca0015fcfd866800829", kill_on_drop: false }`
[INFO] [stderr]     Blocking waiting for file lock on package cache
[INFO] [stderr]     Finished test [unoptimized + debuginfo] target(s) in 0.29s
[INFO] [stderr]      Running unittests src/lib.rs (/opt/rustwide/target/debug/deps/emoji_pix-d593ee7614d9b9f3)
[INFO] [stdout] 
[INFO] [stdout] running 0 tests
[INFO] [stdout] 
[INFO] [stdout] test result: ok. 0 passed; 0 failed; 0 ignored; 0 measured; 0 filtered out; finished in 0.00s
[INFO] [stdout] 
[INFO] [stderr]      Running unittests src/main.rs (/opt/rustwide/target/debug/deps/emoji_pix-95dce932b17a77de)
[INFO] [stdout] 
[INFO] [stdout] running 0 tests
[INFO] [stdout] 
[INFO] [stdout] test result: ok. 0 passed; 0 failed; 0 ignored; 0 measured; 0 filtered out; finished in 0.00s
[INFO] [stdout] 
[INFO] [stderr]    Doc-tests emoji_pix
[INFO] [stdout] 
[INFO] [stdout] running 1 test
[INFO] [stdout] test src/lib.rs - emojify (line 105) ... FAILED
[INFO] [stdout] 
[INFO] [stdout] failures:
[INFO] [stdout] 
[INFO] [stdout] ---- src/lib.rs - emojify (line 105) stdout ----
[INFO] [stdout] Test executable failed (exit status: 101).
[INFO] [stdout] 
[INFO] [stdout] stderr:
[INFO] [stdout] thread 'main' panicked at 'called `Result::unwrap()` on an `Err` value: IoError(Os { code: 2, kind: NotFound, message: "No such file or directory" })', src/lib.rs:155:32
[INFO] [stdout] stack backtrace:
[INFO] [stdout]    0:     0x557d55db0eca - std::backtrace_rs::backtrace::libunwind::trace::h2f05d0192276a8f6
[INFO] [stdout]                                at /rustc/1b7dd2252b99671ce5d1cb9664c5f8636329436d/library/std/src/../../backtrace/src/backtrace/libunwind.rs:93:5
[INFO] [stdout]    1:     0x557d55db0eca - std::backtrace_rs::backtrace::trace_unsynchronized::hedc23dff7a1af150
[INFO] [stdout]                                at /rustc/1b7dd2252b99671ce5d1cb9664c5f8636329436d/library/std/src/../../backtrace/src/backtrace/mod.rs:66:5
[INFO] [stdout]    2:     0x557d55db0eca - std::sys_common::backtrace::_print_fmt::h17541ef7592f3ce2
[INFO] [stdout]                                at /rustc/1b7dd2252b99671ce5d1cb9664c5f8636329436d/library/std/src/sys_common/backtrace.rs:65:5
[INFO] [stdout]    3:     0x557d55db0eca - <std::sys_common::backtrace::_print::DisplayBacktrace as core::fmt::Display>::fmt::h20f75df5ab0c0792
[INFO] [stdout]                                at /rustc/1b7dd2252b99671ce5d1cb9664c5f8636329436d/library/std/src/sys_common/backtrace.rs:44:22
[INFO] [stdout]    4:     0x557d55dd1fbf - core::fmt::write::h78109e6f466b3af6
[INFO] [stdout]                                at /rustc/1b7dd2252b99671ce5d1cb9664c5f8636329436d/library/core/src/fmt/mod.rs:1254:17
[INFO] [stdout]    5:     0x557d55dae655 - std::io::Write::write_fmt::hc59e1b02dd273c8a
[INFO] [stdout]                                at /rustc/1b7dd2252b99671ce5d1cb9664c5f8636329436d/library/std/src/io/mod.rs:1698:15
[INFO] [stdout]    6:     0x557d55db0c95 - std::sys_common::backtrace::_print::h8dac57a9f8fbf9a5
[INFO] [stdout]                                at /rustc/1b7dd2252b99671ce5d1cb9664c5f8636329436d/library/std/src/sys_common/backtrace.rs:47:5
[INFO] [stdout]    7:     0x557d55db0c95 - std::sys_common::backtrace::print::hf9ecbf41d1aa712f
[INFO] [stdout]                                at /rustc/1b7dd2252b99671ce5d1cb9664c5f8636329436d/library/std/src/sys_common/backtrace.rs:34:9
[INFO] [stdout]    8:     0x557d55db233e - std::panicking::default_hook::{{closure}}::h04c07acfc84ca028
[INFO] [stdout]                                at /rustc/1b7dd2252b99671ce5d1cb9664c5f8636329436d/library/std/src/panicking.rs:269:22
[INFO] [stdout]    9:     0x557d55db20e5 - std::panicking::default_hook::h01f6bb23e1eceb2c
[INFO] [stdout]                                at /rustc/1b7dd2252b99671ce5d1cb9664c5f8636329436d/library/std/src/panicking.rs:288:9
[INFO] [stdout]   10:     0x557d55db289e - std::panicking::rust_panic_with_hook::h2bb3722bbaf2f6df
[INFO] [stdout]                                at /rustc/1b7dd2252b99671ce5d1cb9664c5f8636329436d/library/std/src/panicking.rs:691:13
[INFO] [stdout]   11:     0x557d55db2799 - std::panicking::begin_panic_handler::{{closure}}::h91bc7f36a4be011b
[INFO] [stdout]                                at /rustc/1b7dd2252b99671ce5d1cb9664c5f8636329436d/library/std/src/panicking.rs:582:13
[INFO] [stdout]   12:     0x557d55db1336 - std::sys_common::backtrace::__rust_end_short_backtrace::h8b3d3717114f9e59
[INFO] [stdout]                                at /rustc/1b7dd2252b99671ce5d1cb9664c5f8636329436d/library/std/src/sys_common/backtrace.rs:150:18
[INFO] [stdout]   13:     0x557d55db24f2 - rust_begin_unwind
[INFO] [stdout]                                at /rustc/1b7dd2252b99671ce5d1cb9664c5f8636329436d/library/std/src/panicking.rs:578:5
[INFO] [stdout]   14:     0x557d55acc9d3 - core::panicking::panic_fmt::hfd368e3fbdabea26
[INFO] [stdout]                                at /rustc/1b7dd2252b99671ce5d1cb9664c5f8636329436d/library/core/src/panicking.rs:67:14
[INFO] [stdout]   15:     0x557d55accf73 - core::result::unwrap_failed::he54eb4b2f125b26f
[INFO] [stdout]                                at /rustc/1b7dd2252b99671ce5d1cb9664c5f8636329436d/library/core/src/result.rs:1687:5
[INFO] [stdout]   16:     0x557d55ad3b93 - core::result::Result<T,E>::unwrap::h814d8ca3e610bbe6
[INFO] [stdout]                                at /rustc/1b7dd2252b99671ce5d1cb9664c5f8636329436d/library/core/src/result.rs:1089:23
[INFO] [stdout]   17:     0x557d55acd8ef - emoji_pix::emojify::h5183269088062bc4
[INFO] [stdout]                                at /opt/rustwide/workdir/src/lib.rs:155:15
[INFO] [stdout]   18:     0x557d55acd567 - rust_out::main::_doctest_main_src_lib_rs_105_0::h38acd3d448f51938
[INFO] [stdout]   19:     0x557d55acd4a6 - rust_out::main::h2731449a68dfa004
[INFO] [stdout]   20:     0x557d55acd2e3 - core::ops::function::FnOnce::call_once::hd1715aa1b26fc35c
[INFO] [stdout]   21:     0x557d55acd226 - std::sys_common::backtrace::__rust_begin_short_backtrace::h8d2b4d09ce515535
[INFO] [stdout]   22:     0x557d55acd279 - std::rt::lang_start::{{closure}}::hc9a918c63b0dc835
[INFO] [stdout]   23:     0x557d55daaace - core::ops::function::impls::<impl core::ops::function::FnOnce<A> for &F>::call_once::h2eb19b8ce4148df4
[INFO] [stdout]                                at /rustc/1b7dd2252b99671ce5d1cb9664c5f8636329436d/library/core/src/ops/function.rs:287:13
[INFO] [stdout]   24:     0x557d55daaace - std::panicking::try::do_call::h2e900feff5d504c5
[INFO] [stdout]                                at /rustc/1b7dd2252b99671ce5d1cb9664c5f8636329436d/library/std/src/panicking.rs:485:40
[INFO] [stdout]   25:     0x557d55daaace - std::panicking::try::h8854836cb85aa9f2
[INFO] [stdout]                                at /rustc/1b7dd2252b99671ce5d1cb9664c5f8636329436d/library/std/src/panicking.rs:449:19
[INFO] [stdout]   26:     0x557d55daaace - std::panic::catch_unwind::h706025dd4c48f64b
[INFO] [stdout]                                at /rustc/1b7dd2252b99671ce5d1cb9664c5f8636329436d/library/std/src/panic.rs:140:14
[INFO] [stdout]   27:     0x557d55daaace - std::rt::lang_start_internal::{{closure}}::h7be5b97f4a07a91a
[INFO] [stdout]                                at /rustc/1b7dd2252b99671ce5d1cb9664c5f8636329436d/library/std/src/rt.rs:148:48
[INFO] [stdout]   28:     0x557d55daaace - std::panicking::try::do_call::h59847e9d0a176965
[INFO] [stdout]                                at /rustc/1b7dd2252b99671ce5d1cb9664c5f8636329436d/library/std/src/panicking.rs:485:40
[INFO] [stdout]   29:     0x557d55daaace - std::panicking::try::h399a918ba8522823
[INFO] [stdout]                                at /rustc/1b7dd2252b99671ce5d1cb9664c5f8636329436d/library/std/src/panicking.rs:449:19
[INFO] [stdout]   30:     0x557d55daaace - std::panic::catch_unwind::hca7ca6c55b2a2e26
[INFO] [stdout]                                at /rustc/1b7dd2252b99671ce5d1cb9664c5f8636329436d/library/std/src/panic.rs:140:14
[INFO] [stdout]   31:     0x557d55daaace - std::rt::lang_start_internal::h2c807a81560459eb
[INFO] [stdout]                                at /rustc/1b7dd2252b99671ce5d1cb9664c5f8636329436d/library/std/src/rt.rs:148:20
[INFO] [stdout]   32:     0x557d55acd257 - std::rt::lang_start::hc4bd3329ce767e23
[INFO] [stdout]   33:     0x557d55acd5e5 - main
[INFO] [stdout]   34:     0x7ff724b0cd90 - <unknown>
[INFO] [stdout]   35:     0x7ff724b0ce40 - __libc_start_main
[INFO] [stdout]   36:     0x557d55acd155 - _start
[INFO] [stdout]   37:                0x0 - <unknown>
[INFO] [stdout] 
[INFO] [stdout] 
[INFO] [stdout] 
[INFO] [stdout] failures:
[INFO] [stdout]     src/lib.rs - emojify (line 105)
[INFO] [stdout] 
[INFO] [stdout] test result: FAILED. 0 passed; 1 failed; 0 ignored; 0 measured; 0 filtered out; finished in 1.44s
[INFO] [stdout] 
[INFO] [stderr] error: doctest failed, to rerun pass `--doc`
[INFO] running `Command { std: "docker" "inspect" "27cba428a8c45bf9f576d633060194a6510e781d2c285ca0015fcfd866800829", kill_on_drop: false }`
[INFO] running `Command { std: "docker" "rm" "-f" "27cba428a8c45bf9f576d633060194a6510e781d2c285ca0015fcfd866800829", kill_on_drop: false }`
[INFO] [stdout] 27cba428a8c45bf9f576d633060194a6510e781d2c285ca0015fcfd866800829
