[INFO] fetching crate emacs-org-link-parser 0.1.0...
[INFO] testing emacs-org-link-parser-0.1.0 against beta-2023-04-20 for beta-1.70-1
[INFO] extracting crate emacs-org-link-parser 0.1.0 into /workspace/builds/worker-5-tc2/source
[INFO] validating manifest of crates.io crate emacs-org-link-parser 0.1.0 on toolchain beta-2023-04-20
[INFO] running `Command { std: CARGO_HOME="/workspace/cargo-home" RUSTUP_HOME="/workspace/rustup-home" "/workspace/cargo-home/bin/cargo" "+beta-2023-04-20" "metadata" "--manifest-path" "Cargo.toml" "--no-deps", kill_on_drop: false }`
[INFO] started tweaking crates.io crate emacs-org-link-parser 0.1.0
[INFO] finished tweaking crates.io crate emacs-org-link-parser 0.1.0
[INFO] tweaked toml for crates.io crate emacs-org-link-parser 0.1.0 written to /workspace/builds/worker-5-tc2/source/Cargo.toml
[INFO] running `Command { std: CARGO_HOME="/workspace/cargo-home" RUSTUP_HOME="/workspace/rustup-home" __CARGO_TEST_CHANNEL_OVERRIDE_DO_NOT_USE_THIS="nightly" "/workspace/cargo-home/bin/cargo" "+beta-2023-04-20" "generate-lockfile" "--manifest-path" "Cargo.toml" "-Zno-index-update", kill_on_drop: false }`
[INFO] running `Command { std: CARGO_HOME="/workspace/cargo-home" RUSTUP_HOME="/workspace/rustup-home" "/workspace/cargo-home/bin/cargo" "+beta-2023-04-20" "fetch" "--manifest-path" "Cargo.toml", kill_on_drop: false }`
[INFO] [stderr]     Blocking waiting for file lock on package cache
[INFO] running `Command { std: "docker" "create" "-v" "/var/lib/crater-agent-workspace/builds/worker-5-tc2/target:/opt/rustwide/target:rw,Z" "-v" "/var/lib/crater-agent-workspace/builds/worker-5-tc2/source:/opt/rustwide/workdir:ro,Z" "-v" "/var/lib/crater-agent-workspace/cargo-home:/opt/rustwide/cargo-home:ro,Z" "-v" "/var/lib/crater-agent-workspace/rustup-home:/opt/rustwide/rustup-home:ro,Z" "-e" "SOURCE_DIR=/opt/rustwide/workdir" "-e" "CARGO_TARGET_DIR=/opt/rustwide/target" "-e" "CARGO_HOME=/opt/rustwide/cargo-home" "-e" "RUSTUP_HOME=/opt/rustwide/rustup-home" "-w" "/opt/rustwide/workdir" "-m" "1610612736" "--user" "0:0" "--network" "none" "ghcr.io/rust-lang/crates-build-env/linux@sha256:5ff2268d62e97bff2cde7d5815dd6ed5b47097566f13b8d0ca110b04b60e07ed" "/opt/rustwide/cargo-home/bin/cargo" "+beta-2023-04-20" "metadata" "--no-deps" "--format-version=1", kill_on_drop: false }`
[INFO] [stdout] 1bb77295bc48d7aadcffbcdc711020d1bd3409f56d11dbd25416a23287e4880e
[INFO] running `Command { std: "docker" "start" "-a" "1bb77295bc48d7aadcffbcdc711020d1bd3409f56d11dbd25416a23287e4880e", kill_on_drop: false }`
[INFO] running `Command { std: "docker" "inspect" "1bb77295bc48d7aadcffbcdc711020d1bd3409f56d11dbd25416a23287e4880e", kill_on_drop: false }`
[INFO] running `Command { std: "docker" "rm" "-f" "1bb77295bc48d7aadcffbcdc711020d1bd3409f56d11dbd25416a23287e4880e", kill_on_drop: false }`
[INFO] [stdout] 1bb77295bc48d7aadcffbcdc711020d1bd3409f56d11dbd25416a23287e4880e
[INFO] running `Command { std: "docker" "create" "-v" "/var/lib/crater-agent-workspace/builds/worker-5-tc2/target:/opt/rustwide/target:rw,Z" "-v" "/var/lib/crater-agent-workspace/builds/worker-5-tc2/source:/opt/rustwide/workdir:ro,Z" "-v" "/var/lib/crater-agent-workspace/cargo-home:/opt/rustwide/cargo-home:ro,Z" "-v" "/var/lib/crater-agent-workspace/rustup-home:/opt/rustwide/rustup-home:ro,Z" "-e" "SOURCE_DIR=/opt/rustwide/workdir" "-e" "CARGO_TARGET_DIR=/opt/rustwide/target" "-e" "CARGO_INCREMENTAL=0" "-e" "RUST_BACKTRACE=full" "-e" "RUSTFLAGS=--cap-lints=warn" "-e" "RUSTDOCFLAGS=--cap-lints=warn" "-e" "CARGO_HOME=/opt/rustwide/cargo-home" "-e" "RUSTUP_HOME=/opt/rustwide/rustup-home" "-w" "/opt/rustwide/workdir" "-m" "1610612736" "--user" "0:0" "--network" "none" "ghcr.io/rust-lang/crates-build-env/linux@sha256:5ff2268d62e97bff2cde7d5815dd6ed5b47097566f13b8d0ca110b04b60e07ed" "/opt/rustwide/cargo-home/bin/cargo" "+beta-2023-04-20" "build" "--frozen" "--message-format=json", kill_on_drop: false }`
[INFO] [stdout] 6fa24fc3eb3746e0f6ce9537f9b2b8d6cd60d82e6df3c6692d1e3410091b9b12
[INFO] running `Command { std: "docker" "start" "-a" "6fa24fc3eb3746e0f6ce9537f9b2b8d6cd60d82e6df3c6692d1e3410091b9b12", kill_on_drop: false }`
[INFO] [stderr]    Compiling emacs-org-link-parser v0.1.0 (/opt/rustwide/workdir)
[INFO] [stderr]     Finished dev [unoptimized + debuginfo] target(s) in 0.35s
[INFO] running `Command { std: "docker" "inspect" "6fa24fc3eb3746e0f6ce9537f9b2b8d6cd60d82e6df3c6692d1e3410091b9b12", kill_on_drop: false }`
[INFO] running `Command { std: "docker" "rm" "-f" "6fa24fc3eb3746e0f6ce9537f9b2b8d6cd60d82e6df3c6692d1e3410091b9b12", kill_on_drop: false }`
[INFO] [stdout] 6fa24fc3eb3746e0f6ce9537f9b2b8d6cd60d82e6df3c6692d1e3410091b9b12
[INFO] running `Command { std: "docker" "create" "-v" "/var/lib/crater-agent-workspace/builds/worker-5-tc2/target:/opt/rustwide/target:rw,Z" "-v" "/var/lib/crater-agent-workspace/builds/worker-5-tc2/source:/opt/rustwide/workdir:ro,Z" "-v" "/var/lib/crater-agent-workspace/cargo-home:/opt/rustwide/cargo-home:ro,Z" "-v" "/var/lib/crater-agent-workspace/rustup-home:/opt/rustwide/rustup-home:ro,Z" "-e" "SOURCE_DIR=/opt/rustwide/workdir" "-e" "CARGO_TARGET_DIR=/opt/rustwide/target" "-e" "CARGO_INCREMENTAL=0" "-e" "RUST_BACKTRACE=full" "-e" "RUSTFLAGS=--cap-lints=warn" "-e" "RUSTDOCFLAGS=--cap-lints=warn" "-e" "CARGO_HOME=/opt/rustwide/cargo-home" "-e" "RUSTUP_HOME=/opt/rustwide/rustup-home" "-w" "/opt/rustwide/workdir" "-m" "1610612736" "--user" "0:0" "--network" "none" "ghcr.io/rust-lang/crates-build-env/linux@sha256:5ff2268d62e97bff2cde7d5815dd6ed5b47097566f13b8d0ca110b04b60e07ed" "/opt/rustwide/cargo-home/bin/cargo" "+beta-2023-04-20" "test" "--frozen" "--no-run" "--message-format=json", kill_on_drop: false }`
[INFO] [stdout] 465dbadfe74cb5f3897bed10a4b54284c60e42bd78a040328c587a09c96de880
[INFO] running `Command { std: "docker" "start" "-a" "465dbadfe74cb5f3897bed10a4b54284c60e42bd78a040328c587a09c96de880", kill_on_drop: false }`
[INFO] [stderr]    Compiling emacs-org-link-parser v0.1.0 (/opt/rustwide/workdir)
[INFO] [stderr]     Finished test [unoptimized + debuginfo] target(s) in 0.74s
[INFO] running `Command { std: "docker" "inspect" "465dbadfe74cb5f3897bed10a4b54284c60e42bd78a040328c587a09c96de880", kill_on_drop: false }`
[INFO] running `Command { std: "docker" "rm" "-f" "465dbadfe74cb5f3897bed10a4b54284c60e42bd78a040328c587a09c96de880", kill_on_drop: false }`
[INFO] [stdout] 465dbadfe74cb5f3897bed10a4b54284c60e42bd78a040328c587a09c96de880
[INFO] running `Command { std: "docker" "create" "-v" "/var/lib/crater-agent-workspace/builds/worker-5-tc2/target:/opt/rustwide/target:rw,Z" "-v" "/var/lib/crater-agent-workspace/builds/worker-5-tc2/source:/opt/rustwide/workdir:ro,Z" "-v" "/var/lib/crater-agent-workspace/cargo-home:/opt/rustwide/cargo-home:ro,Z" "-v" "/var/lib/crater-agent-workspace/rustup-home:/opt/rustwide/rustup-home:ro,Z" "-e" "SOURCE_DIR=/opt/rustwide/workdir" "-e" "CARGO_TARGET_DIR=/opt/rustwide/target" "-e" "CARGO_INCREMENTAL=0" "-e" "RUST_BACKTRACE=full" "-e" "RUSTFLAGS=--cap-lints=warn" "-e" "RUSTDOCFLAGS=--cap-lints=warn" "-e" "CARGO_HOME=/opt/rustwide/cargo-home" "-e" "RUSTUP_HOME=/opt/rustwide/rustup-home" "-w" "/opt/rustwide/workdir" "-m" "1610612736" "--user" "0:0" "--network" "none" "ghcr.io/rust-lang/crates-build-env/linux@sha256:5ff2268d62e97bff2cde7d5815dd6ed5b47097566f13b8d0ca110b04b60e07ed" "/opt/rustwide/cargo-home/bin/cargo" "+beta-2023-04-20" "test" "--frozen", kill_on_drop: false }`
[INFO] [stdout] 43d84c44811d7ebf7d7463cf9a55066cdb4c51515a8548da5d503a1ef668dc9b
[INFO] running `Command { std: "docker" "start" "-a" "43d84c44811d7ebf7d7463cf9a55066cdb4c51515a8548da5d503a1ef668dc9b", kill_on_drop: false }`
[INFO] [stderr]     Finished test [unoptimized + debuginfo] target(s) in 0.00s
[INFO] [stderr]      Running unittests src/lib.rs (/opt/rustwide/target/debug/deps/emacs_org_link_parser-1995dafa42944929)
[INFO] [stdout] 
[INFO] [stdout] running 1 test
[INFO] [stdout] test tests::correctly_parsed ... ok
[INFO] [stdout] 
[INFO] [stdout] test result: ok. 1 passed; 0 failed; 0 ignored; 0 measured; 0 filtered out; finished in 0.00s
[INFO] [stdout] 
[INFO] [stderr]    Doc-tests emacs-org-link-parser
[INFO] [stdout] 
[INFO] [stdout] running 2 tests
[INFO] [stdout] test src/lib.rs - (line 19) ... FAILED
[INFO] [stdout] test src/lib.rs - (line 7) ... ok
[INFO] [stdout] 
[INFO] [stdout] failures:
[INFO] [stdout] 
[INFO] [stdout] ---- src/lib.rs - (line 19) stdout ----
[INFO] [stdout] error[E0422]: cannot find struct, variant or union type `Link` in this scope
[INFO] [stdout]  --> src/lib.rs:20:2
[INFO] [stdout]   |
[INFO] [stdout] 3 | [Link { link: Some("#mycookbook"), description: Some("page 3") }, Link { link: Some("www.best-sauce.com"), description: Some("sauce here:...
[INFO] [stdout]   |  ^^^^ not found in this scope
[INFO] [stdout]   |
[INFO] [stdout] help: consider importing this struct
[INFO] [stdout]   |
[INFO] [stdout] 2 + use emacs_org_link_parser::Link;
[INFO] [stdout]   |
[INFO] [stdout] 
[INFO] [stdout] error[E0422]: cannot find struct, variant or union type `Link` in this scope
[INFO] [stdout]  --> src/lib.rs:20:67
[INFO] [stdout]   |
[INFO] [stdout] 3 | [Link { link: Some("#mycookbook"), description: Some("page 3") }, Link { link: Some("www.best-sauce.com"), description: Some("sauce here:...
[INFO] [stdout]   |                                                                   ^^^^ not found in this scope
[INFO] [stdout]   |
[INFO] [stdout] help: consider importing this struct
[INFO] [stdout]   |
[INFO] [stdout] 2 + use emacs_org_link_parser::Link;
[INFO] [stdout]   |
[INFO] [stdout] 
[INFO] [stdout] error[E0422]: cannot find struct, variant or union type `Link` in this scope
[INFO] [stdout]  --> src/lib.rs:20:153
[INFO] [stdout]   |
[INFO] [stdout] 3 | ....com"), description: Some("sauce here: number 4") }, Link { link: Some("#pictures"), description: Some("how it looks") }, Link { link:...
[INFO] [stdout]   |                                                         ^^^^ not found in this scope
[INFO] [stdout]   |
[INFO] [stdout] help: consider importing this struct
[INFO] [stdout]   |
[INFO] [stdout] 2 + use emacs_org_link_parser::Link;
[INFO] [stdout]   |
[INFO] [stdout] 
[INFO] [stdout] error[E0422]: cannot find struct, variant or union type `Link` in this scope
[INFO] [stdout]  --> src/lib.rs:20:222
[INFO] [stdout]   |
[INFO] [stdout] 3 | ...e("#pictures"), description: Some("how it looks") }, Link { link: Some("forum.com"), description: None }]
[INFO] [stdout]   |                                                         ^^^^ not found in this scope
[INFO] [stdout]   |
[INFO] [stdout] help: consider importing this struct
[INFO] [stdout]   |
[INFO] [stdout] 2 + use emacs_org_link_parser::Link;
[INFO] [stdout]   |
[INFO] [stdout] 
[INFO] [stdout] error: aborting due to 4 previous errors
[INFO] [stdout] 
[INFO] [stdout] For more information about this error, try `rustc --explain E0422`.
[INFO] [stdout] Couldn't compile the test.
[INFO] [stdout] 
[INFO] [stdout] failures:
[INFO] [stdout]     src/lib.rs - (line 19)
[INFO] [stdout] 
[INFO] [stdout] test result: FAILED. 1 passed; 1 failed; 0 ignored; 0 measured; 0 filtered out; finished in 0.33s
[INFO] [stdout] 
[INFO] [stderr] error: doctest failed, to rerun pass `--doc`
[INFO] running `Command { std: "docker" "inspect" "43d84c44811d7ebf7d7463cf9a55066cdb4c51515a8548da5d503a1ef668dc9b", kill_on_drop: false }`
[INFO] running `Command { std: "docker" "rm" "-f" "43d84c44811d7ebf7d7463cf9a55066cdb4c51515a8548da5d503a1ef668dc9b", kill_on_drop: false }`
[INFO] [stdout] 43d84c44811d7ebf7d7463cf9a55066cdb4c51515a8548da5d503a1ef668dc9b
