[INFO] fetching crate elor 1.1.4...
[INFO] testing elor-1.1.4 against 1.69.0 for beta-1.70-1
[INFO] extracting crate elor 1.1.4 into /workspace/builds/worker-2-tc1/source
[INFO] validating manifest of crates.io crate elor 1.1.4 on toolchain 1.69.0
[INFO] running `Command { std: CARGO_HOME="/workspace/cargo-home" RUSTUP_HOME="/workspace/rustup-home" "/workspace/cargo-home/bin/cargo" "+1.69.0" "metadata" "--manifest-path" "Cargo.toml" "--no-deps", kill_on_drop: false }`
[INFO] started tweaking crates.io crate elor 1.1.4
[INFO] finished tweaking crates.io crate elor 1.1.4
[INFO] tweaked toml for crates.io crate elor 1.1.4 written to /workspace/builds/worker-2-tc1/source/Cargo.toml
[INFO] running `Command { std: CARGO_HOME="/workspace/cargo-home" RUSTUP_HOME="/workspace/rustup-home" __CARGO_TEST_CHANNEL_OVERRIDE_DO_NOT_USE_THIS="nightly" "/workspace/cargo-home/bin/cargo" "+1.69.0" "generate-lockfile" "--manifest-path" "Cargo.toml" "-Zno-index-update", kill_on_drop: false }`
[INFO] running `Command { std: CARGO_HOME="/workspace/cargo-home" RUSTUP_HOME="/workspace/rustup-home" "/workspace/cargo-home/bin/cargo" "+1.69.0" "fetch" "--manifest-path" "Cargo.toml", kill_on_drop: false }`
[INFO] [stderr]     Blocking waiting for file lock on package cache
[INFO] running `Command { std: "docker" "create" "-v" "/var/lib/crater-agent-workspace/builds/worker-2-tc1/target:/opt/rustwide/target:rw,Z" "-v" "/var/lib/crater-agent-workspace/builds/worker-2-tc1/source:/opt/rustwide/workdir:ro,Z" "-v" "/var/lib/crater-agent-workspace/cargo-home:/opt/rustwide/cargo-home:ro,Z" "-v" "/var/lib/crater-agent-workspace/rustup-home:/opt/rustwide/rustup-home:ro,Z" "-e" "SOURCE_DIR=/opt/rustwide/workdir" "-e" "CARGO_TARGET_DIR=/opt/rustwide/target" "-e" "CARGO_HOME=/opt/rustwide/cargo-home" "-e" "RUSTUP_HOME=/opt/rustwide/rustup-home" "-w" "/opt/rustwide/workdir" "-m" "1610612736" "--user" "0:0" "--network" "none" "ghcr.io/rust-lang/crates-build-env/linux@sha256:5ff2268d62e97bff2cde7d5815dd6ed5b47097566f13b8d0ca110b04b60e07ed" "/opt/rustwide/cargo-home/bin/cargo" "+1.69.0" "metadata" "--no-deps" "--format-version=1", kill_on_drop: false }`
[INFO] [stdout] 24e5628cee467afe8a66140662d521addd2c51c76b86a10644354146bb9ccefe
[INFO] running `Command { std: "docker" "start" "-a" "24e5628cee467afe8a66140662d521addd2c51c76b86a10644354146bb9ccefe", kill_on_drop: false }`
[INFO] running `Command { std: "docker" "inspect" "24e5628cee467afe8a66140662d521addd2c51c76b86a10644354146bb9ccefe", kill_on_drop: false }`
[INFO] running `Command { std: "docker" "rm" "-f" "24e5628cee467afe8a66140662d521addd2c51c76b86a10644354146bb9ccefe", kill_on_drop: false }`
[INFO] [stdout] 24e5628cee467afe8a66140662d521addd2c51c76b86a10644354146bb9ccefe
[INFO] running `Command { std: "docker" "create" "-v" "/var/lib/crater-agent-workspace/builds/worker-2-tc1/target:/opt/rustwide/target:rw,Z" "-v" "/var/lib/crater-agent-workspace/builds/worker-2-tc1/source:/opt/rustwide/workdir:ro,Z" "-v" "/var/lib/crater-agent-workspace/cargo-home:/opt/rustwide/cargo-home:ro,Z" "-v" "/var/lib/crater-agent-workspace/rustup-home:/opt/rustwide/rustup-home:ro,Z" "-e" "SOURCE_DIR=/opt/rustwide/workdir" "-e" "CARGO_TARGET_DIR=/opt/rustwide/target" "-e" "CARGO_INCREMENTAL=0" "-e" "RUST_BACKTRACE=full" "-e" "RUSTFLAGS=--cap-lints=warn" "-e" "RUSTDOCFLAGS=--cap-lints=warn" "-e" "CARGO_HOME=/opt/rustwide/cargo-home" "-e" "RUSTUP_HOME=/opt/rustwide/rustup-home" "-w" "/opt/rustwide/workdir" "-m" "1610612736" "--user" "0:0" "--network" "none" "ghcr.io/rust-lang/crates-build-env/linux@sha256:5ff2268d62e97bff2cde7d5815dd6ed5b47097566f13b8d0ca110b04b60e07ed" "/opt/rustwide/cargo-home/bin/cargo" "+1.69.0" "build" "--frozen" "--message-format=json", kill_on_drop: false }`
[INFO] [stdout] 8e7fec3326c6ce7b3f71a97cb9a2e16a33a1cc3932fe90e25d02701272ac8ff0
[INFO] running `Command { std: "docker" "start" "-a" "8e7fec3326c6ce7b3f71a97cb9a2e16a33a1cc3932fe90e25d02701272ac8ff0", kill_on_drop: false }`
[INFO] [stderr]     Blocking waiting for file lock on package cache
[INFO] [stderr]    Compiling syn v1.0.109
[INFO] [stderr]    Compiling pin-project-internal v1.0.12
[INFO] [stderr]    Compiling pin-project v1.0.12
[INFO] [stderr]    Compiling elor v1.1.4 (/opt/rustwide/workdir)
[INFO] [stderr]     Finished dev [unoptimized + debuginfo] target(s) in 7.18s
[INFO] running `Command { std: "docker" "inspect" "8e7fec3326c6ce7b3f71a97cb9a2e16a33a1cc3932fe90e25d02701272ac8ff0", kill_on_drop: false }`
[INFO] running `Command { std: "docker" "rm" "-f" "8e7fec3326c6ce7b3f71a97cb9a2e16a33a1cc3932fe90e25d02701272ac8ff0", kill_on_drop: false }`
[INFO] [stdout] 8e7fec3326c6ce7b3f71a97cb9a2e16a33a1cc3932fe90e25d02701272ac8ff0
[INFO] running `Command { std: "docker" "create" "-v" "/var/lib/crater-agent-workspace/builds/worker-2-tc1/target:/opt/rustwide/target:rw,Z" "-v" "/var/lib/crater-agent-workspace/builds/worker-2-tc1/source:/opt/rustwide/workdir:ro,Z" "-v" "/var/lib/crater-agent-workspace/cargo-home:/opt/rustwide/cargo-home:ro,Z" "-v" "/var/lib/crater-agent-workspace/rustup-home:/opt/rustwide/rustup-home:ro,Z" "-e" "SOURCE_DIR=/opt/rustwide/workdir" "-e" "CARGO_TARGET_DIR=/opt/rustwide/target" "-e" "CARGO_INCREMENTAL=0" "-e" "RUST_BACKTRACE=full" "-e" "RUSTFLAGS=--cap-lints=warn" "-e" "RUSTDOCFLAGS=--cap-lints=warn" "-e" "CARGO_HOME=/opt/rustwide/cargo-home" "-e" "RUSTUP_HOME=/opt/rustwide/rustup-home" "-w" "/opt/rustwide/workdir" "-m" "1610612736" "--user" "0:0" "--network" "none" "ghcr.io/rust-lang/crates-build-env/linux@sha256:5ff2268d62e97bff2cde7d5815dd6ed5b47097566f13b8d0ca110b04b60e07ed" "/opt/rustwide/cargo-home/bin/cargo" "+1.69.0" "test" "--frozen" "--no-run" "--message-format=json", kill_on_drop: false }`
[INFO] [stdout] 36633e3ed10217014ea8abe3d5f129eef1f35ee33979d83ebc6db9151accb4b2
[INFO] running `Command { std: "docker" "start" "-a" "36633e3ed10217014ea8abe3d5f129eef1f35ee33979d83ebc6db9151accb4b2", kill_on_drop: false }`
[INFO] [stderr]    Compiling serde v1.0.160
[INFO] [stderr]    Compiling tokio v1.28.0
[INFO] [stderr]    Compiling signal-hook-registry v1.4.1
[INFO] [stderr]    Compiling socket2 v0.4.9
[INFO] [stderr]    Compiling num_cpus v1.15.0
[INFO] [stderr]    Compiling mio v0.8.6
[INFO] [stderr]    Compiling syn v2.0.15
[INFO] [stderr]    Compiling rand_chacha v0.3.1
[INFO] [stderr]    Compiling rand v0.8.5
[INFO] [stderr]    Compiling tokio-macros v2.1.0
[INFO] [stderr]    Compiling serde_json v1.0.96
[INFO] [stderr]    Compiling elor v1.1.4 (/opt/rustwide/workdir)
[INFO] [stderr]     Finished test [unoptimized + debuginfo] target(s) in 14.46s
[INFO] running `Command { std: "docker" "inspect" "36633e3ed10217014ea8abe3d5f129eef1f35ee33979d83ebc6db9151accb4b2", kill_on_drop: false }`
[INFO] running `Command { std: "docker" "rm" "-f" "36633e3ed10217014ea8abe3d5f129eef1f35ee33979d83ebc6db9151accb4b2", kill_on_drop: false }`
[INFO] [stdout] 36633e3ed10217014ea8abe3d5f129eef1f35ee33979d83ebc6db9151accb4b2
[INFO] running `Command { std: "docker" "create" "-v" "/var/lib/crater-agent-workspace/builds/worker-2-tc1/target:/opt/rustwide/target:rw,Z" "-v" "/var/lib/crater-agent-workspace/builds/worker-2-tc1/source:/opt/rustwide/workdir:ro,Z" "-v" "/var/lib/crater-agent-workspace/cargo-home:/opt/rustwide/cargo-home:ro,Z" "-v" "/var/lib/crater-agent-workspace/rustup-home:/opt/rustwide/rustup-home:ro,Z" "-e" "SOURCE_DIR=/opt/rustwide/workdir" "-e" "CARGO_TARGET_DIR=/opt/rustwide/target" "-e" "CARGO_INCREMENTAL=0" "-e" "RUST_BACKTRACE=full" "-e" "RUSTFLAGS=--cap-lints=warn" "-e" "RUSTDOCFLAGS=--cap-lints=warn" "-e" "CARGO_HOME=/opt/rustwide/cargo-home" "-e" "RUSTUP_HOME=/opt/rustwide/rustup-home" "-w" "/opt/rustwide/workdir" "-m" "1610612736" "--user" "0:0" "--network" "none" "ghcr.io/rust-lang/crates-build-env/linux@sha256:5ff2268d62e97bff2cde7d5815dd6ed5b47097566f13b8d0ca110b04b60e07ed" "/opt/rustwide/cargo-home/bin/cargo" "+1.69.0" "test" "--frozen", kill_on_drop: false }`
[INFO] [stdout] 275e7022c9d9ea88055c180c509cadd88392925f4cf022e1e0cd16ff24fb9b46
[INFO] running `Command { std: "docker" "start" "-a" "275e7022c9d9ea88055c180c509cadd88392925f4cf022e1e0cd16ff24fb9b46", kill_on_drop: false }`
[INFO] [stdout] 
[INFO] [stderr]     Finished test [unoptimized + debuginfo] target(s) in 0.12s
[INFO] [stdout] running 0 tests
[INFO] [stderr]      Running unittests src/lib.rs (/opt/rustwide/target/debug/deps/elor-12ce95b67a476604)
[INFO] [stdout] 
[INFO] [stderr]      Running tests/main.rs (/opt/rustwide/target/debug/deps/main-b79e23ca8a5d7107)
[INFO] [stdout] test result: ok. 0 passed; 0 failed; 0 ignored; 0 measured; 0 filtered out; finished in 0.00s
[INFO] [stdout] 
[INFO] [stdout] 
[INFO] [stdout] running 3 tests
[INFO] [stdout] test iter ... ok
[INFO] [stdout] test split ... ok
[INFO] [stdout] test split_arc ... ok
[INFO] [stdout] 
[INFO] [stdout] test result: ok. 3 passed; 0 failed; 0 ignored; 0 measured; 0 filtered out; finished in 2.18s
[INFO] [stdout] 
[INFO] [stderr]    Doc-tests elor
[INFO] [stdout] 
[INFO] [stdout] running 2 tests
[INFO] [stdout] test src/lib.rs - Either<A,B>::as_deref_mut (line 119) ... FAILED
[INFO] [stdout] test src/lib.rs - Either<A,B>::as_deref (line 101) ... ok
[INFO] [stdout] 
[INFO] [stdout] failures:
[INFO] [stdout] 
[INFO] [stdout] ---- src/lib.rs - Either<A,B>::as_deref_mut (line 119) stdout ----
[INFO] [stdout] error[E0308]: mismatched types
[INFO] [stdout]  --> src/lib.rs:125:5
[INFO] [stdout]   |
[INFO] [stdout] 8 |     assert_eq!(beta, Left("hello world"))
[INFO] [stdout]   |     ^^^^^^^^^^^^^^^^^^^^^^^^^^^^^^^^^^^^^ types differ in mutability
[INFO] [stdout]   |
[INFO] [stdout]   = note: expected enum `Either<&mut str, &mut [u8]>`
[INFO] [stdout]              found enum `Either<&str, _>`
[INFO] [stdout]   = note: this error originates in the macro `assert_eq` (in Nightly builds, run with -Z macro-backtrace for more info)
[INFO] [stdout] 
[INFO] [stdout] error: aborting due to previous error
[INFO] [stdout] 
[INFO] [stdout] For more information about this error, try `rustc --explain E0308`.
[INFO] [stdout] Couldn't compile the test.
[INFO] [stdout] 
[INFO] [stdout] failures:
[INFO] [stdout]     src/lib.rs - Either<A,B>::as_deref_mut (line 119)
[INFO] [stdout] 
[INFO] [stdout] test result: FAILED. 1 passed; 1 failed; 0 ignored; 0 measured; 0 filtered out; finished in 0.21s
[INFO] [stdout] 
[INFO] [stderr] error: doctest failed, to rerun pass `--doc`
[INFO] running `Command { std: "docker" "inspect" "275e7022c9d9ea88055c180c509cadd88392925f4cf022e1e0cd16ff24fb9b46", kill_on_drop: false }`
[INFO] running `Command { std: "docker" "rm" "-f" "275e7022c9d9ea88055c180c509cadd88392925f4cf022e1e0cd16ff24fb9b46", kill_on_drop: false }`
[INFO] [stdout] 275e7022c9d9ea88055c180c509cadd88392925f4cf022e1e0cd16ff24fb9b46
