[INFO] fetching crate elmo 0.0.1...
[INFO] testing elmo-0.0.1 against beta-2023-04-20 for beta-1.70-1
[INFO] extracting crate elmo 0.0.1 into /workspace/builds/worker-1-tc2/source
[INFO] validating manifest of crates.io crate elmo 0.0.1 on toolchain beta-2023-04-20
[INFO] running `Command { std: CARGO_HOME="/workspace/cargo-home" RUSTUP_HOME="/workspace/rustup-home" "/workspace/cargo-home/bin/cargo" "+beta-2023-04-20" "metadata" "--manifest-path" "Cargo.toml" "--no-deps", kill_on_drop: false }`
[INFO] started tweaking crates.io crate elmo 0.0.1
[INFO] finished tweaking crates.io crate elmo 0.0.1
[INFO] tweaked toml for crates.io crate elmo 0.0.1 written to /workspace/builds/worker-1-tc2/source/Cargo.toml
[INFO] crate crates.io crate elmo 0.0.1 already has a lockfile, it will not be regenerated
[INFO] running `Command { std: CARGO_HOME="/workspace/cargo-home" RUSTUP_HOME="/workspace/rustup-home" "/workspace/cargo-home/bin/cargo" "+beta-2023-04-20" "fetch" "--manifest-path" "Cargo.toml", kill_on_drop: false }`
[INFO] [stderr]     Updating crates.io index
[INFO] [stderr]  Downloading crates ...
[INFO] [stderr]   Downloaded syn v1.0.80
[INFO] [stderr]   Downloaded nom v4.1.1
[INFO] [stderr]   Downloaded winrt-notification v0.2.4
[INFO] [stderr]   Downloaded cc v1.0.71
[INFO] [stderr]   Downloaded backtrace v0.3.61
[INFO] [stderr]   Downloaded color-spantrace v0.1.6
[INFO] [stderr]   Downloaded cron v0.9.0
[INFO] [stderr]   Downloaded object v0.26.2
[INFO] [stderr]   Downloaded addr2line v0.16.0
[INFO] [stderr]   Downloaded hashlink v0.7.0
[INFO] [stderr]   Downloaded tracing-attributes v0.1.18
[INFO] [stderr]   Downloaded sharded-slab v0.1.3
[INFO] [stderr]   Downloaded zvariant v2.9.0
[INFO] [stderr]   Downloaded nix v0.20.0
[INFO] [stderr]   Downloaded async-io v1.6.0
[INFO] [stderr]   Downloaded num_enum v0.5.4
[INFO] [stderr]   Downloaded futures-intrusive v0.4.0
[INFO] [stderr]   Downloaded whoami v1.1.5
[INFO] [stderr]   Downloaded enumflags2_derive v0.6.4
[INFO] [stderr]   Downloaded color-eyre v0.5.11
[INFO] [stderr]   Downloaded proc-macro-crate v1.1.0
[INFO] [stderr]   Downloaded gimli v0.25.0
[INFO] [stderr]   Downloaded ndk-sys v0.2.1
[INFO] [stderr]   Downloaded libc v0.2.103
[INFO] [stderr]   Downloaded tokio v1.12.0
[INFO] [stderr]   Downloaded ndk-macro v0.2.0
[INFO] [stderr]   Downloaded minimp3-sys v0.3.2
[INFO] [stderr]   Downloaded slice-deque v0.3.0
[INFO] [stderr]   Downloaded thiserror v1.0.29
[INFO] [stderr]   Downloaded tokio-stream v0.1.7
[INFO] [stderr]   Downloaded sha2 v0.9.8
[INFO] [stderr]   Downloaded unicode_categories v0.1.1
[INFO] [stderr]   Downloaded sqlformat v0.1.8
[INFO] [stderr]   Downloaded libsqlite3-sys v0.22.2
[INFO] [stderr]   Downloaded rodio v0.14.0
[INFO] [stderr]   Downloaded thiserror-impl v1.0.29
[INFO] [stderr]   Downloaded nom v7.0.0
[INFO] [stderr]   Downloaded slog v2.7.0
[INFO] [stderr]   Downloaded libloading v0.7.0
[INFO] [stderr]   Downloaded bumpalo v3.7.1
[INFO] [stderr]   Downloaded cexpr v0.4.0
[INFO] [stderr]   Downloaded openssl v0.10.36
[INFO] [stderr]   Downloaded notify-rust v4.5.3
[INFO] [stderr]   Downloaded minimp3 v0.5.1
[INFO] [stderr]   Downloaded dotenv v0.15.0
[INFO] [stderr]   Downloaded atoi v0.4.0
[INFO] [stderr]   Downloaded crc v2.0.0
[INFO] [stderr]   Downloaded pkg-config v0.3.20
[INFO] [stderr]   Downloaded tracing-error v0.1.2
[INFO] [stderr]   Downloaded enumflags2 v0.6.4
[INFO] [stderr]   Downloaded zvariant_derive v2.9.0
[INFO] [stderr]   Downloaded claxon v0.4.3
[INFO] [stderr]   Downloaded num_enum_derive v0.5.4
[INFO] [stderr]   Downloaded ndk-glue v0.4.0
[INFO] [stderr]   Downloaded oboe v0.4.4
[INFO] [stderr]   Downloaded slog-async v2.7.0
[INFO] [stderr]   Downloaded slog-term v2.8.0
[INFO] [stderr]   Downloaded ahash v0.7.4
[INFO] [stderr]   Downloaded minimal-lexical v0.1.4
[INFO] [stderr]   Downloaded owo-colors v1.3.0
[INFO] [stderr]   Downloaded oboe-sys v0.4.4
[INFO] [stderr]   Downloaded openssl-sys v0.9.67
[INFO] [stderr]   Downloaded tokio-macros v1.4.1
[INFO] [stderr]   Downloaded instant v0.1.11
[INFO] [stderr]   Downloaded tracing-subscriber v0.2.25
[INFO] [stderr]   Downloaded zbus v1.9.1
[INFO] [stderr]   Downloaded parse_duration v2.1.1
[INFO] [stderr]   Downloaded alsa v0.5.0
[INFO] [stderr]   Downloaded clang-sys v1.2.2
[INFO] [stderr]   Downloaded bindgen v0.56.0
[INFO] [stderr]   Downloaded ndk v0.3.0
[INFO] [stderr]   Downloaded ndk-glue v0.3.0
[INFO] [stderr]   Downloaded ndk v0.4.0
[INFO] [stderr]   Downloaded cpal v0.13.4
[INFO] [stderr]   Downloaded take_mut v0.2.2
[INFO] [stderr]   Downloaded crc-catalog v1.1.1
[INFO] [stderr]   Downloaded crossbeam-queue v0.3.2
[INFO] [stderr]   Downloaded sqlx-core v0.5.9
[INFO] [stderr]   Downloaded sqlx-rt v0.5.9
[INFO] [stderr]   Downloaded sqlx-macros v0.5.9
[INFO] [stderr]   Downloaded sqlx v0.5.9
[INFO] [stderr]   Downloaded fastrand v1.5.0
[INFO] [stderr]   Downloaded nb-connect v1.2.0
[INFO] [stderr]   Downloaded nix v0.17.0
[INFO] [stderr]   Downloaded polling v2.1.0
[INFO] [stderr]   Downloaded serde_repr v0.1.7
[INFO] [stderr]   Downloaded zbus_macros v1.9.1
[INFO] [stderr]   Downloaded coreaudio-sys v0.2.8
[INFO] running `Command { std: "docker" "create" "-v" "/var/lib/crater-agent-workspace/builds/worker-1-tc2/target:/opt/rustwide/target:rw,Z" "-v" "/var/lib/crater-agent-workspace/builds/worker-1-tc2/source:/opt/rustwide/workdir:ro,Z" "-v" "/var/lib/crater-agent-workspace/cargo-home:/opt/rustwide/cargo-home:ro,Z" "-v" "/var/lib/crater-agent-workspace/rustup-home:/opt/rustwide/rustup-home:ro,Z" "-e" "SOURCE_DIR=/opt/rustwide/workdir" "-e" "CARGO_TARGET_DIR=/opt/rustwide/target" "-e" "CARGO_HOME=/opt/rustwide/cargo-home" "-e" "RUSTUP_HOME=/opt/rustwide/rustup-home" "-w" "/opt/rustwide/workdir" "-m" "1610612736" "--user" "0:0" "--network" "none" "ghcr.io/rust-lang/crates-build-env/linux@sha256:5ff2268d62e97bff2cde7d5815dd6ed5b47097566f13b8d0ca110b04b60e07ed" "/opt/rustwide/cargo-home/bin/cargo" "+beta-2023-04-20" "metadata" "--no-deps" "--format-version=1", kill_on_drop: false }`
[INFO] [stdout] 812658c7afea895d8edcf333cb4eb49558bb4187ae6ff4c922dc0fdb43f4c644
[INFO] running `Command { std: "docker" "start" "-a" "812658c7afea895d8edcf333cb4eb49558bb4187ae6ff4c922dc0fdb43f4c644", kill_on_drop: false }`
[INFO] running `Command { std: "docker" "inspect" "812658c7afea895d8edcf333cb4eb49558bb4187ae6ff4c922dc0fdb43f4c644", kill_on_drop: false }`
[INFO] running `Command { std: "docker" "rm" "-f" "812658c7afea895d8edcf333cb4eb49558bb4187ae6ff4c922dc0fdb43f4c644", kill_on_drop: false }`
[INFO] [stdout] 812658c7afea895d8edcf333cb4eb49558bb4187ae6ff4c922dc0fdb43f4c644
[INFO] running `Command { std: "docker" "create" "-v" "/var/lib/crater-agent-workspace/builds/worker-1-tc2/target:/opt/rustwide/target:rw,Z" "-v" "/var/lib/crater-agent-workspace/builds/worker-1-tc2/source:/opt/rustwide/workdir:ro,Z" "-v" "/var/lib/crater-agent-workspace/cargo-home:/opt/rustwide/cargo-home:ro,Z" "-v" "/var/lib/crater-agent-workspace/rustup-home:/opt/rustwide/rustup-home:ro,Z" "-e" "SOURCE_DIR=/opt/rustwide/workdir" "-e" "CARGO_TARGET_DIR=/opt/rustwide/target" "-e" "CARGO_INCREMENTAL=0" "-e" "RUST_BACKTRACE=full" "-e" "RUSTFLAGS=--cap-lints=warn" "-e" "RUSTDOCFLAGS=--cap-lints=warn" "-e" "CARGO_HOME=/opt/rustwide/cargo-home" "-e" "RUSTUP_HOME=/opt/rustwide/rustup-home" "-w" "/opt/rustwide/workdir" "-m" "1610612736" "--user" "0:0" "--network" "none" "ghcr.io/rust-lang/crates-build-env/linux@sha256:5ff2268d62e97bff2cde7d5815dd6ed5b47097566f13b8d0ca110b04b60e07ed" "/opt/rustwide/cargo-home/bin/cargo" "+beta-2023-04-20" "build" "--frozen" "--message-format=json", kill_on_drop: false }`
[INFO] [stdout] a55659aac1cdf82bbd4f0a4f34c384b40cea79faf2ef3e751e33fc3b85c1fb44
[INFO] running `Command { std: "docker" "start" "-a" "a55659aac1cdf82bbd4f0a4f34c384b40cea79faf2ef3e751e33fc3b85c1fb44", kill_on_drop: false }`
[INFO] [stderr]    Compiling libc v0.2.103
[INFO] [stderr]    Compiling autocfg v1.0.1
[INFO] [stderr]    Compiling proc-macro2 v1.0.29
[INFO] [stderr]    Compiling cfg-if v1.0.0
[INFO] [stderr]    Compiling unicode-xid v0.2.2
[INFO] [stderr]    Compiling syn v1.0.80
[INFO] [stderr]    Compiling memchr v2.4.1
[INFO] [stderr]    Compiling once_cell v1.8.0
[INFO] [stderr]    Compiling pkg-config v0.3.20
[INFO] [stderr]    Compiling version_check v0.9.3
[INFO] [stderr]    Compiling pin-project-lite v0.2.7
[INFO] [stderr]    Compiling num-traits v0.2.14
[INFO] [stderr]    Compiling log v0.4.14
[INFO] [stderr]    Compiling bitflags v1.3.2
[INFO] [stderr]    Compiling futures-core v0.3.17
[INFO] [stderr]    Compiling lazy_static v1.4.0
[INFO] [stderr]    Compiling num-integer v0.1.44
[INFO] [stderr]    Compiling parking_lot_core v0.8.5
[INFO] [stderr]    Compiling quote v1.0.10
[INFO] [stderr]    Compiling instant v0.1.11
[INFO] [stderr]    Compiling serde_derive v1.0.130
[INFO] [stderr]    Compiling scopeguard v1.1.0
[INFO] [stderr]    Compiling smallvec v1.7.0
[INFO] [stderr]    Compiling lock_api v0.4.5
[INFO] [stderr]    Compiling proc-macro-hack v0.5.19
[INFO] [stderr]    Compiling serde v1.0.130
[INFO] [stderr]    Compiling futures-macro v0.3.17
[INFO] [stderr]    Compiling futures-task v0.3.17
[INFO] [stderr]    Compiling futures-channel v0.3.17
[INFO] [stderr]    Compiling jobserver v0.1.24
[INFO] [stderr]    Compiling tinyvec_macros v0.1.0
[INFO] [stderr]    Compiling cc v1.0.71
[INFO] [stderr]    Compiling parking_lot v0.11.2
[INFO] [stderr]    Compiling futures-io v0.3.17
[INFO] [stderr]    Compiling proc-macro-nested v0.1.7
[INFO] [stderr]    Compiling tinyvec v1.5.0
[INFO] [stderr]    Compiling futures-util v0.3.17
[INFO] [stderr]    Compiling futures-sink v0.3.17
[INFO] [stderr]    Compiling slab v0.4.4
[INFO] [stderr]    Compiling typenum v1.14.0
[INFO] [stderr]    Compiling byteorder v1.4.3
[INFO] [stderr]    Compiling generic-array v0.14.4
[INFO] [stderr]    Compiling ahash v0.7.4
[INFO] [stderr]    Compiling tokio v1.12.0
[INFO] [stderr]    Compiling openssl v0.10.36
[INFO] [stderr]    Compiling foreign-types-shared v0.1.1
[INFO] [stderr]    Compiling pin-utils v0.1.0
[INFO] [stderr]    Compiling openssl-sys v0.9.67
[INFO] [stderr]    Compiling crossbeam-utils v0.8.5
[INFO] [stderr]    Compiling foreign-types v0.3.2
[INFO] [stderr]    Compiling signal-hook-registry v1.4.0
[INFO] [stderr]    Compiling mio v0.7.13
[INFO] [stderr]    Compiling getrandom v0.2.3
[INFO] [stderr]    Compiling num_cpus v1.13.0
[INFO] [stderr]    Compiling bytes v1.1.0
[INFO] [stderr]    Compiling native-tls v0.2.8
[INFO] [stderr]    Compiling unicode-normalization v0.1.19
[INFO] [stderr]    Compiling time v0.1.44
[INFO] [stderr]    Compiling nom v7.0.0
[INFO] [stderr]    Compiling thread_local v1.1.3
[INFO] [stderr]    Compiling openssl-probe v0.1.4
[INFO] [stderr]    Compiling unicode-bidi v0.3.7
[INFO] [stderr]    Compiling matches v0.1.9
[INFO] [stderr]    Compiling chrono v0.4.19
[INFO] [stderr]    Compiling hashbrown v0.11.2
[INFO] [stderr]    Compiling libsqlite3-sys v0.22.2
[INFO] [stderr]    Compiling tracing-core v0.1.21
[INFO] [stderr]    Compiling alsa-sys v0.3.1
[INFO] [stderr]    Compiling indexmap v1.7.0
[INFO] [stderr]    Compiling num-bigint v0.2.6
[INFO] [stderr]    Compiling whoami v1.1.5
[INFO] [stderr]    Compiling minimal-lexical v0.1.4
[INFO] [stderr]    Compiling percent-encoding v2.1.0
[INFO] [stderr]    Compiling crossbeam-queue v0.3.2
[INFO] [stderr]    Compiling either v1.6.1
[INFO] [stderr]    Compiling form_urlencoded v1.0.1
[INFO] [stderr]    Compiling itertools v0.10.1
[INFO] [stderr]    Compiling idna v0.2.3
[INFO] [stderr]    Compiling block-buffer v0.9.0
[INFO] [stderr]    Compiling digest v0.9.0
[INFO] [stderr]    Compiling crossbeam-channel v0.5.1
[INFO] [stderr]    Compiling minimp3-sys v0.3.2
[INFO] [stderr]    Compiling socket2 v0.4.2
[INFO] [stderr]    Compiling sharded-slab v0.1.3
[INFO] [stderr]    Compiling num-complex v0.2.4
[INFO] [stderr]    Compiling miniz_oxide v0.4.4
[INFO] [stderr]    Compiling num-iter v0.1.42
[INFO] [stderr]    Compiling num-rational v0.2.4
[INFO] [stderr]    Compiling unicode_categories v0.1.1
[INFO] [stderr]    Compiling slog v2.7.0
[INFO] [stderr]    Compiling fastrand v1.5.0
[INFO] [stderr]    Compiling cpufeatures v0.2.1
[INFO] [stderr]    Compiling cache-padded v1.1.1
[INFO] [stderr]    Compiling waker-fn v1.1.0
[INFO] [stderr]    Compiling crc-catalog v1.1.1
[INFO] [stderr]    Compiling parking v2.0.0
[INFO] [stderr]    Compiling opaque-debug v0.3.0
[INFO] [stderr]    Compiling nix v0.17.0
[INFO] [stderr]    Compiling crc v2.0.0
[INFO] [stderr]    Compiling sha2 v0.9.8
[INFO] [stderr]    Compiling futures-lite v1.12.0
[INFO] [stderr]    Compiling tracing-subscriber v0.2.25
[INFO] [stderr]    Compiling concurrent-queue v1.2.2
[INFO] [stderr]    Compiling sqlformat v0.1.8
[INFO] [stderr]    Compiling thiserror-impl v1.0.29
[INFO] [stderr]    Compiling tokio-macros v1.4.1
[INFO] [stderr]    Compiling tracing-attributes v0.1.18
[INFO] [stderr]    Compiling enumflags2_derive v0.6.4
[INFO] [stderr]    Compiling thiserror v1.0.29
[INFO] [stderr]    Compiling tracing v0.1.29
[INFO] [stderr]    Compiling url v2.2.2
[INFO] [stderr]    Compiling hashlink v0.7.0
[INFO] [stderr]    Compiling stringprep v0.1.2
[INFO] [stderr]    Compiling backtrace v0.3.61
[INFO] [stderr]    Compiling futures-intrusive v0.4.0
[INFO] [stderr]    Compiling futures-executor v0.3.17
[INFO] [stderr]    Compiling atoi v0.4.0
[INFO] [stderr]    Compiling polling v2.1.0
[INFO] [stderr]    Compiling dirs-sys-next v0.1.2
[INFO] [stderr]    Compiling nix v0.20.0
[INFO] [stderr]    Compiling static_assertions v1.1.0
[INFO] [stderr]    Compiling eyre v0.6.5
[INFO] [stderr]    Compiling tokio-native-tls v0.3.0
[INFO] [stderr]    Compiling tokio-stream v0.1.7
[INFO] [stderr]    Compiling cfg-if v0.1.10
[INFO] [stderr]    Compiling sqlx-rt v0.5.9
[INFO] [stderr]    Compiling void v1.0.2
[INFO] [stderr]    Compiling cpal v0.13.4
[INFO] [stderr]    Compiling unicode-segmentation v1.8.0
[INFO] [stderr]    Compiling hex v0.4.3
[INFO] [stderr]    Compiling gimli v0.25.0
[INFO] [stderr]    Compiling adler v1.0.2
[INFO] [stderr]    Compiling itoa v0.4.8
[INFO] [stderr]    Compiling heck v0.3.3
[INFO] [stderr]    Compiling dirs-next v2.0.0
[INFO] [stderr]    Compiling async-io v1.6.0
[INFO] [stderr]    Compiling futures v0.3.17
[INFO] [stderr]    Compiling tracing-error v0.1.2
[INFO] [stderr]    Compiling derivative v2.2.0
[INFO] [stderr]    Compiling serde_repr v0.1.7
[INFO] [stderr]    Compiling addr2line v0.16.0
[INFO] [stderr]    Compiling alsa v0.5.0
[INFO] [stderr]    Compiling nb-connect v1.2.0
[INFO] [stderr]    Compiling ogg v0.8.0
[INFO] [stderr]    Compiling atty v0.2.14
[INFO] [stderr]    Compiling slice-deque v0.3.0
[INFO] [stderr]    Compiling toml v0.5.8
[INFO] [stderr]    Compiling enumflags2 v0.6.4
[INFO] [stderr]    Compiling object v0.26.2
[INFO] [stderr]    Compiling aho-corasick v0.7.18
[INFO] [stderr]    Compiling owo-colors v1.3.0
[INFO] [stderr]    Compiling async-trait v0.1.51
[INFO] [stderr]    Compiling proc-macro-crate v1.1.0
[INFO] [stderr]    Compiling proc-macro-crate v0.1.5
[INFO] [stderr]    Compiling scoped-tls v1.0.0
[INFO] [stderr]    Compiling unicode-width v0.1.9
[INFO] [stderr]    Compiling rustc-demangle v0.1.21
[INFO] [stderr]    Compiling dotenv v0.15.0
[INFO] [stderr]    Compiling indenter v0.3.3
[INFO] [stderr]    Compiling regex-syntax v0.6.25
[INFO] [stderr]    Compiling slog-async v2.7.0
[INFO] [stderr]    Compiling zvariant_derive v2.9.0
[INFO] [stderr]    Compiling zbus_macros v1.9.1
[INFO] [stderr]    Compiling textwrap v0.11.0
[INFO] [stderr]    Compiling color-spantrace v0.1.6
[INFO] [stderr]    Compiling minimp3 v0.5.1
[INFO] [stderr]    Compiling lewton v0.10.2
[INFO] [stderr]    Compiling num v0.2.1
[INFO] [stderr]    Compiling term v0.7.0
[INFO] [stderr]    Compiling nom v4.1.1
[INFO] [stderr]    Compiling vec_map v0.8.2
[INFO] [stderr]    Compiling claxon v0.4.3
[INFO] [stderr]    Compiling zvariant v2.9.0
[INFO] [stderr]    Compiling hound v3.4.0
[INFO] [stderr]    Compiling ansi_term v0.11.0
[INFO] [stderr]    Compiling regex v1.5.4
[INFO] [stderr]    Compiling take_mut v0.2.2
[INFO] [stderr]    Compiling strsim v0.8.0
[INFO] [stderr]    Compiling rodio v0.14.0
[INFO] [stderr]    Compiling color-eyre v0.5.11
[INFO] [stderr]    Compiling clap v2.33.3
[INFO] [stderr]    Compiling parse_duration v2.1.1
[INFO] [stderr]    Compiling cron v0.9.0
[INFO] [stderr]    Compiling zbus v1.9.1
[INFO] [stderr]    Compiling slog-term v2.8.0
[INFO] [stderr]    Compiling home v0.5.3
[INFO] [stderr]    Compiling sqlx-core v0.5.9
[INFO] [stderr]    Compiling notify-rust v4.5.3
[INFO] [stderr]    Compiling sqlx-macros v0.5.9
[INFO] [stderr]    Compiling sqlx v0.5.9
[INFO] [stderr]    Compiling elmo v0.0.1 (/opt/rustwide/workdir)
[INFO] [stderr]     Finished dev [unoptimized + debuginfo] target(s) in 1m 38s
[INFO] [stderr] warning: the following packages contain code that will be rejected by a future version of Rust: nom v4.1.1, sqlx-macros v0.5.9
[INFO] [stderr] note: to see what the problems were, use the option `--future-incompat-report`, or run `cargo report future-incompatibilities --id 1`
[INFO] running `Command { std: "docker" "inspect" "a55659aac1cdf82bbd4f0a4f34c384b40cea79faf2ef3e751e33fc3b85c1fb44", kill_on_drop: false }`
[INFO] running `Command { std: "docker" "rm" "-f" "a55659aac1cdf82bbd4f0a4f34c384b40cea79faf2ef3e751e33fc3b85c1fb44", kill_on_drop: false }`
[INFO] [stdout] a55659aac1cdf82bbd4f0a4f34c384b40cea79faf2ef3e751e33fc3b85c1fb44
[INFO] running `Command { std: "docker" "create" "-v" "/var/lib/crater-agent-workspace/builds/worker-1-tc2/target:/opt/rustwide/target:rw,Z" "-v" "/var/lib/crater-agent-workspace/builds/worker-1-tc2/source:/opt/rustwide/workdir:ro,Z" "-v" "/var/lib/crater-agent-workspace/cargo-home:/opt/rustwide/cargo-home:ro,Z" "-v" "/var/lib/crater-agent-workspace/rustup-home:/opt/rustwide/rustup-home:ro,Z" "-e" "SOURCE_DIR=/opt/rustwide/workdir" "-e" "CARGO_TARGET_DIR=/opt/rustwide/target" "-e" "CARGO_INCREMENTAL=0" "-e" "RUST_BACKTRACE=full" "-e" "RUSTFLAGS=--cap-lints=warn" "-e" "RUSTDOCFLAGS=--cap-lints=warn" "-e" "CARGO_HOME=/opt/rustwide/cargo-home" "-e" "RUSTUP_HOME=/opt/rustwide/rustup-home" "-w" "/opt/rustwide/workdir" "-m" "1610612736" "--user" "0:0" "--network" "none" "ghcr.io/rust-lang/crates-build-env/linux@sha256:5ff2268d62e97bff2cde7d5815dd6ed5b47097566f13b8d0ca110b04b60e07ed" "/opt/rustwide/cargo-home/bin/cargo" "+beta-2023-04-20" "test" "--frozen" "--no-run" "--message-format=json", kill_on_drop: false }`
[INFO] [stdout] 33b1eb2934444074e2891670593c8bf2929ed48f53d283a7927a78b220f620a2
[INFO] running `Command { std: "docker" "start" "-a" "33b1eb2934444074e2891670593c8bf2929ed48f53d283a7927a78b220f620a2", kill_on_drop: false }`
[INFO] [stderr]    Compiling elmo v0.0.1 (/opt/rustwide/workdir)
[INFO] [stderr]     Finished test [unoptimized + debuginfo] target(s) in 4.19s
[INFO] [stderr] warning: the following packages contain code that will be rejected by a future version of Rust: nom v4.1.1, sqlx-macros v0.5.9
[INFO] [stderr] note: to see what the problems were, use the option `--future-incompat-report`, or run `cargo report future-incompatibilities --id 1`
[INFO] running `Command { std: "docker" "inspect" "33b1eb2934444074e2891670593c8bf2929ed48f53d283a7927a78b220f620a2", kill_on_drop: false }`
[INFO] running `Command { std: "docker" "rm" "-f" "33b1eb2934444074e2891670593c8bf2929ed48f53d283a7927a78b220f620a2", kill_on_drop: false }`
[INFO] [stdout] 33b1eb2934444074e2891670593c8bf2929ed48f53d283a7927a78b220f620a2
[INFO] running `Command { std: "docker" "create" "-v" "/var/lib/crater-agent-workspace/builds/worker-1-tc2/target:/opt/rustwide/target:rw,Z" "-v" "/var/lib/crater-agent-workspace/builds/worker-1-tc2/source:/opt/rustwide/workdir:ro,Z" "-v" "/var/lib/crater-agent-workspace/cargo-home:/opt/rustwide/cargo-home:ro,Z" "-v" "/var/lib/crater-agent-workspace/rustup-home:/opt/rustwide/rustup-home:ro,Z" "-e" "SOURCE_DIR=/opt/rustwide/workdir" "-e" "CARGO_TARGET_DIR=/opt/rustwide/target" "-e" "CARGO_INCREMENTAL=0" "-e" "RUST_BACKTRACE=full" "-e" "RUSTFLAGS=--cap-lints=warn" "-e" "RUSTDOCFLAGS=--cap-lints=warn" "-e" "CARGO_HOME=/opt/rustwide/cargo-home" "-e" "RUSTUP_HOME=/opt/rustwide/rustup-home" "-w" "/opt/rustwide/workdir" "-m" "1610612736" "--user" "0:0" "--network" "none" "ghcr.io/rust-lang/crates-build-env/linux@sha256:5ff2268d62e97bff2cde7d5815dd6ed5b47097566f13b8d0ca110b04b60e07ed" "/opt/rustwide/cargo-home/bin/cargo" "+beta-2023-04-20" "test" "--frozen", kill_on_drop: false }`
[INFO] [stdout] 7987d180e2f6a48d022c149709a75e271a33958b7ce5463c65c9db8e5c764cc2
[INFO] running `Command { std: "docker" "start" "-a" "7987d180e2f6a48d022c149709a75e271a33958b7ce5463c65c9db8e5c764cc2", kill_on_drop: false }`
[INFO] [stderr]     Finished test [unoptimized + debuginfo] target(s) in 0.28s
[INFO] [stderr] warning: the following packages contain code that will be rejected by a future version of Rust: nom v4.1.1, sqlx-macros v0.5.9
[INFO] [stderr] note: to see what the problems were, use the option `--future-incompat-report`, or run `cargo report future-incompatibilities --id 1`
[INFO] [stderr]      Running unittests src/lib.rs (/opt/rustwide/target/debug/deps/elmo_lib-2fba7f5a7a737b40)
[INFO] [stdout] 
[INFO] [stdout] running 5 tests
[INFO] [stdout] test tests::test_get_valid_scheduled_dates_with_last_notify_hide_past_events ... ok
[INFO] [stdout] test tests::test_get_valid_scheduled_dates_with_multiple_matches ... ok
[INFO] [stdout] test tests::test_get_valid_scheduled_dates_with_one_valid_date ... ok
[INFO] [stdout] test tests::test_get_valid_scheduled_dates_with_no_valid_dates ... ok
[INFO] [stderr]      Running unittests src/bin.rs (/opt/rustwide/target/debug/deps/elmo-5b052f45f40066d4)
[INFO] [stdout] test tests::test_get_valid_scheduled_dates_with_last_notify_no_matches ... ok
[INFO] [stdout] 
[INFO] [stdout] test result: ok. 5 passed; 0 failed; 0 ignored; 0 measured; 0 filtered out; finished in 0.01s
[INFO] [stdout] 
[INFO] [stdout] 
[INFO] [stdout] running 6 tests
[INFO] [stdout] test tests::test_id_validator_numeric_string ... ok
[INFO] [stdout] test tests::test_id_validator_very_high_number ... ok
[INFO] [stdout] test tests::test_id_validator_with_spaces ... ok
[INFO] [stdout] test tests::test_id_validator_alphabetic_string ... ok
[INFO] [stdout] test tests::test_id_validator_negative_number ... ok
[INFO] [stdout] test tests::test_id_validator_with_special_signs ... ok
[INFO] [stdout] 
[INFO] [stdout] test result: ok. 6 passed; 0 failed; 0 ignored; 0 measured; 0 filtered out; finished in 0.01s
[INFO] [stdout] 
[INFO] [stderr]    Doc-tests elmo_lib
[INFO] [stdout] 
[INFO] [stdout] running 2 tests
[INFO] [stdout] test src/lib.rs - (line 91) ... ok
[INFO] [stdout] test src/lib.rs - (line 42) ... FAILED
[INFO] [stderr] error: doctest failed, to rerun pass `--doc`
[INFO] [stdout] 
[INFO] [stdout] failures:
[INFO] [stdout] 
[INFO] [stdout] ---- src/lib.rs - (line 42) stdout ----
[INFO] [stdout] Test executable failed (exit status: 1).
[INFO] [stdout] 
[INFO] [stdout] stderr:
[INFO] [stdout] Error: error returned from database: no such table: events
[INFO] [stdout] 
[INFO] [stdout] Caused by:
[INFO] [stdout]     no such table: events
[INFO] [stdout] 
[INFO] [stdout] Location:
[INFO] [stdout]     src/events.rs:83:21
[INFO] [stdout] 
[INFO] [stdout] 
[INFO] [stdout] 
[INFO] [stdout] failures:
[INFO] [stdout]     src/lib.rs - (line 42)
[INFO] [stdout] 
[INFO] [stdout] test result: FAILED. 1 passed; 1 failed; 0 ignored; 0 measured; 0 filtered out; finished in 4.70s
[INFO] [stdout] 
[INFO] running `Command { std: "docker" "inspect" "7987d180e2f6a48d022c149709a75e271a33958b7ce5463c65c9db8e5c764cc2", kill_on_drop: false }`
[INFO] running `Command { std: "docker" "rm" "-f" "7987d180e2f6a48d022c149709a75e271a33958b7ce5463c65c9db8e5c764cc2", kill_on_drop: false }`
[INFO] [stdout] 7987d180e2f6a48d022c149709a75e271a33958b7ce5463c65c9db8e5c764cc2
