[INFO] fetching crate elements-rpc 0.1.0...
[INFO] testing elements-rpc-0.1.0 against beta-2023-04-20 for beta-1.70-1
[INFO] extracting crate elements-rpc 0.1.0 into /workspace/builds/worker-4-tc2/source
[INFO] validating manifest of crates.io crate elements-rpc 0.1.0 on toolchain beta-2023-04-20
[INFO] running `Command { std: CARGO_HOME="/workspace/cargo-home" RUSTUP_HOME="/workspace/rustup-home" "/workspace/cargo-home/bin/cargo" "+beta-2023-04-20" "metadata" "--manifest-path" "Cargo.toml" "--no-deps", kill_on_drop: false }`
[INFO] started tweaking crates.io crate elements-rpc 0.1.0
[INFO] finished tweaking crates.io crate elements-rpc 0.1.0
[INFO] tweaked toml for crates.io crate elements-rpc 0.1.0 written to /workspace/builds/worker-4-tc2/source/Cargo.toml
[INFO] crate crates.io crate elements-rpc 0.1.0 already has a lockfile, it will not be regenerated
[INFO] running `Command { std: CARGO_HOME="/workspace/cargo-home" RUSTUP_HOME="/workspace/rustup-home" "/workspace/cargo-home/bin/cargo" "+beta-2023-04-20" "fetch" "--manifest-path" "Cargo.toml", kill_on_drop: false }`
[INFO] [stderr]     Updating crates.io index
[INFO] [stderr]  Downloading crates ...
[INFO] [stderr]   Downloaded testcontainers v0.14.0
[INFO] [stderr]   Downloaded bollard-stubs v1.41.0
[INFO] [stderr]   Downloaded bitcoin v0.29.2
[INFO] [stderr]   Downloaded bech32 v0.9.1
[INFO] [stderr]   Downloaded secp256k1-zkp v0.7.0
[INFO] [stderr]   Downloaded secp256k1 v0.24.3
[INFO] [stderr]   Downloaded bitcoin_hashes v0.11.0
[INFO] [stderr]   Downloaded slip21 v0.2.1
[INFO] [stderr]   Downloaded async-trait v0.1.63
[INFO] [stderr]   Downloaded jsonrpc_client_macro v0.3.0
[INFO] [stderr]   Downloaded jsonrpc_client v0.7.1
[INFO] [stderr]   Downloaded cxxbridge-macro v1.0.87
[INFO] [stderr]   Downloaded elements v0.21.1
[INFO] [stderr]   Downloaded cxx v1.0.87
[INFO] [stderr]   Downloaded cxx-build v1.0.87
[INFO] [stderr]   Downloaded cxxbridge-flags v1.0.87
[INFO] [stderr]   Downloaded security-framework v2.8.0
[INFO] [stderr]   Downloaded secp256k1-zkp-sys v0.7.0
[INFO] [stderr]   Downloaded secp256k1-sys v0.6.1
[INFO] running `Command { std: "docker" "create" "-v" "/var/lib/crater-agent-workspace/builds/worker-4-tc2/target:/opt/rustwide/target:rw,Z" "-v" "/var/lib/crater-agent-workspace/builds/worker-4-tc2/source:/opt/rustwide/workdir:ro,Z" "-v" "/var/lib/crater-agent-workspace/cargo-home:/opt/rustwide/cargo-home:ro,Z" "-v" "/var/lib/crater-agent-workspace/rustup-home:/opt/rustwide/rustup-home:ro,Z" "-e" "SOURCE_DIR=/opt/rustwide/workdir" "-e" "CARGO_TARGET_DIR=/opt/rustwide/target" "-e" "CARGO_HOME=/opt/rustwide/cargo-home" "-e" "RUSTUP_HOME=/opt/rustwide/rustup-home" "-w" "/opt/rustwide/workdir" "-m" "1610612736" "--user" "0:0" "--network" "none" "ghcr.io/rust-lang/crates-build-env/linux@sha256:5ff2268d62e97bff2cde7d5815dd6ed5b47097566f13b8d0ca110b04b60e07ed" "/opt/rustwide/cargo-home/bin/cargo" "+beta-2023-04-20" "metadata" "--no-deps" "--format-version=1", kill_on_drop: false }`
[INFO] [stdout] 019cff1f108a9adf701ef944072f5203d64262a1e19474cc1777e07ae4fc52fc
[INFO] running `Command { std: "docker" "start" "-a" "019cff1f108a9adf701ef944072f5203d64262a1e19474cc1777e07ae4fc52fc", kill_on_drop: false }`
[INFO] running `Command { std: "docker" "inspect" "019cff1f108a9adf701ef944072f5203d64262a1e19474cc1777e07ae4fc52fc", kill_on_drop: false }`
[INFO] running `Command { std: "docker" "rm" "-f" "019cff1f108a9adf701ef944072f5203d64262a1e19474cc1777e07ae4fc52fc", kill_on_drop: false }`
[INFO] [stdout] 019cff1f108a9adf701ef944072f5203d64262a1e19474cc1777e07ae4fc52fc
[INFO] running `Command { std: "docker" "create" "-v" "/var/lib/crater-agent-workspace/builds/worker-4-tc2/target:/opt/rustwide/target:rw,Z" "-v" "/var/lib/crater-agent-workspace/builds/worker-4-tc2/source:/opt/rustwide/workdir:ro,Z" "-v" "/var/lib/crater-agent-workspace/cargo-home:/opt/rustwide/cargo-home:ro,Z" "-v" "/var/lib/crater-agent-workspace/rustup-home:/opt/rustwide/rustup-home:ro,Z" "-e" "SOURCE_DIR=/opt/rustwide/workdir" "-e" "CARGO_TARGET_DIR=/opt/rustwide/target" "-e" "CARGO_INCREMENTAL=0" "-e" "RUST_BACKTRACE=full" "-e" "RUSTFLAGS=--cap-lints=warn" "-e" "RUSTDOCFLAGS=--cap-lints=warn" "-e" "CARGO_HOME=/opt/rustwide/cargo-home" "-e" "RUSTUP_HOME=/opt/rustwide/rustup-home" "-w" "/opt/rustwide/workdir" "-m" "1610612736" "--user" "0:0" "--network" "none" "ghcr.io/rust-lang/crates-build-env/linux@sha256:5ff2268d62e97bff2cde7d5815dd6ed5b47097566f13b8d0ca110b04b60e07ed" "/opt/rustwide/cargo-home/bin/cargo" "+beta-2023-04-20" "build" "--frozen" "--message-format=json", kill_on_drop: false }`
[INFO] [stdout] 89d2dacb5d7fb71753b55ed62e126f8835c4c5902af6720d5da7a05330fb0738
[INFO] running `Command { std: "docker" "start" "-a" "89d2dacb5d7fb71753b55ed62e126f8835c4c5902af6720d5da7a05330fb0738", kill_on_drop: false }`
[INFO] [stderr]     Blocking waiting for file lock on package cache
[INFO] [stderr]     Blocking waiting for file lock on package cache
[INFO] [stderr]    Compiling proc-macro2 v1.0.50
[INFO] [stderr]    Compiling unicode-ident v1.0.6
[INFO] [stderr]    Compiling syn v1.0.107
[INFO] [stderr]    Compiling cc v1.0.78
[INFO] [stderr]    Compiling serde v1.0.152
[INFO] [stderr]    Compiling quote v1.0.23
[INFO] [stderr]    Compiling libc v0.2.139
[INFO] [stderr]    Compiling once_cell v1.17.0
[INFO] [stderr]    Compiling futures-task v0.3.25
[INFO] [stderr]    Compiling futures-channel v0.3.25
[INFO] [stderr]    Compiling itoa v1.0.5
[INFO] [stderr]    Compiling futures-util v0.3.25
[INFO] [stderr]    Compiling bytes v1.3.0
[INFO] [stderr]    Compiling tokio v1.24.2
[INFO] [stderr]    Compiling futures-io v0.3.25
[INFO] [stderr]    Compiling generic-array v0.14.6
[INFO] [stderr]    Compiling strsim v0.10.0
[INFO] [stderr]    Compiling foreign-types-shared v0.1.1
[INFO] [stderr]    Compiling openssl v0.10.45
[INFO] [stderr]    Compiling foreign-types v0.3.2
[INFO] [stderr]    Compiling tracing-core v0.1.30
[INFO] [stderr]    Compiling serde_json v1.0.91
[INFO] [stderr]    Compiling native-tls v0.2.11
[INFO] [stderr]    Compiling ryu v1.0.12
[INFO] [stderr]    Compiling http v0.2.8
[INFO] [stderr]    Compiling tinyvec_macros v0.1.0
[INFO] [stderr]    Compiling indexmap v1.9.2
[INFO] [stderr]    Compiling tinyvec v1.6.0
[INFO] [stderr]    Compiling openssl-probe v0.1.5
[INFO] [stderr]    Compiling try-lock v0.2.4
[INFO] [stderr]    Compiling subtle v2.4.1
[INFO] [stderr]    Compiling encoding_rs v0.8.31
[INFO] [stderr]    Compiling async-trait v0.1.63
[INFO] [stderr]    Compiling tracing v0.1.37
[INFO] [stderr]    Compiling want v0.3.0
[INFO] [stderr]    Compiling base64 v0.21.0
[INFO] [stderr]    Compiling mime v0.3.16
[INFO] [stderr]    Compiling socket2 v0.4.7
[INFO] [stderr]    Compiling getrandom v0.2.8
[INFO] [stderr]    Compiling mio v0.8.5
[INFO] [stderr]    Compiling crypto-common v0.1.6
[INFO] [stderr]    Compiling block-buffer v0.10.3
[INFO] [stderr]    Compiling time v0.1.45
[INFO] [stderr]    Compiling cpufeatures v0.2.5
[INFO] [stderr]    Compiling http-body v0.4.5
[INFO] [stderr]    Compiling openssl-sys v0.9.80
[INFO] [stderr]    Compiling secp256k1-sys v0.6.1
[INFO] [stderr]    Compiling rand_core v0.6.4
[INFO] [stderr]    Compiling secp256k1-zkp-sys v0.7.0
[INFO] [stderr]    Compiling digest v0.10.6
[INFO] [stderr]    Compiling ipnet v2.7.1
[INFO] [stderr]    Compiling bech32 v0.9.1
[INFO] [stderr]    Compiling rand_chacha v0.3.1
[INFO] [stderr]    Compiling hex v0.4.3
[INFO] [stderr]    Compiling hmac v0.12.1
[INFO] [stderr]    Compiling sha2 v0.10.6
[INFO] [stderr]    Compiling rand v0.8.5
[INFO] [stderr]    Compiling unicode-normalization v0.1.22
[INFO] [stderr]    Compiling idna v0.3.0
[INFO] [stderr]    Compiling url v2.3.1
[INFO] [stderr]    Compiling darling_core v0.13.4
[INFO] [stderr]    Compiling serde_derive v1.0.152
[INFO] [stderr]    Compiling futures-macro v0.3.25
[INFO] [stderr]    Compiling tokio-macros v1.8.2
[INFO] [stderr]    Compiling openssl-macros v0.1.0
[INFO] [stderr]    Compiling jsonrpc_client_macro v0.3.0
[INFO] [stderr]    Compiling darling_macro v0.13.4
[INFO] [stderr]    Compiling darling v0.13.4
[INFO] [stderr]    Compiling serde_with_macros v1.5.2
[INFO] [stderr]    Compiling futures-executor v0.3.25
[INFO] [stderr]    Compiling futures v0.3.25
[INFO] [stderr]    Compiling tokio-util v0.7.4
[INFO] [stderr]    Compiling tokio-native-tls v0.3.0
[INFO] [stderr]    Compiling h2 v0.3.15
[INFO] [stderr]    Compiling bitcoin_hashes v0.11.0
[INFO] [stderr]    Compiling chrono v0.4.23
[INFO] [stderr]    Compiling serde_urlencoded v0.7.1
[INFO] [stderr]    Compiling serde_with v1.14.0
[INFO] [stderr]    Compiling secp256k1 v0.24.3
[INFO] [stderr]    Compiling slip21 v0.2.1
[INFO] [stderr]    Compiling hyper v0.14.23
[INFO] [stderr]    Compiling bitcoin v0.29.2
[INFO] [stderr]    Compiling secp256k1-zkp v0.7.0
[INFO] [stderr]    Compiling bollard-stubs v1.41.0
[INFO] [stderr]    Compiling hyper-tls v0.5.0
[INFO] [stderr]    Compiling reqwest v0.11.14
[INFO] [stderr]    Compiling jsonrpc_client v0.7.1
[INFO] [stderr]    Compiling elements v0.21.1
[INFO] [stderr]    Compiling testcontainers v0.14.0
[INFO] [stderr]    Compiling elements-rpc v0.1.0 (/opt/rustwide/workdir)
[INFO] [stdout] warning: unused import: `Address`
[INFO] [stdout]  --> src/lib.rs:3:16
[INFO] [stdout]   |
[INFO] [stdout] 3 | use elements::{Address, BlockHash};
[INFO] [stdout]   |                ^^^^^^^
[INFO] [stdout]   |
[INFO] [stdout]   = note: `#[warn(unused_imports)]` on by default
[INFO] [stdout] 
[INFO] [stdout] 
[INFO] [stdout] warning: unused import: `de::DeserializeOwned`
[INFO] [stdout]  --> src/lib.rs:4:13
[INFO] [stdout]   |
[INFO] [stdout] 4 | use serde::{de::DeserializeOwned, Deserialize};
[INFO] [stdout]   |             ^^^^^^^^^^^^^^^^^^^^
[INFO] [stdout] 
[INFO] [stdout] 
[INFO] [stdout] warning: fields `name` and `warning` are never read
[INFO] [stdout]   --> src/lib.rs:61:5
[INFO] [stdout]    |
[INFO] [stdout] 60 | pub struct CreateWallet {
[INFO] [stdout]    |            ------------ fields in this struct
[INFO] [stdout] 61 |     name: String,
[INFO] [stdout]    |     ^^^^
[INFO] [stdout] 62 |     warning: String,
[INFO] [stdout]    |     ^^^^^^^
[INFO] [stdout]    |
[INFO] [stdout]    = note: `CreateWallet` has a derived impl for the trait `Debug`, but this is intentionally ignored during dead code analysis
[INFO] [stdout]    = note: `#[warn(dead_code)]` on by default
[INFO] [stdout] 
[INFO] [stdout] 
[INFO] [stdout] warning: fields `feerate`, `errors`, and `blocks` are never read
[INFO] [stdout]   --> src/lib.rs:67:5
[INFO] [stdout]    |
[INFO] [stdout] 66 | pub struct EstimateSmartFee {
[INFO] [stdout]    |            ---------------- fields in this struct
[INFO] [stdout] 67 |     feerate: Option<f64>,
[INFO] [stdout]    |     ^^^^^^^
[INFO] [stdout] 68 |     errors: Option<Vec<String>>,
[INFO] [stdout]    |     ^^^^^^
[INFO] [stdout] 69 |     blocks: u64,
[INFO] [stdout]    |     ^^^^^^
[INFO] [stdout]    |
[INFO] [stdout]    = note: `EstimateSmartFee` has a derived impl for the trait `Debug`, but this is intentionally ignored during dead code analysis
[INFO] [stdout] 
[INFO] [stdout] 
[INFO] [stdout] warning: multiple fields are never read
[INFO] [stdout]    --> src/lib.rs:74:5
[INFO] [stdout]     |
[INFO] [stdout] 73  | pub struct AddressInfo {
[INFO] [stdout]     |            ----------- fields in this struct
[INFO] [stdout] 74  |     address: String,
[INFO] [stdout]     |     ^^^^^^^
[INFO] [stdout] 75  |     #[serde(rename = "scriptPubKey")]
[INFO] [stdout] 76  |     script_pubkey: String,
[INFO] [stdout]     |     ^^^^^^^^^^^^^
[INFO] [stdout] 77  |     ismine: bool,
[INFO] [stdout]     |     ^^^^^^
[INFO] [stdout] 78  |     iswatchonly: bool,
[INFO] [stdout]     |     ^^^^^^^^^^^
[INFO] [stdout] 79  |     solvable: bool,
[INFO] [stdout]     |     ^^^^^^^^
[INFO] [stdout] 80  |     desc: Option<String>,
[INFO] [stdout]     |     ^^^^
[INFO] [stdout] 81  |     parent_desc: Option<String>,
[INFO] [stdout]     |     ^^^^^^^^^^^
[INFO] [stdout] 82  |     isscript: bool,
[INFO] [stdout]     |     ^^^^^^^^
[INFO] [stdout] 83  |     ischange: bool,
[INFO] [stdout]     |     ^^^^^^^^
[INFO] [stdout] 84  |     iswitness: bool,
[INFO] [stdout]     |     ^^^^^^^^^
[INFO] [stdout] 85  |     witness_version: Option<u64>,
[INFO] [stdout]     |     ^^^^^^^^^^^^^^^
[INFO] [stdout] 86  |     witness_program: Option<String>,
[INFO] [stdout]     |     ^^^^^^^^^^^^^^^
[INFO] [stdout] 87  |     script: Option<String>,
[INFO] [stdout]     |     ^^^^^^
[INFO] [stdout] 88  |     hex: Option<String>,
[INFO] [stdout]     |     ^^^
[INFO] [stdout] 89  |     pubkeys: Option<Vec<String>>,
[INFO] [stdout]     |     ^^^^^^^
[INFO] [stdout] 90  |     sigsrequired: Option<u64>,
[INFO] [stdout]     |     ^^^^^^^^^^^^
[INFO] [stdout] 91  |     pubkey: Option<String>,
[INFO] [stdout]     |     ^^^^^^
[INFO] [stdout] 92  |     // embedded:
[INFO] [stdout] 93  |     iscompressed: Option<bool>,
[INFO] [stdout]     |     ^^^^^^^^^^^^
[INFO] [stdout] 94  |     confidential_key: String,
[INFO] [stdout]     |     ^^^^^^^^^^^^^^^^
[INFO] [stdout] 95  |     unconfidential: String,
[INFO] [stdout]     |     ^^^^^^^^^^^^^^
[INFO] [stdout] 96  |     confidential: String,
[INFO] [stdout]     |     ^^^^^^^^^^^^
[INFO] [stdout] 97  |     timestamp: u64,
[INFO] [stdout]     |     ^^^^^^^^^
[INFO] [stdout] 98  |     hdkeypath: Option<String>,
[INFO] [stdout]     |     ^^^^^^^^^
[INFO] [stdout] 99  |     hdseedid: Option<String>,
[INFO] [stdout]     |     ^^^^^^^^
[INFO] [stdout] 100 |     hdmasterfingerprint: Option<String>,
[INFO] [stdout]     |     ^^^^^^^^^^^^^^^^^^^
[INFO] [stdout] 101 |     labels: Vec<String>,
[INFO] [stdout]     |     ^^^^^^
[INFO] [stdout]     |
[INFO] [stdout]     = note: `AddressInfo` has a derived impl for the trait `Debug`, but this is intentionally ignored during dead code analysis
[INFO] [stdout] 
[INFO] [stdout] 
[INFO] [stdout] warning: fields `txid` and `fee_reason` are never read
[INFO] [stdout]    --> src/lib.rs:106:5
[INFO] [stdout]     |
[INFO] [stdout] 105 | pub struct SendToAddress {
[INFO] [stdout]     |            ------------- fields in this struct
[INFO] [stdout] 106 |     txid: String,
[INFO] [stdout]     |     ^^^^
[INFO] [stdout] 107 |     fee_reason: String,
[INFO] [stdout]     |     ^^^^^^^^^^
[INFO] [stdout]     |
[INFO] [stdout]     = note: `SendToAddress` has a derived impl for the trait `Debug`, but this is intentionally ignored during dead code analysis
[INFO] [stdout] 
[INFO] [stdout] 
[INFO] [stdout] warning: multiple fields are never read
[INFO] [stdout]    --> src/lib.rs:112:5
[INFO] [stdout]     |
[INFO] [stdout] 111 | pub struct WalletInfo {
[INFO] [stdout]     |            ---------- fields in this struct
[INFO] [stdout] 112 |     walletname: String,
[INFO] [stdout]     |     ^^^^^^^^^^
[INFO] [stdout] 113 |     walletversion: u64,
[INFO] [stdout]     |     ^^^^^^^^^^^^^
[INFO] [stdout] 114 |     format: String,
[INFO] [stdout]     |     ^^^^^^
[INFO] [stdout] 115 |     balance: f64,
[INFO] [stdout]     |     ^^^^^^^
[INFO] [stdout] 116 |     unconfirmed_balance: f64,
[INFO] [stdout]     |     ^^^^^^^^^^^^^^^^^^^
[INFO] [stdout] 117 |     immature_balance: f64,
[INFO] [stdout]     |     ^^^^^^^^^^^^^^^^
[INFO] [stdout] 118 |     txcount: u64,
[INFO] [stdout]     |     ^^^^^^^
[INFO] [stdout] 119 |     keypoololdest: u64,
[INFO] [stdout]     |     ^^^^^^^^^^^^^
[INFO] [stdout] 120 |     keypoolsize: u64,
[INFO] [stdout]     |     ^^^^^^^^^^^
[INFO] [stdout] 121 |     keypoolsize_hd_internal: u64,
[INFO] [stdout]     |     ^^^^^^^^^^^^^^^^^^^^^^^
[INFO] [stdout] 122 |     unlocked_until: Option<u64>,
[INFO] [stdout]     |     ^^^^^^^^^^^^^^
[INFO] [stdout] 123 |     paytxfee: f64,
[INFO] [stdout]     |     ^^^^^^^^
[INFO] [stdout] 124 |     hdseedid: Option<String>,
[INFO] [stdout]     |     ^^^^^^^^
[INFO] [stdout] 125 |     private_keys_enabled: bool,
[INFO] [stdout]     |     ^^^^^^^^^^^^^^^^^^^^
[INFO] [stdout] 126 |     avoid_reuse: bool,
[INFO] [stdout]     |     ^^^^^^^^^^^
[INFO] [stdout] 127 |     // scanning: Scanning,
[INFO] [stdout] 128 |     descriptors: bool,
[INFO] [stdout]     |     ^^^^^^^^^^^
[INFO] [stdout]     |
[INFO] [stdout]     = note: `WalletInfo` has a derived impl for the trait `Debug`, but this is intentionally ignored during dead code analysis
[INFO] [stdout] 
[INFO] [stdout] 
[INFO] [stdout] warning: 7 warnings emitted
[INFO] [stdout] 
[INFO] [stdout] 
[INFO] [stderr]     Finished dev [unoptimized + debuginfo] target(s) in 50.84s
[INFO] running `Command { std: "docker" "inspect" "89d2dacb5d7fb71753b55ed62e126f8835c4c5902af6720d5da7a05330fb0738", kill_on_drop: false }`
[INFO] running `Command { std: "docker" "rm" "-f" "89d2dacb5d7fb71753b55ed62e126f8835c4c5902af6720d5da7a05330fb0738", kill_on_drop: false }`
[INFO] [stdout] 89d2dacb5d7fb71753b55ed62e126f8835c4c5902af6720d5da7a05330fb0738
[INFO] running `Command { std: "docker" "create" "-v" "/var/lib/crater-agent-workspace/builds/worker-4-tc2/target:/opt/rustwide/target:rw,Z" "-v" "/var/lib/crater-agent-workspace/builds/worker-4-tc2/source:/opt/rustwide/workdir:ro,Z" "-v" "/var/lib/crater-agent-workspace/cargo-home:/opt/rustwide/cargo-home:ro,Z" "-v" "/var/lib/crater-agent-workspace/rustup-home:/opt/rustwide/rustup-home:ro,Z" "-e" "SOURCE_DIR=/opt/rustwide/workdir" "-e" "CARGO_TARGET_DIR=/opt/rustwide/target" "-e" "CARGO_INCREMENTAL=0" "-e" "RUST_BACKTRACE=full" "-e" "RUSTFLAGS=--cap-lints=warn" "-e" "RUSTDOCFLAGS=--cap-lints=warn" "-e" "CARGO_HOME=/opt/rustwide/cargo-home" "-e" "RUSTUP_HOME=/opt/rustwide/rustup-home" "-w" "/opt/rustwide/workdir" "-m" "1610612736" "--user" "0:0" "--network" "none" "ghcr.io/rust-lang/crates-build-env/linux@sha256:5ff2268d62e97bff2cde7d5815dd6ed5b47097566f13b8d0ca110b04b60e07ed" "/opt/rustwide/cargo-home/bin/cargo" "+beta-2023-04-20" "test" "--frozen" "--no-run" "--message-format=json", kill_on_drop: false }`
[INFO] [stdout] fd847395540eeef2ebd3275aedd77321f814cb7359a0cfb6d6645d43e3fcd9ef
[INFO] running `Command { std: "docker" "start" "-a" "fd847395540eeef2ebd3275aedd77321f814cb7359a0cfb6d6645d43e3fcd9ef", kill_on_drop: false }`
[INFO] [stdout] warning: unused import: `Address`
[INFO] [stdout]  --> src/lib.rs:3:16
[INFO] [stdout]   |
[INFO] [stdout] 3 | use elements::{Address, BlockHash};
[INFO] [stdout]   |                ^^^^^^^
[INFO] [stdout]   |
[INFO] [stdout]   = note: `#[warn(unused_imports)]` on by default
[INFO] [stdout] 
[INFO] [stdout] 
[INFO] [stdout] warning: unused import: `de::DeserializeOwned`
[INFO] [stdout]  --> src/lib.rs:4:13
[INFO] [stdout]   |
[INFO] [stdout] 4 | use serde::{de::DeserializeOwned, Deserialize};
[INFO] [stdout]   |             ^^^^^^^^^^^^^^^^^^^^
[INFO] [stdout] 
[INFO] [stdout] 
[INFO] [stdout] warning: fields `name` and `warning` are never read
[INFO] [stdout]   --> src/lib.rs:61:5
[INFO] [stdout]    |
[INFO] [stdout] 60 | pub struct CreateWallet {
[INFO] [stdout]    |            ------------ fields in this struct
[INFO] [stdout] 61 |     name: String,
[INFO] [stdout]    |     ^^^^
[INFO] [stdout] 62 |     warning: String,
[INFO] [stdout]    |     ^^^^^^^
[INFO] [stdout]    |
[INFO] [stdout]    = note: `CreateWallet` has a derived impl for the trait `Debug`, but this is intentionally ignored during dead code analysis
[INFO] [stdout]    = note: `#[warn(dead_code)]` on by default
[INFO] [stdout] 
[INFO] [stdout] 
[INFO] [stdout] warning: fields `feerate`, `errors`, and `blocks` are never read
[INFO] [stdout]   --> src/lib.rs:67:5
[INFO] [stdout]    |
[INFO] [stdout] 66 | pub struct EstimateSmartFee {
[INFO] [stdout]    |            ---------------- fields in this struct
[INFO] [stdout] 67 |     feerate: Option<f64>,
[INFO] [stdout]    |     ^^^^^^^
[INFO] [stdout] 68 |     errors: Option<Vec<String>>,
[INFO] [stdout]    |     ^^^^^^
[INFO] [stdout] 69 |     blocks: u64,
[INFO] [stdout]    |     ^^^^^^
[INFO] [stdout]    |
[INFO] [stdout]    = note: `EstimateSmartFee` has a derived impl for the trait `Debug`, but this is intentionally ignored during dead code analysis
[INFO] [stdout] 
[INFO] [stdout] 
[INFO] [stdout] warning: multiple fields are never read
[INFO] [stdout]    --> src/lib.rs:74:5
[INFO] [stdout]     |
[INFO] [stdout] 73  | pub struct AddressInfo {
[INFO] [stdout]     |            ----------- fields in this struct
[INFO] [stdout] 74  |     address: String,
[INFO] [stdout]     |     ^^^^^^^
[INFO] [stdout] 75  |     #[serde(rename = "scriptPubKey")]
[INFO] [stdout] 76  |     script_pubkey: String,
[INFO] [stdout]     |     ^^^^^^^^^^^^^
[INFO] [stdout] 77  |     ismine: bool,
[INFO] [stdout]     |     ^^^^^^
[INFO] [stdout] 78  |     iswatchonly: bool,
[INFO] [stdout]     |     ^^^^^^^^^^^
[INFO] [stdout] 79  |     solvable: bool,
[INFO] [stdout]     |     ^^^^^^^^
[INFO] [stdout] 80  |     desc: Option<String>,
[INFO] [stdout]     |     ^^^^
[INFO] [stdout] 81  |     parent_desc: Option<String>,
[INFO] [stdout]     |     ^^^^^^^^^^^
[INFO] [stdout] 82  |     isscript: bool,
[INFO] [stdout]     |     ^^^^^^^^
[INFO] [stdout] 83  |     ischange: bool,
[INFO] [stdout]     |     ^^^^^^^^
[INFO] [stdout] 84  |     iswitness: bool,
[INFO] [stdout]     |     ^^^^^^^^^
[INFO] [stdout] 85  |     witness_version: Option<u64>,
[INFO] [stdout]     |     ^^^^^^^^^^^^^^^
[INFO] [stdout] 86  |     witness_program: Option<String>,
[INFO] [stdout]     |     ^^^^^^^^^^^^^^^
[INFO] [stdout] 87  |     script: Option<String>,
[INFO] [stdout]     |     ^^^^^^
[INFO] [stdout] 88  |     hex: Option<String>,
[INFO] [stdout]     |     ^^^
[INFO] [stdout] 89  |     pubkeys: Option<Vec<String>>,
[INFO] [stdout]     |     ^^^^^^^
[INFO] [stdout] 90  |     sigsrequired: Option<u64>,
[INFO] [stdout]     |     ^^^^^^^^^^^^
[INFO] [stdout] 91  |     pubkey: Option<String>,
[INFO] [stdout]     |     ^^^^^^
[INFO] [stdout] 92  |     // embedded:
[INFO] [stdout] 93  |     iscompressed: Option<bool>,
[INFO] [stdout]     |     ^^^^^^^^^^^^
[INFO] [stdout] 94  |     confidential_key: String,
[INFO] [stdout]     |     ^^^^^^^^^^^^^^^^
[INFO] [stdout] 95  |     unconfidential: String,
[INFO] [stdout]     |     ^^^^^^^^^^^^^^
[INFO] [stdout] 96  |     confidential: String,
[INFO] [stdout]     |     ^^^^^^^^^^^^
[INFO] [stdout] 97  |     timestamp: u64,
[INFO] [stdout]     |     ^^^^^^^^^
[INFO] [stdout] 98  |     hdkeypath: Option<String>,
[INFO] [stdout]     |     ^^^^^^^^^
[INFO] [stdout] 99  |     hdseedid: Option<String>,
[INFO] [stdout]     |     ^^^^^^^^
[INFO] [stdout] 100 |     hdmasterfingerprint: Option<String>,
[INFO] [stdout]     |     ^^^^^^^^^^^^^^^^^^^
[INFO] [stdout] 101 |     labels: Vec<String>,
[INFO] [stdout]     |     ^^^^^^
[INFO] [stdout]     |
[INFO] [stdout]     = note: `AddressInfo` has a derived impl for the trait `Debug`, but this is intentionally ignored during dead code analysis
[INFO] [stdout] 
[INFO] [stdout] 
[INFO] [stdout] warning: fields `txid` and `fee_reason` are never read
[INFO] [stdout]    --> src/lib.rs:106:5
[INFO] [stdout]     |
[INFO] [stdout] 105 | pub struct SendToAddress {
[INFO] [stdout]     |            ------------- fields in this struct
[INFO] [stdout] 106 |     txid: String,
[INFO] [stdout]     |     ^^^^
[INFO] [stdout] 107 |     fee_reason: String,
[INFO] [stdout]     |     ^^^^^^^^^^
[INFO] [stdout]     |
[INFO] [stdout]     = note: `SendToAddress` has a derived impl for the trait `Debug`, but this is intentionally ignored during dead code analysis
[INFO] [stdout] 
[INFO] [stdout] 
[INFO] [stdout] warning: multiple fields are never read
[INFO] [stdout]    --> src/lib.rs:112:5
[INFO] [stdout]     |
[INFO] [stdout] 111 | pub struct WalletInfo {
[INFO] [stdout]     |            ---------- fields in this struct
[INFO] [stdout] 112 |     walletname: String,
[INFO] [stdout]     |     ^^^^^^^^^^
[INFO] [stdout] 113 |     walletversion: u64,
[INFO] [stdout]     |     ^^^^^^^^^^^^^
[INFO] [stdout] 114 |     format: String,
[INFO] [stdout]     |     ^^^^^^
[INFO] [stdout] 115 |     balance: f64,
[INFO] [stdout]     |     ^^^^^^^
[INFO] [stdout] 116 |     unconfirmed_balance: f64,
[INFO] [stdout]     |     ^^^^^^^^^^^^^^^^^^^
[INFO] [stdout] 117 |     immature_balance: f64,
[INFO] [stdout]     |     ^^^^^^^^^^^^^^^^
[INFO] [stdout] 118 |     txcount: u64,
[INFO] [stdout]     |     ^^^^^^^
[INFO] [stdout] 119 |     keypoololdest: u64,
[INFO] [stdout]     |     ^^^^^^^^^^^^^
[INFO] [stdout] 120 |     keypoolsize: u64,
[INFO] [stdout]     |     ^^^^^^^^^^^
[INFO] [stdout] 121 |     keypoolsize_hd_internal: u64,
[INFO] [stdout]     |     ^^^^^^^^^^^^^^^^^^^^^^^
[INFO] [stdout] 122 |     unlocked_until: Option<u64>,
[INFO] [stdout]     |     ^^^^^^^^^^^^^^
[INFO] [stdout] 123 |     paytxfee: f64,
[INFO] [stdout]     |     ^^^^^^^^
[INFO] [stdout] 124 |     hdseedid: Option<String>,
[INFO] [stdout]     |     ^^^^^^^^
[INFO] [stdout] 125 |     private_keys_enabled: bool,
[INFO] [stdout]     |     ^^^^^^^^^^^^^^^^^^^^
[INFO] [stdout] 126 |     avoid_reuse: bool,
[INFO] [stdout]     |     ^^^^^^^^^^^
[INFO] [stdout] 127 |     // scanning: Scanning,
[INFO] [stdout] 128 |     descriptors: bool,
[INFO] [stdout]     |     ^^^^^^^^^^^
[INFO] [stdout]     |
[INFO] [stdout]     = note: `WalletInfo` has a derived impl for the trait `Debug`, but this is intentionally ignored during dead code analysis
[INFO] [stdout] 
[INFO] [stdout] 
[INFO] [stderr]    Compiling elements-rpc v0.1.0 (/opt/rustwide/workdir)
[INFO] [stdout] warning: 7 warnings emitted
[INFO] [stdout] 
[INFO] [stdout] 
[INFO] [stdout] warning: unused import: `Address`
[INFO] [stdout]  --> src/lib.rs:3:16
[INFO] [stdout]   |
[INFO] [stdout] 3 | use elements::{Address, BlockHash};
[INFO] [stdout]   |                ^^^^^^^
[INFO] [stdout]   |
[INFO] [stdout]   = note: `#[warn(unused_imports)]` on by default
[INFO] [stdout] 
[INFO] [stdout] 
[INFO] [stdout] warning: unused import: `de::DeserializeOwned`
[INFO] [stdout]  --> src/lib.rs:4:13
[INFO] [stdout]   |
[INFO] [stdout] 4 | use serde::{de::DeserializeOwned, Deserialize};
[INFO] [stdout]   |             ^^^^^^^^^^^^^^^^^^^^
[INFO] [stdout] 
[INFO] [stdout] 
[INFO] [stdout] warning: fields `feerate`, `errors`, and `blocks` are never read
[INFO] [stdout]   --> src/lib.rs:67:5
[INFO] [stdout]    |
[INFO] [stdout] 66 | pub struct EstimateSmartFee {
[INFO] [stdout]    |            ---------------- fields in this struct
[INFO] [stdout] 67 |     feerate: Option<f64>,
[INFO] [stdout]    |     ^^^^^^^
[INFO] [stdout] 68 |     errors: Option<Vec<String>>,
[INFO] [stdout]    |     ^^^^^^
[INFO] [stdout] 69 |     blocks: u64,
[INFO] [stdout]    |     ^^^^^^
[INFO] [stdout]    |
[INFO] [stdout]    = note: `EstimateSmartFee` has a derived impl for the trait `Debug`, but this is intentionally ignored during dead code analysis
[INFO] [stdout]    = note: `#[warn(dead_code)]` on by default
[INFO] [stdout] 
[INFO] [stdout] 
[INFO] [stdout] warning: multiple fields are never read
[INFO] [stdout]    --> src/lib.rs:74:5
[INFO] [stdout]     |
[INFO] [stdout] 73  | pub struct AddressInfo {
[INFO] [stdout]     |            ----------- fields in this struct
[INFO] [stdout] 74  |     address: String,
[INFO] [stdout]     |     ^^^^^^^
[INFO] [stdout] 75  |     #[serde(rename = "scriptPubKey")]
[INFO] [stdout] 76  |     script_pubkey: String,
[INFO] [stdout]     |     ^^^^^^^^^^^^^
[INFO] [stdout] 77  |     ismine: bool,
[INFO] [stdout]     |     ^^^^^^
[INFO] [stdout] 78  |     iswatchonly: bool,
[INFO] [stdout]     |     ^^^^^^^^^^^
[INFO] [stdout] 79  |     solvable: bool,
[INFO] [stdout]     |     ^^^^^^^^
[INFO] [stdout] 80  |     desc: Option<String>,
[INFO] [stdout]     |     ^^^^
[INFO] [stdout] 81  |     parent_desc: Option<String>,
[INFO] [stdout]     |     ^^^^^^^^^^^
[INFO] [stdout] 82  |     isscript: bool,
[INFO] [stdout]     |     ^^^^^^^^
[INFO] [stdout] 83  |     ischange: bool,
[INFO] [stdout]     |     ^^^^^^^^
[INFO] [stdout] 84  |     iswitness: bool,
[INFO] [stdout]     |     ^^^^^^^^^
[INFO] [stdout] 85  |     witness_version: Option<u64>,
[INFO] [stdout]     |     ^^^^^^^^^^^^^^^
[INFO] [stdout] 86  |     witness_program: Option<String>,
[INFO] [stdout]     |     ^^^^^^^^^^^^^^^
[INFO] [stdout] 87  |     script: Option<String>,
[INFO] [stdout]     |     ^^^^^^
[INFO] [stdout] 88  |     hex: Option<String>,
[INFO] [stdout]     |     ^^^
[INFO] [stdout] 89  |     pubkeys: Option<Vec<String>>,
[INFO] [stdout]     |     ^^^^^^^
[INFO] [stdout] 90  |     sigsrequired: Option<u64>,
[INFO] [stdout]     |     ^^^^^^^^^^^^
[INFO] [stdout] 91  |     pubkey: Option<String>,
[INFO] [stdout]     |     ^^^^^^
[INFO] [stdout] 92  |     // embedded:
[INFO] [stdout] 93  |     iscompressed: Option<bool>,
[INFO] [stdout]     |     ^^^^^^^^^^^^
[INFO] [stdout] 94  |     confidential_key: String,
[INFO] [stdout]     |     ^^^^^^^^^^^^^^^^
[INFO] [stdout] 95  |     unconfidential: String,
[INFO] [stdout]     |     ^^^^^^^^^^^^^^
[INFO] [stdout] 96  |     confidential: String,
[INFO] [stdout]     |     ^^^^^^^^^^^^
[INFO] [stdout] 97  |     timestamp: u64,
[INFO] [stdout]     |     ^^^^^^^^^
[INFO] [stdout] 98  |     hdkeypath: Option<String>,
[INFO] [stdout]     |     ^^^^^^^^^
[INFO] [stdout] 99  |     hdseedid: Option<String>,
[INFO] [stdout]     |     ^^^^^^^^
[INFO] [stdout] 100 |     hdmasterfingerprint: Option<String>,
[INFO] [stdout]     |     ^^^^^^^^^^^^^^^^^^^
[INFO] [stdout] 101 |     labels: Vec<String>,
[INFO] [stdout]     |     ^^^^^^
[INFO] [stdout]     |
[INFO] [stdout]     = note: `AddressInfo` has a derived impl for the trait `Debug`, but this is intentionally ignored during dead code analysis
[INFO] [stdout] 
[INFO] [stdout] 
[INFO] [stdout] warning: fields `txid` and `fee_reason` are never read
[INFO] [stdout]    --> src/lib.rs:106:5
[INFO] [stdout]     |
[INFO] [stdout] 105 | pub struct SendToAddress {
[INFO] [stdout]     |            ------------- fields in this struct
[INFO] [stdout] 106 |     txid: String,
[INFO] [stdout]     |     ^^^^
[INFO] [stdout] 107 |     fee_reason: String,
[INFO] [stdout]     |     ^^^^^^^^^^
[INFO] [stdout]     |
[INFO] [stdout]     = note: `SendToAddress` has a derived impl for the trait `Debug`, but this is intentionally ignored during dead code analysis
[INFO] [stdout] 
[INFO] [stdout] 
[INFO] [stdout] warning: multiple fields are never read
[INFO] [stdout]    --> src/lib.rs:112:5
[INFO] [stdout]     |
[INFO] [stdout] 111 | pub struct WalletInfo {
[INFO] [stdout]     |            ---------- fields in this struct
[INFO] [stdout] 112 |     walletname: String,
[INFO] [stdout]     |     ^^^^^^^^^^
[INFO] [stdout] 113 |     walletversion: u64,
[INFO] [stdout]     |     ^^^^^^^^^^^^^
[INFO] [stdout] 114 |     format: String,
[INFO] [stdout]     |     ^^^^^^
[INFO] [stdout] 115 |     balance: f64,
[INFO] [stdout]     |     ^^^^^^^
[INFO] [stdout] 116 |     unconfirmed_balance: f64,
[INFO] [stdout]     |     ^^^^^^^^^^^^^^^^^^^
[INFO] [stdout] 117 |     immature_balance: f64,
[INFO] [stdout]     |     ^^^^^^^^^^^^^^^^
[INFO] [stdout] 118 |     txcount: u64,
[INFO] [stdout]     |     ^^^^^^^
[INFO] [stdout] 119 |     keypoololdest: u64,
[INFO] [stdout]     |     ^^^^^^^^^^^^^
[INFO] [stdout] 120 |     keypoolsize: u64,
[INFO] [stdout]     |     ^^^^^^^^^^^
[INFO] [stdout] 121 |     keypoolsize_hd_internal: u64,
[INFO] [stdout]     |     ^^^^^^^^^^^^^^^^^^^^^^^
[INFO] [stdout] 122 |     unlocked_until: Option<u64>,
[INFO] [stdout]     |     ^^^^^^^^^^^^^^
[INFO] [stdout] 123 |     paytxfee: f64,
[INFO] [stdout]     |     ^^^^^^^^
[INFO] [stdout] 124 |     hdseedid: Option<String>,
[INFO] [stdout]     |     ^^^^^^^^
[INFO] [stdout] 125 |     private_keys_enabled: bool,
[INFO] [stdout]     |     ^^^^^^^^^^^^^^^^^^^^
[INFO] [stdout] 126 |     avoid_reuse: bool,
[INFO] [stdout]     |     ^^^^^^^^^^^
[INFO] [stdout] 127 |     // scanning: Scanning,
[INFO] [stdout] 128 |     descriptors: bool,
[INFO] [stdout]     |     ^^^^^^^^^^^
[INFO] [stdout]     |
[INFO] [stdout]     = note: `WalletInfo` has a derived impl for the trait `Debug`, but this is intentionally ignored during dead code analysis
[INFO] [stdout] 
[INFO] [stdout] 
[INFO] [stdout] warning: 6 warnings emitted
[INFO] [stdout] 
[INFO] [stdout] 
[INFO] [stderr]     Finished test [unoptimized + debuginfo] target(s) in 6.10s
[INFO] running `Command { std: "docker" "inspect" "fd847395540eeef2ebd3275aedd77321f814cb7359a0cfb6d6645d43e3fcd9ef", kill_on_drop: false }`
[INFO] running `Command { std: "docker" "rm" "-f" "fd847395540eeef2ebd3275aedd77321f814cb7359a0cfb6d6645d43e3fcd9ef", kill_on_drop: false }`
[INFO] [stdout] fd847395540eeef2ebd3275aedd77321f814cb7359a0cfb6d6645d43e3fcd9ef
[INFO] running `Command { std: "docker" "create" "-v" "/var/lib/crater-agent-workspace/builds/worker-4-tc2/target:/opt/rustwide/target:rw,Z" "-v" "/var/lib/crater-agent-workspace/builds/worker-4-tc2/source:/opt/rustwide/workdir:ro,Z" "-v" "/var/lib/crater-agent-workspace/cargo-home:/opt/rustwide/cargo-home:ro,Z" "-v" "/var/lib/crater-agent-workspace/rustup-home:/opt/rustwide/rustup-home:ro,Z" "-e" "SOURCE_DIR=/opt/rustwide/workdir" "-e" "CARGO_TARGET_DIR=/opt/rustwide/target" "-e" "CARGO_INCREMENTAL=0" "-e" "RUST_BACKTRACE=full" "-e" "RUSTFLAGS=--cap-lints=warn" "-e" "RUSTDOCFLAGS=--cap-lints=warn" "-e" "CARGO_HOME=/opt/rustwide/cargo-home" "-e" "RUSTUP_HOME=/opt/rustwide/rustup-home" "-w" "/opt/rustwide/workdir" "-m" "1610612736" "--user" "0:0" "--network" "none" "ghcr.io/rust-lang/crates-build-env/linux@sha256:5ff2268d62e97bff2cde7d5815dd6ed5b47097566f13b8d0ca110b04b60e07ed" "/opt/rustwide/cargo-home/bin/cargo" "+beta-2023-04-20" "test" "--frozen", kill_on_drop: false }`
[INFO] [stdout] 447b2d914033cdc2e4e83d275d7dfe3c4ceccea63c98674af3dfc1d63994161c
[INFO] running `Command { std: "docker" "start" "-a" "447b2d914033cdc2e4e83d275d7dfe3c4ceccea63c98674af3dfc1d63994161c", kill_on_drop: false }`
[INFO] [stderr] warning: unused import: `Address`
[INFO] [stderr]  --> src/lib.rs:3:16
[INFO] [stderr]   |
[INFO] [stderr] 3 | use elements::{Address, BlockHash};
[INFO] [stderr]   |                ^^^^^^^
[INFO] [stderr]   |
[INFO] [stderr]   = note: `#[warn(unused_imports)]` on by default
[INFO] [stderr] 
[INFO] [stderr] warning: unused import: `de::DeserializeOwned`
[INFO] [stderr]  --> src/lib.rs:4:13
[INFO] [stderr]   |
[INFO] [stderr] 4 | use serde::{de::DeserializeOwned, Deserialize};
[INFO] [stderr]   |             ^^^^^^^^^^^^^^^^^^^^
[INFO] [stderr] 
[INFO] [stderr] warning: fields `name` and `warning` are never read
[INFO] [stderr]   --> src/lib.rs:61:5
[INFO] [stderr]    |
[INFO] [stderr] 60 | pub struct CreateWallet {
[INFO] [stderr]    |            ------------ fields in this struct
[INFO] [stderr] 61 |     name: String,
[INFO] [stderr]    |     ^^^^
[INFO] [stderr] 62 |     warning: String,
[INFO] [stderr]    |     ^^^^^^^
[INFO] [stderr]    |
[INFO] [stderr]    = note: `CreateWallet` has a derived impl for the trait `Debug`, but this is intentionally ignored during dead code analysis
[INFO] [stderr]    = note: `#[warn(dead_code)]` on by default
[INFO] [stderr] 
[INFO] [stderr] warning: fields `feerate`, `errors`, and `blocks` are never read
[INFO] [stderr]   --> src/lib.rs:67:5
[INFO] [stderr]    |
[INFO] [stderr] 66 | pub struct EstimateSmartFee {
[INFO] [stderr]    |            ---------------- fields in this struct
[INFO] [stderr] 67 |     feerate: Option<f64>,
[INFO] [stderr]    |     ^^^^^^^
[INFO] [stderr] 68 |     errors: Option<Vec<String>>,
[INFO] [stderr]    |     ^^^^^^
[INFO] [stderr] 69 |     blocks: u64,
[INFO] [stderr]    |     ^^^^^^
[INFO] [stderr]    |
[INFO] [stderr]    = note: `EstimateSmartFee` has a derived impl for the trait `Debug`, but this is intentionally ignored during dead code analysis
[INFO] [stderr] 
[INFO] [stderr] warning: multiple fields are never read
[INFO] [stderr]    --> src/lib.rs:74:5
[INFO] [stderr]     |
[INFO] [stderr] 73  | pub struct AddressInfo {
[INFO] [stderr]     |            ----------- fields in this struct
[INFO] [stderr] 74  |     address: String,
[INFO] [stderr]     |     ^^^^^^^
[INFO] [stderr] 75  |     #[serde(rename = "scriptPubKey")]
[INFO] [stderr] 76  |     script_pubkey: String,
[INFO] [stderr]     |     ^^^^^^^^^^^^^
[INFO] [stderr] 77  |     ismine: bool,
[INFO] [stderr]     |     ^^^^^^
[INFO] [stderr] 78  |     iswatchonly: bool,
[INFO] [stderr]     |     ^^^^^^^^^^^
[INFO] [stderr] 79  |     solvable: bool,
[INFO] [stderr]     |     ^^^^^^^^
[INFO] [stderr] 80  |     desc: Option<String>,
[INFO] [stderr]     |     ^^^^
[INFO] [stderr] 81  |     parent_desc: Option<String>,
[INFO] [stderr]     |     ^^^^^^^^^^^
[INFO] [stderr] 82  |     isscript: bool,
[INFO] [stderr]     |     ^^^^^^^^
[INFO] [stderr] 83  |     ischange: bool,
[INFO] [stderr]     |     ^^^^^^^^
[INFO] [stderr] 84  |     iswitness: bool,
[INFO] [stderr]     |     ^^^^^^^^^
[INFO] [stderr] 85  |     witness_version: Option<u64>,
[INFO] [stderr]     |     ^^^^^^^^^^^^^^^
[INFO] [stderr] 86  |     witness_program: Option<String>,
[INFO] [stderr]     |     ^^^^^^^^^^^^^^^
[INFO] [stderr] 87  |     script: Option<String>,
[INFO] [stderr]     |     ^^^^^^
[INFO] [stderr] 88  |     hex: Option<String>,
[INFO] [stderr]     |     ^^^
[INFO] [stderr] 89  |     pubkeys: Option<Vec<String>>,
[INFO] [stderr]     |     ^^^^^^^
[INFO] [stderr] 90  |     sigsrequired: Option<u64>,
[INFO] [stderr]     |     ^^^^^^^^^^^^
[INFO] [stderr] 91  |     pubkey: Option<String>,
[INFO] [stderr]     |     ^^^^^^
[INFO] [stderr] 92  |     // embedded:
[INFO] [stderr] 93  |     iscompressed: Option<bool>,
[INFO] [stderr]     |     ^^^^^^^^^^^^
[INFO] [stderr] 94  |     confidential_key: String,
[INFO] [stderr]     |     ^^^^^^^^^^^^^^^^
[INFO] [stderr] 95  |     unconfidential: String,
[INFO] [stderr]     |     ^^^^^^^^^^^^^^
[INFO] [stderr] 96  |     confidential: String,
[INFO] [stderr]     |     ^^^^^^^^^^^^
[INFO] [stderr] 97  |     timestamp: u64,
[INFO] [stderr]     |     ^^^^^^^^^
[INFO] [stderr] 98  |     hdkeypath: Option<String>,
[INFO] [stderr]     |     ^^^^^^^^^
[INFO] [stderr] 99  |     hdseedid: Option<String>,
[INFO] [stderr]     |     ^^^^^^^^
[INFO] [stderr] 100 |     hdmasterfingerprint: Option<String>,
[INFO] [stderr]     |     ^^^^^^^^^^^^^^^^^^^
[INFO] [stderr] 101 |     labels: Vec<String>,
[INFO] [stderr]     |     ^^^^^^
[INFO] [stderr]     |
[INFO] [stderr]     = note: `AddressInfo` has a derived impl for the trait `Debug`, but this is intentionally ignored during dead code analysis
[INFO] [stderr] 
[INFO] [stderr] warning: fields `txid` and `fee_reason` are never read
[INFO] [stderr]    --> src/lib.rs:106:5
[INFO] [stderr]     |
[INFO] [stderr] 105 | pub struct SendToAddress {
[INFO] [stderr]     |            ------------- fields in this struct
[INFO] [stderr] 106 |     txid: String,
[INFO] [stderr]     |     ^^^^
[INFO] [stderr] 107 |     fee_reason: String,
[INFO] [stderr]     |     ^^^^^^^^^^
[INFO] [stderr]     |
[INFO] [stderr]     = note: `SendToAddress` has a derived impl for the trait `Debug`, but this is intentionally ignored during dead code analysis
[INFO] [stderr] 
[INFO] [stderr] warning: multiple fields are never read
[INFO] [stderr]    --> src/lib.rs:112:5
[INFO] [stderr]     |
[INFO] [stderr] 111 | pub struct WalletInfo {
[INFO] [stderr]     |            ---------- fields in this struct
[INFO] [stderr] 112 |     walletname: String,
[INFO] [stderr]     |     ^^^^^^^^^^
[INFO] [stderr] 113 |     walletversion: u64,
[INFO] [stderr]     |     ^^^^^^^^^^^^^
[INFO] [stderr] 114 |     format: String,
[INFO] [stderr]     |     ^^^^^^
[INFO] [stderr] 115 |     balance: f64,
[INFO] [stderr]     |     ^^^^^^^
[INFO] [stderr] 116 |     unconfirmed_balance: f64,
[INFO] [stderr]     |     ^^^^^^^^^^^^^^^^^^^
[INFO] [stderr] 117 |     immature_balance: f64,
[INFO] [stderr]     |     ^^^^^^^^^^^^^^^^
[INFO] [stderr] 118 |     txcount: u64,
[INFO] [stderr]     |     ^^^^^^^
[INFO] [stderr] 119 |     keypoololdest: u64,
[INFO] [stderr]     |     ^^^^^^^^^^^^^
[INFO] [stderr] 120 |     keypoolsize: u64,
[INFO] [stderr]     |     ^^^^^^^^^^^
[INFO] [stderr] 121 |     keypoolsize_hd_internal: u64,
[INFO] [stderr]     |     ^^^^^^^^^^^^^^^^^^^^^^^
[INFO] [stderr] 122 |     unlocked_until: Option<u64>,
[INFO] [stderr]     |     ^^^^^^^^^^^^^^
[INFO] [stderr] 123 |     paytxfee: f64,
[INFO] [stderr]     |     ^^^^^^^^
[INFO] [stderr] 124 |     hdseedid: Option<String>,
[INFO] [stderr]     |     ^^^^^^^^
[INFO] [stderr] 125 |     private_keys_enabled: bool,
[INFO] [stderr]     |     ^^^^^^^^^^^^^^^^^^^^
[INFO] [stderr] 126 |     avoid_reuse: bool,
[INFO] [stderr]     |     ^^^^^^^^^^^
[INFO] [stderr] 127 |     // scanning: Scanning,
[INFO] [stderr] 128 |     descriptors: bool,
[INFO] [stderr]     |     ^^^^^^^^^^^
[INFO] [stderr]     |
[INFO] [stderr]     = note: `WalletInfo` has a derived impl for the trait `Debug`, but this is intentionally ignored during dead code analysis
[INFO] [stderr] 
[INFO] [stderr] warning: fields `feerate`, `errors`, and `blocks` are never read
[INFO] [stderr]   --> src/lib.rs:67:5
[INFO] [stderr]    |
[INFO] [stderr] 66 | pub struct EstimateSmartFee {
[INFO] [stderr]    |            ---------------- fields in this struct
[INFO] [stderr] 67 |     feerate: Option<f64>,
[INFO] [stderr]    |     ^^^^^^^
[INFO] [stderr] 68 |     errors: Option<Vec<String>>,
[INFO] [stderr]    |     ^^^^^^
[INFO] [stderr] 69 |     blocks: u64,
[INFO] [stderr]    |     ^^^^^^
[INFO] [stderr]    |
[INFO] [stderr]    = note: `EstimateSmartFee` has a derived impl for the trait `Debug`, but this is intentionally ignored during dead code analysis
[INFO] [stderr]    = note: `#[warn(dead_code)]` on by default
[INFO] [stderr] 
[INFO] [stderr] warning: `elements-rpc` (lib) generated 7 warnings (run `cargo fix --lib -p elements-rpc` to apply 2 suggestions)
[INFO] [stderr] warning: `elements-rpc` (lib test) generated 6 warnings (5 duplicates)
[INFO] [stderr]     Finished test [unoptimized + debuginfo] target(s) in 0.14s
[INFO] [stderr]      Running unittests src/lib.rs (/opt/rustwide/target/debug/deps/elements_rpc-3d1b733a7a6cfeda)
[INFO] [stdout] 
[INFO] [stdout] running 1 test
[INFO] [stdout] test test::simple ... FAILED
[INFO] [stdout] 
[INFO] [stdout] failures:
[INFO] [stdout] 
[INFO] [stdout] ---- test::simple stdout ----
[INFO] [stdout] thread 'test::simple' panicked at 'failed to start container', /opt/rustwide/cargo-home/registry/src/index.crates.io-6f17d22bba15001f/testcontainers-0.14.0/src/clients/cli.rs:48:9
[INFO] [stdout] stack backtrace:
[INFO] [stdout]    0:     0x562bab0912fa - std::backtrace_rs::backtrace::libunwind::trace::h2f05d0192276a8f6
[INFO] [stdout]                                at /rustc/1b7dd2252b99671ce5d1cb9664c5f8636329436d/library/std/src/../../backtrace/src/backtrace/libunwind.rs:93:5
[INFO] [stdout]    1:     0x562bab0912fa - std::backtrace_rs::backtrace::trace_unsynchronized::hedc23dff7a1af150
[INFO] [stdout]                                at /rustc/1b7dd2252b99671ce5d1cb9664c5f8636329436d/library/std/src/../../backtrace/src/backtrace/mod.rs:66:5
[INFO] [stdout]    2:     0x562bab0912fa - std::sys_common::backtrace::_print_fmt::h17541ef7592f3ce2
[INFO] [stdout]                                at /rustc/1b7dd2252b99671ce5d1cb9664c5f8636329436d/library/std/src/sys_common/backtrace.rs:65:5
[INFO] [stdout]    3:     0x562bab0912fa - <std::sys_common::backtrace::_print::DisplayBacktrace as core::fmt::Display>::fmt::h20f75df5ab0c0792
[INFO] [stdout]                                at /rustc/1b7dd2252b99671ce5d1cb9664c5f8636329436d/library/std/src/sys_common/backtrace.rs:44:22
[INFO] [stdout]    4:     0x562bab0b8fef - core::fmt::write::h78109e6f466b3af6
[INFO] [stdout]                                at /rustc/1b7dd2252b99671ce5d1cb9664c5f8636329436d/library/core/src/fmt/mod.rs:1254:17
[INFO] [stdout]    5:     0x562bab08da15 - std::io::Write::write_fmt::hd24bfb68a1b35a25
[INFO] [stdout]                                at /rustc/1b7dd2252b99671ce5d1cb9664c5f8636329436d/library/std/src/io/mod.rs:1698:15
[INFO] [stdout]    6:     0x562bab0910c5 - std::sys_common::backtrace::_print::h8dac57a9f8fbf9a5
[INFO] [stdout]                                at /rustc/1b7dd2252b99671ce5d1cb9664c5f8636329436d/library/std/src/sys_common/backtrace.rs:47:5
[INFO] [stdout]    7:     0x562bab0910c5 - std::sys_common::backtrace::print::hf9ecbf41d1aa712f
[INFO] [stdout]                                at /rustc/1b7dd2252b99671ce5d1cb9664c5f8636329436d/library/std/src/sys_common/backtrace.rs:34:9
[INFO] [stdout]    8:     0x562bab092dfe - std::panicking::default_hook::{{closure}}::h04c07acfc84ca028
[INFO] [stdout]                                at /rustc/1b7dd2252b99671ce5d1cb9664c5f8636329436d/library/std/src/panicking.rs:269:22
[INFO] [stdout]    9:     0x562bab092b31 - std::panicking::default_hook::h01f6bb23e1eceb2c
[INFO] [stdout]                                at /rustc/1b7dd2252b99671ce5d1cb9664c5f8636329436d/library/std/src/panicking.rs:285:9
[INFO] [stdout]   10:     0x562baabab46b - <alloc::boxed::Box<F,A> as core::ops::function::Fn<Args>>::call::h87fe9f7b2fd49e4c
[INFO] [stdout]                                at /rustc/1b7dd2252b99671ce5d1cb9664c5f8636329436d/library/alloc/src/boxed.rs:1987:9
[INFO] [stdout]   11:     0x562baabab46b - test::test_main::{{closure}}::he94d679243a7531b
[INFO] [stdout]                                at /rustc/1b7dd2252b99671ce5d1cb9664c5f8636329436d/library/test/src/lib.rs:134:21
[INFO] [stdout]   12:     0x562bab0934e4 - <alloc::boxed::Box<F,A> as core::ops::function::Fn<Args>>::call::h3f2d6d8b14c4769f
[INFO] [stdout]                                at /rustc/1b7dd2252b99671ce5d1cb9664c5f8636329436d/library/alloc/src/boxed.rs:1987:9
[INFO] [stdout]   13:     0x562bab0934e4 - std::panicking::rust_panic_with_hook::h2bb3722bbaf2f6df
[INFO] [stdout]                                at /rustc/1b7dd2252b99671ce5d1cb9664c5f8636329436d/library/std/src/panicking.rs:695:13
[INFO] [stdout]   14:     0x562bab093212 - std::panicking::begin_panic_handler::{{closure}}::h91bc7f36a4be011b
[INFO] [stdout]                                at /rustc/1b7dd2252b99671ce5d1cb9664c5f8636329436d/library/std/src/panicking.rs:580:13
[INFO] [stdout]   15:     0x562bab091766 - std::sys_common::backtrace::__rust_end_short_backtrace::h8b3d3717114f9e59
[INFO] [stdout]                                at /rustc/1b7dd2252b99671ce5d1cb9664c5f8636329436d/library/std/src/sys_common/backtrace.rs:150:18
[INFO] [stdout]   16:     0x562bab092fb2 - rust_begin_unwind
[INFO] [stdout]                                at /rustc/1b7dd2252b99671ce5d1cb9664c5f8636329436d/library/std/src/panicking.rs:578:5
[INFO] [stdout]   17:     0x562baaaf2443 - core::panicking::panic_fmt::hfd368e3fbdabea26
[INFO] [stdout]                                at /rustc/1b7dd2252b99671ce5d1cb9664c5f8636329436d/library/core/src/panicking.rs:67:14
[INFO] [stdout]   18:     0x562baab34358 - testcontainers::clients::cli::Cli::run::h38dcfd2fdf2a6fc7
[INFO] [stdout]                                at /opt/rustwide/cargo-home/registry/src/index.crates.io-6f17d22bba15001f/testcontainers-0.14.0/src/clients/cli.rs:48:9
[INFO] [stdout]   19:     0x562baab22b91 - elements_rpc::test::simple::{{closure}}::hdc4086703378bbff
[INFO] [stdout]                                at /opt/rustwide/workdir/src/lib.rs:155:25
[INFO] [stdout]   20:     0x562baab2ca38 - <core::pin::Pin<P> as core::future::future::Future>::poll::h4df77f3fe46bbc5a
[INFO] [stdout]                                at /rustc/1b7dd2252b99671ce5d1cb9664c5f8636329436d/library/core/src/future/future.rs:125:9
[INFO] [stdout]   21:     0x562baab2c96b - <core::pin::Pin<P> as core::future::future::Future>::poll::h28ee811c8382df0b
[INFO] [stdout]                                at /rustc/1b7dd2252b99671ce5d1cb9664c5f8636329436d/library/core/src/future/future.rs:125:9
[INFO] [stdout]   22:     0x562baab22344 - tokio::runtime::scheduler::current_thread::CoreGuard::block_on::{{closure}}::{{closure}}::{{closure}}::h17305fe09e5e001a
[INFO] [stdout]                                at /opt/rustwide/cargo-home/registry/src/index.crates.io-6f17d22bba15001f/tokio-1.24.2/src/runtime/scheduler/current_thread.rs:541:57
[INFO] [stdout]   23:     0x562baab22281 - tokio::runtime::coop::with_budget::h9677ac9f1929177f
[INFO] [stdout]                                at /opt/rustwide/cargo-home/registry/src/index.crates.io-6f17d22bba15001f/tokio-1.24.2/src/runtime/coop.rs:102:5
[INFO] [stdout]   24:     0x562baab22281 - tokio::runtime::coop::budget::hbf177ec58ece93eb
[INFO] [stdout]                                at /opt/rustwide/cargo-home/registry/src/index.crates.io-6f17d22bba15001f/tokio-1.24.2/src/runtime/coop.rs:68:5
[INFO] [stdout]   25:     0x562baab22281 - tokio::runtime::scheduler::current_thread::CoreGuard::block_on::{{closure}}::{{closure}}::hcb5587e94aba9495
[INFO] [stdout]                                at /opt/rustwide/cargo-home/registry/src/index.crates.io-6f17d22bba15001f/tokio-1.24.2/src/runtime/scheduler/current_thread.rs:541:25
[INFO] [stdout]   26:     0x562baab20989 - tokio::runtime::scheduler::current_thread::Context::enter::h9ccfce08e1bf6640
[INFO] [stdout]                                at /opt/rustwide/cargo-home/registry/src/index.crates.io-6f17d22bba15001f/tokio-1.24.2/src/runtime/scheduler/current_thread.rs:350:19
[INFO] [stdout]   27:     0x562baab2177a - tokio::runtime::scheduler::current_thread::CoreGuard::block_on::{{closure}}::h85315f00ca78538c
[INFO] [stdout]                                at /opt/rustwide/cargo-home/registry/src/index.crates.io-6f17d22bba15001f/tokio-1.24.2/src/runtime/scheduler/current_thread.rs:540:36
[INFO] [stdout]   28:     0x562baab2148b - tokio::runtime::scheduler::current_thread::CoreGuard::enter::{{closure}}::hca11c7b870c1307f
[INFO] [stdout]                                at /opt/rustwide/cargo-home/registry/src/index.crates.io-6f17d22bba15001f/tokio-1.24.2/src/runtime/scheduler/current_thread.rs:615:57
[INFO] [stdout]   29:     0x562baab3731d - tokio::macros::scoped_tls::ScopedKey<T>::set::h909e967568f89844
[INFO] [stdout]                                at /opt/rustwide/cargo-home/registry/src/index.crates.io-6f17d22bba15001f/tokio-1.24.2/src/macros/scoped_tls.rs:61:9
[INFO] [stdout]   30:     0x562baab21226 - tokio::runtime::scheduler::current_thread::CoreGuard::enter::hd5b4b8488e0564aa
[INFO] [stdout]                                at /opt/rustwide/cargo-home/registry/src/index.crates.io-6f17d22bba15001f/tokio-1.24.2/src/runtime/scheduler/current_thread.rs:615:27
[INFO] [stdout]   31:     0x562baab214bc - tokio::runtime::scheduler::current_thread::CoreGuard::block_on::hf092b598d7c5d1b4
[INFO] [stdout]                                at /opt/rustwide/cargo-home/registry/src/index.crates.io-6f17d22bba15001f/tokio-1.24.2/src/runtime/scheduler/current_thread.rs:530:19
[INFO] [stdout]   32:     0x562baab2042d - tokio::runtime::scheduler::current_thread::CurrentThread::block_on::h5aff25f52ea5d00d
[INFO] [stdout]                                at /opt/rustwide/cargo-home/registry/src/index.crates.io-6f17d22bba15001f/tokio-1.24.2/src/runtime/scheduler/current_thread.rs:154:24
[INFO] [stdout]   33:     0x562baab2c380 - tokio::runtime::runtime::Runtime::block_on::h36ba6125a9e4800a
[INFO] [stdout]                                at /opt/rustwide/cargo-home/registry/src/index.crates.io-6f17d22bba15001f/tokio-1.24.2/src/runtime/runtime.rs:282:47
[INFO] [stdout]   34:     0x562baab225e4 - elements_rpc::test::simple::h323672b8398ffed7
[INFO] [stdout]                                at /opt/rustwide/workdir/src/lib.rs:223:9
[INFO] [stdout]   35:     0x562baab22477 - elements_rpc::test::simple::{{closure}}::ha925feda1a382a84
[INFO] [stdout]                                at /opt/rustwide/workdir/src/lib.rs:153:23
[INFO] [stdout]   36:     0x562baab11da5 - core::ops::function::FnOnce::call_once::h2ce6f826abcbd096
[INFO] [stdout]                                at /rustc/1b7dd2252b99671ce5d1cb9664c5f8636329436d/library/core/src/ops/function.rs:250:5
[INFO] [stdout]   37:     0x562baabb033f - core::ops::function::FnOnce::call_once::ha6a70e79f7481a7e
[INFO] [stdout]                                at /rustc/1b7dd2252b99671ce5d1cb9664c5f8636329436d/library/core/src/ops/function.rs:250:5
[INFO] [stdout]   38:     0x562baabb033f - test::__rust_begin_short_backtrace::hce33033019b61e69
[INFO] [stdout]                                at /rustc/1b7dd2252b99671ce5d1cb9664c5f8636329436d/library/test/src/lib.rs:655:18
[INFO] [stdout]   39:     0x562baab7db2c - test::run_test::{{closure}}::h858d3528838ae3e5
[INFO] [stdout]                                at /rustc/1b7dd2252b99671ce5d1cb9664c5f8636329436d/library/test/src/lib.rs:646:30
[INFO] [stdout]   40:     0x562baab7db2c - core::ops::function::FnOnce::call_once{{vtable.shim}}::he8ac2b00f01ae79e
[INFO] [stdout]                                at /rustc/1b7dd2252b99671ce5d1cb9664c5f8636329436d/library/core/src/ops/function.rs:250:5
[INFO] [stdout]   41:     0x562baabaf416 - <alloc::boxed::Box<F,A> as core::ops::function::FnOnce<Args>>::call_once::h8093d25b522725ef
[INFO] [stdout]                                at /rustc/1b7dd2252b99671ce5d1cb9664c5f8636329436d/library/alloc/src/boxed.rs:1973:9
[INFO] [stdout]   42:     0x562baabaf416 - <core::panic::unwind_safe::AssertUnwindSafe<F> as core::ops::function::FnOnce<()>>::call_once::h5c334c204e4a3913
[INFO] [stdout]                                at /rustc/1b7dd2252b99671ce5d1cb9664c5f8636329436d/library/core/src/panic/unwind_safe.rs:271:9
[INFO] [stdout]   43:     0x562baabaf416 - std::panicking::try::do_call::ha8b740c7b9478074
[INFO] [stdout]                                at /rustc/1b7dd2252b99671ce5d1cb9664c5f8636329436d/library/std/src/panicking.rs:485:40
[INFO] [stdout]   44:     0x562baabaf416 - std::panicking::try::h5d34f63d0e41b64e
[INFO] [stdout]                                at /rustc/1b7dd2252b99671ce5d1cb9664c5f8636329436d/library/std/src/panicking.rs:449:19
[INFO] [stdout]   45:     0x562baabaf416 - std::panic::catch_unwind::hcfbb511e1aa7fc67
[INFO] [stdout]                                at /rustc/1b7dd2252b99671ce5d1cb9664c5f8636329436d/library/std/src/panic.rs:140:14
[INFO] [stdout]   46:     0x562baabaf416 - test::run_test_in_process::h9abda90f802eaf21
[INFO] [stdout]                                at /rustc/1b7dd2252b99671ce5d1cb9664c5f8636329436d/library/test/src/lib.rs:678:27
[INFO] [stdout]   47:     0x562baabaf416 - test::run_test::run_test_inner::{{closure}}::h0f058de91f6c6edf
[INFO] [stdout]                                at /rustc/1b7dd2252b99671ce5d1cb9664c5f8636329436d/library/test/src/lib.rs:572:39
[INFO] [stdout]   48:     0x562baab78335 - test::run_test::run_test_inner::{{closure}}::h5ca48a4c59c6c1fb
[INFO] [stdout]                                at /rustc/1b7dd2252b99671ce5d1cb9664c5f8636329436d/library/test/src/lib.rs:599:37
[INFO] [stdout]   49:     0x562baab78335 - std::sys_common::backtrace::__rust_begin_short_backtrace::h32bd51e1495d4a33
[INFO] [stdout]                                at /rustc/1b7dd2252b99671ce5d1cb9664c5f8636329436d/library/std/src/sys_common/backtrace.rs:134:18
[INFO] [stdout]   50:     0x562baab7d871 - std::thread::Builder::spawn_unchecked_::{{closure}}::{{closure}}::hc086fae9b128b2db
[INFO] [stdout]                                at /rustc/1b7dd2252b99671ce5d1cb9664c5f8636329436d/library/std/src/thread/mod.rs:526:17
[INFO] [stdout]   51:     0x562baab7d871 - <core::panic::unwind_safe::AssertUnwindSafe<F> as core::ops::function::FnOnce<()>>::call_once::hb66571888d270d43
[INFO] [stdout]                                at /rustc/1b7dd2252b99671ce5d1cb9664c5f8636329436d/library/core/src/panic/unwind_safe.rs:271:9
[INFO] [stdout]   52:     0x562baab7d871 - std::panicking::try::do_call::h4fa2ef4f6e51fecf
[INFO] [stdout]                                at /rustc/1b7dd2252b99671ce5d1cb9664c5f8636329436d/library/std/src/panicking.rs:485:40
[INFO] [stdout]   53:     0x562baab7d871 - std::panicking::try::h1e9e22b8584489b5
[INFO] [stdout]                                at /rustc/1b7dd2252b99671ce5d1cb9664c5f8636329436d/library/std/src/panicking.rs:449:19
[INFO] [stdout]   54:     0x562baab7d871 - std::panic::catch_unwind::h44698a3de0e0769e
[INFO] [stdout]                                at /rustc/1b7dd2252b99671ce5d1cb9664c5f8636329436d/library/std/src/panic.rs:140:14
[INFO] [stdout]   55:     0x562baab7d871 - std::thread::Builder::spawn_unchecked_::{{closure}}::h50153abde3fe239e
[INFO] [stdout]                                at /rustc/1b7dd2252b99671ce5d1cb9664c5f8636329436d/library/std/src/thread/mod.rs:525:30
[INFO] [stdout]   56:     0x562baab7d871 - core::ops::function::FnOnce::call_once{{vtable.shim}}::hbe5bbf6f38394364
[INFO] [stdout]                                at /rustc/1b7dd2252b99671ce5d1cb9664c5f8636329436d/library/core/src/ops/function.rs:250:5
[INFO] [stdout]   57:     0x562bab0982e5 - <alloc::boxed::Box<F,A> as core::ops::function::FnOnce<Args>>::call_once::h0d83cb2920a49046
[INFO] [stdout]                                at /rustc/1b7dd2252b99671ce5d1cb9664c5f8636329436d/library/alloc/src/boxed.rs:1973:9
[INFO] [stdout]   58:     0x562bab0982e5 - <alloc::boxed::Box<F,A> as core::ops::function::FnOnce<Args>>::call_once::hbe0a008aa7d9ef59
[INFO] [stdout]                                at /rustc/1b7dd2252b99671ce5d1cb9664c5f8636329436d/library/alloc/src/boxed.rs:1973:9
[INFO] [stdout]   59:     0x562bab0982e5 - std::sys::unix::thread::Thread::new::thread_start::h3a466996bdf6b1f9
[INFO] [stdout]                                at /rustc/1b7dd2252b99671ce5d1cb9664c5f8636329436d/library/std/src/sys/unix/thread.rs:108:17
[INFO] [stdout]   60:     0x7fcc35b93b43 - <unknown>
[INFO] [stdout]   61:     0x7fcc35c24bb4 - __clone
[INFO] [stdout]   62:                0x0 - <unknown>
[INFO] [stdout] 
[INFO] [stdout] 
[INFO] [stdout] failures:
[INFO] [stdout]     test::simple
[INFO] [stdout] 
[INFO] [stdout] test result: FAILED. 0 passed; 1 failed; 0 ignored; 0 measured; 0 filtered out; finished in 0.29s
[INFO] [stdout] 
[INFO] [stderr] error: test failed, to rerun pass `--lib`
[INFO] running `Command { std: "docker" "inspect" "447b2d914033cdc2e4e83d275d7dfe3c4ceccea63c98674af3dfc1d63994161c", kill_on_drop: false }`
[INFO] running `Command { std: "docker" "rm" "-f" "447b2d914033cdc2e4e83d275d7dfe3c4ceccea63c98674af3dfc1d63994161c", kill_on_drop: false }`
[INFO] [stdout] 447b2d914033cdc2e4e83d275d7dfe3c4ceccea63c98674af3dfc1d63994161c
