[INFO] fetching crate elasticlunr-rs 3.0.2...
[INFO] testing elasticlunr-rs-3.0.2 against beta-2023-04-20 for beta-1.70-1
[INFO] extracting crate elasticlunr-rs 3.0.2 into /workspace/builds/worker-7-tc2/source
[INFO] validating manifest of crates.io crate elasticlunr-rs 3.0.2 on toolchain beta-2023-04-20
[INFO] running `Command { std: CARGO_HOME="/workspace/cargo-home" RUSTUP_HOME="/workspace/rustup-home" "/workspace/cargo-home/bin/cargo" "+beta-2023-04-20" "metadata" "--manifest-path" "Cargo.toml" "--no-deps", kill_on_drop: false }`
[INFO] started tweaking crates.io crate elasticlunr-rs 3.0.2
[INFO] finished tweaking crates.io crate elasticlunr-rs 3.0.2
[INFO] tweaked toml for crates.io crate elasticlunr-rs 3.0.2 written to /workspace/builds/worker-7-tc2/source/Cargo.toml
[INFO] crate crates.io crate elasticlunr-rs 3.0.2 already has a lockfile, it will not be regenerated
[INFO] running `Command { std: CARGO_HOME="/workspace/cargo-home" RUSTUP_HOME="/workspace/rustup-home" "/workspace/cargo-home/bin/cargo" "+beta-2023-04-20" "fetch" "--manifest-path" "Cargo.toml", kill_on_drop: false }`
[INFO] [stderr]     Updating crates.io index
[INFO] [stderr]  Downloading crates ...
[INFO] [stderr]   Downloaded build_const v0.2.2
[INFO] [stderr]   Downloaded lzma-rs v0.2.0
[INFO] [stderr]   Downloaded cedarwood v0.4.6
[INFO] [stderr]   Downloaded crc v1.8.1
[INFO] [stderr]   Downloaded lindera-ko-dic-builder v0.13.5
[INFO] [stderr]   Downloaded lindera-decompress v0.13.5
[INFO] [stderr]   Downloaded yada v0.5.0
[INFO] [stderr]   Downloaded lindera-ipadic-builder v0.13.5
[INFO] [stderr]   Downloaded lindera v0.14.0
[INFO] [stderr]   Downloaded lindera-core v0.13.5
[INFO] [stderr]   Downloaded lindera-dictionary v0.13.5
[INFO] [stderr]   Downloaded lindera-cc-cedict-builder v0.13.5
[INFO] [stderr]   Downloaded lindera-unidic-builder v0.13.5
[INFO] [stderr]   Downloaded jieba-rs v0.6.6
[INFO] [stderr]   Downloaded lindera-ipadic v0.13.5
[INFO] running `Command { std: "docker" "create" "-v" "/var/lib/crater-agent-workspace/builds/worker-7-tc2/target:/opt/rustwide/target:rw,Z" "-v" "/var/lib/crater-agent-workspace/builds/worker-7-tc2/source:/opt/rustwide/workdir:ro,Z" "-v" "/var/lib/crater-agent-workspace/cargo-home:/opt/rustwide/cargo-home:ro,Z" "-v" "/var/lib/crater-agent-workspace/rustup-home:/opt/rustwide/rustup-home:ro,Z" "-e" "SOURCE_DIR=/opt/rustwide/workdir" "-e" "CARGO_TARGET_DIR=/opt/rustwide/target" "-e" "CARGO_HOME=/opt/rustwide/cargo-home" "-e" "RUSTUP_HOME=/opt/rustwide/rustup-home" "-w" "/opt/rustwide/workdir" "-m" "1610612736" "--user" "0:0" "--network" "none" "ghcr.io/rust-lang/crates-build-env/linux@sha256:5ff2268d62e97bff2cde7d5815dd6ed5b47097566f13b8d0ca110b04b60e07ed" "/opt/rustwide/cargo-home/bin/cargo" "+beta-2023-04-20" "metadata" "--no-deps" "--format-version=1", kill_on_drop: false }`
[INFO] [stdout] 6f5e2aa4523b1828003bda964384a5539fa829e95addfbfadfacdb549c215011
[INFO] running `Command { std: "docker" "start" "-a" "6f5e2aa4523b1828003bda964384a5539fa829e95addfbfadfacdb549c215011", kill_on_drop: false }`
[INFO] running `Command { std: "docker" "inspect" "6f5e2aa4523b1828003bda964384a5539fa829e95addfbfadfacdb549c215011", kill_on_drop: false }`
[INFO] running `Command { std: "docker" "rm" "-f" "6f5e2aa4523b1828003bda964384a5539fa829e95addfbfadfacdb549c215011", kill_on_drop: false }`
[INFO] [stdout] 6f5e2aa4523b1828003bda964384a5539fa829e95addfbfadfacdb549c215011
[INFO] running `Command { std: "docker" "create" "-v" "/var/lib/crater-agent-workspace/builds/worker-7-tc2/target:/opt/rustwide/target:rw,Z" "-v" "/var/lib/crater-agent-workspace/builds/worker-7-tc2/source:/opt/rustwide/workdir:ro,Z" "-v" "/var/lib/crater-agent-workspace/cargo-home:/opt/rustwide/cargo-home:ro,Z" "-v" "/var/lib/crater-agent-workspace/rustup-home:/opt/rustwide/rustup-home:ro,Z" "-e" "SOURCE_DIR=/opt/rustwide/workdir" "-e" "CARGO_TARGET_DIR=/opt/rustwide/target" "-e" "CARGO_INCREMENTAL=0" "-e" "RUST_BACKTRACE=full" "-e" "RUSTFLAGS=--cap-lints=warn" "-e" "RUSTDOCFLAGS=--cap-lints=warn" "-e" "CARGO_HOME=/opt/rustwide/cargo-home" "-e" "RUSTUP_HOME=/opt/rustwide/rustup-home" "-w" "/opt/rustwide/workdir" "-m" "1610612736" "--user" "0:0" "--network" "none" "ghcr.io/rust-lang/crates-build-env/linux@sha256:5ff2268d62e97bff2cde7d5815dd6ed5b47097566f13b8d0ca110b04b60e07ed" "/opt/rustwide/cargo-home/bin/cargo" "+beta-2023-04-20" "build" "--frozen" "--message-format=json", kill_on_drop: false }`
[INFO] [stdout] c14e3a1cbd32d55cdf4865317cada08e2b16c9691583c1586bc67c771917f04f
[INFO] running `Command { std: "docker" "start" "-a" "c14e3a1cbd32d55cdf4865317cada08e2b16c9691583c1586bc67c771917f04f", kill_on_drop: false }`
[INFO] [stderr]    Compiling proc-macro2 v1.0.52
[INFO] [stderr]    Compiling quote v1.0.26
[INFO] [stderr]    Compiling syn v1.0.109
[INFO] [stderr]    Compiling serde_derive v1.0.156
[INFO] [stderr]    Compiling serde v1.0.156
[INFO] [stderr]    Compiling serde_json v1.0.94
[INFO] [stderr]    Compiling itoa v1.0.6
[INFO] [stderr]    Compiling ryu v1.0.13
[INFO] [stderr]    Compiling regex-syntax v0.6.28
[INFO] [stderr]    Compiling aho-corasick v0.7.20
[INFO] [stderr]    Compiling regex v1.7.1
[INFO] [stderr]    Compiling elasticlunr-rs v3.0.2 (/opt/rustwide/workdir)
[INFO] [stderr]     Finished dev [unoptimized + debuginfo] target(s) in 15.01s
[INFO] running `Command { std: "docker" "inspect" "c14e3a1cbd32d55cdf4865317cada08e2b16c9691583c1586bc67c771917f04f", kill_on_drop: false }`
[INFO] running `Command { std: "docker" "rm" "-f" "c14e3a1cbd32d55cdf4865317cada08e2b16c9691583c1586bc67c771917f04f", kill_on_drop: false }`
[INFO] [stdout] c14e3a1cbd32d55cdf4865317cada08e2b16c9691583c1586bc67c771917f04f
[INFO] running `Command { std: "docker" "create" "-v" "/var/lib/crater-agent-workspace/builds/worker-7-tc2/target:/opt/rustwide/target:rw,Z" "-v" "/var/lib/crater-agent-workspace/builds/worker-7-tc2/source:/opt/rustwide/workdir:ro,Z" "-v" "/var/lib/crater-agent-workspace/cargo-home:/opt/rustwide/cargo-home:ro,Z" "-v" "/var/lib/crater-agent-workspace/rustup-home:/opt/rustwide/rustup-home:ro,Z" "-e" "SOURCE_DIR=/opt/rustwide/workdir" "-e" "CARGO_TARGET_DIR=/opt/rustwide/target" "-e" "CARGO_INCREMENTAL=0" "-e" "RUST_BACKTRACE=full" "-e" "RUSTFLAGS=--cap-lints=warn" "-e" "RUSTDOCFLAGS=--cap-lints=warn" "-e" "CARGO_HOME=/opt/rustwide/cargo-home" "-e" "RUSTUP_HOME=/opt/rustwide/rustup-home" "-w" "/opt/rustwide/workdir" "-m" "1610612736" "--user" "0:0" "--network" "none" "ghcr.io/rust-lang/crates-build-env/linux@sha256:5ff2268d62e97bff2cde7d5815dd6ed5b47097566f13b8d0ca110b04b60e07ed" "/opt/rustwide/cargo-home/bin/cargo" "+beta-2023-04-20" "test" "--frozen" "--no-run" "--message-format=json", kill_on_drop: false }`
[INFO] [stdout] cf2aa1c3e8ec4b9b6d3368c34f307cf9158a6412bf4a9a3350b5cc1d65a56531
[INFO] running `Command { std: "docker" "start" "-a" "cf2aa1c3e8ec4b9b6d3368c34f307cf9158a6412bf4a9a3350b5cc1d65a56531", kill_on_drop: false }`
[INFO] [stderr]    Compiling crossbeam-utils v0.8.15
[INFO] [stderr]    Compiling memoffset v0.8.0
[INFO] [stderr]    Compiling libc v0.2.140
[INFO] [stderr]    Compiling crossbeam-epoch v0.9.14
[INFO] [stderr]    Compiling num-traits v0.2.15
[INFO] [stderr]    Compiling either v1.8.1
[INFO] [stderr]    Compiling rayon-core v1.11.0
[INFO] [stderr]    Compiling indexmap v1.9.2
[INFO] [stderr]    Compiling half v1.8.2
[INFO] [stderr]    Compiling ciborium-io v0.2.0
[INFO] [stderr]    Compiling os_str_bytes v6.4.1
[INFO] [stderr]    Compiling plotters-backend v0.3.4
[INFO] [stderr]    Compiling textwrap v0.16.0
[INFO] [stderr]    Compiling cast v0.3.0
[INFO] [stderr]    Compiling same-file v1.0.6
[INFO] [stderr]    Compiling tinytemplate v1.2.1
[INFO] [stderr]    Compiling oorandom v11.1.3
[INFO] [stderr]    Compiling walkdir v2.3.3
[INFO] [stderr]    Compiling anes v0.1.6
[INFO] [stderr]    Compiling maplit v1.0.2
[INFO] [stderr]    Compiling ciborium-ll v0.2.0
[INFO] [stderr]    Compiling itertools v0.10.5
[INFO] [stderr]    Compiling plotters-svg v0.3.3
[INFO] [stderr]    Compiling clap_lex v0.2.4
[INFO] [stderr]    Compiling ciborium v0.2.0
[INFO] [stderr]    Compiling clap v3.2.23
[INFO] [stderr]    Compiling crossbeam-channel v0.5.7
[INFO] [stderr]    Compiling crossbeam-deque v0.8.3
[INFO] [stderr]    Compiling num_cpus v1.15.0
[INFO] [stderr]    Compiling atty v0.2.14
[INFO] [stderr]    Compiling rayon v1.6.1
[INFO] [stderr]    Compiling criterion-plot v0.5.0
[INFO] [stderr]    Compiling plotters v0.3.4
[INFO] [stderr]    Compiling criterion v0.4.0
[INFO] [stderr]    Compiling elasticlunr-rs v3.0.2 (/opt/rustwide/workdir)
[INFO] [stderr]     Finished test [unoptimized + debuginfo] target(s) in 13.68s
[INFO] running `Command { std: "docker" "inspect" "cf2aa1c3e8ec4b9b6d3368c34f307cf9158a6412bf4a9a3350b5cc1d65a56531", kill_on_drop: false }`
[INFO] running `Command { std: "docker" "rm" "-f" "cf2aa1c3e8ec4b9b6d3368c34f307cf9158a6412bf4a9a3350b5cc1d65a56531", kill_on_drop: false }`
[INFO] [stdout] cf2aa1c3e8ec4b9b6d3368c34f307cf9158a6412bf4a9a3350b5cc1d65a56531
[INFO] running `Command { std: "docker" "create" "-v" "/var/lib/crater-agent-workspace/builds/worker-7-tc2/target:/opt/rustwide/target:rw,Z" "-v" "/var/lib/crater-agent-workspace/builds/worker-7-tc2/source:/opt/rustwide/workdir:ro,Z" "-v" "/var/lib/crater-agent-workspace/cargo-home:/opt/rustwide/cargo-home:ro,Z" "-v" "/var/lib/crater-agent-workspace/rustup-home:/opt/rustwide/rustup-home:ro,Z" "-e" "SOURCE_DIR=/opt/rustwide/workdir" "-e" "CARGO_TARGET_DIR=/opt/rustwide/target" "-e" "CARGO_INCREMENTAL=0" "-e" "RUST_BACKTRACE=full" "-e" "RUSTFLAGS=--cap-lints=warn" "-e" "RUSTDOCFLAGS=--cap-lints=warn" "-e" "CARGO_HOME=/opt/rustwide/cargo-home" "-e" "RUSTUP_HOME=/opt/rustwide/rustup-home" "-w" "/opt/rustwide/workdir" "-m" "1610612736" "--user" "0:0" "--network" "none" "ghcr.io/rust-lang/crates-build-env/linux@sha256:5ff2268d62e97bff2cde7d5815dd6ed5b47097566f13b8d0ca110b04b60e07ed" "/opt/rustwide/cargo-home/bin/cargo" "+beta-2023-04-20" "test" "--frozen", kill_on_drop: false }`
[INFO] [stdout] 6809efe3335b02b77e297817a42f7dc2a77da47d96ac55e247d60d6fadaec801
[INFO] running `Command { std: "docker" "start" "-a" "6809efe3335b02b77e297817a42f7dc2a77da47d96ac55e247d60d6fadaec801", kill_on_drop: false }`
[INFO] [stderr]     Finished test [unoptimized + debuginfo] target(s) in 0.36s
[INFO] [stderr]      Running unittests src/lib.rs (/opt/rustwide/target/debug/deps/elasticlunr-eb8b8771cb45b603)
[INFO] [stdout] 
[INFO] [stdout] running 48 tests
[INFO] [stdout] test config::tests::test_normal_config ... ok
[INFO] [stdout] test document_store::tests::add_doc_no_store ... ok
[INFO] [stdout] test config::tests::test_complex_config ... ok
[INFO] [stdout] test document_store::tests::add_doc_tokens ... ok
[INFO] [stdout] test document_store::tests::add_field_len ... ok
[INFO] [stdout] test document_store::tests::check_store_has_key ... ok
[INFO] [stdout] test document_store::tests::create_doc_no_store ... ok
[INFO] [stdout] test document_store::tests::add_field_length_multiple ... ok
[INFO] [stdout] test document_store::tests::get_doc ... ok
[INFO] [stdout] test document_store::tests::get_doc_many_fields ... ok
[INFO] [stdout] test document_store::tests::get_doc_no_store ... ok
[INFO] [stdout] test document_store::tests::get_nonexistant_doc ... ok
[INFO] [stdout] test document_store::tests::get_nonexistant_doc_no_store ... ok
[INFO] [stdout] test document_store::tests::get_num_docs ... ok
[INFO] [stdout] test document_store::tests::is_stored_false ... ok
[INFO] [stdout] test document_store::tests::is_stored_true ... ok
[INFO] [stdout] test document_store::tests::remove_doc ... ok
[INFO] [stdout] test document_store::tests::remove_doc_no_store ... ok
[INFO] [stdout] test document_store::tests::remove_nonexistant_doc ... ok
[INFO] [stdout] test document_store::tests::remove_nonexistant_store ... ok
[INFO] [stdout] test inverted_index::tests::adding_another_document_to_the_token ... ok
[INFO] [stdout] test inverted_index::tests::adding_existing_doc ... ok
[INFO] [stdout] test inverted_index::tests::checking_if_a_token_does_not_exist ... ok
[INFO] [stdout] test inverted_index::tests::df_of_items ... ok
[INFO] [stdout] test inverted_index::tests::checking_token_exists_in ... ok
[INFO] [stdout] test inverted_index::tests::adding_token ... ok
[INFO] [stdout] test inverted_index::tests::df_of_nonexistant_token ... ok
[INFO] [stdout] test inverted_index::tests::get_term_frequency ... ok
[INFO] [stdout] test inverted_index::tests::get_term_frequency_nonexistant_docref ... ok
[INFO] [stdout] test inverted_index::tests::get_term_frequency_nonexistant_token ... ok
[INFO] [stdout] test inverted_index::tests::get_term_frequency_nonexistant_token_and_docref ... ok
[INFO] [stdout] test inverted_index::tests::has_token ... ok
[INFO] [stdout] test inverted_index::tests::removing_document_from_token ... ok
[INFO] [stdout] test inverted_index::tests::removing_documet_nonexistant_key ... ok
[INFO] [stdout] test inverted_index::tests::removing_nonexistant_document ... ok
[INFO] [stdout] test lang::en::tests::latin_characters ... ok
[INFO] [stdout] test inverted_index::tests::retrieving_items ... ok
[INFO] [stdout] test lang::en::tests::removing_punctuation ... ok
[INFO] [stdout] test lang::tests::split_simple_strings ... ok
[INFO] [stdout] test lang::tests::multiple_white_space ... ok
[INFO] [stdout] test lang::tests::hyphens ... ok
[INFO] [stdout] test lang::tests::splitting_strings_with_hyphens ... ok
[INFO] [stdout] test inverted_index::tests::retrieving_nonexistant_items ... ok
[INFO] [stdout] test tests::adding_document_to_index ... ok
[INFO] [stdout] test tests::add_field_to_builder ... ok
[INFO] [stdout] test tests::adding_document_with_empty_field ... ok
[INFO] [stdout] test lang::en::tests::test_stemmer ... ok
[INFO] [stdout] test tests::creating_index_with_identical_fields_panics - should panic ... ok
[INFO] [stdout] 
[INFO] [stdout] test result: ok. 48 passed; 0 failed; 0 ignored; 0 measured; 0 filtered out; finished in 0.02s
[INFO] [stdout] 
[INFO] [stderr]      Running tests/test-index.rs (/opt/rustwide/target/debug/deps/test_index-4b3810a337627a73)
[INFO] [stdout] 
[INFO] [stdout] running 1 test
[INFO] [stdout] test en_search_index_hasnt_changed_accidentally ... ok
[INFO] [stdout] 
[INFO] [stdout] test result: ok. 1 passed; 0 failed; 0 ignored; 0 measured; 0 filtered out; finished in 0.02s
[INFO] [stdout] 
[INFO] [stderr]      Running tests/test-pipeline.rs (/opt/rustwide/target/debug/deps/test_pipeline-a2dc68739bd183b0)
[INFO] [stdout] 
[INFO] [stdout] running 1 test
[INFO] [stdout] test test_languages ... ok
[INFO] [stdout] 
[INFO] [stdout] test result: ok. 1 passed; 0 failed; 0 ignored; 0 measured; 0 filtered out; finished in 0.04s
[INFO] [stdout] 
[INFO] [stderr]    Doc-tests elasticlunr
[INFO] [stdout] 
[INFO] [stdout] running 5 tests
[INFO] [stdout] test src/lib.rs - IndexBuilder (line 58) ... ok
[INFO] [stdout] test src/lib.rs - (line 17) ... FAILED
[INFO] [stdout] test src/lib.rs - Index::add_doc (line 302) ... ok
[INFO] [stdout] test src/lib.rs - Index::with_language (line 279) ... ok
[INFO] [stdout] test src/lib.rs - Index::new (line 257) ... ok
[INFO] [stdout] 
[INFO] [stdout] failures:
[INFO] [stdout] 
[INFO] [stdout] ---- src/lib.rs - (line 17) stdout ----
[INFO] [stdout] Test executable failed (exit status: 101).
[INFO] [stdout] 
[INFO] [stdout] stderr:
[INFO] [stdout] thread 'main' panicked at 'called `Result::unwrap()` on an `Err` value: Os { code: 30, kind: ReadOnlyFilesystem, message: "Read-only file system" }', src/lib.rs:11:41
[INFO] [stdout] stack backtrace:
[INFO] [stdout]    0:     0x55640b95c36a - std::backtrace_rs::backtrace::libunwind::trace::h2f05d0192276a8f6
[INFO] [stdout]                                at /rustc/1b7dd2252b99671ce5d1cb9664c5f8636329436d/library/std/src/../../backtrace/src/backtrace/libunwind.rs:93:5
[INFO] [stdout]    1:     0x55640b95c36a - std::backtrace_rs::backtrace::trace_unsynchronized::hedc23dff7a1af150
[INFO] [stdout]                                at /rustc/1b7dd2252b99671ce5d1cb9664c5f8636329436d/library/std/src/../../backtrace/src/backtrace/mod.rs:66:5
[INFO] [stdout]    2:     0x55640b95c36a - std::sys_common::backtrace::_print_fmt::h17541ef7592f3ce2
[INFO] [stdout]                                at /rustc/1b7dd2252b99671ce5d1cb9664c5f8636329436d/library/std/src/sys_common/backtrace.rs:65:5
[INFO] [stdout]    3:     0x55640b95c36a - <std::sys_common::backtrace::_print::DisplayBacktrace as core::fmt::Display>::fmt::h20f75df5ab0c0792
[INFO] [stdout]                                at /rustc/1b7dd2252b99671ce5d1cb9664c5f8636329436d/library/std/src/sys_common/backtrace.rs:44:22
[INFO] [stdout]    4:     0x55640b97778f - core::fmt::write::h78109e6f466b3af6
[INFO] [stdout]                                at /rustc/1b7dd2252b99671ce5d1cb9664c5f8636329436d/library/core/src/fmt/mod.rs:1254:17
[INFO] [stdout]    5:     0x55640b95a155 - std::io::Write::write_fmt::hc59e1b02dd273c8a
[INFO] [stdout]                                at /rustc/1b7dd2252b99671ce5d1cb9664c5f8636329436d/library/std/src/io/mod.rs:1698:15
[INFO] [stdout]    6:     0x55640b95c135 - std::sys_common::backtrace::_print::h8dac57a9f8fbf9a5
[INFO] [stdout]                                at /rustc/1b7dd2252b99671ce5d1cb9664c5f8636329436d/library/std/src/sys_common/backtrace.rs:47:5
[INFO] [stdout]    7:     0x55640b95c135 - std::sys_common::backtrace::print::hf9ecbf41d1aa712f
[INFO] [stdout]                                at /rustc/1b7dd2252b99671ce5d1cb9664c5f8636329436d/library/std/src/sys_common/backtrace.rs:34:9
[INFO] [stdout]    8:     0x55640b95d6be - std::panicking::default_hook::{{closure}}::h04c07acfc84ca028
[INFO] [stdout]                                at /rustc/1b7dd2252b99671ce5d1cb9664c5f8636329436d/library/std/src/panicking.rs:269:22
[INFO] [stdout]    9:     0x55640b95d465 - std::panicking::default_hook::h01f6bb23e1eceb2c
[INFO] [stdout]                                at /rustc/1b7dd2252b99671ce5d1cb9664c5f8636329436d/library/std/src/panicking.rs:288:9
[INFO] [stdout]   10:     0x55640b95dc1e - std::panicking::rust_panic_with_hook::h2bb3722bbaf2f6df
[INFO] [stdout]                                at /rustc/1b7dd2252b99671ce5d1cb9664c5f8636329436d/library/std/src/panicking.rs:691:13
[INFO] [stdout]   11:     0x55640b95db19 - std::panicking::begin_panic_handler::{{closure}}::h91bc7f36a4be011b
[INFO] [stdout]                                at /rustc/1b7dd2252b99671ce5d1cb9664c5f8636329436d/library/std/src/panicking.rs:582:13
[INFO] [stdout]   12:     0x55640b95c7d6 - std::sys_common::backtrace::__rust_end_short_backtrace::h8b3d3717114f9e59
[INFO] [stdout]                                at /rustc/1b7dd2252b99671ce5d1cb9664c5f8636329436d/library/std/src/sys_common/backtrace.rs:150:18
[INFO] [stdout]   13:     0x55640b95d872 - rust_begin_unwind
[INFO] [stdout]                                at /rustc/1b7dd2252b99671ce5d1cb9664c5f8636329436d/library/std/src/panicking.rs:578:5
[INFO] [stdout]   14:     0x55640b73b453 - core::panicking::panic_fmt::hfd368e3fbdabea26
[INFO] [stdout]                                at /rustc/1b7dd2252b99671ce5d1cb9664c5f8636329436d/library/core/src/panicking.rs:67:14
[INFO] [stdout]   15:     0x55640b73b993 - core::result::unwrap_failed::he54eb4b2f125b26f
[INFO] [stdout]                                at /rustc/1b7dd2252b99671ce5d1cb9664c5f8636329436d/library/core/src/result.rs:1687:5
[INFO] [stdout]   16:     0x55640b73e054 - core::result::Result<T,E>::unwrap::h6d9dc11a66de1ed0
[INFO] [stdout]   17:     0x55640b74a840 - rust_out::main::_doctest_main_src_lib_rs_17_0::h79b4e3db21030a2e
[INFO] [stdout]   18:     0x55640b74a7a6 - rust_out::main::h2731449a68dfa004
[INFO] [stdout]   19:     0x55640b73d7c3 - core::ops::function::FnOnce::call_once::hd1715aa1b26fc35c
[INFO] [stdout]   20:     0x55640b73d136 - std::sys_common::backtrace::__rust_begin_short_backtrace::h8d2b4d09ce515535
[INFO] [stdout]   21:     0x55640b73d519 - std::rt::lang_start::{{closure}}::hc9a918c63b0dc835
[INFO] [stdout]   22:     0x55640b95833e - core::ops::function::impls::<impl core::ops::function::FnOnce<A> for &F>::call_once::h2eb19b8ce4148df4
[INFO] [stdout]                                at /rustc/1b7dd2252b99671ce5d1cb9664c5f8636329436d/library/core/src/ops/function.rs:287:13
[INFO] [stdout]   23:     0x55640b95833e - std::panicking::try::do_call::h2e900feff5d504c5
[INFO] [stdout]                                at /rustc/1b7dd2252b99671ce5d1cb9664c5f8636329436d/library/std/src/panicking.rs:485:40
[INFO] [stdout]   24:     0x55640b95833e - std::panicking::try::h8854836cb85aa9f2
[INFO] [stdout]                                at /rustc/1b7dd2252b99671ce5d1cb9664c5f8636329436d/library/std/src/panicking.rs:449:19
[INFO] [stdout]   25:     0x55640b95833e - std::panic::catch_unwind::h706025dd4c48f64b
[INFO] [stdout]                                at /rustc/1b7dd2252b99671ce5d1cb9664c5f8636329436d/library/std/src/panic.rs:140:14
[INFO] [stdout]   26:     0x55640b95833e - std::rt::lang_start_internal::{{closure}}::h7be5b97f4a07a91a
[INFO] [stdout]                                at /rustc/1b7dd2252b99671ce5d1cb9664c5f8636329436d/library/std/src/rt.rs:148:48
[INFO] [stdout]   27:     0x55640b95833e - std::panicking::try::do_call::h59847e9d0a176965
[INFO] [stdout]                                at /rustc/1b7dd2252b99671ce5d1cb9664c5f8636329436d/library/std/src/panicking.rs:485:40
[INFO] [stdout]   28:     0x55640b95833e - std::panicking::try::h399a918ba8522823
[INFO] [stdout]                                at /rustc/1b7dd2252b99671ce5d1cb9664c5f8636329436d/library/std/src/panicking.rs:449:19
[INFO] [stdout]   29:     0x55640b95833e - std::panic::catch_unwind::hca7ca6c55b2a2e26
[INFO] [stdout]                                at /rustc/1b7dd2252b99671ce5d1cb9664c5f8636329436d/library/std/src/panic.rs:140:14
[INFO] [stdout]   30:     0x55640b95833e - std::rt::lang_start_internal::h2c807a81560459eb
[INFO] [stdout]                                at /rustc/1b7dd2252b99671ce5d1cb9664c5f8636329436d/library/std/src/rt.rs:148:20
[INFO] [stdout]   31:     0x55640b73d4f7 - std::rt::lang_start::hc4bd3329ce767e23
[INFO] [stdout]   32:     0x55640b74a975 - main
[INFO] [stdout]   33:     0x7fba860ded90 - <unknown>
[INFO] [stdout]   34:     0x7fba860dee40 - __libc_start_main
[INFO] [stdout]   35:     0x55640b73bb75 - _start
[INFO] [stdout]   36:                0x0 - <unknown>
[INFO] [stdout] 
[INFO] [stdout] 
[INFO] [stdout] 
[INFO] [stdout] failures:
[INFO] [stdout]     src/lib.rs - (line 17)
[INFO] [stdout] 
[INFO] [stdout] test result: FAILED. 4 passed; 1 failed; 0 ignored; 0 measured; 0 filtered out; finished in 2.15s
[INFO] [stdout] 
[INFO] [stderr] error: doctest failed, to rerun pass `--doc`
[INFO] running `Command { std: "docker" "inspect" "6809efe3335b02b77e297817a42f7dc2a77da47d96ac55e247d60d6fadaec801", kill_on_drop: false }`
[INFO] running `Command { std: "docker" "rm" "-f" "6809efe3335b02b77e297817a42f7dc2a77da47d96ac55e247d60d6fadaec801", kill_on_drop: false }`
[INFO] [stdout] 6809efe3335b02b77e297817a42f7dc2a77da47d96ac55e247d60d6fadaec801
