[INFO] fetching crate egui-macroquad 0.15.0...
[INFO] testing egui-macroquad-0.15.0 against 1.69.0 for beta-1.70-1
[INFO] extracting crate egui-macroquad 0.15.0 into /workspace/builds/worker-3-tc1/source
[INFO] validating manifest of crates.io crate egui-macroquad 0.15.0 on toolchain 1.69.0
[INFO] running `Command { std: CARGO_HOME="/workspace/cargo-home" RUSTUP_HOME="/workspace/rustup-home" "/workspace/cargo-home/bin/cargo" "+1.69.0" "metadata" "--manifest-path" "Cargo.toml" "--no-deps", kill_on_drop: false }`
[INFO] started tweaking crates.io crate egui-macroquad 0.15.0
[INFO] finished tweaking crates.io crate egui-macroquad 0.15.0
[INFO] tweaked toml for crates.io crate egui-macroquad 0.15.0 written to /workspace/builds/worker-3-tc1/source/Cargo.toml
[INFO] crate crates.io crate egui-macroquad 0.15.0 already has a lockfile, it will not be regenerated
[INFO] running `Command { std: CARGO_HOME="/workspace/cargo-home" RUSTUP_HOME="/workspace/rustup-home" "/workspace/cargo-home/bin/cargo" "+1.69.0" "fetch" "--manifest-path" "Cargo.toml", kill_on_drop: false }`
[INFO] [stderr]     Blocking waiting for file lock on package cache
[INFO] [stderr]  Downloading crates ...
[INFO] [stderr]   Downloaded dasp_frame v0.11.0
[INFO] [stderr]   Downloaded quad-alsa-sys v0.3.2
[INFO] [stderr]   Downloaded ogg v0.7.1
[INFO] [stderr]   Downloaded audrey v0.3.0
[INFO] [stderr]   Downloaded lewton v0.9.4
[INFO] [stderr]   Downloaded macroquad_macro v0.1.7
[INFO] [stderr]   Downloaded audir-sles v0.1.0
[INFO] [stderr]   Downloaded enum-map-derive v0.10.0
[INFO] [stderr]   Downloaded enum-map v2.4.1
[INFO] [stderr]   Downloaded fontdue v0.7.2
[INFO] [stderr]   Downloaded xcb v1.1.1
[INFO] [stderr]   Downloaded atomic_refcell v0.1.8
[INFO] [stderr]   Downloaded lazy-bytes-cast v5.0.1
[INFO] [stderr]   Downloaded webbrowser v0.5.5
[INFO] [stderr]   Downloaded clipboard-win v3.1.1
[INFO] [stderr]   Downloaded egui-miniquad v0.14.0
[INFO] [stderr]   Downloaded quad-url v0.1.1
[INFO] [stderr]   Downloaded miniquad v0.3.14
[INFO] [stderr]   Downloaded x11-clipboard v0.6.1
[INFO] [stderr]   Downloaded copypasta v0.8.1
[INFO] [stderr]   Downloaded quad-snd v0.2.3
[INFO] [stderr]   Downloaded macroquad v0.3.25
[INFO] [stderr]   Downloaded egui_extras v0.21.0
[INFO] [stderr]   Downloaded sapp-jsutils v0.1.5
[INFO] [stderr]   Downloaded egui_demo_lib v0.21.0
[INFO] [stderr]   Downloaded unicode_names2 v0.6.0
[INFO] running `Command { std: "docker" "create" "-v" "/var/lib/crater-agent-workspace/builds/worker-3-tc1/target:/opt/rustwide/target:rw,Z" "-v" "/var/lib/crater-agent-workspace/builds/worker-3-tc1/source:/opt/rustwide/workdir:ro,Z" "-v" "/var/lib/crater-agent-workspace/cargo-home:/opt/rustwide/cargo-home:ro,Z" "-v" "/var/lib/crater-agent-workspace/rustup-home:/opt/rustwide/rustup-home:ro,Z" "-e" "SOURCE_DIR=/opt/rustwide/workdir" "-e" "CARGO_TARGET_DIR=/opt/rustwide/target" "-e" "CARGO_HOME=/opt/rustwide/cargo-home" "-e" "RUSTUP_HOME=/opt/rustwide/rustup-home" "-w" "/opt/rustwide/workdir" "-m" "1610612736" "--user" "0:0" "--network" "none" "ghcr.io/rust-lang/crates-build-env/linux@sha256:5ff2268d62e97bff2cde7d5815dd6ed5b47097566f13b8d0ca110b04b60e07ed" "/opt/rustwide/cargo-home/bin/cargo" "+1.69.0" "metadata" "--no-deps" "--format-version=1", kill_on_drop: false }`
[INFO] [stdout] adce0274ab4791e7c553893ccf3a164908c5286625389e2cd728b71bf2696d3b
[INFO] running `Command { std: "docker" "start" "-a" "adce0274ab4791e7c553893ccf3a164908c5286625389e2cd728b71bf2696d3b", kill_on_drop: false }`
[INFO] running `Command { std: "docker" "inspect" "adce0274ab4791e7c553893ccf3a164908c5286625389e2cd728b71bf2696d3b", kill_on_drop: false }`
[INFO] running `Command { std: "docker" "rm" "-f" "adce0274ab4791e7c553893ccf3a164908c5286625389e2cd728b71bf2696d3b", kill_on_drop: false }`
[INFO] [stdout] adce0274ab4791e7c553893ccf3a164908c5286625389e2cd728b71bf2696d3b
[INFO] running `Command { std: "docker" "create" "-v" "/var/lib/crater-agent-workspace/builds/worker-3-tc1/target:/opt/rustwide/target:rw,Z" "-v" "/var/lib/crater-agent-workspace/builds/worker-3-tc1/source:/opt/rustwide/workdir:ro,Z" "-v" "/var/lib/crater-agent-workspace/cargo-home:/opt/rustwide/cargo-home:ro,Z" "-v" "/var/lib/crater-agent-workspace/rustup-home:/opt/rustwide/rustup-home:ro,Z" "-e" "SOURCE_DIR=/opt/rustwide/workdir" "-e" "CARGO_TARGET_DIR=/opt/rustwide/target" "-e" "CARGO_INCREMENTAL=0" "-e" "RUST_BACKTRACE=full" "-e" "RUSTFLAGS=--cap-lints=warn" "-e" "RUSTDOCFLAGS=--cap-lints=warn" "-e" "CARGO_HOME=/opt/rustwide/cargo-home" "-e" "RUSTUP_HOME=/opt/rustwide/rustup-home" "-w" "/opt/rustwide/workdir" "-m" "1610612736" "--user" "0:0" "--network" "none" "ghcr.io/rust-lang/crates-build-env/linux@sha256:5ff2268d62e97bff2cde7d5815dd6ed5b47097566f13b8d0ca110b04b60e07ed" "/opt/rustwide/cargo-home/bin/cargo" "+1.69.0" "build" "--frozen" "--message-format=json", kill_on_drop: false }`
[INFO] [stdout] db7579893da25981559936267b4a6ba89247c97fce4aabaf34759d0edf4564fd
[INFO] running `Command { std: "docker" "start" "-a" "db7579893da25981559936267b4a6ba89247c97fce4aabaf34759d0edf4564fd", kill_on_drop: false }`
[INFO] [stderr]    Compiling libc v0.2.132
[INFO] [stderr]    Compiling proc-macro2 v1.0.43
[INFO] [stderr]    Compiling version_check v0.9.4
[INFO] [stderr]    Compiling unicode-ident v1.0.3
[INFO] [stderr]    Compiling quote v1.0.21
[INFO] [stderr]    Compiling syn v1.0.99
[INFO] [stderr]    Compiling once_cell v1.13.1
[INFO] [stderr]    Compiling maybe-uninit v2.0.0
[INFO] [stderr]    Compiling ttf-parser v0.15.2
[INFO] [stderr]    Compiling lock_api v0.4.7
[INFO] [stderr]    Compiling byteorder v1.4.3
[INFO] [stderr]    Compiling crc32fast v1.3.2
[INFO] [stderr]    Compiling parking_lot_core v0.9.3
[INFO] [stderr]    Compiling num-integer v0.1.45
[INFO] [stderr]    Compiling quad-alsa-sys v0.3.2
[INFO] [stderr]    Compiling smallvec v1.9.0
[INFO] [stderr]    Compiling adler v1.0.2
[INFO] [stderr]    Compiling scopeguard v1.1.0
[INFO] [stderr]    Compiling miniz_oxide v0.5.4
[INFO] [stderr]    Compiling ogg v0.7.1
[INFO] [stderr]    Compiling num-rational v0.4.1
[INFO] [stderr]    Compiling dasp_sample v0.11.0
[INFO] [stderr]    Compiling miniquad v0.3.14
[INFO] [stderr]    Compiling ab_glyph_rasterizer v0.1.5
[INFO] [stderr]    Compiling ahash v0.7.6
[INFO] [stderr]    Compiling ahash v0.8.3
[INFO] [stderr]    Compiling smallvec v0.6.14
[INFO] [stderr]    Compiling nohash-hasher v0.2.0
[INFO] [stderr]    Compiling quad-snd v0.2.3
[INFO] [stderr]    Compiling bitflags v1.3.2
[INFO] [stderr]    Compiling dasp_frame v0.11.0
[INFO] [stderr]    Compiling hound v3.4.0
[INFO] [stderr]    Compiling webbrowser v0.5.5
[INFO] [stderr]    Compiling color_quant v1.1.0
[INFO] [stderr]    Compiling glam v0.21.3
[INFO] [stderr]    Compiling bumpalo v3.11.0
[INFO] [stderr]    Compiling lewton v0.9.4
[INFO] [stderr]    Compiling macroquad_macro v0.1.7
[INFO] [stderr]    Compiling flate2 v1.0.24
[INFO] [stderr]    Compiling getrandom v0.2.7
[INFO] [stderr]    Compiling quad-url v0.1.1
[INFO] [stderr]    Compiling quad-rand v0.2.1
[INFO] [stderr]    Compiling parking_lot v0.12.1
[INFO] [stderr]    Compiling hashbrown v0.11.2
[INFO] [stderr]    Compiling png v0.17.6
[INFO] [stderr]    Compiling owned_ttf_parser v0.15.1
[INFO] [stderr]    Compiling ab_glyph v0.2.16
[INFO] [stderr]    Compiling fontdue v0.7.2
[INFO] [stderr]    Compiling audrey v0.3.0
[INFO] [stderr]    Compiling bytemuck_derive v1.2.1
[INFO] [stderr]    Compiling bytemuck v1.12.1
[INFO] [stderr]    Compiling ecolor v0.21.0
[INFO] [stderr]    Compiling emath v0.21.0
[INFO] [stderr]    Compiling image v0.24.4
[INFO] [stderr]    Compiling epaint v0.21.0
[INFO] [stderr]    Compiling egui v0.21.0
[INFO] [stderr]    Compiling macroquad v0.3.25
[INFO] [stderr]    Compiling egui-miniquad v0.14.0
[INFO] [stderr]    Compiling egui-macroquad v0.15.0 (/opt/rustwide/workdir)
[INFO] [stderr]     Finished dev [unoptimized + debuginfo] target(s) in 20.78s
[INFO] running `Command { std: "docker" "inspect" "db7579893da25981559936267b4a6ba89247c97fce4aabaf34759d0edf4564fd", kill_on_drop: false }`
[INFO] running `Command { std: "docker" "rm" "-f" "db7579893da25981559936267b4a6ba89247c97fce4aabaf34759d0edf4564fd", kill_on_drop: false }`
[INFO] [stdout] db7579893da25981559936267b4a6ba89247c97fce4aabaf34759d0edf4564fd
[INFO] running `Command { std: "docker" "create" "-v" "/var/lib/crater-agent-workspace/builds/worker-3-tc1/target:/opt/rustwide/target:rw,Z" "-v" "/var/lib/crater-agent-workspace/builds/worker-3-tc1/source:/opt/rustwide/workdir:ro,Z" "-v" "/var/lib/crater-agent-workspace/cargo-home:/opt/rustwide/cargo-home:ro,Z" "-v" "/var/lib/crater-agent-workspace/rustup-home:/opt/rustwide/rustup-home:ro,Z" "-e" "SOURCE_DIR=/opt/rustwide/workdir" "-e" "CARGO_TARGET_DIR=/opt/rustwide/target" "-e" "CARGO_INCREMENTAL=0" "-e" "RUST_BACKTRACE=full" "-e" "RUSTFLAGS=--cap-lints=warn" "-e" "RUSTDOCFLAGS=--cap-lints=warn" "-e" "CARGO_HOME=/opt/rustwide/cargo-home" "-e" "RUSTUP_HOME=/opt/rustwide/rustup-home" "-w" "/opt/rustwide/workdir" "-m" "1610612736" "--user" "0:0" "--network" "none" "ghcr.io/rust-lang/crates-build-env/linux@sha256:5ff2268d62e97bff2cde7d5815dd6ed5b47097566f13b8d0ca110b04b60e07ed" "/opt/rustwide/cargo-home/bin/cargo" "+1.69.0" "test" "--frozen" "--no-run" "--message-format=json", kill_on_drop: false }`
[INFO] [stdout] dc14f1723cf7962397b4d7e70243e0e8b07e1ec2140fa249623ef474f43e610b
[INFO] running `Command { std: "docker" "start" "-a" "dc14f1723cf7962397b4d7e70243e0e8b07e1ec2140fa249623ef474f43e610b", kill_on_drop: false }`
[INFO] [stderr]    Compiling once_cell v1.13.1
[INFO] [stderr]    Compiling serde_derive v1.0.143
[INFO] [stderr]    Compiling serde v1.0.143
[INFO] [stderr]    Compiling enum-map-derive v0.10.0
[INFO] [stderr]    Compiling pin-project-lite v0.2.9
[INFO] [stderr]    Compiling unicode_names2 v0.6.0
[INFO] [stderr]    Compiling ahash v0.8.3
[INFO] [stderr]    Compiling ahash v0.7.6
[INFO] [stderr]    Compiling tracing-core v0.1.29
[INFO] [stderr]    Compiling hashbrown v0.11.2
[INFO] [stderr]    Compiling epaint v0.21.0
[INFO] [stderr]    Compiling tracing v0.1.36
[INFO] [stderr]    Compiling fontdue v0.7.2
[INFO] [stderr]    Compiling macroquad v0.3.25
[INFO] [stderr]    Compiling egui v0.21.0
[INFO] [stderr]    Compiling egui-miniquad v0.14.0
[INFO] [stderr]    Compiling egui-macroquad v0.15.0 (/opt/rustwide/workdir)
[INFO] [stderr]    Compiling egui_extras v0.21.0
[INFO] [stderr]    Compiling enum-map v2.4.1
[INFO] [stderr]    Compiling egui_demo_lib v0.21.0
[INFO] [stderr]     Finished test [unoptimized + debuginfo] target(s) in 14.92s
[INFO] running `Command { std: "docker" "inspect" "dc14f1723cf7962397b4d7e70243e0e8b07e1ec2140fa249623ef474f43e610b", kill_on_drop: false }`
[INFO] running `Command { std: "docker" "rm" "-f" "dc14f1723cf7962397b4d7e70243e0e8b07e1ec2140fa249623ef474f43e610b", kill_on_drop: false }`
[INFO] [stdout] dc14f1723cf7962397b4d7e70243e0e8b07e1ec2140fa249623ef474f43e610b
[INFO] running `Command { std: "docker" "create" "-v" "/var/lib/crater-agent-workspace/builds/worker-3-tc1/target:/opt/rustwide/target:rw,Z" "-v" "/var/lib/crater-agent-workspace/builds/worker-3-tc1/source:/opt/rustwide/workdir:ro,Z" "-v" "/var/lib/crater-agent-workspace/cargo-home:/opt/rustwide/cargo-home:ro,Z" "-v" "/var/lib/crater-agent-workspace/rustup-home:/opt/rustwide/rustup-home:ro,Z" "-e" "SOURCE_DIR=/opt/rustwide/workdir" "-e" "CARGO_TARGET_DIR=/opt/rustwide/target" "-e" "CARGO_INCREMENTAL=0" "-e" "RUST_BACKTRACE=full" "-e" "RUSTFLAGS=--cap-lints=warn" "-e" "RUSTDOCFLAGS=--cap-lints=warn" "-e" "CARGO_HOME=/opt/rustwide/cargo-home" "-e" "RUSTUP_HOME=/opt/rustwide/rustup-home" "-w" "/opt/rustwide/workdir" "-m" "1610612736" "--user" "0:0" "--network" "none" "ghcr.io/rust-lang/crates-build-env/linux@sha256:5ff2268d62e97bff2cde7d5815dd6ed5b47097566f13b8d0ca110b04b60e07ed" "/opt/rustwide/cargo-home/bin/cargo" "+1.69.0" "test" "--frozen", kill_on_drop: false }`
[INFO] [stdout] ada9ba20811019328991e3be08655a929e3b6d1b9748d01399d66151570463a9
[INFO] running `Command { std: "docker" "start" "-a" "ada9ba20811019328991e3be08655a929e3b6d1b9748d01399d66151570463a9", kill_on_drop: false }`
[INFO] [stderr]     Finished test [unoptimized + debuginfo] target(s) in 0.09s
[INFO] [stderr]      Running unittests src/lib.rs (/opt/rustwide/target/debug/deps/egui_macroquad-be697229bb48c5e6)
[INFO] [stdout] 
[INFO] [stdout] running 0 tests
[INFO] [stdout] 
[INFO] [stdout] test result: ok. 0 passed; 0 failed; 0 ignored; 0 measured; 0 filtered out; finished in 0.00s
[INFO] [stdout] 
[INFO] [stderr]    Doc-tests egui-macroquad
[INFO] [stdout] 
[INFO] [stdout] running 1 test
[INFO] [stdout] test src/lib.rs - (line 12) ... FAILED
[INFO] [stdout] 
[INFO] [stdout] failures:
[INFO] [stdout] 
[INFO] [stdout] ---- src/lib.rs - (line 12) stdout ----
[INFO] [stdout] Test executable failed (exit status: 101).
[INFO] [stdout] 
[INFO] [stdout] stderr:
[INFO] [stdout] thread 'main' panicked at 'XOpenDisplay() failed!', /opt/rustwide/cargo-home/registry/src/github.com-1ecc6299db9ec823/miniquad-0.3.14/src/native/linux_x11.rs:858:13
[INFO] [stdout] stack backtrace:
[INFO] [stdout]    0:     0x55e9ba17034a - std::backtrace_rs::backtrace::libunwind::trace::ha9053a9a07ca49cb
[INFO] [stdout]                                at /rustc/84c898d65adf2f39a5a98507f1fe0ce10a2b8dbc/library/std/src/../../backtrace/src/backtrace/libunwind.rs:93:5
[INFO] [stdout]    1:     0x55e9ba17034a - std::backtrace_rs::backtrace::trace_unsynchronized::h9c2852a457ad564e
[INFO] [stdout]                                at /rustc/84c898d65adf2f39a5a98507f1fe0ce10a2b8dbc/library/std/src/../../backtrace/src/backtrace/mod.rs:66:5
[INFO] [stdout]    2:     0x55e9ba17034a - std::sys_common::backtrace::_print_fmt::h457936fbfaa0070f
[INFO] [stdout]                                at /rustc/84c898d65adf2f39a5a98507f1fe0ce10a2b8dbc/library/std/src/sys_common/backtrace.rs:65:5
[INFO] [stdout]    3:     0x55e9ba17034a - <std::sys_common::backtrace::_print::DisplayBacktrace as core::fmt::Display>::fmt::h5779d7bf7f70cb0c
[INFO] [stdout]                                at /rustc/84c898d65adf2f39a5a98507f1fe0ce10a2b8dbc/library/std/src/sys_common/backtrace.rs:44:22
[INFO] [stdout]    4:     0x55e9ba191d3e - core::fmt::write::h5a4baaff1bcd3eb5
[INFO] [stdout]                                at /rustc/84c898d65adf2f39a5a98507f1fe0ce10a2b8dbc/library/core/src/fmt/mod.rs:1232:17
[INFO] [stdout]    5:     0x55e9ba16dfc5 - std::io::Write::write_fmt::h4bc1f301cb9e9cce
[INFO] [stdout]                                at /rustc/84c898d65adf2f39a5a98507f1fe0ce10a2b8dbc/library/std/src/io/mod.rs:1684:15
[INFO] [stdout]    6:     0x55e9ba170115 - std::sys_common::backtrace::_print::h5fcdc36060f177e8
[INFO] [stdout]                                at /rustc/84c898d65adf2f39a5a98507f1fe0ce10a2b8dbc/library/std/src/sys_common/backtrace.rs:47:5
[INFO] [stdout]    7:     0x55e9ba170115 - std::sys_common::backtrace::print::h54ca9458b876c8bf
[INFO] [stdout]                                at /rustc/84c898d65adf2f39a5a98507f1fe0ce10a2b8dbc/library/std/src/sys_common/backtrace.rs:34:9
[INFO] [stdout]    8:     0x55e9ba1718cf - std::panicking::default_hook::{{closure}}::hbe471161c7664ed6
[INFO] [stdout]                                at /rustc/84c898d65adf2f39a5a98507f1fe0ce10a2b8dbc/library/std/src/panicking.rs:271:22
[INFO] [stdout]    9:     0x55e9ba17160b - std::panicking::default_hook::ha3500da57aa4ac4f
[INFO] [stdout]                                at /rustc/84c898d65adf2f39a5a98507f1fe0ce10a2b8dbc/library/std/src/panicking.rs:290:9
[INFO] [stdout]   10:     0x55e9ba171e78 - std::panicking::rust_panic_with_hook::h50c09d000dc561d2
[INFO] [stdout]                                at /rustc/84c898d65adf2f39a5a98507f1fe0ce10a2b8dbc/library/std/src/panicking.rs:692:13
[INFO] [stdout]   11:     0x55e9ba130a0a - std::panicking::begin_panic::{{closure}}::h459ec11d7c5b5c11
[INFO] [stdout]                                at /rustc/84c898d65adf2f39a5a98507f1fe0ce10a2b8dbc/library/std/src/panicking.rs:612:9
[INFO] [stdout]   12:     0x55e9ba1305ea - std::sys_common::backtrace::__rust_end_short_backtrace::h2cfbe2e4cfb27439
[INFO] [stdout]                                at /rustc/84c898d65adf2f39a5a98507f1fe0ce10a2b8dbc/library/std/src/sys_common/backtrace.rs:150:18
[INFO] [stdout]   13:     0x55e9ba130950 - std::panicking::begin_panic::h23066c18fc4f27f0
[INFO] [stdout]                                at /rustc/84c898d65adf2f39a5a98507f1fe0ce10a2b8dbc/library/std/src/panicking.rs:611:12
[INFO] [stdout]   14:     0x55e9b9e58166 - miniquad::native::linux_x11::run::h23579cc890401834
[INFO] [stdout]   15:     0x55e9b9e4a197 - miniquad::start::h504724c29e3881ae
[INFO] [stdout]   16:     0x55e9b9e58e0c - macroquad::Window::from_config::h9956bf6d9d2a107c
[INFO] [stdout]   17:     0x55e9b9e59195 - macroquad::Window::new::ha94b4c00463440de
[INFO] [stdout]   18:     0x55e9b9e59229 - rust_out::main::h045d0fd74ed7290e
[INFO] [stdout]   19:     0x55e9b9e44cc3 - core::ops::function::FnOnce::call_once::h5b89dea722ea21ad
[INFO] [stdout]   20:     0x55e9b9e425e9 - std::sys_common::backtrace::__rust_begin_short_backtrace::hc178e4cfacf1803d
[INFO] [stdout]   21:     0x55e9b9e426b9 - std::rt::lang_start::{{closure}}::he8c5d60628d06093
[INFO] [stdout]   22:     0x55e9ba16ac5c - core::ops::function::impls::<impl core::ops::function::FnOnce<A> for &F>::call_once::hd6efcd3bec896f2c
[INFO] [stdout]                                at /rustc/84c898d65adf2f39a5a98507f1fe0ce10a2b8dbc/library/core/src/ops/function.rs:287:13
[INFO] [stdout]   23:     0x55e9ba16ac5c - std::panicking::try::do_call::hce04e543bb1f4cbb
[INFO] [stdout]                                at /rustc/84c898d65adf2f39a5a98507f1fe0ce10a2b8dbc/library/std/src/panicking.rs:487:40
[INFO] [stdout]   24:     0x55e9ba16ac5c - std::panicking::try::h3342dd4e1f680968
[INFO] [stdout]                                at /rustc/84c898d65adf2f39a5a98507f1fe0ce10a2b8dbc/library/std/src/panicking.rs:451:19
[INFO] [stdout]   25:     0x55e9ba16ac5c - std::panic::catch_unwind::h148ce1e59ac0cee7
[INFO] [stdout]                                at /rustc/84c898d65adf2f39a5a98507f1fe0ce10a2b8dbc/library/std/src/panic.rs:140:14
[INFO] [stdout]   26:     0x55e9ba16ac5c - std::rt::lang_start_internal::{{closure}}::h25f9dda2057a67fe
[INFO] [stdout]                                at /rustc/84c898d65adf2f39a5a98507f1fe0ce10a2b8dbc/library/std/src/rt.rs:148:48
[INFO] [stdout]   27:     0x55e9ba16ac5c - std::panicking::try::do_call::h7caaaeaf9401650b
[INFO] [stdout]                                at /rustc/84c898d65adf2f39a5a98507f1fe0ce10a2b8dbc/library/std/src/panicking.rs:487:40
[INFO] [stdout]   28:     0x55e9ba16ac5c - std::panicking::try::he7d15285746cbbc2
[INFO] [stdout]                                at /rustc/84c898d65adf2f39a5a98507f1fe0ce10a2b8dbc/library/std/src/panicking.rs:451:19
[INFO] [stdout]   29:     0x55e9ba16ac5c - std::panic::catch_unwind::h89fb4f50c0301fe0
[INFO] [stdout]                                at /rustc/84c898d65adf2f39a5a98507f1fe0ce10a2b8dbc/library/std/src/panic.rs:140:14
[INFO] [stdout]   30:     0x55e9ba16ac5c - std::rt::lang_start_internal::h078acd489417d3c1
[INFO] [stdout]                                at /rustc/84c898d65adf2f39a5a98507f1fe0ce10a2b8dbc/library/std/src/rt.rs:148:20
[INFO] [stdout]   31:     0x55e9b9e42697 - std::rt::lang_start::h335d6166ecad8ac7
[INFO] [stdout]   32:     0x55e9b9e59465 - main
[INFO] [stdout]   33:     0x7eff549cdd90 - <unknown>
[INFO] [stdout]   34:     0x7eff549cde40 - __libc_start_main
[INFO] [stdout]   35:     0x55e9b9e41ba5 - _start
[INFO] [stdout]   36:                0x0 - <unknown>
[INFO] [stdout] 
[INFO] [stdout] 
[INFO] [stdout] 
[INFO] [stdout] failures:
[INFO] [stdout]     src/lib.rs - (line 12)
[INFO] [stdout] 
[INFO] [stdout] test result: FAILED. 0 passed; 1 failed; 0 ignored; 0 measured; 0 filtered out; finished in 1.71s
[INFO] [stdout] 
[INFO] [stderr] error: doctest failed, to rerun pass `--doc`
[INFO] running `Command { std: "docker" "inspect" "ada9ba20811019328991e3be08655a929e3b6d1b9748d01399d66151570463a9", kill_on_drop: false }`
[INFO] running `Command { std: "docker" "rm" "-f" "ada9ba20811019328991e3be08655a929e3b6d1b9748d01399d66151570463a9", kill_on_drop: false }`
[INFO] [stdout] ada9ba20811019328991e3be08655a929e3b6d1b9748d01399d66151570463a9
