[INFO] fetching crate effing-macros 0.1.0...
[INFO] testing effing-macros-0.1.0 against 1.69.0 for beta-1.70-1
[INFO] extracting crate effing-macros 0.1.0 into /workspace/builds/worker-7-tc1/source
[INFO] validating manifest of crates.io crate effing-macros 0.1.0 on toolchain 1.69.0
[INFO] running `Command { std: CARGO_HOME="/workspace/cargo-home" RUSTUP_HOME="/workspace/rustup-home" "/workspace/cargo-home/bin/cargo" "+1.69.0" "metadata" "--manifest-path" "Cargo.toml" "--no-deps", kill_on_drop: false }`
[INFO] started tweaking crates.io crate effing-macros 0.1.0
[INFO] finished tweaking crates.io crate effing-macros 0.1.0
[INFO] tweaked toml for crates.io crate effing-macros 0.1.0 written to /workspace/builds/worker-7-tc1/source/Cargo.toml
[INFO] running `Command { std: CARGO_HOME="/workspace/cargo-home" RUSTUP_HOME="/workspace/rustup-home" __CARGO_TEST_CHANNEL_OVERRIDE_DO_NOT_USE_THIS="nightly" "/workspace/cargo-home/bin/cargo" "+1.69.0" "generate-lockfile" "--manifest-path" "Cargo.toml" "-Zno-index-update", kill_on_drop: false }`
[INFO] running `Command { std: CARGO_HOME="/workspace/cargo-home" RUSTUP_HOME="/workspace/rustup-home" "/workspace/cargo-home/bin/cargo" "+1.69.0" "fetch" "--manifest-path" "Cargo.toml", kill_on_drop: false }`
[INFO] running `Command { std: "docker" "create" "-v" "/var/lib/crater-agent-workspace/builds/worker-7-tc1/target:/opt/rustwide/target:rw,Z" "-v" "/var/lib/crater-agent-workspace/builds/worker-7-tc1/source:/opt/rustwide/workdir:ro,Z" "-v" "/var/lib/crater-agent-workspace/cargo-home:/opt/rustwide/cargo-home:ro,Z" "-v" "/var/lib/crater-agent-workspace/rustup-home:/opt/rustwide/rustup-home:ro,Z" "-e" "SOURCE_DIR=/opt/rustwide/workdir" "-e" "CARGO_TARGET_DIR=/opt/rustwide/target" "-e" "CARGO_HOME=/opt/rustwide/cargo-home" "-e" "RUSTUP_HOME=/opt/rustwide/rustup-home" "-w" "/opt/rustwide/workdir" "-m" "1610612736" "--user" "0:0" "--network" "none" "ghcr.io/rust-lang/crates-build-env/linux@sha256:5ff2268d62e97bff2cde7d5815dd6ed5b47097566f13b8d0ca110b04b60e07ed" "/opt/rustwide/cargo-home/bin/cargo" "+1.69.0" "metadata" "--no-deps" "--format-version=1", kill_on_drop: false }`
[INFO] [stdout] 7cdd6553d375a6c27df249cd57403398ea3c5932f5f3dce06825b5a63e59bc63
[INFO] running `Command { std: "docker" "start" "-a" "7cdd6553d375a6c27df249cd57403398ea3c5932f5f3dce06825b5a63e59bc63", kill_on_drop: false }`
[INFO] running `Command { std: "docker" "inspect" "7cdd6553d375a6c27df249cd57403398ea3c5932f5f3dce06825b5a63e59bc63", kill_on_drop: false }`
[INFO] running `Command { std: "docker" "rm" "-f" "7cdd6553d375a6c27df249cd57403398ea3c5932f5f3dce06825b5a63e59bc63", kill_on_drop: false }`
[INFO] [stdout] 7cdd6553d375a6c27df249cd57403398ea3c5932f5f3dce06825b5a63e59bc63
[INFO] running `Command { std: "docker" "create" "-v" "/var/lib/crater-agent-workspace/builds/worker-7-tc1/target:/opt/rustwide/target:rw,Z" "-v" "/var/lib/crater-agent-workspace/builds/worker-7-tc1/source:/opt/rustwide/workdir:ro,Z" "-v" "/var/lib/crater-agent-workspace/cargo-home:/opt/rustwide/cargo-home:ro,Z" "-v" "/var/lib/crater-agent-workspace/rustup-home:/opt/rustwide/rustup-home:ro,Z" "-e" "SOURCE_DIR=/opt/rustwide/workdir" "-e" "CARGO_TARGET_DIR=/opt/rustwide/target" "-e" "CARGO_INCREMENTAL=0" "-e" "RUST_BACKTRACE=full" "-e" "RUSTFLAGS=--cap-lints=warn" "-e" "RUSTDOCFLAGS=--cap-lints=warn" "-e" "CARGO_HOME=/opt/rustwide/cargo-home" "-e" "RUSTUP_HOME=/opt/rustwide/rustup-home" "-w" "/opt/rustwide/workdir" "-m" "1610612736" "--user" "0:0" "--network" "none" "ghcr.io/rust-lang/crates-build-env/linux@sha256:5ff2268d62e97bff2cde7d5815dd6ed5b47097566f13b8d0ca110b04b60e07ed" "/opt/rustwide/cargo-home/bin/cargo" "+1.69.0" "build" "--frozen" "--message-format=json", kill_on_drop: false }`
[INFO] [stdout] 073c0c489d41c522de8c1f31ad25b26c0704662c9e61a814e8a8bc78bcdf1a0d
[INFO] running `Command { std: "docker" "start" "-a" "073c0c489d41c522de8c1f31ad25b26c0704662c9e61a814e8a8bc78bcdf1a0d", kill_on_drop: false }`
[INFO] [stderr]    Compiling syn v1.0.109
[INFO] [stderr]    Compiling effing-macros v0.1.0 (/opt/rustwide/workdir)
[INFO] [stderr]     Finished dev [unoptimized + debuginfo] target(s) in 6.11s
[INFO] running `Command { std: "docker" "inspect" "073c0c489d41c522de8c1f31ad25b26c0704662c9e61a814e8a8bc78bcdf1a0d", kill_on_drop: false }`
[INFO] running `Command { std: "docker" "rm" "-f" "073c0c489d41c522de8c1f31ad25b26c0704662c9e61a814e8a8bc78bcdf1a0d", kill_on_drop: false }`
[INFO] [stdout] 073c0c489d41c522de8c1f31ad25b26c0704662c9e61a814e8a8bc78bcdf1a0d
[INFO] running `Command { std: "docker" "create" "-v" "/var/lib/crater-agent-workspace/builds/worker-7-tc1/target:/opt/rustwide/target:rw,Z" "-v" "/var/lib/crater-agent-workspace/builds/worker-7-tc1/source:/opt/rustwide/workdir:ro,Z" "-v" "/var/lib/crater-agent-workspace/cargo-home:/opt/rustwide/cargo-home:ro,Z" "-v" "/var/lib/crater-agent-workspace/rustup-home:/opt/rustwide/rustup-home:ro,Z" "-e" "SOURCE_DIR=/opt/rustwide/workdir" "-e" "CARGO_TARGET_DIR=/opt/rustwide/target" "-e" "CARGO_INCREMENTAL=0" "-e" "RUST_BACKTRACE=full" "-e" "RUSTFLAGS=--cap-lints=warn" "-e" "RUSTDOCFLAGS=--cap-lints=warn" "-e" "CARGO_HOME=/opt/rustwide/cargo-home" "-e" "RUSTUP_HOME=/opt/rustwide/rustup-home" "-w" "/opt/rustwide/workdir" "-m" "1610612736" "--user" "0:0" "--network" "none" "ghcr.io/rust-lang/crates-build-env/linux@sha256:5ff2268d62e97bff2cde7d5815dd6ed5b47097566f13b8d0ca110b04b60e07ed" "/opt/rustwide/cargo-home/bin/cargo" "+1.69.0" "test" "--frozen" "--no-run" "--message-format=json", kill_on_drop: false }`
[INFO] [stdout] 98ffc8db59b46574de8ab0f090af92422260eceb84080c2aadd8b5d66b91cbc9
[INFO] running `Command { std: "docker" "start" "-a" "98ffc8db59b46574de8ab0f090af92422260eceb84080c2aadd8b5d66b91cbc9", kill_on_drop: false }`
[INFO] [stderr]    Compiling effing-macros v0.1.0 (/opt/rustwide/workdir)
[INFO] [stderr]     Finished test [unoptimized + debuginfo] target(s) in 0.85s
[INFO] running `Command { std: "docker" "inspect" "98ffc8db59b46574de8ab0f090af92422260eceb84080c2aadd8b5d66b91cbc9", kill_on_drop: false }`
[INFO] running `Command { std: "docker" "rm" "-f" "98ffc8db59b46574de8ab0f090af92422260eceb84080c2aadd8b5d66b91cbc9", kill_on_drop: false }`
[INFO] [stdout] 98ffc8db59b46574de8ab0f090af92422260eceb84080c2aadd8b5d66b91cbc9
[INFO] running `Command { std: "docker" "create" "-v" "/var/lib/crater-agent-workspace/builds/worker-7-tc1/target:/opt/rustwide/target:rw,Z" "-v" "/var/lib/crater-agent-workspace/builds/worker-7-tc1/source:/opt/rustwide/workdir:ro,Z" "-v" "/var/lib/crater-agent-workspace/cargo-home:/opt/rustwide/cargo-home:ro,Z" "-v" "/var/lib/crater-agent-workspace/rustup-home:/opt/rustwide/rustup-home:ro,Z" "-e" "SOURCE_DIR=/opt/rustwide/workdir" "-e" "CARGO_TARGET_DIR=/opt/rustwide/target" "-e" "CARGO_INCREMENTAL=0" "-e" "RUST_BACKTRACE=full" "-e" "RUSTFLAGS=--cap-lints=warn" "-e" "RUSTDOCFLAGS=--cap-lints=warn" "-e" "CARGO_HOME=/opt/rustwide/cargo-home" "-e" "RUSTUP_HOME=/opt/rustwide/rustup-home" "-w" "/opt/rustwide/workdir" "-m" "1610612736" "--user" "0:0" "--network" "none" "ghcr.io/rust-lang/crates-build-env/linux@sha256:5ff2268d62e97bff2cde7d5815dd6ed5b47097566f13b8d0ca110b04b60e07ed" "/opt/rustwide/cargo-home/bin/cargo" "+1.69.0" "test" "--frozen", kill_on_drop: false }`
[INFO] [stdout] f0568422f6a0d1c89651b306916225f14b2c5a5de5d5256714f43dc9036f0d7e
[INFO] running `Command { std: "docker" "start" "-a" "f0568422f6a0d1c89651b306916225f14b2c5a5de5d5256714f43dc9036f0d7e", kill_on_drop: false }`
[INFO] [stderr]     Finished test [unoptimized + debuginfo] target(s) in 0.01s
[INFO] [stderr]      Running unittests src/lib.rs (/opt/rustwide/target/debug/deps/effing_macros-0dff3d464e8f9229)
[INFO] [stdout] 
[INFO] [stdout] running 0 tests
[INFO] [stdout] 
[INFO] [stdout] test result: ok. 0 passed; 0 failed; 0 ignored; 0 measured; 0 filtered out; finished in 0.00s
[INFO] [stdout] 
[INFO] [stderr]    Doc-tests effing-macros
[INFO] [stdout] 
[INFO] [stdout] running 4 tests
[INFO] [stdout] test src/lib.rs - handler (line 419) ... FAILED
[INFO] [stdout] test src/lib.rs - effects (line 227) ... FAILED
[INFO] [stdout] test src/lib.rs - handler (line 433) ... FAILED
[INFO] [stdout] test src/lib.rs - effectful (line 82) ... FAILED
[INFO] [stdout] 
[INFO] [stdout] failures:
[INFO] [stdout] 
[INFO] [stdout] ---- src/lib.rs - handler (line 419) stdout ----
[INFO] [stdout] error: cannot find macro `handler` in this scope
[INFO] [stdout]  --> src/lib.rs:423:5
[INFO] [stdout]   |
[INFO] [stdout] 6 |     handler! {
[INFO] [stdout]   |     ^^^^^^^
[INFO] [stdout]   |
[INFO] [stdout]   = help: consider importing this macro:
[INFO] [stdout]           effing_macros::handler
[INFO] [stdout] 
[INFO] [stdout] error[E0425]: cannot find value `g` in this scope
[INFO] [stdout]  --> src/lib.rs:422:5
[INFO] [stdout]   |
[INFO] [stdout] 5 |     g,
[INFO] [stdout]   |     ^ not found in this scope
[INFO] [stdout] 
[INFO] [stdout] error[E0425]: cannot find function `handle_group` in this scope
[INFO] [stdout]  --> src/lib.rs:421:1
[INFO] [stdout]   |
[INFO] [stdout] 4 | handle_group(
[INFO] [stdout]   | ^^^^^^^^^^^^ not found in this scope
[INFO] [stdout] 
[INFO] [stdout] error: aborting due to 3 previous errors
[INFO] [stdout] 
[INFO] [stdout] For more information about this error, try `rustc --explain E0425`.
[INFO] [stdout] Couldn't compile the test.
[INFO] [stdout] ---- src/lib.rs - effects (line 227) stdout ----
[INFO] [stdout] error: cannot find macro `effects` in this scope
[INFO] [stdout]  --> src/lib.rs:228:1
[INFO] [stdout]   |
[INFO] [stdout] 3 | effects! {
[INFO] [stdout]   | ^^^^^^^
[INFO] [stdout]   |
[INFO] [stdout]   = help: consider importing this macro:
[INFO] [stdout]           effing_macros::effects
[INFO] [stdout] 
[INFO] [stdout] error: aborting due to previous error
[INFO] [stdout] 
[INFO] [stdout] Couldn't compile the test.
[INFO] [stdout] ---- src/lib.rs - handler (line 433) stdout ----
[INFO] [stdout] error: cannot find macro `handler` in this scope
[INFO] [stdout]  --> src/lib.rs:434:11
[INFO] [stdout]   |
[INFO] [stdout] 3 | handle(g, handler!(Cancel => break))
[INFO] [stdout]   |           ^^^^^^^
[INFO] [stdout]   |
[INFO] [stdout]   = help: consider importing this macro:
[INFO] [stdout]           effing_macros::handler
[INFO] [stdout] 
[INFO] [stdout] error[E0425]: cannot find value `g` in this scope
[INFO] [stdout]  --> src/lib.rs:434:8
[INFO] [stdout]   |
[INFO] [stdout] 3 | handle(g, handler!(Cancel => break))
[INFO] [stdout]   |        ^ not found in this scope
[INFO] [stdout] 
[INFO] [stdout] error[E0425]: cannot find function `handle` in this scope
[INFO] [stdout]  --> src/lib.rs:434:1
[INFO] [stdout]   |
[INFO] [stdout] 3 | handle(g, handler!(Cancel => break))
[INFO] [stdout]   | ^^^^^^ not found in this scope
[INFO] [stdout] 
[INFO] [stdout] error: aborting due to 3 previous errors
[INFO] [stdout] 
[INFO] [stdout] For more information about this error, try `rustc --explain E0425`.
[INFO] [stdout] Couldn't compile the test.
[INFO] [stdout] ---- src/lib.rs - effectful (line 82) stdout ----
[INFO] [stdout] error[E0433]: failed to resolve: use of undeclared crate or module `effectful`
[INFO] [stdout]  --> src/lib.rs:84:21
[INFO] [stdout]   |
[INFO] [stdout] 4 | /* optionally: */ #[effectful::cloneable]
[INFO] [stdout]   |                     ^^^^^^^^^ use of undeclared crate or module `effectful`
[INFO] [stdout] 
[INFO] [stdout] error: cannot find attribute `effectful` in this scope
[INFO] [stdout]  --> src/lib.rs:83:3
[INFO] [stdout]   |
[INFO] [stdout] 3 | #[effectful(A, B)]
[INFO] [stdout]   |   ^^^^^^^^^
[INFO] [stdout]   |
[INFO] [stdout]   = help: consider importing this attribute macro:
[INFO] [stdout]           effing_macros::effectful
[INFO] [stdout] 
[INFO] [stdout] error[E0412]: cannot find type `Foo` in this scope
[INFO] [stdout]  --> src/lib.rs:85:23
[INFO] [stdout]   |
[INFO] [stdout] 5 | fn cool_function(arg: Foo) -> Bar {
[INFO] [stdout]   |                       ^^^ not found in this scope
[INFO] [stdout] 
[INFO] [stdout] error[E0412]: cannot find type `Bar` in this scope
[INFO] [stdout]  --> src/lib.rs:85:31
[INFO] [stdout]   |
[INFO] [stdout] 5 | fn cool_function(arg: Foo) -> Bar {
[INFO] [stdout]   |                               ^^^ not found in this scope
[INFO] [stdout] 
[INFO] [stdout] error[E0425]: cannot find value `expr_a` in this scope
[INFO] [stdout]  --> src/lib.rs:86:11
[INFO] [stdout]   |
[INFO] [stdout] 6 |     yield expr_a;
[INFO] [stdout]   |           ^^^^^^ not found in this scope
[INFO] [stdout] 
[INFO] [stdout] error[E0425]: cannot find value `expr_b` in this scope
[INFO] [stdout]  --> src/lib.rs:87:21
[INFO] [stdout]   |
[INFO] [stdout] 7 |     let val = yield expr_b;
[INFO] [stdout]   |                     ^^^^^^ not found in this scope
[INFO] [stdout] 
[INFO] [stdout] error[E0658]: yield syntax is experimental
[INFO] [stdout]  --> src/lib.rs:86:5
[INFO] [stdout]   |
[INFO] [stdout] 6 |     yield expr_a;
[INFO] [stdout]   |     ^^^^^^^^^^^^
[INFO] [stdout]   |
[INFO] [stdout]   = note: see issue #43122 <https://github.com/rust-lang/rust/issues/43122> for more information
[INFO] [stdout] 
[INFO] [stdout] error[E0658]: yield syntax is experimental
[INFO] [stdout]  --> src/lib.rs:87:15
[INFO] [stdout]   |
[INFO] [stdout] 7 |     let val = yield expr_b;
[INFO] [stdout]   |               ^^^^^^^^^^^^
[INFO] [stdout]   |
[INFO] [stdout]   = note: see issue #43122 <https://github.com/rust-lang/rust/issues/43122> for more information
[INFO] [stdout] 
[INFO] [stdout] error[E0627]: yield expression outside of generator literal
[INFO] [stdout]  --> src/lib.rs:86:5
[INFO] [stdout]   |
[INFO] [stdout] 6 |     yield expr_a;
[INFO] [stdout]   |     ^^^^^^^^^^^^
[INFO] [stdout] 
[INFO] [stdout] error[E0627]: yield expression outside of generator literal
[INFO] [stdout]  --> src/lib.rs:87:15
[INFO] [stdout]   |
[INFO] [stdout] 7 |     let val = yield expr_b;
[INFO] [stdout]   |               ^^^^^^^^^^^^
[INFO] [stdout] 
[INFO] [stdout] error[E0425]: cannot find function `epic_function` in this scope
[INFO] [stdout]  --> src/lib.rs:88:5
[INFO] [stdout]   |
[INFO] [stdout] 8 |     epic_function(val).do_
[INFO] [stdout]   |     ^^^^^^^^^^^^^ not found in this scope
[INFO] [stdout] 
[INFO] [stdout] error: aborting due to 11 previous errors
[INFO] [stdout] 
[INFO] [stdout] Some errors have detailed explanations: E0412, E0425, E0433, E0627, E0658.
[INFO] [stdout] For more information about an error, try `rustc --explain E0412`.
[INFO] [stdout] Couldn't compile the test.
[INFO] [stdout] 
[INFO] [stdout] failures:
[INFO] [stdout]     src/lib.rs - effectful (line 82)
[INFO] [stdout]     src/lib.rs - effects (line 227)
[INFO] [stdout]     src/lib.rs - handler (line 419)
[INFO] [stdout]     src/lib.rs - handler (line 433)
[INFO] [stdout] 
[INFO] [stdout] test result: FAILED. 0 passed; 4 failed; 0 ignored; 0 measured; 0 filtered out; finished in 0.05s
[INFO] [stdout] 
[INFO] [stderr] error: doctest failed, to rerun pass `--doc`
[INFO] running `Command { std: "docker" "inspect" "f0568422f6a0d1c89651b306916225f14b2c5a5de5d5256714f43dc9036f0d7e", kill_on_drop: false }`
[INFO] running `Command { std: "docker" "rm" "-f" "f0568422f6a0d1c89651b306916225f14b2c5a5de5d5256714f43dc9036f0d7e", kill_on_drop: false }`
[INFO] [stdout] f0568422f6a0d1c89651b306916225f14b2c5a5de5d5256714f43dc9036f0d7e
