[INFO] fetching crate edl 1.1.2...
[INFO] testing edl-1.1.2 against 1.69.0 for beta-1.70-1
[INFO] extracting crate edl 1.1.2 into /workspace/builds/worker-0-tc1/source
[INFO] validating manifest of crates.io crate edl 1.1.2 on toolchain 1.69.0
[INFO] running `Command { std: CARGO_HOME="/workspace/cargo-home" RUSTUP_HOME="/workspace/rustup-home" "/workspace/cargo-home/bin/cargo" "+1.69.0" "metadata" "--manifest-path" "Cargo.toml" "--no-deps", kill_on_drop: false }`
[INFO] started tweaking crates.io crate edl 1.1.2
[INFO] finished tweaking crates.io crate edl 1.1.2
[INFO] tweaked toml for crates.io crate edl 1.1.2 written to /workspace/builds/worker-0-tc1/source/Cargo.toml
[INFO] running `Command { std: CARGO_HOME="/workspace/cargo-home" RUSTUP_HOME="/workspace/rustup-home" __CARGO_TEST_CHANNEL_OVERRIDE_DO_NOT_USE_THIS="nightly" "/workspace/cargo-home/bin/cargo" "+1.69.0" "generate-lockfile" "--manifest-path" "Cargo.toml" "-Zno-index-update", kill_on_drop: false }`
[INFO] running `Command { std: CARGO_HOME="/workspace/cargo-home" RUSTUP_HOME="/workspace/rustup-home" "/workspace/cargo-home/bin/cargo" "+1.69.0" "fetch" "--manifest-path" "Cargo.toml", kill_on_drop: false }`
[INFO] running `Command { std: "docker" "create" "-v" "/var/lib/crater-agent-workspace/builds/worker-0-tc1/target:/opt/rustwide/target:rw,Z" "-v" "/var/lib/crater-agent-workspace/builds/worker-0-tc1/source:/opt/rustwide/workdir:ro,Z" "-v" "/var/lib/crater-agent-workspace/cargo-home:/opt/rustwide/cargo-home:ro,Z" "-v" "/var/lib/crater-agent-workspace/rustup-home:/opt/rustwide/rustup-home:ro,Z" "-e" "SOURCE_DIR=/opt/rustwide/workdir" "-e" "CARGO_TARGET_DIR=/opt/rustwide/target" "-e" "CARGO_HOME=/opt/rustwide/cargo-home" "-e" "RUSTUP_HOME=/opt/rustwide/rustup-home" "-w" "/opt/rustwide/workdir" "-m" "1610612736" "--user" "0:0" "--network" "none" "ghcr.io/rust-lang/crates-build-env/linux@sha256:5ff2268d62e97bff2cde7d5815dd6ed5b47097566f13b8d0ca110b04b60e07ed" "/opt/rustwide/cargo-home/bin/cargo" "+1.69.0" "metadata" "--no-deps" "--format-version=1", kill_on_drop: false }`
[INFO] [stdout] 1f4c3d559aa5c47d14860fe8cf1130bab02d266de9bb35a0c72b821c40c10916
[INFO] running `Command { std: "docker" "start" "-a" "1f4c3d559aa5c47d14860fe8cf1130bab02d266de9bb35a0c72b821c40c10916", kill_on_drop: false }`
[INFO] running `Command { std: "docker" "inspect" "1f4c3d559aa5c47d14860fe8cf1130bab02d266de9bb35a0c72b821c40c10916", kill_on_drop: false }`
[INFO] running `Command { std: "docker" "rm" "-f" "1f4c3d559aa5c47d14860fe8cf1130bab02d266de9bb35a0c72b821c40c10916", kill_on_drop: false }`
[INFO] [stdout] 1f4c3d559aa5c47d14860fe8cf1130bab02d266de9bb35a0c72b821c40c10916
[INFO] running `Command { std: "docker" "create" "-v" "/var/lib/crater-agent-workspace/builds/worker-0-tc1/target:/opt/rustwide/target:rw,Z" "-v" "/var/lib/crater-agent-workspace/builds/worker-0-tc1/source:/opt/rustwide/workdir:ro,Z" "-v" "/var/lib/crater-agent-workspace/cargo-home:/opt/rustwide/cargo-home:ro,Z" "-v" "/var/lib/crater-agent-workspace/rustup-home:/opt/rustwide/rustup-home:ro,Z" "-e" "SOURCE_DIR=/opt/rustwide/workdir" "-e" "CARGO_TARGET_DIR=/opt/rustwide/target" "-e" "CARGO_INCREMENTAL=0" "-e" "RUST_BACKTRACE=full" "-e" "RUSTFLAGS=--cap-lints=warn" "-e" "RUSTDOCFLAGS=--cap-lints=warn" "-e" "CARGO_HOME=/opt/rustwide/cargo-home" "-e" "RUSTUP_HOME=/opt/rustwide/rustup-home" "-w" "/opt/rustwide/workdir" "-m" "1610612736" "--user" "0:0" "--network" "none" "ghcr.io/rust-lang/crates-build-env/linux@sha256:5ff2268d62e97bff2cde7d5815dd6ed5b47097566f13b8d0ca110b04b60e07ed" "/opt/rustwide/cargo-home/bin/cargo" "+1.69.0" "build" "--frozen" "--message-format=json", kill_on_drop: false }`
[INFO] [stdout] 90148c05d644ff58f08efbfce83cd1164ea2cc9d259c55350b9073dd964214a9
[INFO] running `Command { std: "docker" "start" "-a" "90148c05d644ff58f08efbfce83cd1164ea2cc9d259c55350b9073dd964214a9", kill_on_drop: false }`
[INFO] [stderr]    Compiling num-integer v0.1.45
[INFO] [stderr]    Compiling iana-time-zone v0.1.56
[INFO] [stderr]    Compiling time v0.1.45
[INFO] [stderr]    Compiling chrono v0.4.24
[INFO] [stderr]    Compiling edl v1.1.2 (/opt/rustwide/workdir)
[INFO] [stderr]     Finished dev [unoptimized + debuginfo] target(s) in 3.15s
[INFO] running `Command { std: "docker" "inspect" "90148c05d644ff58f08efbfce83cd1164ea2cc9d259c55350b9073dd964214a9", kill_on_drop: false }`
[INFO] running `Command { std: "docker" "rm" "-f" "90148c05d644ff58f08efbfce83cd1164ea2cc9d259c55350b9073dd964214a9", kill_on_drop: false }`
[INFO] [stdout] 90148c05d644ff58f08efbfce83cd1164ea2cc9d259c55350b9073dd964214a9
[INFO] running `Command { std: "docker" "create" "-v" "/var/lib/crater-agent-workspace/builds/worker-0-tc1/target:/opt/rustwide/target:rw,Z" "-v" "/var/lib/crater-agent-workspace/builds/worker-0-tc1/source:/opt/rustwide/workdir:ro,Z" "-v" "/var/lib/crater-agent-workspace/cargo-home:/opt/rustwide/cargo-home:ro,Z" "-v" "/var/lib/crater-agent-workspace/rustup-home:/opt/rustwide/rustup-home:ro,Z" "-e" "SOURCE_DIR=/opt/rustwide/workdir" "-e" "CARGO_TARGET_DIR=/opt/rustwide/target" "-e" "CARGO_INCREMENTAL=0" "-e" "RUST_BACKTRACE=full" "-e" "RUSTFLAGS=--cap-lints=warn" "-e" "RUSTDOCFLAGS=--cap-lints=warn" "-e" "CARGO_HOME=/opt/rustwide/cargo-home" "-e" "RUSTUP_HOME=/opt/rustwide/rustup-home" "-w" "/opt/rustwide/workdir" "-m" "1610612736" "--user" "0:0" "--network" "none" "ghcr.io/rust-lang/crates-build-env/linux@sha256:5ff2268d62e97bff2cde7d5815dd6ed5b47097566f13b8d0ca110b04b60e07ed" "/opt/rustwide/cargo-home/bin/cargo" "+1.69.0" "test" "--frozen" "--no-run" "--message-format=json", kill_on_drop: false }`
[INFO] [stdout] 1c134183474c6e35fa9b4374dea908a769fa353cdc4c9af4ed4ac3fd16eb54b4
[INFO] running `Command { std: "docker" "start" "-a" "1c134183474c6e35fa9b4374dea908a769fa353cdc4c9af4ed4ac3fd16eb54b4", kill_on_drop: false }`
[INFO] [stderr]    Compiling edl v1.1.2 (/opt/rustwide/workdir)
[INFO] [stderr]     Finished test [unoptimized + debuginfo] target(s) in 0.57s
[INFO] running `Command { std: "docker" "inspect" "1c134183474c6e35fa9b4374dea908a769fa353cdc4c9af4ed4ac3fd16eb54b4", kill_on_drop: false }`
[INFO] running `Command { std: "docker" "rm" "-f" "1c134183474c6e35fa9b4374dea908a769fa353cdc4c9af4ed4ac3fd16eb54b4", kill_on_drop: false }`
[INFO] [stdout] 1c134183474c6e35fa9b4374dea908a769fa353cdc4c9af4ed4ac3fd16eb54b4
[INFO] running `Command { std: "docker" "create" "-v" "/var/lib/crater-agent-workspace/builds/worker-0-tc1/target:/opt/rustwide/target:rw,Z" "-v" "/var/lib/crater-agent-workspace/builds/worker-0-tc1/source:/opt/rustwide/workdir:ro,Z" "-v" "/var/lib/crater-agent-workspace/cargo-home:/opt/rustwide/cargo-home:ro,Z" "-v" "/var/lib/crater-agent-workspace/rustup-home:/opt/rustwide/rustup-home:ro,Z" "-e" "SOURCE_DIR=/opt/rustwide/workdir" "-e" "CARGO_TARGET_DIR=/opt/rustwide/target" "-e" "CARGO_INCREMENTAL=0" "-e" "RUST_BACKTRACE=full" "-e" "RUSTFLAGS=--cap-lints=warn" "-e" "RUSTDOCFLAGS=--cap-lints=warn" "-e" "CARGO_HOME=/opt/rustwide/cargo-home" "-e" "RUSTUP_HOME=/opt/rustwide/rustup-home" "-w" "/opt/rustwide/workdir" "-m" "1610612736" "--user" "0:0" "--network" "none" "ghcr.io/rust-lang/crates-build-env/linux@sha256:5ff2268d62e97bff2cde7d5815dd6ed5b47097566f13b8d0ca110b04b60e07ed" "/opt/rustwide/cargo-home/bin/cargo" "+1.69.0" "test" "--frozen", kill_on_drop: false }`
[INFO] [stdout] 93552f37ffd7f3242b00baabff2b7bee9d63c97cfcdcc8a25bc54cca5b8556bf
[INFO] running `Command { std: "docker" "start" "-a" "93552f37ffd7f3242b00baabff2b7bee9d63c97cfcdcc8a25bc54cca5b8556bf", kill_on_drop: false }`
[INFO] [stderr]     Finished test [unoptimized + debuginfo] target(s) in 0.03s
[INFO] [stdout] 
[INFO] [stdout] running 1 test
[INFO] [stdout] test parser::tests::test_parse ... ok
[INFO] [stdout] 
[INFO] [stdout] test result: ok. 1 passed; 0 failed; 0 ignored; 0 measured; 0 filtered out; finished in 0.00s
[INFO] [stdout] 
[INFO] [stderr]      Running unittests src/lib.rs (/opt/rustwide/target/debug/deps/edl-a0c5fed40c0cb7b0)
[INFO] [stderr]    Doc-tests edl
[INFO] [stdout] 
[INFO] [stdout] running 2 tests
[INFO] [stderr] error: doctest failed, to rerun pass `--doc`
[INFO] [stdout] test src/lib.rs - (line 13) ... FAILED
[INFO] [stdout] test src/parser.rs - parser::parse (line 7) ... FAILED
[INFO] [stdout] 
[INFO] [stdout] failures:
[INFO] [stdout] 
[INFO] [stdout] ---- src/lib.rs - (line 13) stdout ----
[INFO] [stdout] error[E0433]: failed to resolve: use of undeclared crate or module `fs`
[INFO] [stdout]  --> src/lib.rs:14:13
[INFO] [stdout]   |
[INFO] [stdout] 4 | let mut f = fs::File::open(Path::new("timeline.edl")).unwrap();
[INFO] [stdout]   |             ^^ use of undeclared crate or module `fs`
[INFO] [stdout]   |
[INFO] [stdout] help: consider importing this struct
[INFO] [stdout]   |
[INFO] [stdout] 2 | use std::fs::File;
[INFO] [stdout]   |
[INFO] [stdout] help: if you import `File`, refer to it directly
[INFO] [stdout]   |
[INFO] [stdout] 4 - let mut f = fs::File::open(Path::new("timeline.edl")).unwrap();
[INFO] [stdout] 4 + let mut f = File::open(Path::new("timeline.edl")).unwrap();
[INFO] [stdout]   |
[INFO] [stdout] 
[INFO] [stdout] error[E0433]: failed to resolve: use of undeclared type `Path`
[INFO] [stdout]  --> src/lib.rs:14:28
[INFO] [stdout]   |
[INFO] [stdout] 4 | let mut f = fs::File::open(Path::new("timeline.edl")).unwrap();
[INFO] [stdout]   |                            ^^^^ use of undeclared type `Path`
[INFO] [stdout]   |
[INFO] [stdout] help: consider importing this struct
[INFO] [stdout]   |
[INFO] [stdout] 2 | use std::path::Path;
[INFO] [stdout]   |
[INFO] [stdout] 
[INFO] [stdout] error[E0308]: mismatched types
[INFO] [stdout]   --> src/lib.rs:19:45
[INFO] [stdout]    |
[INFO] [stdout] 9  | let mut entries = edl::parser::parse(&data, 60)?;
[INFO] [stdout]    |                   ------------------        ^^
[INFO] [stdout]    |                   |                         |
[INFO] [stdout]    |                   |                         expected `f32`, found integer
[INFO] [stdout]    |                   |                         help: use a float literal: `60.0`
[INFO] [stdout]    |                   arguments to this function are incorrect
[INFO] [stdout]    |
[INFO] [stdout] note: function defined here
[INFO] [stdout]   --> /opt/rustwide/workdir/src/parser.rs:15:8
[INFO] [stdout]    |
[INFO] [stdout] 15 | pub fn parse(data: &str, frame_rate: f32) -> Result<Vec<Entry>, Error> {
[INFO] [stdout]    |        ^^^^^
[INFO] [stdout] 
[INFO] [stdout] error[E0277]: the `?` operator can only be used in a function that returns `Result` or `Option` (or another type that implements `FromResidual`)
[INFO] [stdout]  --> src/lib.rs:19:48
[INFO] [stdout]   |
[INFO] [stdout] 3 | fn main() { #[allow(non_snake_case)] fn _doctest_main_src_lib_rs_13_0() {
[INFO] [stdout]   |                                      ---------------------------------- this function should return `Result` or `Option` to accept `?`
[INFO] [stdout] ...
[INFO] [stdout] 9 | let mut entries = edl::parser::parse(&data, 60)?;
[INFO] [stdout]   |                                                ^ cannot use the `?` operator in a function that returns `()`
[INFO] [stdout]   |
[INFO] [stdout]   = help: the trait `FromResidual<Result<Infallible, edl::errors::Error>>` is not implemented for `()`
[INFO] [stdout] 
[INFO] [stdout] error: aborting due to 4 previous errors
[INFO] [stdout] 
[INFO] [stdout] Some errors have detailed explanations: E0277, E0308, E0433.
[INFO] [stdout] For more information about an error, try `rustc --explain E0277`.
[INFO] [stdout] Couldn't compile the test.
[INFO] [stdout] ---- src/parser.rs - parser::parse (line 7) stdout ----
[INFO] [stdout] error[E0433]: failed to resolve: use of undeclared crate or module `fs`
[INFO] [stdout]  --> src/parser.rs:8:13
[INFO] [stdout]   |
[INFO] [stdout] 4 | let mut f = fs::File::open(Path::new("timeline.edl")).unwrap();
[INFO] [stdout]   |             ^^ use of undeclared crate or module `fs`
[INFO] [stdout]   |
[INFO] [stdout] help: consider importing this struct
[INFO] [stdout]   |
[INFO] [stdout] 2 | use std::fs::File;
[INFO] [stdout]   |
[INFO] [stdout] help: if you import `File`, refer to it directly
[INFO] [stdout]   |
[INFO] [stdout] 4 - let mut f = fs::File::open(Path::new("timeline.edl")).unwrap();
[INFO] [stdout] 4 + let mut f = File::open(Path::new("timeline.edl")).unwrap();
[INFO] [stdout]   |
[INFO] [stdout] 
[INFO] [stdout] error[E0433]: failed to resolve: use of undeclared type `Path`
[INFO] [stdout]  --> src/parser.rs:8:28
[INFO] [stdout]   |
[INFO] [stdout] 4 | let mut f = fs::File::open(Path::new("timeline.edl")).unwrap();
[INFO] [stdout]   |                            ^^^^ use of undeclared type `Path`
[INFO] [stdout]   |
[INFO] [stdout] help: consider importing this struct
[INFO] [stdout]   |
[INFO] [stdout] 2 | use std::path::Path;
[INFO] [stdout]   |
[INFO] [stdout] 
[INFO] [stdout] error[E0308]: mismatched types
[INFO] [stdout]   --> src/parser.rs:13:45
[INFO] [stdout]    |
[INFO] [stdout] 9  | let mut entries = edl::parser::parse(&data, 60)?;
[INFO] [stdout]    |                   ------------------        ^^
[INFO] [stdout]    |                   |                         |
[INFO] [stdout]    |                   |                         expected `f32`, found integer
[INFO] [stdout]    |                   |                         help: use a float literal: `60.0`
[INFO] [stdout]    |                   arguments to this function are incorrect
[INFO] [stdout]    |
[INFO] [stdout] note: function defined here
[INFO] [stdout]   --> /opt/rustwide/workdir/src/parser.rs:15:8
[INFO] [stdout]    |
[INFO] [stdout] 15 | pub fn parse(data: &str, frame_rate: f32) -> Result<Vec<Entry>, Error> {
[INFO] [stdout]    |        ^^^^^
[INFO] [stdout] 
[INFO] [stdout] error[E0277]: the `?` operator can only be used in a function that returns `Result` or `Option` (or another type that implements `FromResidual`)
[INFO] [stdout]  --> src/parser.rs:13:48
[INFO] [stdout]   |
[INFO] [stdout] 3 | fn main() { #[allow(non_snake_case)] fn _doctest_main_src_parser_rs_7_0() {
[INFO] [stdout]   |                                      ------------------------------------ this function should return `Result` or `Option` to accept `?`
[INFO] [stdout] ...
[INFO] [stdout] 9 | let mut entries = edl::parser::parse(&data, 60)?;
[INFO] [stdout]   |                                                ^ cannot use the `?` operator in a function that returns `()`
[INFO] [stdout]   |
[INFO] [stdout]   = help: the trait `FromResidual<Result<Infallible, edl::errors::Error>>` is not implemented for `()`
[INFO] [stdout] 
[INFO] [stdout] error: aborting due to 4 previous errors
[INFO] [stdout] 
[INFO] [stdout] Some errors have detailed explanations: E0277, E0308, E0433.
[INFO] [stdout] For more information about an error, try `rustc --explain E0277`.
[INFO] [stdout] Couldn't compile the test.
[INFO] [stdout] 
[INFO] [stdout] failures:
[INFO] [stdout]     src/lib.rs - (line 13)
[INFO] [stdout]     src/parser.rs - parser::parse (line 7)
[INFO] [stdout] 
[INFO] [stdout] test result: FAILED. 0 passed; 2 failed; 0 ignored; 0 measured; 0 filtered out; finished in 0.10s
[INFO] [stdout] 
[INFO] running `Command { std: "docker" "inspect" "93552f37ffd7f3242b00baabff2b7bee9d63c97cfcdcc8a25bc54cca5b8556bf", kill_on_drop: false }`
[INFO] running `Command { std: "docker" "rm" "-f" "93552f37ffd7f3242b00baabff2b7bee9d63c97cfcdcc8a25bc54cca5b8556bf", kill_on_drop: false }`
[INFO] [stdout] 93552f37ffd7f3242b00baabff2b7bee9d63c97cfcdcc8a25bc54cca5b8556bf
