[INFO] fetching crate ec25519 0.1.0...
[INFO] testing ec25519-0.1.0 against 1.69.0 for beta-1.70-1
[INFO] extracting crate ec25519 0.1.0 into /workspace/builds/worker-5-tc1/source
[INFO] validating manifest of crates.io crate ec25519 0.1.0 on toolchain 1.69.0
[INFO] running `Command { std: CARGO_HOME="/workspace/cargo-home" RUSTUP_HOME="/workspace/rustup-home" "/workspace/cargo-home/bin/cargo" "+1.69.0" "metadata" "--manifest-path" "Cargo.toml" "--no-deps", kill_on_drop: false }`
[INFO] started tweaking crates.io crate ec25519 0.1.0
[INFO] finished tweaking crates.io crate ec25519 0.1.0
[INFO] tweaked toml for crates.io crate ec25519 0.1.0 written to /workspace/builds/worker-5-tc1/source/Cargo.toml
[INFO] running `Command { std: CARGO_HOME="/workspace/cargo-home" RUSTUP_HOME="/workspace/rustup-home" __CARGO_TEST_CHANNEL_OVERRIDE_DO_NOT_USE_THIS="nightly" "/workspace/cargo-home/bin/cargo" "+1.69.0" "generate-lockfile" "--manifest-path" "Cargo.toml" "-Zno-index-update", kill_on_drop: false }`
[INFO] running `Command { std: CARGO_HOME="/workspace/cargo-home" RUSTUP_HOME="/workspace/rustup-home" "/workspace/cargo-home/bin/cargo" "+1.69.0" "fetch" "--manifest-path" "Cargo.toml", kill_on_drop: false }`
[INFO] running `Command { std: "docker" "create" "-v" "/var/lib/crater-agent-workspace/builds/worker-5-tc1/target:/opt/rustwide/target:rw,Z" "-v" "/var/lib/crater-agent-workspace/builds/worker-5-tc1/source:/opt/rustwide/workdir:ro,Z" "-v" "/var/lib/crater-agent-workspace/cargo-home:/opt/rustwide/cargo-home:ro,Z" "-v" "/var/lib/crater-agent-workspace/rustup-home:/opt/rustwide/rustup-home:ro,Z" "-e" "SOURCE_DIR=/opt/rustwide/workdir" "-e" "CARGO_TARGET_DIR=/opt/rustwide/target" "-e" "CARGO_HOME=/opt/rustwide/cargo-home" "-e" "RUSTUP_HOME=/opt/rustwide/rustup-home" "-w" "/opt/rustwide/workdir" "-m" "1610612736" "--user" "0:0" "--network" "none" "ghcr.io/rust-lang/crates-build-env/linux@sha256:5ff2268d62e97bff2cde7d5815dd6ed5b47097566f13b8d0ca110b04b60e07ed" "/opt/rustwide/cargo-home/bin/cargo" "+1.69.0" "metadata" "--no-deps" "--format-version=1", kill_on_drop: false }`
[INFO] [stdout] 9908eeee03729961dbd31e64d4eb2e08a1a63621ab20747f85fc00d403421bf7
[INFO] running `Command { std: "docker" "start" "-a" "9908eeee03729961dbd31e64d4eb2e08a1a63621ab20747f85fc00d403421bf7", kill_on_drop: false }`
[INFO] running `Command { std: "docker" "inspect" "9908eeee03729961dbd31e64d4eb2e08a1a63621ab20747f85fc00d403421bf7", kill_on_drop: false }`
[INFO] running `Command { std: "docker" "rm" "-f" "9908eeee03729961dbd31e64d4eb2e08a1a63621ab20747f85fc00d403421bf7", kill_on_drop: false }`
[INFO] [stdout] 9908eeee03729961dbd31e64d4eb2e08a1a63621ab20747f85fc00d403421bf7
[INFO] running `Command { std: "docker" "create" "-v" "/var/lib/crater-agent-workspace/builds/worker-5-tc1/target:/opt/rustwide/target:rw,Z" "-v" "/var/lib/crater-agent-workspace/builds/worker-5-tc1/source:/opt/rustwide/workdir:ro,Z" "-v" "/var/lib/crater-agent-workspace/cargo-home:/opt/rustwide/cargo-home:ro,Z" "-v" "/var/lib/crater-agent-workspace/rustup-home:/opt/rustwide/rustup-home:ro,Z" "-e" "SOURCE_DIR=/opt/rustwide/workdir" "-e" "CARGO_TARGET_DIR=/opt/rustwide/target" "-e" "CARGO_INCREMENTAL=0" "-e" "RUST_BACKTRACE=full" "-e" "RUSTFLAGS=--cap-lints=warn" "-e" "RUSTDOCFLAGS=--cap-lints=warn" "-e" "CARGO_HOME=/opt/rustwide/cargo-home" "-e" "RUSTUP_HOME=/opt/rustwide/rustup-home" "-w" "/opt/rustwide/workdir" "-m" "1610612736" "--user" "0:0" "--network" "none" "ghcr.io/rust-lang/crates-build-env/linux@sha256:5ff2268d62e97bff2cde7d5815dd6ed5b47097566f13b8d0ca110b04b60e07ed" "/opt/rustwide/cargo-home/bin/cargo" "+1.69.0" "build" "--frozen" "--message-format=json", kill_on_drop: false }`
[INFO] [stdout] 7d6aff0b7cd944e501ed6ede8118e378507996dd36567a8c948f0531fab4068d
[INFO] running `Command { std: "docker" "start" "-a" "7d6aff0b7cd944e501ed6ede8118e378507996dd36567a8c948f0531fab4068d", kill_on_drop: false }`
[INFO] [stderr]    Compiling ct-codecs v1.1.1
[INFO] [stderr]    Compiling ec25519 v0.1.0 (/opt/rustwide/workdir)
[INFO] [stdout] warning: unnecessary parentheses around index expression
[INFO] [stdout]    --> src/edwards25519.rs:410:16
[INFO] [stdout]     |
[INFO] [stdout] 410 |             pc[(i - 1)].add(base_cached).to_p3()
[INFO] [stdout]     |                ^     ^
[INFO] [stdout]     |
[INFO] [stdout]     = note: `#[warn(unused_parens)]` on by default
[INFO] [stdout] help: remove these parentheses
[INFO] [stdout]     |
[INFO] [stdout] 410 -             pc[(i - 1)].add(base_cached).to_p3()
[INFO] [stdout] 410 +             pc[i - 1].add(base_cached).to_p3()
[INFO] [stdout]     |
[INFO] [stdout] 
[INFO] [stdout] 
[INFO] [stdout] warning: 1 warning emitted
[INFO] [stdout] 
[INFO] [stdout] 
[INFO] [stderr]     Finished dev [unoptimized + debuginfo] target(s) in 1.09s
[INFO] running `Command { std: "docker" "inspect" "7d6aff0b7cd944e501ed6ede8118e378507996dd36567a8c948f0531fab4068d", kill_on_drop: false }`
[INFO] running `Command { std: "docker" "rm" "-f" "7d6aff0b7cd944e501ed6ede8118e378507996dd36567a8c948f0531fab4068d", kill_on_drop: false }`
[INFO] [stdout] 7d6aff0b7cd944e501ed6ede8118e378507996dd36567a8c948f0531fab4068d
[INFO] running `Command { std: "docker" "create" "-v" "/var/lib/crater-agent-workspace/builds/worker-5-tc1/target:/opt/rustwide/target:rw,Z" "-v" "/var/lib/crater-agent-workspace/builds/worker-5-tc1/source:/opt/rustwide/workdir:ro,Z" "-v" "/var/lib/crater-agent-workspace/cargo-home:/opt/rustwide/cargo-home:ro,Z" "-v" "/var/lib/crater-agent-workspace/rustup-home:/opt/rustwide/rustup-home:ro,Z" "-e" "SOURCE_DIR=/opt/rustwide/workdir" "-e" "CARGO_TARGET_DIR=/opt/rustwide/target" "-e" "CARGO_INCREMENTAL=0" "-e" "RUST_BACKTRACE=full" "-e" "RUSTFLAGS=--cap-lints=warn" "-e" "RUSTDOCFLAGS=--cap-lints=warn" "-e" "CARGO_HOME=/opt/rustwide/cargo-home" "-e" "RUSTUP_HOME=/opt/rustwide/rustup-home" "-w" "/opt/rustwide/workdir" "-m" "1610612736" "--user" "0:0" "--network" "none" "ghcr.io/rust-lang/crates-build-env/linux@sha256:5ff2268d62e97bff2cde7d5815dd6ed5b47097566f13b8d0ca110b04b60e07ed" "/opt/rustwide/cargo-home/bin/cargo" "+1.69.0" "test" "--frozen" "--no-run" "--message-format=json", kill_on_drop: false }`
[INFO] [stdout] 2aae2c7884f634f16804a6abd252b82cda1fe1d1fdf1bddc622a02fba9eb2c4e
[INFO] running `Command { std: "docker" "start" "-a" "2aae2c7884f634f16804a6abd252b82cda1fe1d1fdf1bddc622a02fba9eb2c4e", kill_on_drop: false }`
[INFO] [stderr]    Compiling ec25519 v0.1.0 (/opt/rustwide/workdir)
[INFO] [stdout] warning: unnecessary parentheses around index expression
[INFO] [stdout]    --> src/edwards25519.rs:410:16
[INFO] [stdout]     |
[INFO] [stdout] 410 |             pc[(i - 1)].add(base_cached).to_p3()
[INFO] [stdout]     |                ^     ^
[INFO] [stdout]     |
[INFO] [stdout]     = note: `#[warn(unused_parens)]` on by default
[INFO] [stdout] help: remove these parentheses
[INFO] [stdout]     |
[INFO] [stdout] 410 -             pc[(i - 1)].add(base_cached).to_p3()
[INFO] [stdout] 410 +             pc[i - 1].add(base_cached).to_p3()
[INFO] [stdout]     |
[INFO] [stdout] 
[INFO] [stdout] 
[INFO] [stdout] warning: 1 warning emitted
[INFO] [stdout] 
[INFO] [stdout] 
[INFO] [stdout] warning: unnecessary parentheses around index expression
[INFO] [stdout]    --> src/edwards25519.rs:410:16
[INFO] [stdout]     |
[INFO] [stdout] 410 |             pc[(i - 1)].add(base_cached).to_p3()
[INFO] [stdout]     |                ^     ^
[INFO] [stdout]     |
[INFO] [stdout]     = note: `#[warn(unused_parens)]` on by default
[INFO] [stdout] help: remove these parentheses
[INFO] [stdout]     |
[INFO] [stdout] 410 -             pc[(i - 1)].add(base_cached).to_p3()
[INFO] [stdout] 410 +             pc[i - 1].add(base_cached).to_p3()
[INFO] [stdout]     |
[INFO] [stdout] 
[INFO] [stdout] 
[INFO] [stdout] warning: 1 warning emitted
[INFO] [stdout] 
[INFO] [stdout] 
[INFO] [stderr]     Finished test [unoptimized + debuginfo] target(s) in 0.93s
[INFO] running `Command { std: "docker" "inspect" "2aae2c7884f634f16804a6abd252b82cda1fe1d1fdf1bddc622a02fba9eb2c4e", kill_on_drop: false }`
[INFO] running `Command { std: "docker" "rm" "-f" "2aae2c7884f634f16804a6abd252b82cda1fe1d1fdf1bddc622a02fba9eb2c4e", kill_on_drop: false }`
[INFO] [stdout] 2aae2c7884f634f16804a6abd252b82cda1fe1d1fdf1bddc622a02fba9eb2c4e
[INFO] running `Command { std: "docker" "create" "-v" "/var/lib/crater-agent-workspace/builds/worker-5-tc1/target:/opt/rustwide/target:rw,Z" "-v" "/var/lib/crater-agent-workspace/builds/worker-5-tc1/source:/opt/rustwide/workdir:ro,Z" "-v" "/var/lib/crater-agent-workspace/cargo-home:/opt/rustwide/cargo-home:ro,Z" "-v" "/var/lib/crater-agent-workspace/rustup-home:/opt/rustwide/rustup-home:ro,Z" "-e" "SOURCE_DIR=/opt/rustwide/workdir" "-e" "CARGO_TARGET_DIR=/opt/rustwide/target" "-e" "CARGO_INCREMENTAL=0" "-e" "RUST_BACKTRACE=full" "-e" "RUSTFLAGS=--cap-lints=warn" "-e" "RUSTDOCFLAGS=--cap-lints=warn" "-e" "CARGO_HOME=/opt/rustwide/cargo-home" "-e" "RUSTUP_HOME=/opt/rustwide/rustup-home" "-w" "/opt/rustwide/workdir" "-m" "1610612736" "--user" "0:0" "--network" "none" "ghcr.io/rust-lang/crates-build-env/linux@sha256:5ff2268d62e97bff2cde7d5815dd6ed5b47097566f13b8d0ca110b04b60e07ed" "/opt/rustwide/cargo-home/bin/cargo" "+1.69.0" "test" "--frozen", kill_on_drop: false }`
[INFO] [stdout] 873bea72ff19413c17d01e2c1edd763e3a0d807147abb88e870521c9fb8dde84
[INFO] running `Command { std: "docker" "start" "-a" "873bea72ff19413c17d01e2c1edd763e3a0d807147abb88e870521c9fb8dde84", kill_on_drop: false }`
[INFO] [stderr] warning: unnecessary parentheses around index expression
[INFO] [stderr]    --> src/edwards25519.rs:410:16
[INFO] [stderr]     |
[INFO] [stderr] 410 |             pc[(i - 1)].add(base_cached).to_p3()
[INFO] [stderr]     |                ^     ^
[INFO] [stderr]     |
[INFO] [stderr]     = note: `#[warn(unused_parens)]` on by default
[INFO] [stderr] help: remove these parentheses
[INFO] [stderr]     |
[INFO] [stderr] 410 -             pc[(i - 1)].add(base_cached).to_p3()
[INFO] [stderr] 410 +             pc[i - 1].add(base_cached).to_p3()
[INFO] [stderr]     |
[INFO] [stderr] 
[INFO] [stderr] warning: `ec25519` (lib) generated 1 warning (run `cargo fix --lib -p ec25519` to apply 1 suggestion)
[INFO] [stderr] warning: `ec25519` (lib test) generated 1 warning (1 duplicate)
[INFO] [stderr]     Finished test [unoptimized + debuginfo] target(s) in 0.01s
[INFO] [stderr]      Running unittests src/lib.rs (/opt/rustwide/target/debug/deps/ec25519-007e301ce57d063a)
[INFO] [stdout] 
[INFO] [stdout] running 8 tests
[INFO] [stdout] test ed25519::test_streaming ... ok
[INFO] [stdout] test pem::test_der ... ok
[INFO] [stdout] test pem::test_pem ... ok
[INFO] [stdout] test ed25519::test_ed25519_invalid_keypair ... ok
[INFO] [stdout] test x25519::test_x25519 ... ok
[INFO] [stdout] test ed25519::test_ed25519 ... ok
[INFO] [stdout] test x25519::test_x25519_invalid_keypair ... ok
[INFO] [stdout] test x25519::test_x25519_map ... ok
[INFO] [stdout] 
[INFO] [stdout] test result: ok. 8 passed; 0 failed; 0 ignored; 0 measured; 0 filtered out; finished in 0.02s
[INFO] [stdout] 
[INFO] [stderr]    Doc-tests ec25519
[INFO] [stderr] warning: unnecessary parentheses around index expression
[INFO] [stderr]    --> /opt/rustwide/workdir/src/edwards25519.rs:410:16
[INFO] [stderr]     |
[INFO] [stderr] 410 |             pc[(i - 1)].add(base_cached).to_p3()
[INFO] [stderr]     |                ^     ^
[INFO] [stderr]     |
[INFO] [stderr]     = note: `#[warn(unused_parens)]` on by default
[INFO] [stderr] help: remove these parentheses
[INFO] [stderr]     |
[INFO] [stderr] 410 -             pc[(i - 1)].add(base_cached).to_p3()
[INFO] [stderr] 410 +             pc[i - 1].add(base_cached).to_p3()
[INFO] [stderr]     |
[INFO] [stderr] 
[INFO] [stderr] warning: 1 warning emitted
[INFO] [stderr] 
[INFO] [stdout] 
[INFO] [stdout] running 2 tests
[INFO] [stdout] test src/lib.rs - (line 50) ... FAILED
[INFO] [stdout] test src/lib.rs - (line 15) ... FAILED
[INFO] [stdout] 
[INFO] [stdout] failures:
[INFO] [stdout] 
[INFO] [stdout] ---- src/lib.rs - (line 50) stdout ----
[INFO] [stdout] error[E0432]: unresolved import `ed25519_compact`
[INFO] [stdout]  --> src/lib.rs:51:5
[INFO] [stdout]   |
[INFO] [stdout] 3 | use ed25519_compact::*;
[INFO] [stdout]   |     ^^^^^^^^^^^^^^^ use of undeclared crate or module `ed25519_compact`
[INFO] [stdout] 
[INFO] [stdout] error[E0433]: failed to resolve: use of undeclared type `KeyPair`
[INFO] [stdout]  --> src/lib.rs:54:10
[INFO] [stdout]   |
[INFO] [stdout] 6 | let kp = KeyPair::generate();
[INFO] [stdout]   |          ^^^^^^^ use of undeclared type `KeyPair`
[INFO] [stdout]   |
[INFO] [stdout] help: consider importing one of these items
[INFO] [stdout]   |
[INFO] [stdout] 2 | use ec25519::KeyPair;
[INFO] [stdout]   |
[INFO] [stdout] 2 | use ec25519::x25519::KeyPair;
[INFO] [stdout]   |
[INFO] [stdout] 
[INFO] [stdout] error[E0433]: failed to resolve: use of undeclared type `Noise`
[INFO] [stdout]  --> src/lib.rs:57:37
[INFO] [stdout]   |
[INFO] [stdout] 9 | let mut st = kp.sk.sign_incremental(Noise::default());
[INFO] [stdout]   |                                     ^^^^^ use of undeclared type `Noise`
[INFO] [stdout]   |
[INFO] [stdout] help: consider importing this struct
[INFO] [stdout]   |
[INFO] [stdout] 2 | use ec25519::Noise;
[INFO] [stdout]   |
[INFO] [stdout] 
[INFO] [stdout] error: aborting due to 3 previous errors
[INFO] [stdout] 
[INFO] [stdout] Some errors have detailed explanations: E0432, E0433.
[INFO] [stdout] For more information about an error, try `rustc --explain E0432`.
[INFO] [stdout] Couldn't compile the test.
[INFO] [stdout] ---- src/lib.rs - (line 15) stdout ----
[INFO] [stdout] error[E0432]: unresolved import `ed25519_compact`
[INFO] [stdout]  --> src/lib.rs:16:5
[INFO] [stdout]   |
[INFO] [stdout] 3 | use ed25519_compact::*;
[INFO] [stdout]   |     ^^^^^^^^^^^^^^^ use of undeclared crate or module `ed25519_compact`
[INFO] [stdout] 
[INFO] [stdout] error[E0433]: failed to resolve: use of undeclared type `KeyPair`
[INFO] [stdout]   --> src/lib.rs:23:16
[INFO] [stdout]    |
[INFO] [stdout] 10 | let key_pair = KeyPair::from_seed(Seed::generate());
[INFO] [stdout]    |                ^^^^^^^ use of undeclared type `KeyPair`
[INFO] [stdout]    |
[INFO] [stdout] help: consider importing one of these items
[INFO] [stdout]    |
[INFO] [stdout] 2  | use ec25519::KeyPair;
[INFO] [stdout]    |
[INFO] [stdout] 2  | use ec25519::x25519::KeyPair;
[INFO] [stdout]    |
[INFO] [stdout] 
[INFO] [stdout] error[E0433]: failed to resolve: use of undeclared type `Seed`
[INFO] [stdout]   --> src/lib.rs:23:35
[INFO] [stdout]    |
[INFO] [stdout] 10 | let key_pair = KeyPair::from_seed(Seed::generate());
[INFO] [stdout]    |                                   ^^^^ use of undeclared type `Seed`
[INFO] [stdout]    |
[INFO] [stdout] help: a trait with a similar name exists
[INFO] [stdout]    |
[INFO] [stdout] 10 | let key_pair = KeyPair::from_seed(Send::generate());
[INFO] [stdout]    |                                   ~~~~
[INFO] [stdout] help: consider importing this struct
[INFO] [stdout]    |
[INFO] [stdout] 2  | use ec25519::Seed;
[INFO] [stdout]    |
[INFO] [stdout] 
[INFO] [stdout] error[E0433]: failed to resolve: use of undeclared type `Noise`
[INFO] [stdout]   --> src/lib.rs:26:48
[INFO] [stdout]    |
[INFO] [stdout] 13 | let signature = key_pair.sk.sign(message, Some(Noise::generate()));
[INFO] [stdout]    |                                                ^^^^^ use of undeclared type `Noise`
[INFO] [stdout]    |
[INFO] [stdout] help: consider importing this struct
[INFO] [stdout]    |
[INFO] [stdout] 2  | use ec25519::Noise;
[INFO] [stdout]    |
[INFO] [stdout] 
[INFO] [stdout] error: aborting due to 4 previous errors
[INFO] [stdout] 
[INFO] [stdout] Some errors have detailed explanations: E0432, E0433.
[INFO] [stdout] For more information about an error, try `rustc --explain E0432`.
[INFO] [stdout] Couldn't compile the test.
[INFO] [stdout] 
[INFO] [stdout] failures:
[INFO] [stdout]     src/lib.rs - (line 15)
[INFO] [stdout]     src/lib.rs - (line 50)
[INFO] [stdout] 
[INFO] [stdout] test result: FAILED. 0 passed; 2 failed; 0 ignored; 0 measured; 0 filtered out; finished in 0.05s
[INFO] [stdout] 
[INFO] [stderr] error: doctest failed, to rerun pass `--doc`
[INFO] running `Command { std: "docker" "inspect" "873bea72ff19413c17d01e2c1edd763e3a0d807147abb88e870521c9fb8dde84", kill_on_drop: false }`
[INFO] running `Command { std: "docker" "rm" "-f" "873bea72ff19413c17d01e2c1edd763e3a0d807147abb88e870521c9fb8dde84", kill_on_drop: false }`
[INFO] [stdout] 873bea72ff19413c17d01e2c1edd763e3a0d807147abb88e870521c9fb8dde84
