[INFO] fetching crate easy-modbus 0.0.5...
[INFO] testing easy-modbus-0.0.5 against 1.69.0 for beta-1.70-1
[INFO] extracting crate easy-modbus 0.0.5 into /workspace/builds/worker-0-tc1/source
[INFO] validating manifest of crates.io crate easy-modbus 0.0.5 on toolchain 1.69.0
[INFO] running `Command { std: CARGO_HOME="/workspace/cargo-home" RUSTUP_HOME="/workspace/rustup-home" "/workspace/cargo-home/bin/cargo" "+1.69.0" "metadata" "--manifest-path" "Cargo.toml" "--no-deps", kill_on_drop: false }`
[INFO] started tweaking crates.io crate easy-modbus 0.0.5
[INFO] finished tweaking crates.io crate easy-modbus 0.0.5
[INFO] tweaked toml for crates.io crate easy-modbus 0.0.5 written to /workspace/builds/worker-0-tc1/source/Cargo.toml
[INFO] crate crates.io crate easy-modbus 0.0.5 already has a lockfile, it will not be regenerated
[INFO] running `Command { std: CARGO_HOME="/workspace/cargo-home" RUSTUP_HOME="/workspace/rustup-home" "/workspace/cargo-home/bin/cargo" "+1.69.0" "fetch" "--manifest-path" "Cargo.toml", kill_on_drop: false }`
[INFO] [stderr]  Downloading crates ...
[INFO] [stderr]   Downloaded tracing-core v0.1.26
[INFO] [stderr]   Downloaded tokio-serial v5.4.3
[INFO] [stderr]   Downloaded mach v0.1.2
[INFO] [stderr]   Downloaded CoreFoundation-sys v0.1.4
[INFO] [stderr]   Downloaded IOKit-sys v0.1.5
[INFO] [stderr]   Downloaded cc v1.0.74
[INFO] [stderr]   Downloaded once_cell v1.11.0
[INFO] [stderr]   Downloaded parking_lot v0.12.0
[INFO] [stderr]   Downloaded serialport v4.2.0
[INFO] [stderr]   Downloaded syn v1.0.95
[INFO] [stderr]   Downloaded tracing v0.1.34
[INFO] [stderr]   Downloaded mio-serial v5.0.2
[INFO] running `Command { std: "docker" "create" "-v" "/var/lib/crater-agent-workspace/builds/worker-0-tc1/target:/opt/rustwide/target:rw,Z" "-v" "/var/lib/crater-agent-workspace/builds/worker-0-tc1/source:/opt/rustwide/workdir:ro,Z" "-v" "/var/lib/crater-agent-workspace/cargo-home:/opt/rustwide/cargo-home:ro,Z" "-v" "/var/lib/crater-agent-workspace/rustup-home:/opt/rustwide/rustup-home:ro,Z" "-e" "SOURCE_DIR=/opt/rustwide/workdir" "-e" "CARGO_TARGET_DIR=/opt/rustwide/target" "-e" "CARGO_HOME=/opt/rustwide/cargo-home" "-e" "RUSTUP_HOME=/opt/rustwide/rustup-home" "-w" "/opt/rustwide/workdir" "-m" "1610612736" "--user" "0:0" "--network" "none" "ghcr.io/rust-lang/crates-build-env/linux@sha256:5ff2268d62e97bff2cde7d5815dd6ed5b47097566f13b8d0ca110b04b60e07ed" "/opt/rustwide/cargo-home/bin/cargo" "+1.69.0" "metadata" "--no-deps" "--format-version=1", kill_on_drop: false }`
[INFO] [stdout] 2ba75472d80b1ae1e7d5571e8737e4e56434665f10ba12aed16740570e7b9dde
[INFO] running `Command { std: "docker" "start" "-a" "2ba75472d80b1ae1e7d5571e8737e4e56434665f10ba12aed16740570e7b9dde", kill_on_drop: false }`
[INFO] running `Command { std: "docker" "inspect" "2ba75472d80b1ae1e7d5571e8737e4e56434665f10ba12aed16740570e7b9dde", kill_on_drop: false }`
[INFO] running `Command { std: "docker" "rm" "-f" "2ba75472d80b1ae1e7d5571e8737e4e56434665f10ba12aed16740570e7b9dde", kill_on_drop: false }`
[INFO] [stdout] 2ba75472d80b1ae1e7d5571e8737e4e56434665f10ba12aed16740570e7b9dde
[INFO] running `Command { std: "docker" "create" "-v" "/var/lib/crater-agent-workspace/builds/worker-0-tc1/target:/opt/rustwide/target:rw,Z" "-v" "/var/lib/crater-agent-workspace/builds/worker-0-tc1/source:/opt/rustwide/workdir:ro,Z" "-v" "/var/lib/crater-agent-workspace/cargo-home:/opt/rustwide/cargo-home:ro,Z" "-v" "/var/lib/crater-agent-workspace/rustup-home:/opt/rustwide/rustup-home:ro,Z" "-e" "SOURCE_DIR=/opt/rustwide/workdir" "-e" "CARGO_TARGET_DIR=/opt/rustwide/target" "-e" "CARGO_INCREMENTAL=0" "-e" "RUST_BACKTRACE=full" "-e" "RUSTFLAGS=--cap-lints=warn" "-e" "RUSTDOCFLAGS=--cap-lints=warn" "-e" "CARGO_HOME=/opt/rustwide/cargo-home" "-e" "RUSTUP_HOME=/opt/rustwide/rustup-home" "-w" "/opt/rustwide/workdir" "-m" "1610612736" "--user" "0:0" "--network" "none" "ghcr.io/rust-lang/crates-build-env/linux@sha256:5ff2268d62e97bff2cde7d5815dd6ed5b47097566f13b8d0ca110b04b60e07ed" "/opt/rustwide/cargo-home/bin/cargo" "+1.69.0" "build" "--frozen" "--message-format=json", kill_on_drop: false }`
[INFO] [stdout] 1f66d125058066f54360991087250554ddfcd09069f018d6cb7c986488f7cc22
[INFO] running `Command { std: "docker" "start" "-a" "1f66d125058066f54360991087250554ddfcd09069f018d6cb7c986488f7cc22", kill_on_drop: false }`
[INFO] [stderr]    Compiling proc-macro2 v1.0.39
[INFO] [stderr]    Compiling unicode-ident v1.0.0
[INFO] [stderr]    Compiling syn v1.0.95
[INFO] [stderr]    Compiling futures-core v0.3.21
[INFO] [stderr]    Compiling futures-sink v0.3.21
[INFO] [stderr]    Compiling futures-channel v0.3.21
[INFO] [stderr]    Compiling futures-task v0.3.21
[INFO] [stderr]    Compiling libc v0.2.126
[INFO] [stderr]    Compiling futures-util v0.3.21
[INFO] [stderr]    Compiling futures-io v0.3.21
[INFO] [stderr]    Compiling slab v0.4.6
[INFO] [stderr]    Compiling tracing-core v0.1.26
[INFO] [stderr]    Compiling tokio v1.18.2
[INFO] [stderr]    Compiling bytes v1.1.0
[INFO] [stderr]    Compiling quote v1.0.18
[INFO] [stderr]    Compiling num_cpus v1.13.1
[INFO] [stderr]    Compiling futures-macro v0.3.21
[INFO] [stderr]    Compiling tracing-attributes v0.1.21
[INFO] [stderr]    Compiling tracing v0.1.34
[INFO] [stderr]    Compiling tokio-util v0.7.2
[INFO] [stderr]    Compiling futures-executor v0.3.21
[INFO] [stderr]    Compiling futures v0.3.21
[INFO] [stderr]    Compiling easy-modbus v0.0.5 (/opt/rustwide/workdir)
[INFO] [stderr]     Finished dev [unoptimized + debuginfo] target(s) in 8.24s
[INFO] running `Command { std: "docker" "inspect" "1f66d125058066f54360991087250554ddfcd09069f018d6cb7c986488f7cc22", kill_on_drop: false }`
[INFO] running `Command { std: "docker" "rm" "-f" "1f66d125058066f54360991087250554ddfcd09069f018d6cb7c986488f7cc22", kill_on_drop: false }`
[INFO] [stdout] 1f66d125058066f54360991087250554ddfcd09069f018d6cb7c986488f7cc22
[INFO] running `Command { std: "docker" "create" "-v" "/var/lib/crater-agent-workspace/builds/worker-0-tc1/target:/opt/rustwide/target:rw,Z" "-v" "/var/lib/crater-agent-workspace/builds/worker-0-tc1/source:/opt/rustwide/workdir:ro,Z" "-v" "/var/lib/crater-agent-workspace/cargo-home:/opt/rustwide/cargo-home:ro,Z" "-v" "/var/lib/crater-agent-workspace/rustup-home:/opt/rustwide/rustup-home:ro,Z" "-e" "SOURCE_DIR=/opt/rustwide/workdir" "-e" "CARGO_TARGET_DIR=/opt/rustwide/target" "-e" "CARGO_INCREMENTAL=0" "-e" "RUST_BACKTRACE=full" "-e" "RUSTFLAGS=--cap-lints=warn" "-e" "RUSTDOCFLAGS=--cap-lints=warn" "-e" "CARGO_HOME=/opt/rustwide/cargo-home" "-e" "RUSTUP_HOME=/opt/rustwide/rustup-home" "-w" "/opt/rustwide/workdir" "-m" "1610612736" "--user" "0:0" "--network" "none" "ghcr.io/rust-lang/crates-build-env/linux@sha256:5ff2268d62e97bff2cde7d5815dd6ed5b47097566f13b8d0ca110b04b60e07ed" "/opt/rustwide/cargo-home/bin/cargo" "+1.69.0" "test" "--frozen" "--no-run" "--message-format=json", kill_on_drop: false }`
[INFO] [stdout] 3b75a76ba1eba829608a8f4195c3fb834e8afe381aaa645b17473b4f130546c1
[INFO] running `Command { std: "docker" "start" "-a" "3b75a76ba1eba829608a8f4195c3fb834e8afe381aaa645b17473b4f130546c1", kill_on_drop: false }`
[INFO] [stderr]    Compiling libc v0.2.126
[INFO] [stderr]    Compiling parking_lot_core v0.9.3
[INFO] [stderr]    Compiling smallvec v1.8.0
[INFO] [stderr]    Compiling lock_api v0.4.7
[INFO] [stderr]    Compiling memoffset v0.6.5
[INFO] [stderr]    Compiling once_cell v1.11.0
[INFO] [stderr]    Compiling tokio-macros v1.7.0
[INFO] [stderr]    Compiling num_cpus v1.13.1
[INFO] [stderr]    Compiling mio v0.8.3
[INFO] [stderr]    Compiling signal-hook-registry v1.4.0
[INFO] [stderr]    Compiling socket2 v0.4.4
[INFO] [stderr]    Compiling nix v0.24.2
[INFO] [stderr]    Compiling nix v0.23.1
[INFO] [stderr]    Compiling futures-executor v0.3.21
[INFO] [stderr]    Compiling parking_lot v0.12.0
[INFO] [stderr]    Compiling futures v0.3.21
[INFO] [stderr]    Compiling tokio v1.18.2
[INFO] [stderr]    Compiling serialport v4.2.0
[INFO] [stderr]    Compiling mio-serial v5.0.2
[INFO] [stderr]    Compiling tokio-util v0.7.2
[INFO] [stderr]    Compiling tokio-serial v5.4.3
[INFO] [stderr]    Compiling tokio-stream v0.1.8
[INFO] [stderr]    Compiling easy-modbus v0.0.5 (/opt/rustwide/workdir)
[INFO] [stderr]     Finished test [unoptimized + debuginfo] target(s) in 10.17s
[INFO] running `Command { std: "docker" "inspect" "3b75a76ba1eba829608a8f4195c3fb834e8afe381aaa645b17473b4f130546c1", kill_on_drop: false }`
[INFO] running `Command { std: "docker" "rm" "-f" "3b75a76ba1eba829608a8f4195c3fb834e8afe381aaa645b17473b4f130546c1", kill_on_drop: false }`
[INFO] [stdout] 3b75a76ba1eba829608a8f4195c3fb834e8afe381aaa645b17473b4f130546c1
[INFO] running `Command { std: "docker" "create" "-v" "/var/lib/crater-agent-workspace/builds/worker-0-tc1/target:/opt/rustwide/target:rw,Z" "-v" "/var/lib/crater-agent-workspace/builds/worker-0-tc1/source:/opt/rustwide/workdir:ro,Z" "-v" "/var/lib/crater-agent-workspace/cargo-home:/opt/rustwide/cargo-home:ro,Z" "-v" "/var/lib/crater-agent-workspace/rustup-home:/opt/rustwide/rustup-home:ro,Z" "-e" "SOURCE_DIR=/opt/rustwide/workdir" "-e" "CARGO_TARGET_DIR=/opt/rustwide/target" "-e" "CARGO_INCREMENTAL=0" "-e" "RUST_BACKTRACE=full" "-e" "RUSTFLAGS=--cap-lints=warn" "-e" "RUSTDOCFLAGS=--cap-lints=warn" "-e" "CARGO_HOME=/opt/rustwide/cargo-home" "-e" "RUSTUP_HOME=/opt/rustwide/rustup-home" "-w" "/opt/rustwide/workdir" "-m" "1610612736" "--user" "0:0" "--network" "none" "ghcr.io/rust-lang/crates-build-env/linux@sha256:5ff2268d62e97bff2cde7d5815dd6ed5b47097566f13b8d0ca110b04b60e07ed" "/opt/rustwide/cargo-home/bin/cargo" "+1.69.0" "test" "--frozen", kill_on_drop: false }`
[INFO] [stdout] 5008e6be411c9f1ceeb6349ca8b9c4238e5269135f41890c4dc9343e905be040
[INFO] running `Command { std: "docker" "start" "-a" "5008e6be411c9f1ceeb6349ca8b9c4238e5269135f41890c4dc9343e905be040", kill_on_drop: false }`
[INFO] [stderr]     Finished test [unoptimized + debuginfo] target(s) in 0.04s
[INFO] [stderr]      Running unittests src/lib.rs (/opt/rustwide/target/debug/deps/easy_modbus-8029e2bd6f3bc7f9)
[INFO] [stdout] 
[INFO] [stdout] running 87 tests
[INFO] [stdout] test codec::decoder::rtu_client_decoder_test::read_coils_response_test ... ok
[INFO] [stdout] test codec::decoder::rtu_client_decoder_test::exception_response_test ... ok
[INFO] [stdout] test codec::decoder::rtu_client_decoder_test::read_input_registers_response_test ... ok
[INFO] [stdout] test codec::decoder::rtu_client_decoder_test::read_discrete_inputs_response_test ... ok
[INFO] [stdout] test codec::decoder::rtu_client_decoder_test::read_multiple_holding_registers_response_test ... ok
[INFO] [stdout] test codec::decoder::rtu_client_decoder_test::write_multiple_coils_response_test ... ok
[INFO] [stdout] test codec::decoder::rtu_client_decoder_test::write_multiple_holding_registers_response_test ... ok
[INFO] [stdout] test codec::decoder::rtu_client_decoder_test::write_single_coil_response_test ... ok
[INFO] [stdout] test codec::decoder::rtu_client_decoder_test::write_single_holding_register_response_test ... ok
[INFO] [stdout] test codec::decoder::rtu_server_decoder_test::read_coils_request_test ... ok
[INFO] [stdout] test codec::decoder::rtu_server_decoder_test::read_discrete_inputs_test ... ok
[INFO] [stdout] test codec::decoder::rtu_server_decoder_test::read_input_registers_test ... ok
[INFO] [stdout] test codec::decoder::rtu_server_decoder_test::read_multiple_holding_registers_test ... ok
[INFO] [stdout] test codec::decoder::rtu_server_decoder_test::write_multiple_coils_test ... ok
[INFO] [stdout] test codec::decoder::rtu_server_decoder_test::write_multiple_holding_registers_test ... ok
[INFO] [stdout] test codec::decoder::rtu_server_decoder_test::write_single_coil_test ... ok
[INFO] [stdout] test codec::decoder::rtu_server_decoder_test::write_single_holding_register_test ... ok
[INFO] [stdout] test codec::decoder::tcp_client_decoder_test::exception_response_test ... ok
[INFO] [stdout] test codec::decoder::tcp_client_decoder_test::read_coils_response_test ... ok
[INFO] [stdout] test codec::decoder::tcp_client_decoder_test::read_discrete_inputs_response_test ... ok
[INFO] [stdout] test codec::decoder::tcp_client_decoder_test::read_input_registers_response_test ... ok
[INFO] [stdout] test codec::decoder::tcp_client_decoder_test::read_multiple_holding_registers_response_test ... ok
[INFO] [stdout] test codec::decoder::tcp_client_decoder_test::write_multiple_coils_response_test ... ok
[INFO] [stdout] test codec::decoder::tcp_client_decoder_test::write_multiple_holding_registers_response_test ... ok
[INFO] [stdout] test codec::decoder::tcp_client_decoder_test::write_single_coil_response_test ... ok
[INFO] [stdout] test codec::decoder::tcp_client_decoder_test::write_single_holding_register_response_test ... ok
[INFO] [stdout] test codec::decoder::tcp_server_decoder_test::read_discrete_inputs_test ... ok
[INFO] [stdout] test codec::decoder::tcp_server_decoder_test::read_coils_request_test ... ok
[INFO] [stdout] test codec::decoder::tcp_server_decoder_test::read_input_registers_test ... ok
[INFO] [stdout] test codec::decoder::tcp_server_decoder_test::read_multiple_holding_registers_test ... ok
[INFO] [stdout] test codec::decoder::tcp_server_decoder_test::write_multiple_coils_test ... ok
[INFO] [stdout] test codec::decoder::tcp_server_decoder_test::write_multiple_holding_registers_test ... ok
[INFO] [stdout] test codec::decoder::tcp_server_decoder_test::write_single_coil_test ... ok
[INFO] [stdout] test codec::decoder::tcp_server_decoder_test::write_single_holding_register_test ... ok
[INFO] [stdout] test codec::encoder::rtu_client_encoder_test::read_coils_request_test ... ok
[INFO] [stdout] test codec::encoder::rtu_client_encoder_test::read_discrete_inputs_request_test ... ok
[INFO] [stdout] test codec::encoder::rtu_client_encoder_test::read_multiple_holding_registers_request_test ... ok
[INFO] [stdout] test codec::encoder::rtu_client_encoder_test::read_input_registers_request_test ... ok
[INFO] [stdout] test codec::encoder::rtu_client_encoder_test::write_multiple_coils_request_test ... ok
[INFO] [stdout] test codec::encoder::rtu_client_encoder_test::write_multiple_holding_registers_request_test ... ok
[INFO] [stdout] test codec::encoder::rtu_client_encoder_test::write_single_coil_request_test ... ok
[INFO] [stdout] test codec::encoder::rtu_client_encoder_test::write_single_holding_register_request_test ... ok
[INFO] [stdout] test codec::encoder::rtu_server_decoder_test::exception_response_test ... ok
[INFO] [stdout] test codec::encoder::rtu_server_decoder_test::read_discrete_response_test ... ok
[INFO] [stdout] test codec::encoder::rtu_server_decoder_test::read_coils_response_test ... ok
[INFO] [stdout] test codec::encoder::rtu_server_decoder_test::read_holding_register_response_test ... ok
[INFO] [stdout] test codec::encoder::rtu_server_decoder_test::read_input_register_response_test ... ok
[INFO] [stdout] test codec::encoder::rtu_server_decoder_test::write_multiple_coils_response_test ... ok
[INFO] [stdout] test codec::encoder::rtu_server_decoder_test::write_multiple_holding_registers_response_test ... ok
[INFO] [stdout] test codec::encoder::rtu_server_decoder_test::write_single_coil_response_test ... ok
[INFO] [stdout] test codec::encoder::rtu_server_decoder_test::write_single_holding_register_response_test ... ok
[INFO] [stdout] test codec::encoder::tcp_client_decoder_test::read_coils_request_test ... ok
[INFO] [stdout] test codec::encoder::tcp_client_decoder_test::read_input_registers_request_test ... ok
[INFO] [stdout] test codec::encoder::tcp_client_decoder_test::read_multiple_holding_registers_request_test ... ok
[INFO] [stdout] test codec::encoder::tcp_client_decoder_test::read_discrete_inputs_request_test ... ok
[INFO] [stdout] test codec::encoder::tcp_client_decoder_test::write_multiple_holding_registers_request_test ... ok
[INFO] [stdout] test codec::encoder::tcp_client_decoder_test::write_multiple_coils_request_test ... ok
[INFO] [stdout] test codec::encoder::tcp_client_decoder_test::write_single_coil_request_test ... ok
[INFO] [stdout] test codec::encoder::tcp_client_decoder_test::write_single_holding_register_request_test ... ok
[INFO] [stdout] test codec::encoder::tcp_server_decoder_test::read_discrete_response_test ... ok
[INFO] [stdout] test codec::encoder::tcp_server_decoder_test::read_holding_register_response_test ... ok
[INFO] [stdout] test codec::encoder::tcp_server_decoder_test::read_coils_response_test ... ok
[INFO] [stdout] test codec::encoder::tcp_server_decoder_test::exception_response_test ... ok
[INFO] [stdout] test codec::encoder::tcp_server_decoder_test::read_input_register_response_test ... ok
[INFO] [stdout] test codec::encoder::tcp_server_decoder_test::write_multiple_coils_response_test ... ok
[INFO] [stdout] test codec::encoder::tcp_server_decoder_test::write_multiple_holding_registers_response_test ... ok
[INFO] [stdout] test codec::encoder::tcp_server_decoder_test::write_single_coil_response_test ... ok
[INFO] [stdout] test codec::encoder::tcp_server_decoder_test::write_single_holding_register_response_test ... ok
[INFO] [stdout] test frame::request::request_test::test_read_coils_request ... ok
[INFO] [stdout] test frame::request::request_test::test_read_discrete_inputs_request ... ok
[INFO] [stdout] test frame::request::request_test::test_read_input_register_request ... ok
[INFO] [stdout] test frame::request::request_test::test_read_multiple_holding_register_request ... ok
[INFO] [stdout] test frame::request::request_test::test_write_multiple_coils_request ... ok
[INFO] [stdout] test frame::request::request_test::test_write_multiple_holding_registers_request ... ok
[INFO] [stdout] test frame::request::request_test::test_write_single_coil_request ... ok
[INFO] [stdout] test frame::request::request_test::test_write_single_holding_register_request ... ok
[INFO] [stdout] test frame::response::response_test::test_exception_response ... ok
[INFO] [stdout] test frame::response::response_test::test_read_coils_response ... ok
[INFO] [stdout] test frame::response::response_test::test_multiple_holding_registers_response ... ok
[INFO] [stdout] test frame::response::response_test::test_read_discrete_inputs_response ... ok
[INFO] [stdout] test frame::response::response_test::test_read_input_register_response ... ok
[INFO] [stdout] test frame::response::response_test::test_read_multiple_holding_registers_response ... ok
[INFO] [stdout] test frame::response::response_test::test_write_multiple_coils_response ... ok
[INFO] [stdout] test frame::response::response_test::test_write_single_coils_response ... ok
[INFO] [stdout] test frame::response::response_test::test_write_single_holding_register_response ... ok
[INFO] [stdout] test frame::test_head ... ok
[INFO] [stdout] test util::crc::test_crc ... ok
[INFO] [stdout] 
[INFO] [stdout] test result: ok. 87 passed; 0 failed; 0 ignored; 0 measured; 0 filtered out; finished in 0.00s
[INFO] [stdout] 
[INFO] [stderr]    Doc-tests easy-modbus
[INFO] [stdout] 
[INFO] [stdout] running 25 tests
[INFO] [stdout] test src/frame/mod.rs - frame::Frame::read_discrete_response (line 271) ... FAILED
[INFO] [stdout] test src/frame/mod.rs - frame::Frame::read_holding_register_response (line 289) ... FAILED
[INFO] [stdout] test src/frame/mod.rs - frame::Frame::read_input_registers_request (line 126) ... FAILED
[INFO] [stdout] test src/frame/mod.rs - frame::Frame::write_single_holding_register_request (line 169) ... FAILED
[INFO] [stdout] test src/frame/mod.rs - frame::Frame::read_coils_response (line 253) ... FAILED
[INFO] [stdout] test src/lib.rs - (line 106) - compile ... ok
[INFO] [stdout] test src/lib.rs - (line 53) - compile ... ok
[INFO] [stdout] test src/frame/mod.rs - frame::Frame::read_coils_request (line 64) ... FAILED
[INFO] [stdout] test src/lib.rs - (line 7) - compile ... ok
[INFO] [stdout] test src/util/crc.rs - util::crc::compute (line 54) ... FAILED
[INFO] [stdout] test src/frame/mod.rs - frame::Frame::read_input_register_response (line 307) ... FAILED
[INFO] [stdout] test src/frame/mod.rs - frame::Frame::write_multiple_holding_registers_response (line 392) ... FAILED
[INFO] [stdout] test src/frame/mod.rs - frame::Frame::rtu (line 45) ... ok
[INFO] [stdout] test src/frame/mod.rs - frame::Frame::write_multiple_coils_response (line 368) ... ok
[INFO] [stdout] test src/frame/mod.rs - frame::Frame::exception_response (line 416) ... ok
[INFO] [stdout] test src/frame/mod.rs - frame::Frame::read_discrete_request (line 83) ... ok
[INFO] [stdout] test src/frame/mod.rs - frame::Frame::tcp (line 28) ... ok
[INFO] [stdout] test src/frame/mod.rs - frame::Frame::write_multiple_coils_request (line 194) ... ok
[INFO] [stdout] test src/util/crc.rs - util::crc (line 4) ... ok
[INFO] [stdout] test src/frame/mod.rs - frame::Frame::write_single_coil_response (line 325) ... ok
[INFO] [stdout] test src/frame/mod.rs - frame::Frame::write_single_holding_register_response (line 344) ... ok
[INFO] [stdout] test src/frame/mod.rs - frame::Frame::read_multiple_holding_registers_request (line 102) ... ok
[INFO] [stdout] test src/frame/mod.rs - frame::Frame::write_multiple_holding_registers_request (line 224) ... ok
[INFO] [stdout] test src/frame/mod.rs - frame::Frame::write_single_coil_request (line 150) ... ok
[INFO] [stdout] test src/util/crc.rs - util::crc::check (line 42) ... ok
[INFO] [stdout] 
[INFO] [stdout] failures:
[INFO] [stdout] 
[INFO] [stdout] ---- src/frame/mod.rs - frame::Frame::read_discrete_response (line 271) stdout ----
[INFO] [stdout] error: linking with `cc` failed: exit status: 1
[INFO] [stdout]   |
[INFO] [stdout]   = note: LC_ALL="C" PATH="/opt/rustwide/rustup-home/toolchains/1.69.0-x86_64-unknown-linux-gnu/lib/rustlib/x86_64-unknown-linux-gnu/bin:/opt/rustwide/cargo-home/bin:/usr/local/sbin:/usr/local/bin:/usr/sbin:/usr/bin:/sbin:/bin" VSLANG="1033" "cc" "-m64" "/tmp/rustc6MW1S5/symbols.o" "/tmp/rustdoctestSwATQ8/rust_out.rust_out.5bfee551-cgu.0.rcgu.o" "/tmp/rustdoctestSwATQ8/rust_out.j00p4ncf7xg64kg.rcgu.o" "-Wl,--as-needed" "-L" "/opt/rustwide/target/debug/deps" "-L" "/opt/rustwide/target/debug/deps" "-L" "/opt/rustwide/rustup-home/toolchains/1.69.0-x86_64-unknown-linux-gnu/lib/rustlib/x86_64-unknown-linux-gnu/lib" "-Wl,-Bstatic" "/opt/rustwide/target/debug/deps/libeasy_modbus-a68b7f98c80c002c.rlib" "/opt/rustwide/target/debug/deps/libtokio_util-e503fd0d43e701f2.rlib" "/opt/rustwide/target/debug/deps/libtracing-4616ad7ec5231122.rlib" "/opt/rustwide/target/debug/deps/libtracing_core-2ced06926bfd43f1.rlib" "/opt/rustwide/target/debug/deps/liblazy_static-a15e1ed0a3c31761.rlib" "/opt/rustwide/target/debug/deps/libfutures_core-64eaaeb4b64b7eca.rlib" "/opt/rustwide/target/debug/deps/libtokio-631dca5a21391919.rlib" "/opt/rustwide/target/debug/deps/libsignal_hook_registry-47ffc8f192a380a5.rlib" "/opt/rustwide/target/debug/deps/libnum_cpus-f19dd01b492716ac.rlib" "/opt/rustwide/target/debug/deps/libsocket2-b8baff12e272a438.rlib" "/opt/rustwide/target/debug/deps/libmemchr-b18e4aa3c7a38625.rlib" "/opt/rustwide/target/debug/deps/libonce_cell-aaded12b975116f9.rlib" "/opt/rustwide/target/debug/deps/libmio-13f0e342b7d721ba.rlib" "/opt/rustwide/target/debug/deps/liblog-b7002f1ab15c8d8b.rlib" "/opt/rustwide/target/debug/deps/libparking_lot-1867e0b17805cdb2.rlib" "/opt/rustwide/target/debug/deps/libparking_lot_core-a9dcb3dc53335461.rlib" "/opt/rustwide/target/debug/deps/liblibc-87802f0ac0209f45.rlib" "/opt/rustwide/target/debug/deps/libcfg_if-e5e118dd7d121aaa.rlib" "/opt/rustwide/target/debug/deps/libsmallvec-3007f843720fad13.rlib" "/opt/rustwide/target/debug/deps/liblock_api-e5ad3b2927a46886.rlib" "/opt/rustwide/target/debug/deps/libscopeguard-f471875f675163b5.rlib" "/opt/rustwide/target/debug/deps/libfutures_sink-4aec2d803aa18c12.rlib" "/opt/rustwide/target/debug/deps/libpin_project_lite-e66e1bab7310d569.rlib" "/opt/rustwide/target/debug/deps/libbytes-0b539a5c776b0476.rlib" "/opt/rustwide/rustup-home/toolchains/1.69.0-x86_64-unknown-linux-gnu/lib/rustlib/x86_64-unknown-linux-gnu/lib/libstd-89bc084783fdc439.rlib" "/opt/rustwide/rustup-home/toolchains/1.69.0-x86_64-unknown-linux-gnu/lib/rustlib/x86_64-unknown-linux-gnu/lib/libpanic_unwind-8bee4b287d4367c1.rlib" "/opt/rustwide/rustup-home/toolchains/1.69.0-x86_64-unknown-linux-gnu/lib/rustlib/x86_64-unknown-linux-gnu/lib/libobject-d61707aed80694c0.rlib" "/opt/rustwide/rustup-home/toolchains/1.69.0-x86_64-unknown-linux-gnu/lib/rustlib/x86_64-unknown-linux-gnu/lib/libmemchr-d85366256f22345b.rlib" "/opt/rustwide/rustup-home/toolchains/1.69.0-x86_64-unknown-linux-gnu/lib/rustlib/x86_64-unknown-linux-gnu/lib/libaddr2line-96069b86b8a8cae9.rlib" "/opt/rustwide/rustup-home/toolchains/1.69.0-x86_64-unknown-linux-gnu/lib/rustlib/x86_64-unknown-linux-gnu/lib/libgimli-d19d53abf68dfa6c.rlib" "/opt/rustwide/rustup-home/toolchains/1.69.0-x86_64-unknown-linux-gnu/lib/rustlib/x86_64-unknown-linux-gnu/lib/librustc_demangle-787cbccd19d64ac6.rlib" "/opt/rustwide/rustup-home/toolchains/1.69.0-x86_64-unknown-linux-gnu/lib/rustlib/x86_64-unknown-linux-gnu/lib/libstd_detect-b3837a36b830e0d0.rlib" "/opt/rustwide/rustup-home/toolchains/1.69.0-x86_64-unknown-linux-gnu/lib/rustlib/x86_64-unknown-linux-gnu/lib/libhashbrown-e3deb0e7e3f04966.rlib" "/opt/rustwide/rustup-home/toolchains/1.69.0-x86_64-unknown-linux-gnu/lib/rustlib/x86_64-unknown-linux-gnu/lib/libminiz_oxide-dabbb79c9815def4.rlib" "/opt/rustwide/rustup-home/toolchains/1.69.0-x86_64-unknown-linux-gnu/lib/rustlib/x86_64-unknown-linux-gnu/lib/libadler-305b01f34c9409f2.rlib" "/opt/rustwide/rustup-home/toolchains/1.69.0-x86_64-unknown-linux-gnu/lib/rustlib/x86_64-unknown-linux-gnu/lib/librustc_std_workspace_alloc-f833521df6074e73.rlib" "/opt/rustwide/rustup-home/toolchains/1.69.0-x86_64-unknown-linux-gnu/lib/rustlib/x86_64-unknown-linux-gnu/lib/libunwind-9ac333113350d171.rlib" "/opt/rustwide/rustup-home/toolchains/1.69.0-x86_64-unknown-linux-gnu/lib/rustlib/x86_64-unknown-linux-gnu/lib/libcfg_if-1c126114322d0eee.rlib" "/opt/rustwide/rustup-home/toolchains/1.69.0-x86_64-unknown-linux-gnu/lib/rustlib/x86_64-unknown-linux-gnu/lib/liblibc-bad9164fdeeecf92.rlib" "/opt/rustwide/rustup-home/toolchains/1.69.0-x86_64-unknown-linux-gnu/lib/rustlib/x86_64-unknown-linux-gnu/lib/liballoc-f9374b1e480fa681.rlib" "/opt/rustwide/rustup-home/toolchains/1.69.0-x86_64-unknown-linux-gnu/lib/rustlib/x86_64-unknown-linux-gnu/lib/librustc_std_workspace_core-207f06e41d9603af.rlib" "/opt/rustwide/rustup-home/toolchains/1.69.0-x86_64-unknown-linux-gnu/lib/rustlib/x86_64-unknown-linux-gnu/lib/libcore-7e2768e66e984e85.rlib" "/opt/rustwide/rustup-home/toolchains/1.69.0-x86_64-unknown-linux-gnu/lib/rustlib/x86_64-unknown-linux-gnu/lib/libcompiler_builtins-957b4aff41f8cd46.rlib" "-Wl,-Bdynamic" "-lgcc_s" "-lutil" "-lrt" "-lpthread" "-lm" "-ldl" "-lc" "-Wl,--eh-frame-hdr" "-Wl,-z,noexecstack" "-L" "/opt/rustwide/rustup-home/toolchains/1.69.0-x86_64-unknown-linux-gnu/lib/rustlib/x86_64-unknown-linux-gnu/lib" "-o" "/tmp/rustdoctestSwATQ8/rust_out" "-Wl,--gc-sections" "-pie" "-Wl,-z,relro,-z,now" "-nodefaultlibs"
[INFO] [stdout]   = note: collect2: fatal error: ld terminated with signal 9 [Killed]
[INFO] [stdout]           compilation terminated.
[INFO] [stdout]           
[INFO] [stdout] 
[INFO] [stdout] error: aborting due to previous error
[INFO] [stdout] 
[INFO] [stdout] Couldn't compile the test.
[INFO] [stdout] ---- src/frame/mod.rs - frame::Frame::read_holding_register_response (line 289) stdout ----
[INFO] [stdout] error: linking with `cc` failed: exit status: 1
[INFO] [stdout]   |
[INFO] [stdout]   = note: LC_ALL="C" PATH="/opt/rustwide/rustup-home/toolchains/1.69.0-x86_64-unknown-linux-gnu/lib/rustlib/x86_64-unknown-linux-gnu/bin:/opt/rustwide/cargo-home/bin:/usr/local/sbin:/usr/local/bin:/usr/sbin:/usr/bin:/sbin:/bin" VSLANG="1033" "cc" "-m64" "/tmp/rustc3kLkij/symbols.o" "/tmp/rustdoctest9Edyzq/rust_out.rust_out.5bfee551-cgu.0.rcgu.o" "/tmp/rustdoctest9Edyzq/rust_out.j00p4ncf7xg64kg.rcgu.o" "-Wl,--as-needed" "-L" "/opt/rustwide/target/debug/deps" "-L" "/opt/rustwide/target/debug/deps" "-L" "/opt/rustwide/rustup-home/toolchains/1.69.0-x86_64-unknown-linux-gnu/lib/rustlib/x86_64-unknown-linux-gnu/lib" "-Wl,-Bstatic" "/opt/rustwide/target/debug/deps/libeasy_modbus-a68b7f98c80c002c.rlib" "/opt/rustwide/target/debug/deps/libtokio_util-e503fd0d43e701f2.rlib" "/opt/rustwide/target/debug/deps/libtracing-4616ad7ec5231122.rlib" "/opt/rustwide/target/debug/deps/libtracing_core-2ced06926bfd43f1.rlib" "/opt/rustwide/target/debug/deps/liblazy_static-a15e1ed0a3c31761.rlib" "/opt/rustwide/target/debug/deps/libfutures_core-64eaaeb4b64b7eca.rlib" "/opt/rustwide/target/debug/deps/libtokio-631dca5a21391919.rlib" "/opt/rustwide/target/debug/deps/libsignal_hook_registry-47ffc8f192a380a5.rlib" "/opt/rustwide/target/debug/deps/libnum_cpus-f19dd01b492716ac.rlib" "/opt/rustwide/target/debug/deps/libsocket2-b8baff12e272a438.rlib" "/opt/rustwide/target/debug/deps/libmemchr-b18e4aa3c7a38625.rlib" "/opt/rustwide/target/debug/deps/libonce_cell-aaded12b975116f9.rlib" "/opt/rustwide/target/debug/deps/libmio-13f0e342b7d721ba.rlib" "/opt/rustwide/target/debug/deps/liblog-b7002f1ab15c8d8b.rlib" "/opt/rustwide/target/debug/deps/libparking_lot-1867e0b17805cdb2.rlib" "/opt/rustwide/target/debug/deps/libparking_lot_core-a9dcb3dc53335461.rlib" "/opt/rustwide/target/debug/deps/liblibc-87802f0ac0209f45.rlib" "/opt/rustwide/target/debug/deps/libcfg_if-e5e118dd7d121aaa.rlib" "/opt/rustwide/target/debug/deps/libsmallvec-3007f843720fad13.rlib" "/opt/rustwide/target/debug/deps/liblock_api-e5ad3b2927a46886.rlib" "/opt/rustwide/target/debug/deps/libscopeguard-f471875f675163b5.rlib" "/opt/rustwide/target/debug/deps/libfutures_sink-4aec2d803aa18c12.rlib" "/opt/rustwide/target/debug/deps/libpin_project_lite-e66e1bab7310d569.rlib" "/opt/rustwide/target/debug/deps/libbytes-0b539a5c776b0476.rlib" "/opt/rustwide/rustup-home/toolchains/1.69.0-x86_64-unknown-linux-gnu/lib/rustlib/x86_64-unknown-linux-gnu/lib/libstd-89bc084783fdc439.rlib" "/opt/rustwide/rustup-home/toolchains/1.69.0-x86_64-unknown-linux-gnu/lib/rustlib/x86_64-unknown-linux-gnu/lib/libpanic_unwind-8bee4b287d4367c1.rlib" "/opt/rustwide/rustup-home/toolchains/1.69.0-x86_64-unknown-linux-gnu/lib/rustlib/x86_64-unknown-linux-gnu/lib/libobject-d61707aed80694c0.rlib" "/opt/rustwide/rustup-home/toolchains/1.69.0-x86_64-unknown-linux-gnu/lib/rustlib/x86_64-unknown-linux-gnu/lib/libmemchr-d85366256f22345b.rlib" "/opt/rustwide/rustup-home/toolchains/1.69.0-x86_64-unknown-linux-gnu/lib/rustlib/x86_64-unknown-linux-gnu/lib/libaddr2line-96069b86b8a8cae9.rlib" "/opt/rustwide/rustup-home/toolchains/1.69.0-x86_64-unknown-linux-gnu/lib/rustlib/x86_64-unknown-linux-gnu/lib/libgimli-d19d53abf68dfa6c.rlib" "/opt/rustwide/rustup-home/toolchains/1.69.0-x86_64-unknown-linux-gnu/lib/rustlib/x86_64-unknown-linux-gnu/lib/librustc_demangle-787cbccd19d64ac6.rlib" "/opt/rustwide/rustup-home/toolchains/1.69.0-x86_64-unknown-linux-gnu/lib/rustlib/x86_64-unknown-linux-gnu/lib/libstd_detect-b3837a36b830e0d0.rlib" "/opt/rustwide/rustup-home/toolchains/1.69.0-x86_64-unknown-linux-gnu/lib/rustlib/x86_64-unknown-linux-gnu/lib/libhashbrown-e3deb0e7e3f04966.rlib" "/opt/rustwide/rustup-home/toolchains/1.69.0-x86_64-unknown-linux-gnu/lib/rustlib/x86_64-unknown-linux-gnu/lib/libminiz_oxide-dabbb79c9815def4.rlib" "/opt/rustwide/rustup-home/toolchains/1.69.0-x86_64-unknown-linux-gnu/lib/rustlib/x86_64-unknown-linux-gnu/lib/libadler-305b01f34c9409f2.rlib" "/opt/rustwide/rustup-home/toolchains/1.69.0-x86_64-unknown-linux-gnu/lib/rustlib/x86_64-unknown-linux-gnu/lib/librustc_std_workspace_alloc-f833521df6074e73.rlib" "/opt/rustwide/rustup-home/toolchains/1.69.0-x86_64-unknown-linux-gnu/lib/rustlib/x86_64-unknown-linux-gnu/lib/libunwind-9ac333113350d171.rlib" "/opt/rustwide/rustup-home/toolchains/1.69.0-x86_64-unknown-linux-gnu/lib/rustlib/x86_64-unknown-linux-gnu/lib/libcfg_if-1c126114322d0eee.rlib" "/opt/rustwide/rustup-home/toolchains/1.69.0-x86_64-unknown-linux-gnu/lib/rustlib/x86_64-unknown-linux-gnu/lib/liblibc-bad9164fdeeecf92.rlib" "/opt/rustwide/rustup-home/toolchains/1.69.0-x86_64-unknown-linux-gnu/lib/rustlib/x86_64-unknown-linux-gnu/lib/liballoc-f9374b1e480fa681.rlib" "/opt/rustwide/rustup-home/toolchains/1.69.0-x86_64-unknown-linux-gnu/lib/rustlib/x86_64-unknown-linux-gnu/lib/librustc_std_workspace_core-207f06e41d9603af.rlib" "/opt/rustwide/rustup-home/toolchains/1.69.0-x86_64-unknown-linux-gnu/lib/rustlib/x86_64-unknown-linux-gnu/lib/libcore-7e2768e66e984e85.rlib" "/opt/rustwide/rustup-home/toolchains/1.69.0-x86_64-unknown-linux-gnu/lib/rustlib/x86_64-unknown-linux-gnu/lib/libcompiler_builtins-957b4aff41f8cd46.rlib" "-Wl,-Bdynamic" "-lgcc_s" "-lutil" "-lrt" "-lpthread" "-lm" "-ldl" "-lc" "-Wl,--eh-frame-hdr" "-Wl,-z,noexecstack" "-L" "/opt/rustwide/rustup-home/toolchains/1.69.0-x86_64-unknown-linux-gnu/lib/rustlib/x86_64-unknown-linux-gnu/lib" "-o" "/tmp/rustdoctest9Edyzq/rust_out" "-Wl,--gc-sections" "-pie" "-Wl,-z,relro,-z,now" "-nodefaultlibs"
[INFO] [stdout]   = note: collect2: fatal error: ld terminated with signal 9 [Killed]
[INFO] [stdout]           compilation terminated.
[INFO] [stdout]           
[INFO] [stdout] 
[INFO] [stdout] error: aborting due to previous error
[INFO] [stdout] 
[INFO] [stdout] Couldn't compile the test.
[INFO] [stdout] ---- src/frame/mod.rs - frame::Frame::read_input_registers_request (line 126) stdout ----
[INFO] [stdout] error: linking with `cc` failed: exit status: 1
[INFO] [stdout]   |
[INFO] [stdout]   = note: LC_ALL="C" PATH="/opt/rustwide/rustup-home/toolchains/1.69.0-x86_64-unknown-linux-gnu/lib/rustlib/x86_64-unknown-linux-gnu/bin:/opt/rustwide/cargo-home/bin:/usr/local/sbin:/usr/local/bin:/usr/sbin:/usr/bin:/sbin:/bin" VSLANG="1033" "cc" "-m64" "/tmp/rustcr25YHN/symbols.o" "/tmp/rustdoctestSNuJye/rust_out.rust_out.5bfee551-cgu.0.rcgu.o" "/tmp/rustdoctestSNuJye/rust_out.j00p4ncf7xg64kg.rcgu.o" "-Wl,--as-needed" "-L" "/opt/rustwide/target/debug/deps" "-L" "/opt/rustwide/target/debug/deps" "-L" "/opt/rustwide/rustup-home/toolchains/1.69.0-x86_64-unknown-linux-gnu/lib/rustlib/x86_64-unknown-linux-gnu/lib" "-Wl,-Bstatic" "/opt/rustwide/target/debug/deps/libeasy_modbus-a68b7f98c80c002c.rlib" "/opt/rustwide/target/debug/deps/libtokio_util-e503fd0d43e701f2.rlib" "/opt/rustwide/target/debug/deps/libtracing-4616ad7ec5231122.rlib" "/opt/rustwide/target/debug/deps/libtracing_core-2ced06926bfd43f1.rlib" "/opt/rustwide/target/debug/deps/liblazy_static-a15e1ed0a3c31761.rlib" "/opt/rustwide/target/debug/deps/libfutures_core-64eaaeb4b64b7eca.rlib" "/opt/rustwide/target/debug/deps/libtokio-631dca5a21391919.rlib" "/opt/rustwide/target/debug/deps/libsignal_hook_registry-47ffc8f192a380a5.rlib" "/opt/rustwide/target/debug/deps/libnum_cpus-f19dd01b492716ac.rlib" "/opt/rustwide/target/debug/deps/libsocket2-b8baff12e272a438.rlib" "/opt/rustwide/target/debug/deps/libmemchr-b18e4aa3c7a38625.rlib" "/opt/rustwide/target/debug/deps/libonce_cell-aaded12b975116f9.rlib" "/opt/rustwide/target/debug/deps/libmio-13f0e342b7d721ba.rlib" "/opt/rustwide/target/debug/deps/liblog-b7002f1ab15c8d8b.rlib" "/opt/rustwide/target/debug/deps/libparking_lot-1867e0b17805cdb2.rlib" "/opt/rustwide/target/debug/deps/libparking_lot_core-a9dcb3dc53335461.rlib" "/opt/rustwide/target/debug/deps/liblibc-87802f0ac0209f45.rlib" "/opt/rustwide/target/debug/deps/libcfg_if-e5e118dd7d121aaa.rlib" "/opt/rustwide/target/debug/deps/libsmallvec-3007f843720fad13.rlib" "/opt/rustwide/target/debug/deps/liblock_api-e5ad3b2927a46886.rlib" "/opt/rustwide/target/debug/deps/libscopeguard-f471875f675163b5.rlib" "/opt/rustwide/target/debug/deps/libfutures_sink-4aec2d803aa18c12.rlib" "/opt/rustwide/target/debug/deps/libpin_project_lite-e66e1bab7310d569.rlib" "/opt/rustwide/target/debug/deps/libbytes-0b539a5c776b0476.rlib" "/opt/rustwide/rustup-home/toolchains/1.69.0-x86_64-unknown-linux-gnu/lib/rustlib/x86_64-unknown-linux-gnu/lib/libstd-89bc084783fdc439.rlib" "/opt/rustwide/rustup-home/toolchains/1.69.0-x86_64-unknown-linux-gnu/lib/rustlib/x86_64-unknown-linux-gnu/lib/libpanic_unwind-8bee4b287d4367c1.rlib" "/opt/rustwide/rustup-home/toolchains/1.69.0-x86_64-unknown-linux-gnu/lib/rustlib/x86_64-unknown-linux-gnu/lib/libobject-d61707aed80694c0.rlib" "/opt/rustwide/rustup-home/toolchains/1.69.0-x86_64-unknown-linux-gnu/lib/rustlib/x86_64-unknown-linux-gnu/lib/libmemchr-d85366256f22345b.rlib" "/opt/rustwide/rustup-home/toolchains/1.69.0-x86_64-unknown-linux-gnu/lib/rustlib/x86_64-unknown-linux-gnu/lib/libaddr2line-96069b86b8a8cae9.rlib" "/opt/rustwide/rustup-home/toolchains/1.69.0-x86_64-unknown-linux-gnu/lib/rustlib/x86_64-unknown-linux-gnu/lib/libgimli-d19d53abf68dfa6c.rlib" "/opt/rustwide/rustup-home/toolchains/1.69.0-x86_64-unknown-linux-gnu/lib/rustlib/x86_64-unknown-linux-gnu/lib/librustc_demangle-787cbccd19d64ac6.rlib" "/opt/rustwide/rustup-home/toolchains/1.69.0-x86_64-unknown-linux-gnu/lib/rustlib/x86_64-unknown-linux-gnu/lib/libstd_detect-b3837a36b830e0d0.rlib" "/opt/rustwide/rustup-home/toolchains/1.69.0-x86_64-unknown-linux-gnu/lib/rustlib/x86_64-unknown-linux-gnu/lib/libhashbrown-e3deb0e7e3f04966.rlib" "/opt/rustwide/rustup-home/toolchains/1.69.0-x86_64-unknown-linux-gnu/lib/rustlib/x86_64-unknown-linux-gnu/lib/libminiz_oxide-dabbb79c9815def4.rlib" "/opt/rustwide/rustup-home/toolchains/1.69.0-x86_64-unknown-linux-gnu/lib/rustlib/x86_64-unknown-linux-gnu/lib/libadler-305b01f34c9409f2.rlib" "/opt/rustwide/rustup-home/toolchains/1.69.0-x86_64-unknown-linux-gnu/lib/rustlib/x86_64-unknown-linux-gnu/lib/librustc_std_workspace_alloc-f833521df6074e73.rlib" "/opt/rustwide/rustup-home/toolchains/1.69.0-x86_64-unknown-linux-gnu/lib/rustlib/x86_64-unknown-linux-gnu/lib/libunwind-9ac333113350d171.rlib" "/opt/rustwide/rustup-home/toolchains/1.69.0-x86_64-unknown-linux-gnu/lib/rustlib/x86_64-unknown-linux-gnu/lib/libcfg_if-1c126114322d0eee.rlib" "/opt/rustwide/rustup-home/toolchains/1.69.0-x86_64-unknown-linux-gnu/lib/rustlib/x86_64-unknown-linux-gnu/lib/liblibc-bad9164fdeeecf92.rlib" "/opt/rustwide/rustup-home/toolchains/1.69.0-x86_64-unknown-linux-gnu/lib/rustlib/x86_64-unknown-linux-gnu/lib/liballoc-f9374b1e480fa681.rlib" "/opt/rustwide/rustup-home/toolchains/1.69.0-x86_64-unknown-linux-gnu/lib/rustlib/x86_64-unknown-linux-gnu/lib/librustc_std_workspace_core-207f06e41d9603af.rlib" "/opt/rustwide/rustup-home/toolchains/1.69.0-x86_64-unknown-linux-gnu/lib/rustlib/x86_64-unknown-linux-gnu/lib/libcore-7e2768e66e984e85.rlib" "/opt/rustwide/rustup-home/toolchains/1.69.0-x86_64-unknown-linux-gnu/lib/rustlib/x86_64-unknown-linux-gnu/lib/libcompiler_builtins-957b4aff41f8cd46.rlib" "-Wl,-Bdynamic" "-lgcc_s" "-lutil" "-lrt" "-lpthread" "-lm" "-ldl" "-lc" "-Wl,--eh-frame-hdr" "-Wl,-z,noexecstack" "-L" "/opt/rustwide/rustup-home/toolchains/1.69.0-x86_64-unknown-linux-gnu/lib/rustlib/x86_64-unknown-linux-gnu/lib" "-o" "/tmp/rustdoctestSNuJye/rust_out" "-Wl,--gc-sections" "-pie" "-Wl,-z,relro,-z,now" "-nodefaultlibs"
[INFO] [stdout]   = note: collect2: fatal error: ld terminated with signal 9 [Killed]
[INFO] [stdout]           compilation terminated.
[INFO] [stdout]           
[INFO] [stdout] 
[INFO] [stdout] error: aborting due to previous error
[INFO] [stdout] 
[INFO] [stdout] Couldn't compile the test.
[INFO] [stdout] ---- src/frame/mod.rs - frame::Frame::write_single_holding_register_request (line 169) stdout ----
[INFO] [stdout] Couldn't compile the test.
[INFO] [stdout] ---- src/frame/mod.rs - frame::Frame::read_coils_response (line 253) stdout ----
[INFO] [stdout] error: linking with `cc` failed: exit status: 1
[INFO] [stdout]   |
[INFO] [stdout]   = note: LC_ALL="C" PATH="/opt/rustwide/rustup-home/toolchains/1.69.0-x86_64-unknown-linux-gnu/lib/rustlib/x86_64-unknown-linux-gnu/bin:/opt/rustwide/cargo-home/bin:/usr/local/sbin:/usr/local/bin:/usr/sbin:/usr/bin:/sbin:/bin" VSLANG="1033" "cc" "-m64" "/tmp/rustcROrioP/symbols.o" "/tmp/rustdoctestlkwYir/rust_out.rust_out.5bfee551-cgu.0.rcgu.o" "/tmp/rustdoctestlkwYir/rust_out.j00p4ncf7xg64kg.rcgu.o" "-Wl,--as-needed" "-L" "/opt/rustwide/target/debug/deps" "-L" "/opt/rustwide/target/debug/deps" "-L" "/opt/rustwide/rustup-home/toolchains/1.69.0-x86_64-unknown-linux-gnu/lib/rustlib/x86_64-unknown-linux-gnu/lib" "-Wl,-Bstatic" "/opt/rustwide/target/debug/deps/libeasy_modbus-a68b7f98c80c002c.rlib" "/opt/rustwide/target/debug/deps/libtokio_util-e503fd0d43e701f2.rlib" "/opt/rustwide/target/debug/deps/libtracing-4616ad7ec5231122.rlib" "/opt/rustwide/target/debug/deps/libtracing_core-2ced06926bfd43f1.rlib" "/opt/rustwide/target/debug/deps/liblazy_static-a15e1ed0a3c31761.rlib" "/opt/rustwide/target/debug/deps/libfutures_core-64eaaeb4b64b7eca.rlib" "/opt/rustwide/target/debug/deps/libtokio-631dca5a21391919.rlib" "/opt/rustwide/target/debug/deps/libsignal_hook_registry-47ffc8f192a380a5.rlib" "/opt/rustwide/target/debug/deps/libnum_cpus-f19dd01b492716ac.rlib" "/opt/rustwide/target/debug/deps/libsocket2-b8baff12e272a438.rlib" "/opt/rustwide/target/debug/deps/libmemchr-b18e4aa3c7a38625.rlib" "/opt/rustwide/target/debug/deps/libonce_cell-aaded12b975116f9.rlib" "/opt/rustwide/target/debug/deps/libmio-13f0e342b7d721ba.rlib" "/opt/rustwide/target/debug/deps/liblog-b7002f1ab15c8d8b.rlib" "/opt/rustwide/target/debug/deps/libparking_lot-1867e0b17805cdb2.rlib" "/opt/rustwide/target/debug/deps/libparking_lot_core-a9dcb3dc53335461.rlib" "/opt/rustwide/target/debug/deps/liblibc-87802f0ac0209f45.rlib" "/opt/rustwide/target/debug/deps/libcfg_if-e5e118dd7d121aaa.rlib" "/opt/rustwide/target/debug/deps/libsmallvec-3007f843720fad13.rlib" "/opt/rustwide/target/debug/deps/liblock_api-e5ad3b2927a46886.rlib" "/opt/rustwide/target/debug/deps/libscopeguard-f471875f675163b5.rlib" "/opt/rustwide/target/debug/deps/libfutures_sink-4aec2d803aa18c12.rlib" "/opt/rustwide/target/debug/deps/libpin_project_lite-e66e1bab7310d569.rlib" "/opt/rustwide/target/debug/deps/libbytes-0b539a5c776b0476.rlib" "/opt/rustwide/rustup-home/toolchains/1.69.0-x86_64-unknown-linux-gnu/lib/rustlib/x86_64-unknown-linux-gnu/lib/libstd-89bc084783fdc439.rlib" "/opt/rustwide/rustup-home/toolchains/1.69.0-x86_64-unknown-linux-gnu/lib/rustlib/x86_64-unknown-linux-gnu/lib/libpanic_unwind-8bee4b287d4367c1.rlib" "/opt/rustwide/rustup-home/toolchains/1.69.0-x86_64-unknown-linux-gnu/lib/rustlib/x86_64-unknown-linux-gnu/lib/libobject-d61707aed80694c0.rlib" "/opt/rustwide/rustup-home/toolchains/1.69.0-x86_64-unknown-linux-gnu/lib/rustlib/x86_64-unknown-linux-gnu/lib/libmemchr-d85366256f22345b.rlib" "/opt/rustwide/rustup-home/toolchains/1.69.0-x86_64-unknown-linux-gnu/lib/rustlib/x86_64-unknown-linux-gnu/lib/libaddr2line-96069b86b8a8cae9.rlib" "/opt/rustwide/rustup-home/toolchains/1.69.0-x86_64-unknown-linux-gnu/lib/rustlib/x86_64-unknown-linux-gnu/lib/libgimli-d19d53abf68dfa6c.rlib" "/opt/rustwide/rustup-home/toolchains/1.69.0-x86_64-unknown-linux-gnu/lib/rustlib/x86_64-unknown-linux-gnu/lib/librustc_demangle-787cbccd19d64ac6.rlib" "/opt/rustwide/rustup-home/toolchains/1.69.0-x86_64-unknown-linux-gnu/lib/rustlib/x86_64-unknown-linux-gnu/lib/libstd_detect-b3837a36b830e0d0.rlib" "/opt/rustwide/rustup-home/toolchains/1.69.0-x86_64-unknown-linux-gnu/lib/rustlib/x86_64-unknown-linux-gnu/lib/libhashbrown-e3deb0e7e3f04966.rlib" "/opt/rustwide/rustup-home/toolchains/1.69.0-x86_64-unknown-linux-gnu/lib/rustlib/x86_64-unknown-linux-gnu/lib/libminiz_oxide-dabbb79c9815def4.rlib" "/opt/rustwide/rustup-home/toolchains/1.69.0-x86_64-unknown-linux-gnu/lib/rustlib/x86_64-unknown-linux-gnu/lib/libadler-305b01f34c9409f2.rlib" "/opt/rustwide/rustup-home/toolchains/1.69.0-x86_64-unknown-linux-gnu/lib/rustlib/x86_64-unknown-linux-gnu/lib/librustc_std_workspace_alloc-f833521df6074e73.rlib" "/opt/rustwide/rustup-home/toolchains/1.69.0-x86_64-unknown-linux-gnu/lib/rustlib/x86_64-unknown-linux-gnu/lib/libunwind-9ac333113350d171.rlib" "/opt/rustwide/rustup-home/toolchains/1.69.0-x86_64-unknown-linux-gnu/lib/rustlib/x86_64-unknown-linux-gnu/lib/libcfg_if-1c126114322d0eee.rlib" "/opt/rustwide/rustup-home/toolchains/1.69.0-x86_64-unknown-linux-gnu/lib/rustlib/x86_64-unknown-linux-gnu/lib/liblibc-bad9164fdeeecf92.rlib" "/opt/rustwide/rustup-home/toolchains/1.69.0-x86_64-unknown-linux-gnu/lib/rustlib/x86_64-unknown-linux-gnu/lib/liballoc-f9374b1e480fa681.rlib" "/opt/rustwide/rustup-home/toolchains/1.69.0-x86_64-unknown-linux-gnu/lib/rustlib/x86_64-unknown-linux-gnu/lib/librustc_std_workspace_core-207f06e41d9603af.rlib" "/opt/rustwide/rustup-home/toolchains/1.69.0-x86_64-unknown-linux-gnu/lib/rustlib/x86_64-unknown-linux-gnu/lib/libcore-7e2768e66e984e85.rlib" "/opt/rustwide/rustup-home/toolchains/1.69.0-x86_64-unknown-linux-gnu/lib/rustlib/x86_64-unknown-linux-gnu/lib/libcompiler_builtins-957b4aff41f8cd46.rlib" "-Wl,-Bdynamic" "-lgcc_s" "-lutil" "-lrt" "-lpthread" "-lm" "-ldl" "-lc" "-Wl,--eh-frame-hdr" "-Wl,-z,noexecstack" "-L" "/opt/rustwide/rustup-home/toolchains/1.69.0-x86_64-unknown-linux-gnu/lib/rustlib/x86_64-unknown-linux-gnu/lib" "-o" "/tmp/rustdoctestlkwYir/rust_out" "-Wl,--gc-sections" "-pie" "-Wl,-z,relro,-z,now" "-nodefaultlibs"
[INFO] [stdout]   = note: collect2: fatal error: ld terminated with signal 9 [Killed]
[INFO] [stdout]           compilation terminated.
[INFO] [stdout]           
[INFO] [stdout] 
[INFO] [stdout] error: aborting due to previous error
[INFO] [stdout] 
[INFO] [stdout] Couldn't compile the test.
[INFO] [stdout] ---- src/frame/mod.rs - frame::Frame::read_coils_request (line 64) stdout ----
[INFO] [stdout] error: linking with `cc` failed: exit status: 1
[INFO] [stdout]   |
[INFO] [stdout]   = note: LC_ALL="C" PATH="/opt/rustwide/rustup-home/toolchains/1.69.0-x86_64-unknown-linux-gnu/lib/rustlib/x86_64-unknown-linux-gnu/bin:/opt/rustwide/cargo-home/bin:/usr/local/sbin:/usr/local/bin:/usr/sbin:/usr/bin:/sbin:/bin" VSLANG="1033" "cc" "-m64" "/tmp/rustcHKaNNA/symbols.o" "/tmp/rustdoctestmnL3m3/rust_out.rust_out.5bfee551-cgu.0.rcgu.o" "/tmp/rustdoctestmnL3m3/rust_out.j00p4ncf7xg64kg.rcgu.o" "-Wl,--as-needed" "-L" "/opt/rustwide/target/debug/deps" "-L" "/opt/rustwide/target/debug/deps" "-L" "/opt/rustwide/rustup-home/toolchains/1.69.0-x86_64-unknown-linux-gnu/lib/rustlib/x86_64-unknown-linux-gnu/lib" "-Wl,-Bstatic" "/opt/rustwide/target/debug/deps/libeasy_modbus-a68b7f98c80c002c.rlib" "/opt/rustwide/target/debug/deps/libtokio_util-e503fd0d43e701f2.rlib" "/opt/rustwide/target/debug/deps/libtracing-4616ad7ec5231122.rlib" "/opt/rustwide/target/debug/deps/libtracing_core-2ced06926bfd43f1.rlib" "/opt/rustwide/target/debug/deps/liblazy_static-a15e1ed0a3c31761.rlib" "/opt/rustwide/target/debug/deps/libfutures_core-64eaaeb4b64b7eca.rlib" "/opt/rustwide/target/debug/deps/libtokio-631dca5a21391919.rlib" "/opt/rustwide/target/debug/deps/libsignal_hook_registry-47ffc8f192a380a5.rlib" "/opt/rustwide/target/debug/deps/libnum_cpus-f19dd01b492716ac.rlib" "/opt/rustwide/target/debug/deps/libsocket2-b8baff12e272a438.rlib" "/opt/rustwide/target/debug/deps/libmemchr-b18e4aa3c7a38625.rlib" "/opt/rustwide/target/debug/deps/libonce_cell-aaded12b975116f9.rlib" "/opt/rustwide/target/debug/deps/libmio-13f0e342b7d721ba.rlib" "/opt/rustwide/target/debug/deps/liblog-b7002f1ab15c8d8b.rlib" "/opt/rustwide/target/debug/deps/libparking_lot-1867e0b17805cdb2.rlib" "/opt/rustwide/target/debug/deps/libparking_lot_core-a9dcb3dc53335461.rlib" "/opt/rustwide/target/debug/deps/liblibc-87802f0ac0209f45.rlib" "/opt/rustwide/target/debug/deps/libcfg_if-e5e118dd7d121aaa.rlib" "/opt/rustwide/target/debug/deps/libsmallvec-3007f843720fad13.rlib" "/opt/rustwide/target/debug/deps/liblock_api-e5ad3b2927a46886.rlib" "/opt/rustwide/target/debug/deps/libscopeguard-f471875f675163b5.rlib" "/opt/rustwide/target/debug/deps/libfutures_sink-4aec2d803aa18c12.rlib" "/opt/rustwide/target/debug/deps/libpin_project_lite-e66e1bab7310d569.rlib" "/opt/rustwide/target/debug/deps/libbytes-0b539a5c776b0476.rlib" "/opt/rustwide/rustup-home/toolchains/1.69.0-x86_64-unknown-linux-gnu/lib/rustlib/x86_64-unknown-linux-gnu/lib/libstd-89bc084783fdc439.rlib" "/opt/rustwide/rustup-home/toolchains/1.69.0-x86_64-unknown-linux-gnu/lib/rustlib/x86_64-unknown-linux-gnu/lib/libpanic_unwind-8bee4b287d4367c1.rlib" "/opt/rustwide/rustup-home/toolchains/1.69.0-x86_64-unknown-linux-gnu/lib/rustlib/x86_64-unknown-linux-gnu/lib/libobject-d61707aed80694c0.rlib" "/opt/rustwide/rustup-home/toolchains/1.69.0-x86_64-unknown-linux-gnu/lib/rustlib/x86_64-unknown-linux-gnu/lib/libmemchr-d85366256f22345b.rlib" "/opt/rustwide/rustup-home/toolchains/1.69.0-x86_64-unknown-linux-gnu/lib/rustlib/x86_64-unknown-linux-gnu/lib/libaddr2line-96069b86b8a8cae9.rlib" "/opt/rustwide/rustup-home/toolchains/1.69.0-x86_64-unknown-linux-gnu/lib/rustlib/x86_64-unknown-linux-gnu/lib/libgimli-d19d53abf68dfa6c.rlib" "/opt/rustwide/rustup-home/toolchains/1.69.0-x86_64-unknown-linux-gnu/lib/rustlib/x86_64-unknown-linux-gnu/lib/librustc_demangle-787cbccd19d64ac6.rlib" "/opt/rustwide/rustup-home/toolchains/1.69.0-x86_64-unknown-linux-gnu/lib/rustlib/x86_64-unknown-linux-gnu/lib/libstd_detect-b3837a36b830e0d0.rlib" "/opt/rustwide/rustup-home/toolchains/1.69.0-x86_64-unknown-linux-gnu/lib/rustlib/x86_64-unknown-linux-gnu/lib/libhashbrown-e3deb0e7e3f04966.rlib" "/opt/rustwide/rustup-home/toolchains/1.69.0-x86_64-unknown-linux-gnu/lib/rustlib/x86_64-unknown-linux-gnu/lib/libminiz_oxide-dabbb79c9815def4.rlib" "/opt/rustwide/rustup-home/toolchains/1.69.0-x86_64-unknown-linux-gnu/lib/rustlib/x86_64-unknown-linux-gnu/lib/libadler-305b01f34c9409f2.rlib" "/opt/rustwide/rustup-home/toolchains/1.69.0-x86_64-unknown-linux-gnu/lib/rustlib/x86_64-unknown-linux-gnu/lib/librustc_std_workspace_alloc-f833521df6074e73.rlib" "/opt/rustwide/rustup-home/toolchains/1.69.0-x86_64-unknown-linux-gnu/lib/rustlib/x86_64-unknown-linux-gnu/lib/libunwind-9ac333113350d171.rlib" "/opt/rustwide/rustup-home/toolchains/1.69.0-x86_64-unknown-linux-gnu/lib/rustlib/x86_64-unknown-linux-gnu/lib/libcfg_if-1c126114322d0eee.rlib" "/opt/rustwide/rustup-home/toolchains/1.69.0-x86_64-unknown-linux-gnu/lib/rustlib/x86_64-unknown-linux-gnu/lib/liblibc-bad9164fdeeecf92.rlib" "/opt/rustwide/rustup-home/toolchains/1.69.0-x86_64-unknown-linux-gnu/lib/rustlib/x86_64-unknown-linux-gnu/lib/liballoc-f9374b1e480fa681.rlib" "/opt/rustwide/rustup-home/toolchains/1.69.0-x86_64-unknown-linux-gnu/lib/rustlib/x86_64-unknown-linux-gnu/lib/librustc_std_workspace_core-207f06e41d9603af.rlib" "/opt/rustwide/rustup-home/toolchains/1.69.0-x86_64-unknown-linux-gnu/lib/rustlib/x86_64-unknown-linux-gnu/lib/libcore-7e2768e66e984e85.rlib" "/opt/rustwide/rustup-home/toolchains/1.69.0-x86_64-unknown-linux-gnu/lib/rustlib/x86_64-unknown-linux-gnu/lib/libcompiler_builtins-957b4aff41f8cd46.rlib" "-Wl,-Bdynamic" "-lgcc_s" "-lutil" "-lrt" "-lpthread" "-lm" "-ldl" "-lc" "-Wl,--eh-frame-hdr" "-Wl,-z,noexecstack" "-L" "/opt/rustwide/rustup-home/toolchains/1.69.0-x86_64-unknown-linux-gnu/lib/rustlib/x86_64-unknown-linux-gnu/lib" "-o" "/tmp/rustdoctestmnL3m3/rust_out" "-Wl,--gc-sections" "-pie" "-Wl,-z,relro,-z,now" "-nodefaultlibs"
[INFO] [stdout]   = note: collect2: fatal error: ld terminated with signal 9 [Killed]
[INFO] [stdout]           compilation terminated.
[INFO] [stdout]           
[INFO] [stdout] 
[INFO] [stdout] error: aborting due to previous error
[INFO] [stdout] 
[INFO] [stdout] Couldn't compile the test.
[INFO] [stdout] ---- src/util/crc.rs - util::crc::compute (line 54) stdout ----
[INFO] [stdout] Couldn't compile the test.
[INFO] [stdout] ---- src/frame/mod.rs - frame::Frame::read_input_register_response (line 307) stdout ----
[INFO] [stdout] error: linking with `cc` failed: exit status: 1
[INFO] [stdout]   |
[INFO] [stdout]   = note: LC_ALL="C" PATH="/opt/rustwide/rustup-home/toolchains/1.69.0-x86_64-unknown-linux-gnu/lib/rustlib/x86_64-unknown-linux-gnu/bin:/opt/rustwide/cargo-home/bin:/usr/local/sbin:/usr/local/bin:/usr/sbin:/usr/bin:/sbin:/bin" VSLANG="1033" "cc" "-m64" "/tmp/rustcoKJ37e/symbols.o" "/tmp/rustdoctestiCGUr0/rust_out.rust_out.5bfee551-cgu.0.rcgu.o" "/tmp/rustdoctestiCGUr0/rust_out.j00p4ncf7xg64kg.rcgu.o" "-Wl,--as-needed" "-L" "/opt/rustwide/target/debug/deps" "-L" "/opt/rustwide/target/debug/deps" "-L" "/opt/rustwide/rustup-home/toolchains/1.69.0-x86_64-unknown-linux-gnu/lib/rustlib/x86_64-unknown-linux-gnu/lib" "-Wl,-Bstatic" "/opt/rustwide/target/debug/deps/libeasy_modbus-a68b7f98c80c002c.rlib" "/opt/rustwide/target/debug/deps/libtokio_util-e503fd0d43e701f2.rlib" "/opt/rustwide/target/debug/deps/libtracing-4616ad7ec5231122.rlib" "/opt/rustwide/target/debug/deps/libtracing_core-2ced06926bfd43f1.rlib" "/opt/rustwide/target/debug/deps/liblazy_static-a15e1ed0a3c31761.rlib" "/opt/rustwide/target/debug/deps/libfutures_core-64eaaeb4b64b7eca.rlib" "/opt/rustwide/target/debug/deps/libtokio-631dca5a21391919.rlib" "/opt/rustwide/target/debug/deps/libsignal_hook_registry-47ffc8f192a380a5.rlib" "/opt/rustwide/target/debug/deps/libnum_cpus-f19dd01b492716ac.rlib" "/opt/rustwide/target/debug/deps/libsocket2-b8baff12e272a438.rlib" "/opt/rustwide/target/debug/deps/libmemchr-b18e4aa3c7a38625.rlib" "/opt/rustwide/target/debug/deps/libonce_cell-aaded12b975116f9.rlib" "/opt/rustwide/target/debug/deps/libmio-13f0e342b7d721ba.rlib" "/opt/rustwide/target/debug/deps/liblog-b7002f1ab15c8d8b.rlib" "/opt/rustwide/target/debug/deps/libparking_lot-1867e0b17805cdb2.rlib" "/opt/rustwide/target/debug/deps/libparking_lot_core-a9dcb3dc53335461.rlib" "/opt/rustwide/target/debug/deps/liblibc-87802f0ac0209f45.rlib" "/opt/rustwide/target/debug/deps/libcfg_if-e5e118dd7d121aaa.rlib" "/opt/rustwide/target/debug/deps/libsmallvec-3007f843720fad13.rlib" "/opt/rustwide/target/debug/deps/liblock_api-e5ad3b2927a46886.rlib" "/opt/rustwide/target/debug/deps/libscopeguard-f471875f675163b5.rlib" "/opt/rustwide/target/debug/deps/libfutures_sink-4aec2d803aa18c12.rlib" "/opt/rustwide/target/debug/deps/libpin_project_lite-e66e1bab7310d569.rlib" "/opt/rustwide/target/debug/deps/libbytes-0b539a5c776b0476.rlib" "/opt/rustwide/rustup-home/toolchains/1.69.0-x86_64-unknown-linux-gnu/lib/rustlib/x86_64-unknown-linux-gnu/lib/libstd-89bc084783fdc439.rlib" "/opt/rustwide/rustup-home/toolchains/1.69.0-x86_64-unknown-linux-gnu/lib/rustlib/x86_64-unknown-linux-gnu/lib/libpanic_unwind-8bee4b287d4367c1.rlib" "/opt/rustwide/rustup-home/toolchains/1.69.0-x86_64-unknown-linux-gnu/lib/rustlib/x86_64-unknown-linux-gnu/lib/libobject-d61707aed80694c0.rlib" "/opt/rustwide/rustup-home/toolchains/1.69.0-x86_64-unknown-linux-gnu/lib/rustlib/x86_64-unknown-linux-gnu/lib/libmemchr-d85366256f22345b.rlib" "/opt/rustwide/rustup-home/toolchains/1.69.0-x86_64-unknown-linux-gnu/lib/rustlib/x86_64-unknown-linux-gnu/lib/libaddr2line-96069b86b8a8cae9.rlib" "/opt/rustwide/rustup-home/toolchains/1.69.0-x86_64-unknown-linux-gnu/lib/rustlib/x86_64-unknown-linux-gnu/lib/libgimli-d19d53abf68dfa6c.rlib" "/opt/rustwide/rustup-home/toolchains/1.69.0-x86_64-unknown-linux-gnu/lib/rustlib/x86_64-unknown-linux-gnu/lib/librustc_demangle-787cbccd19d64ac6.rlib" "/opt/rustwide/rustup-home/toolchains/1.69.0-x86_64-unknown-linux-gnu/lib/rustlib/x86_64-unknown-linux-gnu/lib/libstd_detect-b3837a36b830e0d0.rlib" "/opt/rustwide/rustup-home/toolchains/1.69.0-x86_64-unknown-linux-gnu/lib/rustlib/x86_64-unknown-linux-gnu/lib/libhashbrown-e3deb0e7e3f04966.rlib" "/opt/rustwide/rustup-home/toolchains/1.69.0-x86_64-unknown-linux-gnu/lib/rustlib/x86_64-unknown-linux-gnu/lib/libminiz_oxide-dabbb79c9815def4.rlib" "/opt/rustwide/rustup-home/toolchains/1.69.0-x86_64-unknown-linux-gnu/lib/rustlib/x86_64-unknown-linux-gnu/lib/libadler-305b01f34c9409f2.rlib" "/opt/rustwide/rustup-home/toolchains/1.69.0-x86_64-unknown-linux-gnu/lib/rustlib/x86_64-unknown-linux-gnu/lib/librustc_std_workspace_alloc-f833521df6074e73.rlib" "/opt/rustwide/rustup-home/toolchains/1.69.0-x86_64-unknown-linux-gnu/lib/rustlib/x86_64-unknown-linux-gnu/lib/libunwind-9ac333113350d171.rlib" "/opt/rustwide/rustup-home/toolchains/1.69.0-x86_64-unknown-linux-gnu/lib/rustlib/x86_64-unknown-linux-gnu/lib/libcfg_if-1c126114322d0eee.rlib" "/opt/rustwide/rustup-home/toolchains/1.69.0-x86_64-unknown-linux-gnu/lib/rustlib/x86_64-unknown-linux-gnu/lib/liblibc-bad9164fdeeecf92.rlib" "/opt/rustwide/rustup-home/toolchains/1.69.0-x86_64-unknown-linux-gnu/lib/rustlib/x86_64-unknown-linux-gnu/lib/liballoc-f9374b1e480fa681.rlib" "/opt/rustwide/rustup-home/toolchains/1.69.0-x86_64-unknown-linux-gnu/lib/rustlib/x86_64-unknown-linux-gnu/lib/librustc_std_workspace_core-207f06e41d9603af.rlib" "/opt/rustwide/rustup-home/toolchains/1.69.0-x86_64-unknown-linux-gnu/lib/rustlib/x86_64-unknown-linux-gnu/lib/libcore-7e2768e66e984e85.rlib" "/opt/rustwide/rustup-home/toolchains/1.69.0-x86_64-unknown-linux-gnu/lib/rustlib/x86_64-unknown-linux-gnu/lib/libcompiler_builtins-957b4aff41f8cd46.rlib" "-Wl,-Bdynamic" "-lgcc_s" "-lutil" "-lrt" "-lpthread" "-lm" "-ldl" "-lc" "-Wl,--eh-frame-hdr" "-Wl,-z,noexecstack" "-L" "/opt/rustwide/rustup-home/toolchains/1.69.0-x86_64-unknown-linux-gnu/lib/rustlib/x86_64-unknown-linux-gnu/lib" "-o" "/tmp/rustdoctestiCGUr0/rust_out" "-Wl,--gc-sections" "-pie" "-Wl,-z,relro,-z,now" "-nodefaultlibs"
[INFO] [stdout]   = note: collect2: fatal error: ld terminated with signal 9 [Killed]
[INFO] [stdout]           compilation terminated.
[INFO] [stdout]           
[INFO] [stdout] 
[INFO] [stdout] error: aborting due to previous error
[INFO] [stdout] 
[INFO] [stdout] Couldn't compile the test.
[INFO] [stdout] ---- src/frame/mod.rs - frame::Frame::write_multiple_holding_registers_response (line 392) stdout ----
[INFO] [stdout] error: linking with `cc` failed: exit status: 1
[INFO] [stdout]   |
[INFO] [stdout]   = note: LC_ALL="C" PATH="/opt/rustwide/rustup-home/toolchains/1.69.0-x86_64-unknown-linux-gnu/lib/rustlib/x86_64-unknown-linux-gnu/bin:/opt/rustwide/cargo-home/bin:/usr/local/sbin:/usr/local/bin:/usr/sbin:/usr/bin:/sbin:/bin" VSLANG="1033" "cc" "-m64" "/tmp/rustcBXtAlU/symbols.o" "/tmp/rustdoctest0wI7DJ/rust_out.rust_out.5bfee551-cgu.0.rcgu.o" "/tmp/rustdoctest0wI7DJ/rust_out.j00p4ncf7xg64kg.rcgu.o" "-Wl,--as-needed" "-L" "/opt/rustwide/target/debug/deps" "-L" "/opt/rustwide/target/debug/deps" "-L" "/opt/rustwide/rustup-home/toolchains/1.69.0-x86_64-unknown-linux-gnu/lib/rustlib/x86_64-unknown-linux-gnu/lib" "-Wl,-Bstatic" "/opt/rustwide/target/debug/deps/libeasy_modbus-a68b7f98c80c002c.rlib" "/opt/rustwide/target/debug/deps/libtokio_util-e503fd0d43e701f2.rlib" "/opt/rustwide/target/debug/deps/libtracing-4616ad7ec5231122.rlib" "/opt/rustwide/target/debug/deps/libtracing_core-2ced06926bfd43f1.rlib" "/opt/rustwide/target/debug/deps/liblazy_static-a15e1ed0a3c31761.rlib" "/opt/rustwide/target/debug/deps/libfutures_core-64eaaeb4b64b7eca.rlib" "/opt/rustwide/target/debug/deps/libtokio-631dca5a21391919.rlib" "/opt/rustwide/target/debug/deps/libsignal_hook_registry-47ffc8f192a380a5.rlib" "/opt/rustwide/target/debug/deps/libnum_cpus-f19dd01b492716ac.rlib" "/opt/rustwide/target/debug/deps/libsocket2-b8baff12e272a438.rlib" "/opt/rustwide/target/debug/deps/libmemchr-b18e4aa3c7a38625.rlib" "/opt/rustwide/target/debug/deps/libonce_cell-aaded12b975116f9.rlib" "/opt/rustwide/target/debug/deps/libmio-13f0e342b7d721ba.rlib" "/opt/rustwide/target/debug/deps/liblog-b7002f1ab15c8d8b.rlib" "/opt/rustwide/target/debug/deps/libparking_lot-1867e0b17805cdb2.rlib" "/opt/rustwide/target/debug/deps/libparking_lot_core-a9dcb3dc53335461.rlib" "/opt/rustwide/target/debug/deps/liblibc-87802f0ac0209f45.rlib" "/opt/rustwide/target/debug/deps/libcfg_if-e5e118dd7d121aaa.rlib" "/opt/rustwide/target/debug/deps/libsmallvec-3007f843720fad13.rlib" "/opt/rustwide/target/debug/deps/liblock_api-e5ad3b2927a46886.rlib" "/opt/rustwide/target/debug/deps/libscopeguard-f471875f675163b5.rlib" "/opt/rustwide/target/debug/deps/libfutures_sink-4aec2d803aa18c12.rlib" "/opt/rustwide/target/debug/deps/libpin_project_lite-e66e1bab7310d569.rlib" "/opt/rustwide/target/debug/deps/libbytes-0b539a5c776b0476.rlib" "/opt/rustwide/rustup-home/toolchains/1.69.0-x86_64-unknown-linux-gnu/lib/rustlib/x86_64-unknown-linux-gnu/lib/libstd-89bc084783fdc439.rlib" "/opt/rustwide/rustup-home/toolchains/1.69.0-x86_64-unknown-linux-gnu/lib/rustlib/x86_64-unknown-linux-gnu/lib/libpanic_unwind-8bee4b287d4367c1.rlib" "/opt/rustwide/rustup-home/toolchains/1.69.0-x86_64-unknown-linux-gnu/lib/rustlib/x86_64-unknown-linux-gnu/lib/libobject-d61707aed80694c0.rlib" "/opt/rustwide/rustup-home/toolchains/1.69.0-x86_64-unknown-linux-gnu/lib/rustlib/x86_64-unknown-linux-gnu/lib/libmemchr-d85366256f22345b.rlib" "/opt/rustwide/rustup-home/toolchains/1.69.0-x86_64-unknown-linux-gnu/lib/rustlib/x86_64-unknown-linux-gnu/lib/libaddr2line-96069b86b8a8cae9.rlib" "/opt/rustwide/rustup-home/toolchains/1.69.0-x86_64-unknown-linux-gnu/lib/rustlib/x86_64-unknown-linux-gnu/lib/libgimli-d19d53abf68dfa6c.rlib" "/opt/rustwide/rustup-home/toolchains/1.69.0-x86_64-unknown-linux-gnu/lib/rustlib/x86_64-unknown-linux-gnu/lib/librustc_demangle-787cbccd19d64ac6.rlib" "/opt/rustwide/rustup-home/toolchains/1.69.0-x86_64-unknown-linux-gnu/lib/rustlib/x86_64-unknown-linux-gnu/lib/libstd_detect-b3837a36b830e0d0.rlib" "/opt/rustwide/rustup-home/toolchains/1.69.0-x86_64-unknown-linux-gnu/lib/rustlib/x86_64-unknown-linux-gnu/lib/libhashbrown-e3deb0e7e3f04966.rlib" "/opt/rustwide/rustup-home/toolchains/1.69.0-x86_64-unknown-linux-gnu/lib/rustlib/x86_64-unknown-linux-gnu/lib/libminiz_oxide-dabbb79c9815def4.rlib" "/opt/rustwide/rustup-home/toolchains/1.69.0-x86_64-unknown-linux-gnu/lib/rustlib/x86_64-unknown-linux-gnu/lib/libadler-305b01f34c9409f2.rlib" "/opt/rustwide/rustup-home/toolchains/1.69.0-x86_64-unknown-linux-gnu/lib/rustlib/x86_64-unknown-linux-gnu/lib/librustc_std_workspace_alloc-f833521df6074e73.rlib" "/opt/rustwide/rustup-home/toolchains/1.69.0-x86_64-unknown-linux-gnu/lib/rustlib/x86_64-unknown-linux-gnu/lib/libunwind-9ac333113350d171.rlib" "/opt/rustwide/rustup-home/toolchains/1.69.0-x86_64-unknown-linux-gnu/lib/rustlib/x86_64-unknown-linux-gnu/lib/libcfg_if-1c126114322d0eee.rlib" "/opt/rustwide/rustup-home/toolchains/1.69.0-x86_64-unknown-linux-gnu/lib/rustlib/x86_64-unknown-linux-gnu/lib/liblibc-bad9164fdeeecf92.rlib" "/opt/rustwide/rustup-home/toolchains/1.69.0-x86_64-unknown-linux-gnu/lib/rustlib/x86_64-unknown-linux-gnu/lib/liballoc-f9374b1e480fa681.rlib" "/opt/rustwide/rustup-home/toolchains/1.69.0-x86_64-unknown-linux-gnu/lib/rustlib/x86_64-unknown-linux-gnu/lib/librustc_std_workspace_core-207f06e41d9603af.rlib" "/opt/rustwide/rustup-home/toolchains/1.69.0-x86_64-unknown-linux-gnu/lib/rustlib/x86_64-unknown-linux-gnu/lib/libcore-7e2768e66e984e85.rlib" "/opt/rustwide/rustup-home/toolchains/1.69.0-x86_64-unknown-linux-gnu/lib/rustlib/x86_64-unknown-linux-gnu/lib/libcompiler_builtins-957b4aff41f8cd46.rlib" "-Wl,-Bdynamic" "-lgcc_s" "-lutil" "-lrt" "-lpthread" "-lm" "-ldl" "-lc" "-Wl,--eh-frame-hdr" "-Wl,-z,noexecstack" "-L" "/opt/rustwide/rustup-home/toolchains/1.69.0-x86_64-unknown-linux-gnu/lib/rustlib/x86_64-unknown-linux-gnu/lib" "-o" "/tmp/rustdoctest0wI7DJ/rust_out" "-Wl,--gc-sections" "-pie" "-Wl,-z,relro,-z,now" "-nodefaultlibs"
[INFO] [stdout]   = note: collect2: fatal error: ld terminated with signal 9 [Killed]
[INFO] [stdout]           compilation terminated.
[INFO] [stdout]           
[INFO] [stdout] 
[INFO] [stdout] error: aborting due to previous error
[INFO] [stdout] 
[INFO] [stdout] Couldn't compile the test.
[INFO] [stdout] 
[INFO] [stdout] failures:
[INFO] [stdout]     src/frame/mod.rs - frame::Frame::read_coils_request (line 64)
[INFO] [stdout]     src/frame/mod.rs - frame::Frame::read_coils_response (line 253)
[INFO] [stdout]     src/frame/mod.rs - frame::Frame::read_discrete_response (line 271)
[INFO] [stdout]     src/frame/mod.rs - frame::Frame::read_holding_register_response (line 289)
[INFO] [stdout]     src/frame/mod.rs - frame::Frame::read_input_register_response (line 307)
[INFO] [stdout]     src/frame/mod.rs - frame::Frame::read_input_registers_request (line 126)
[INFO] [stdout]     src/frame/mod.rs - frame::Frame::write_multiple_holding_registers_response (line 392)
[INFO] [stdout]     src/frame/mod.rs - frame::Frame::write_single_holding_register_request (line 169)
[INFO] [stdout]     src/util/crc.rs - util::crc::compute (line 54)
[INFO] [stdout] 
[INFO] [stdout] test result: FAILED. 16 passed; 9 failed; 0 ignored; 0 measured; 0 filtered out; finished in 2.72s
[INFO] [stdout] 
[INFO] [stderr] error: doctest failed, to rerun pass `--doc`
[INFO] running `Command { std: "docker" "inspect" "5008e6be411c9f1ceeb6349ca8b9c4238e5269135f41890c4dc9343e905be040", kill_on_drop: false }`
[INFO] running `Command { std: "docker" "rm" "-f" "5008e6be411c9f1ceeb6349ca8b9c4238e5269135f41890c4dc9343e905be040", kill_on_drop: false }`
[INFO] [stdout] 5008e6be411c9f1ceeb6349ca8b9c4238e5269135f41890c4dc9343e905be040
