[INFO] fetching crate easy-jsonrpc-proc-macro 0.5.0...
[INFO] testing easy-jsonrpc-proc-macro-0.5.0 against 1.69.0 for beta-1.70-1
[INFO] extracting crate easy-jsonrpc-proc-macro 0.5.0 into /workspace/builds/worker-4-tc1/source
[INFO] validating manifest of crates.io crate easy-jsonrpc-proc-macro 0.5.0 on toolchain 1.69.0
[INFO] running `Command { std: CARGO_HOME="/workspace/cargo-home" RUSTUP_HOME="/workspace/rustup-home" "/workspace/cargo-home/bin/cargo" "+1.69.0" "metadata" "--manifest-path" "Cargo.toml" "--no-deps", kill_on_drop: false }`
[INFO] started tweaking crates.io crate easy-jsonrpc-proc-macro 0.5.0
[INFO] finished tweaking crates.io crate easy-jsonrpc-proc-macro 0.5.0
[INFO] tweaked toml for crates.io crate easy-jsonrpc-proc-macro 0.5.0 written to /workspace/builds/worker-4-tc1/source/Cargo.toml
[INFO] running `Command { std: CARGO_HOME="/workspace/cargo-home" RUSTUP_HOME="/workspace/rustup-home" __CARGO_TEST_CHANNEL_OVERRIDE_DO_NOT_USE_THIS="nightly" "/workspace/cargo-home/bin/cargo" "+1.69.0" "generate-lockfile" "--manifest-path" "Cargo.toml" "-Zno-index-update", kill_on_drop: false }`
[INFO] running `Command { std: CARGO_HOME="/workspace/cargo-home" RUSTUP_HOME="/workspace/rustup-home" "/workspace/cargo-home/bin/cargo" "+1.69.0" "fetch" "--manifest-path" "Cargo.toml", kill_on_drop: false }`
[INFO] running `Command { std: "docker" "create" "-v" "/var/lib/crater-agent-workspace/builds/worker-4-tc1/target:/opt/rustwide/target:rw,Z" "-v" "/var/lib/crater-agent-workspace/builds/worker-4-tc1/source:/opt/rustwide/workdir:ro,Z" "-v" "/var/lib/crater-agent-workspace/cargo-home:/opt/rustwide/cargo-home:ro,Z" "-v" "/var/lib/crater-agent-workspace/rustup-home:/opt/rustwide/rustup-home:ro,Z" "-e" "SOURCE_DIR=/opt/rustwide/workdir" "-e" "CARGO_TARGET_DIR=/opt/rustwide/target" "-e" "CARGO_HOME=/opt/rustwide/cargo-home" "-e" "RUSTUP_HOME=/opt/rustwide/rustup-home" "-w" "/opt/rustwide/workdir" "-m" "1610612736" "--user" "0:0" "--network" "none" "ghcr.io/rust-lang/crates-build-env/linux@sha256:5ff2268d62e97bff2cde7d5815dd6ed5b47097566f13b8d0ca110b04b60e07ed" "/opt/rustwide/cargo-home/bin/cargo" "+1.69.0" "metadata" "--no-deps" "--format-version=1", kill_on_drop: false }`
[INFO] [stdout] 09d6a4945da47ed46ff30ee1aedf7da6e44206a5d3649c11e58088429d19add3
[INFO] running `Command { std: "docker" "start" "-a" "09d6a4945da47ed46ff30ee1aedf7da6e44206a5d3649c11e58088429d19add3", kill_on_drop: false }`
[INFO] running `Command { std: "docker" "inspect" "09d6a4945da47ed46ff30ee1aedf7da6e44206a5d3649c11e58088429d19add3", kill_on_drop: false }`
[INFO] running `Command { std: "docker" "rm" "-f" "09d6a4945da47ed46ff30ee1aedf7da6e44206a5d3649c11e58088429d19add3", kill_on_drop: false }`
[INFO] [stdout] 09d6a4945da47ed46ff30ee1aedf7da6e44206a5d3649c11e58088429d19add3
[INFO] running `Command { std: "docker" "create" "-v" "/var/lib/crater-agent-workspace/builds/worker-4-tc1/target:/opt/rustwide/target:rw,Z" "-v" "/var/lib/crater-agent-workspace/builds/worker-4-tc1/source:/opt/rustwide/workdir:ro,Z" "-v" "/var/lib/crater-agent-workspace/cargo-home:/opt/rustwide/cargo-home:ro,Z" "-v" "/var/lib/crater-agent-workspace/rustup-home:/opt/rustwide/rustup-home:ro,Z" "-e" "SOURCE_DIR=/opt/rustwide/workdir" "-e" "CARGO_TARGET_DIR=/opt/rustwide/target" "-e" "CARGO_INCREMENTAL=0" "-e" "RUST_BACKTRACE=full" "-e" "RUSTFLAGS=--cap-lints=warn" "-e" "RUSTDOCFLAGS=--cap-lints=warn" "-e" "CARGO_HOME=/opt/rustwide/cargo-home" "-e" "RUSTUP_HOME=/opt/rustwide/rustup-home" "-w" "/opt/rustwide/workdir" "-m" "1610612736" "--user" "0:0" "--network" "none" "ghcr.io/rust-lang/crates-build-env/linux@sha256:5ff2268d62e97bff2cde7d5815dd6ed5b47097566f13b8d0ca110b04b60e07ed" "/opt/rustwide/cargo-home/bin/cargo" "+1.69.0" "build" "--frozen" "--message-format=json", kill_on_drop: false }`
[INFO] [stdout] cb181ff941468da120c5fe9b148965ead7706492b0d2e80590109e3ecbaa050d
[INFO] running `Command { std: "docker" "start" "-a" "cb181ff941468da120c5fe9b148965ead7706492b0d2e80590109e3ecbaa050d", kill_on_drop: false }`
[INFO] [stderr]    Compiling proc-macro2 v0.4.30
[INFO] [stderr]    Compiling unicode-xid v0.1.0
[INFO] [stderr]    Compiling syn v0.15.44
[INFO] [stderr]    Compiling unicode-segmentation v1.10.1
[INFO] [stderr]    Compiling heck v0.3.3
[INFO] [stderr]    Compiling quote v0.6.13
[INFO] [stderr]    Compiling easy-jsonrpc-proc-macro v0.5.0 (/opt/rustwide/workdir)
[INFO] [stderr]     Finished dev [unoptimized + debuginfo] target(s) in 3.62s
[INFO] running `Command { std: "docker" "inspect" "cb181ff941468da120c5fe9b148965ead7706492b0d2e80590109e3ecbaa050d", kill_on_drop: false }`
[INFO] running `Command { std: "docker" "rm" "-f" "cb181ff941468da120c5fe9b148965ead7706492b0d2e80590109e3ecbaa050d", kill_on_drop: false }`
[INFO] [stdout] cb181ff941468da120c5fe9b148965ead7706492b0d2e80590109e3ecbaa050d
[INFO] running `Command { std: "docker" "create" "-v" "/var/lib/crater-agent-workspace/builds/worker-4-tc1/target:/opt/rustwide/target:rw,Z" "-v" "/var/lib/crater-agent-workspace/builds/worker-4-tc1/source:/opt/rustwide/workdir:ro,Z" "-v" "/var/lib/crater-agent-workspace/cargo-home:/opt/rustwide/cargo-home:ro,Z" "-v" "/var/lib/crater-agent-workspace/rustup-home:/opt/rustwide/rustup-home:ro,Z" "-e" "SOURCE_DIR=/opt/rustwide/workdir" "-e" "CARGO_TARGET_DIR=/opt/rustwide/target" "-e" "CARGO_INCREMENTAL=0" "-e" "RUST_BACKTRACE=full" "-e" "RUSTFLAGS=--cap-lints=warn" "-e" "RUSTDOCFLAGS=--cap-lints=warn" "-e" "CARGO_HOME=/opt/rustwide/cargo-home" "-e" "RUSTUP_HOME=/opt/rustwide/rustup-home" "-w" "/opt/rustwide/workdir" "-m" "1610612736" "--user" "0:0" "--network" "none" "ghcr.io/rust-lang/crates-build-env/linux@sha256:5ff2268d62e97bff2cde7d5815dd6ed5b47097566f13b8d0ca110b04b60e07ed" "/opt/rustwide/cargo-home/bin/cargo" "+1.69.0" "test" "--frozen" "--no-run" "--message-format=json", kill_on_drop: false }`
[INFO] [stdout] 4d9a225884c2af82a6abcc3b104ea00f25b3494310535681b88de698104d235e
[INFO] running `Command { std: "docker" "start" "-a" "4d9a225884c2af82a6abcc3b104ea00f25b3494310535681b88de698104d235e", kill_on_drop: false }`
[INFO] [stderr]    Compiling easy-jsonrpc-proc-macro v0.5.0 (/opt/rustwide/workdir)
[INFO] [stderr]     Finished test [unoptimized + debuginfo] target(s) in 0.69s
[INFO] running `Command { std: "docker" "inspect" "4d9a225884c2af82a6abcc3b104ea00f25b3494310535681b88de698104d235e", kill_on_drop: false }`
[INFO] running `Command { std: "docker" "rm" "-f" "4d9a225884c2af82a6abcc3b104ea00f25b3494310535681b88de698104d235e", kill_on_drop: false }`
[INFO] [stdout] 4d9a225884c2af82a6abcc3b104ea00f25b3494310535681b88de698104d235e
[INFO] running `Command { std: "docker" "create" "-v" "/var/lib/crater-agent-workspace/builds/worker-4-tc1/target:/opt/rustwide/target:rw,Z" "-v" "/var/lib/crater-agent-workspace/builds/worker-4-tc1/source:/opt/rustwide/workdir:ro,Z" "-v" "/var/lib/crater-agent-workspace/cargo-home:/opt/rustwide/cargo-home:ro,Z" "-v" "/var/lib/crater-agent-workspace/rustup-home:/opt/rustwide/rustup-home:ro,Z" "-e" "SOURCE_DIR=/opt/rustwide/workdir" "-e" "CARGO_TARGET_DIR=/opt/rustwide/target" "-e" "CARGO_INCREMENTAL=0" "-e" "RUST_BACKTRACE=full" "-e" "RUSTFLAGS=--cap-lints=warn" "-e" "RUSTDOCFLAGS=--cap-lints=warn" "-e" "CARGO_HOME=/opt/rustwide/cargo-home" "-e" "RUSTUP_HOME=/opt/rustwide/rustup-home" "-w" "/opt/rustwide/workdir" "-m" "1610612736" "--user" "0:0" "--network" "none" "ghcr.io/rust-lang/crates-build-env/linux@sha256:5ff2268d62e97bff2cde7d5815dd6ed5b47097566f13b8d0ca110b04b60e07ed" "/opt/rustwide/cargo-home/bin/cargo" "+1.69.0" "test" "--frozen", kill_on_drop: false }`
[INFO] [stdout] 87d54502985f9a83e10222fc7bc0c6860fd7b28a232f093d8ba3aa42c6c9fc3e
[INFO] running `Command { std: "docker" "start" "-a" "87d54502985f9a83e10222fc7bc0c6860fd7b28a232f093d8ba3aa42c6c9fc3e", kill_on_drop: false }`
[INFO] [stderr]     Finished test [unoptimized + debuginfo] target(s) in 0.00s
[INFO] [stderr]      Running unittests src/lib.rs (/opt/rustwide/target/debug/deps/easy_jsonrpc_proc_macro-8bfe3e8b7ac811ad)
[INFO] [stdout] 
[INFO] [stdout] running 0 tests
[INFO] [stdout] 
[INFO] [stdout] test result: ok. 0 passed; 0 failed; 0 ignored; 0 measured; 0 filtered out; finished in 0.00s
[INFO] [stdout] 
[INFO] [stderr]    Doc-tests easy-jsonrpc-proc-macro
[INFO] [stdout] 
[INFO] [stdout] running 2 tests
[INFO] [stdout] test src/lib.rs - rpc (line 19) - compile ... FAILED
[INFO] [stdout] test src/lib.rs - rpc (line 29) ... FAILED
[INFO] [stdout] 
[INFO] [stdout] failures:
[INFO] [stdout] 
[INFO] [stdout] ---- src/lib.rs - rpc (line 19) stdout ----
[INFO] [stdout] error: cannot find attribute `rpc` in this scope
[INFO] [stdout]  --> src/lib.rs:20:3
[INFO] [stdout]   |
[INFO] [stdout] 3 | #[rpc]
[INFO] [stdout]   |   ^^^
[INFO] [stdout]   |
[INFO] [stdout]   = help: consider importing this attribute macro:
[INFO] [stdout]           easy_jsonrpc_proc_macro::rpc
[INFO] [stdout] 
[INFO] [stdout] error[E0308]: mismatched types
[INFO] [stdout]  --> src/lib.rs:23:39
[INFO] [stdout]   |
[INFO] [stdout] 6 |     fn my_other_method(&self) -> bool {}
[INFO] [stdout]   |                                       ^^ expected `bool`, found `()`
[INFO] [stdout] 
[INFO] [stdout] error: aborting due to 2 previous errors
[INFO] [stdout] 
[INFO] [stdout] For more information about this error, try `rustc --explain E0308`.
[INFO] [stdout] Couldn't compile the test.
[INFO] [stdout] ---- src/lib.rs - rpc (line 29) stdout ----
[INFO] [stdout] error: non-item in item list
[INFO] [stdout]  --> src/lib.rs:31:4
[INFO] [stdout]   |
[INFO] [stdout] 3 | impl Handler for &dyn MyApi {
[INFO] [stdout]   |                             - item list starts here
[INFO] [stdout] 4 |    ..
[INFO] [stdout]   |    ^^ non-item starts here
[INFO] [stdout] 5 | }
[INFO] [stdout]   | - item list ends here
[INFO] [stdout] 
[INFO] [stdout] error[E0405]: cannot find trait `Handler` in this scope
[INFO] [stdout]  --> src/lib.rs:30:6
[INFO] [stdout]   |
[INFO] [stdout] 3 | impl Handler for &dyn MyApi {
[INFO] [stdout]   |      ^^^^^^^ not found in this scope
[INFO] [stdout] 
[INFO] [stdout] error[E0405]: cannot find trait `MyApi` in this scope
[INFO] [stdout]  --> src/lib.rs:30:23
[INFO] [stdout]   |
[INFO] [stdout] 3 | impl Handler for &dyn MyApi {
[INFO] [stdout]   |                       ^^^^^ not found in this scope
[INFO] [stdout] 
[INFO] [stdout] error[E0412]: cannot find type `BoundMethod` in this scope
[INFO] [stdout]   --> src/lib.rs:37:41
[INFO] [stdout]    |
[INFO] [stdout] 10 |     fn my_method(arg0: usize) -> Result<BoundMethod<'static, ()>, ArgSerializeError> {
[INFO] [stdout]    |                                         ^^^^^^^^^^^ not found in this scope
[INFO] [stdout] 
[INFO] [stdout] error[E0412]: cannot find type `ArgSerializeError` in this scope
[INFO] [stdout]   --> src/lib.rs:37:67
[INFO] [stdout]    |
[INFO] [stdout] 10 |     fn my_method(arg0: usize) -> Result<BoundMethod<'static, ()>, ArgSerializeError> {
[INFO] [stdout]    |                                                                   ^^^^^^^^^^^^^^^^^ not found in this scope
[INFO] [stdout]    |
[INFO] [stdout] help: you might be missing a type parameter
[INFO] [stdout]    |
[INFO] [stdout] 9  | impl<ArgSerializeError> my_api {
[INFO] [stdout]    |     +++++++++++++++++++
[INFO] [stdout] 
[INFO] [stdout] error[E0412]: cannot find type `BoundMethod` in this scope
[INFO] [stdout]   --> src/lib.rs:41:36
[INFO] [stdout]    |
[INFO] [stdout] 14 |     fn my_other_method() -> Result<BoundMethod<'static, bool>, ArgSerializeError> {
[INFO] [stdout]    |                                    ^^^^^^^^^^^ not found in this scope
[INFO] [stdout] 
[INFO] [stdout] error[E0412]: cannot find type `ArgSerializeError` in this scope
[INFO] [stdout]   --> src/lib.rs:41:64
[INFO] [stdout]    |
[INFO] [stdout] 14 |     fn my_other_method() -> Result<BoundMethod<'static, bool>, ArgSerializeError> {
[INFO] [stdout]    |                                                                ^^^^^^^^^^^^^^^^^ not found in this scope
[INFO] [stdout]    |
[INFO] [stdout] help: you might be missing a type parameter
[INFO] [stdout]    |
[INFO] [stdout] 9  | impl<ArgSerializeError> my_api {
[INFO] [stdout]    |     +++++++++++++++++++
[INFO] [stdout] 
[INFO] [stdout] warning: type `my_api` should have an upper camel case name
[INFO] [stdout]  --> src/lib.rs:34:10
[INFO] [stdout]   |
[INFO] [stdout] 7 | pub enum my_api {}
[INFO] [stdout]   |          ^^^^^^ help: convert the identifier to upper camel case: `MyApi`
[INFO] [stdout]   |
[INFO] [stdout]   = note: `#[warn(non_camel_case_types)]` on by default
[INFO] [stdout] 
[INFO] [stdout] error: aborting due to 7 previous errors; 1 warning emitted
[INFO] [stdout] 
[INFO] [stdout] Some errors have detailed explanations: E0405, E0412.
[INFO] [stdout] For more information about an error, try `rustc --explain E0405`.
[INFO] [stdout] Couldn't compile the test.
[INFO] [stdout] 
[INFO] [stdout] failures:
[INFO] [stdout]     src/lib.rs - rpc (line 19)
[INFO] [stdout]     src/lib.rs - rpc (line 29)
[INFO] [stdout] 
[INFO] [stdout] test result: FAILED. 0 passed; 2 failed; 0 ignored; 0 measured; 0 filtered out; finished in 0.05s
[INFO] [stdout] 
[INFO] [stderr] error: doctest failed, to rerun pass `--doc`
[INFO] running `Command { std: "docker" "inspect" "87d54502985f9a83e10222fc7bc0c6860fd7b28a232f093d8ba3aa42c6c9fc3e", kill_on_drop: false }`
[INFO] running `Command { std: "docker" "rm" "-f" "87d54502985f9a83e10222fc7bc0c6860fd7b28a232f093d8ba3aa42c6c9fc3e", kill_on_drop: false }`
[INFO] [stdout] 87d54502985f9a83e10222fc7bc0c6860fd7b28a232f093d8ba3aa42c6c9fc3e
