[INFO] fetching crate durations 0.1.1...
[INFO] testing durations-0.1.1 against 1.69.0 for beta-1.70-1
[INFO] extracting crate durations 0.1.1 into /workspace/builds/worker-7-tc1/source
[INFO] validating manifest of crates.io crate durations 0.1.1 on toolchain 1.69.0
[INFO] running `Command { std: CARGO_HOME="/workspace/cargo-home" RUSTUP_HOME="/workspace/rustup-home" "/workspace/cargo-home/bin/cargo" "+1.69.0" "metadata" "--manifest-path" "Cargo.toml" "--no-deps", kill_on_drop: false }`
[INFO] started tweaking crates.io crate durations 0.1.1
[INFO] finished tweaking crates.io crate durations 0.1.1
[INFO] tweaked toml for crates.io crate durations 0.1.1 written to /workspace/builds/worker-7-tc1/source/Cargo.toml
[INFO] running `Command { std: CARGO_HOME="/workspace/cargo-home" RUSTUP_HOME="/workspace/rustup-home" __CARGO_TEST_CHANNEL_OVERRIDE_DO_NOT_USE_THIS="nightly" "/workspace/cargo-home/bin/cargo" "+1.69.0" "generate-lockfile" "--manifest-path" "Cargo.toml" "-Zno-index-update", kill_on_drop: false }`
[INFO] running `Command { std: CARGO_HOME="/workspace/cargo-home" RUSTUP_HOME="/workspace/rustup-home" "/workspace/cargo-home/bin/cargo" "+1.69.0" "fetch" "--manifest-path" "Cargo.toml", kill_on_drop: false }`
[INFO] running `Command { std: "docker" "create" "-v" "/var/lib/crater-agent-workspace/builds/worker-7-tc1/target:/opt/rustwide/target:rw,Z" "-v" "/var/lib/crater-agent-workspace/builds/worker-7-tc1/source:/opt/rustwide/workdir:ro,Z" "-v" "/var/lib/crater-agent-workspace/cargo-home:/opt/rustwide/cargo-home:ro,Z" "-v" "/var/lib/crater-agent-workspace/rustup-home:/opt/rustwide/rustup-home:ro,Z" "-e" "SOURCE_DIR=/opt/rustwide/workdir" "-e" "CARGO_TARGET_DIR=/opt/rustwide/target" "-e" "CARGO_HOME=/opt/rustwide/cargo-home" "-e" "RUSTUP_HOME=/opt/rustwide/rustup-home" "-w" "/opt/rustwide/workdir" "-m" "1610612736" "--user" "0:0" "--network" "none" "ghcr.io/rust-lang/crates-build-env/linux@sha256:5ff2268d62e97bff2cde7d5815dd6ed5b47097566f13b8d0ca110b04b60e07ed" "/opt/rustwide/cargo-home/bin/cargo" "+1.69.0" "metadata" "--no-deps" "--format-version=1", kill_on_drop: false }`
[INFO] [stdout] 2c1ef97bab0edcf0d9c9dfd85bbbf621e831fc72db226579db66fbbc79c2a927
[INFO] running `Command { std: "docker" "start" "-a" "2c1ef97bab0edcf0d9c9dfd85bbbf621e831fc72db226579db66fbbc79c2a927", kill_on_drop: false }`
[INFO] running `Command { std: "docker" "inspect" "2c1ef97bab0edcf0d9c9dfd85bbbf621e831fc72db226579db66fbbc79c2a927", kill_on_drop: false }`
[INFO] running `Command { std: "docker" "rm" "-f" "2c1ef97bab0edcf0d9c9dfd85bbbf621e831fc72db226579db66fbbc79c2a927", kill_on_drop: false }`
[INFO] [stdout] 2c1ef97bab0edcf0d9c9dfd85bbbf621e831fc72db226579db66fbbc79c2a927
[INFO] running `Command { std: "docker" "create" "-v" "/var/lib/crater-agent-workspace/builds/worker-7-tc1/target:/opt/rustwide/target:rw,Z" "-v" "/var/lib/crater-agent-workspace/builds/worker-7-tc1/source:/opt/rustwide/workdir:ro,Z" "-v" "/var/lib/crater-agent-workspace/cargo-home:/opt/rustwide/cargo-home:ro,Z" "-v" "/var/lib/crater-agent-workspace/rustup-home:/opt/rustwide/rustup-home:ro,Z" "-e" "SOURCE_DIR=/opt/rustwide/workdir" "-e" "CARGO_TARGET_DIR=/opt/rustwide/target" "-e" "CARGO_INCREMENTAL=0" "-e" "RUST_BACKTRACE=full" "-e" "RUSTFLAGS=--cap-lints=warn" "-e" "RUSTDOCFLAGS=--cap-lints=warn" "-e" "CARGO_HOME=/opt/rustwide/cargo-home" "-e" "RUSTUP_HOME=/opt/rustwide/rustup-home" "-w" "/opt/rustwide/workdir" "-m" "1610612736" "--user" "0:0" "--network" "none" "ghcr.io/rust-lang/crates-build-env/linux@sha256:5ff2268d62e97bff2cde7d5815dd6ed5b47097566f13b8d0ca110b04b60e07ed" "/opt/rustwide/cargo-home/bin/cargo" "+1.69.0" "build" "--frozen" "--message-format=json", kill_on_drop: false }`
[INFO] [stdout] 99ac4e16a30edd8e0e1fc7a7b1ee5eed77413a5b008b6420979a2cfb1799bbbc
[INFO] running `Command { std: "docker" "start" "-a" "99ac4e16a30edd8e0e1fc7a7b1ee5eed77413a5b008b6420979a2cfb1799bbbc", kill_on_drop: false }`
[INFO] [stderr]    Compiling durations v0.1.1 (/opt/rustwide/workdir)
[INFO] [stderr]     Finished dev [unoptimized + debuginfo] target(s) in 0.05s
[INFO] running `Command { std: "docker" "inspect" "99ac4e16a30edd8e0e1fc7a7b1ee5eed77413a5b008b6420979a2cfb1799bbbc", kill_on_drop: false }`
[INFO] running `Command { std: "docker" "rm" "-f" "99ac4e16a30edd8e0e1fc7a7b1ee5eed77413a5b008b6420979a2cfb1799bbbc", kill_on_drop: false }`
[INFO] [stdout] 99ac4e16a30edd8e0e1fc7a7b1ee5eed77413a5b008b6420979a2cfb1799bbbc
[INFO] running `Command { std: "docker" "create" "-v" "/var/lib/crater-agent-workspace/builds/worker-7-tc1/target:/opt/rustwide/target:rw,Z" "-v" "/var/lib/crater-agent-workspace/builds/worker-7-tc1/source:/opt/rustwide/workdir:ro,Z" "-v" "/var/lib/crater-agent-workspace/cargo-home:/opt/rustwide/cargo-home:ro,Z" "-v" "/var/lib/crater-agent-workspace/rustup-home:/opt/rustwide/rustup-home:ro,Z" "-e" "SOURCE_DIR=/opt/rustwide/workdir" "-e" "CARGO_TARGET_DIR=/opt/rustwide/target" "-e" "CARGO_INCREMENTAL=0" "-e" "RUST_BACKTRACE=full" "-e" "RUSTFLAGS=--cap-lints=warn" "-e" "RUSTDOCFLAGS=--cap-lints=warn" "-e" "CARGO_HOME=/opt/rustwide/cargo-home" "-e" "RUSTUP_HOME=/opt/rustwide/rustup-home" "-w" "/opt/rustwide/workdir" "-m" "1610612736" "--user" "0:0" "--network" "none" "ghcr.io/rust-lang/crates-build-env/linux@sha256:5ff2268d62e97bff2cde7d5815dd6ed5b47097566f13b8d0ca110b04b60e07ed" "/opt/rustwide/cargo-home/bin/cargo" "+1.69.0" "test" "--frozen" "--no-run" "--message-format=json", kill_on_drop: false }`
[INFO] [stdout] ace36c34264bfc5dc43eaa11dcc4e004bca6a3509c8386168e1c3bffc242a68c
[INFO] running `Command { std: "docker" "start" "-a" "ace36c34264bfc5dc43eaa11dcc4e004bca6a3509c8386168e1c3bffc242a68c", kill_on_drop: false }`
[INFO] [stderr]     Blocking waiting for file lock on package cache
[INFO] [stderr]    Compiling durations v0.1.1 (/opt/rustwide/workdir)
[INFO] [stderr]     Finished test [unoptimized + debuginfo] target(s) in 0.61s
[INFO] running `Command { std: "docker" "inspect" "ace36c34264bfc5dc43eaa11dcc4e004bca6a3509c8386168e1c3bffc242a68c", kill_on_drop: false }`
[INFO] running `Command { std: "docker" "rm" "-f" "ace36c34264bfc5dc43eaa11dcc4e004bca6a3509c8386168e1c3bffc242a68c", kill_on_drop: false }`
[INFO] [stdout] ace36c34264bfc5dc43eaa11dcc4e004bca6a3509c8386168e1c3bffc242a68c
[INFO] running `Command { std: "docker" "create" "-v" "/var/lib/crater-agent-workspace/builds/worker-7-tc1/target:/opt/rustwide/target:rw,Z" "-v" "/var/lib/crater-agent-workspace/builds/worker-7-tc1/source:/opt/rustwide/workdir:ro,Z" "-v" "/var/lib/crater-agent-workspace/cargo-home:/opt/rustwide/cargo-home:ro,Z" "-v" "/var/lib/crater-agent-workspace/rustup-home:/opt/rustwide/rustup-home:ro,Z" "-e" "SOURCE_DIR=/opt/rustwide/workdir" "-e" "CARGO_TARGET_DIR=/opt/rustwide/target" "-e" "CARGO_INCREMENTAL=0" "-e" "RUST_BACKTRACE=full" "-e" "RUSTFLAGS=--cap-lints=warn" "-e" "RUSTDOCFLAGS=--cap-lints=warn" "-e" "CARGO_HOME=/opt/rustwide/cargo-home" "-e" "RUSTUP_HOME=/opt/rustwide/rustup-home" "-w" "/opt/rustwide/workdir" "-m" "1610612736" "--user" "0:0" "--network" "none" "ghcr.io/rust-lang/crates-build-env/linux@sha256:5ff2268d62e97bff2cde7d5815dd6ed5b47097566f13b8d0ca110b04b60e07ed" "/opt/rustwide/cargo-home/bin/cargo" "+1.69.0" "test" "--frozen", kill_on_drop: false }`
[INFO] [stdout] 8062e358b72b8c986783268229a92acc565deb19c8b9c93f44c851c4d0d84173
[INFO] running `Command { std: "docker" "start" "-a" "8062e358b72b8c986783268229a92acc565deb19c8b9c93f44c851c4d0d84173", kill_on_drop: false }`
[INFO] [stderr]     Finished test [unoptimized + debuginfo] target(s) in 0.00s
[INFO] [stderr]      Running unittests src/lib.rs (/opt/rustwide/target/debug/deps/durations-128017feee6c39b9)
[INFO] [stdout] 
[INFO] [stderr]    Doc-tests durations
[INFO] [stdout] running 0 tests
[INFO] [stdout] 
[INFO] [stdout] test result: ok. 0 passed; 0 failed; 0 ignored; 0 measured; 0 filtered out; finished in 0.00s
[INFO] [stdout] 
[INFO] [stdout] 
[INFO] [stdout] running 1 test
[INFO] [stdout] test src/lib.rs - (line 5) ... FAILED
[INFO] [stdout] 
[INFO] [stdout] failures:
[INFO] [stdout] 
[INFO] [stdout] ---- src/lib.rs - (line 5) stdout ----
[INFO] [stdout] error[E0277]: cannot multiply `{float}` by `Duration`
[INFO] [stdout]  --> src/lib.rs:12:23
[INFO] [stdout]   |
[INFO] [stdout] 9 | std::thread::sleep(2.2*S);
[INFO] [stdout]   |                       ^ no implementation for `{float} * Duration`
[INFO] [stdout]   |
[INFO] [stdout]   = help: the trait `Mul<Duration>` is not implemented for `{float}`
[INFO] [stdout]   = help: the following other types implement trait `Mul<Rhs>`:
[INFO] [stdout]             <&'a f32 as Mul<f32>>
[INFO] [stdout]             <&'a f64 as Mul<f64>>
[INFO] [stdout]             <&'a i128 as Mul<i128>>
[INFO] [stdout]             <&'a i16 as Mul<i16>>
[INFO] [stdout]             <&'a i32 as Mul<i32>>
[INFO] [stdout]             <&'a i64 as Mul<i64>>
[INFO] [stdout]             <&'a i8 as Mul<i8>>
[INFO] [stdout]             <&'a isize as Mul<isize>>
[INFO] [stdout]           and 49 others
[INFO] [stdout] 
[INFO] [stdout] error: aborting due to previous error
[INFO] [stdout] 
[INFO] [stdout] For more information about this error, try `rustc --explain E0277`.
[INFO] [stdout] Couldn't compile the test.
[INFO] [stdout] 
[INFO] [stdout] failures:
[INFO] [stdout]     src/lib.rs - (line 5)
[INFO] [stdout] 
[INFO] [stdout] test result: FAILED. 0 passed; 1 failed; 0 ignored; 0 measured; 0 filtered out; finished in 0.04s
[INFO] [stdout] 
[INFO] [stderr] error: doctest failed, to rerun pass `--doc`
[INFO] running `Command { std: "docker" "inspect" "8062e358b72b8c986783268229a92acc565deb19c8b9c93f44c851c4d0d84173", kill_on_drop: false }`
[INFO] running `Command { std: "docker" "rm" "-f" "8062e358b72b8c986783268229a92acc565deb19c8b9c93f44c851c4d0d84173", kill_on_drop: false }`
[INFO] [stdout] 8062e358b72b8c986783268229a92acc565deb19c8b9c93f44c851c4d0d84173
