[INFO] fetching crate duration-string 0.3.0...
[INFO] testing duration-string-0.3.0 against 1.69.0 for beta-1.70-1
[INFO] extracting crate duration-string 0.3.0 into /workspace/builds/worker-7-tc1/source
[INFO] validating manifest of crates.io crate duration-string 0.3.0 on toolchain 1.69.0
[INFO] running `Command { std: CARGO_HOME="/workspace/cargo-home" RUSTUP_HOME="/workspace/rustup-home" "/workspace/cargo-home/bin/cargo" "+1.69.0" "metadata" "--manifest-path" "Cargo.toml" "--no-deps", kill_on_drop: false }`
[INFO] started tweaking crates.io crate duration-string 0.3.0
[INFO] finished tweaking crates.io crate duration-string 0.3.0
[INFO] tweaked toml for crates.io crate duration-string 0.3.0 written to /workspace/builds/worker-7-tc1/source/Cargo.toml
[INFO] running `Command { std: CARGO_HOME="/workspace/cargo-home" RUSTUP_HOME="/workspace/rustup-home" __CARGO_TEST_CHANNEL_OVERRIDE_DO_NOT_USE_THIS="nightly" "/workspace/cargo-home/bin/cargo" "+1.69.0" "generate-lockfile" "--manifest-path" "Cargo.toml" "-Zno-index-update", kill_on_drop: false }`
[INFO] running `Command { std: CARGO_HOME="/workspace/cargo-home" RUSTUP_HOME="/workspace/rustup-home" "/workspace/cargo-home/bin/cargo" "+1.69.0" "fetch" "--manifest-path" "Cargo.toml", kill_on_drop: false }`
[INFO] running `Command { std: "docker" "create" "-v" "/var/lib/crater-agent-workspace/builds/worker-7-tc1/target:/opt/rustwide/target:rw,Z" "-v" "/var/lib/crater-agent-workspace/builds/worker-7-tc1/source:/opt/rustwide/workdir:ro,Z" "-v" "/var/lib/crater-agent-workspace/cargo-home:/opt/rustwide/cargo-home:ro,Z" "-v" "/var/lib/crater-agent-workspace/rustup-home:/opt/rustwide/rustup-home:ro,Z" "-e" "SOURCE_DIR=/opt/rustwide/workdir" "-e" "CARGO_TARGET_DIR=/opt/rustwide/target" "-e" "CARGO_HOME=/opt/rustwide/cargo-home" "-e" "RUSTUP_HOME=/opt/rustwide/rustup-home" "-w" "/opt/rustwide/workdir" "-m" "1610612736" "--user" "0:0" "--network" "none" "ghcr.io/rust-lang/crates-build-env/linux@sha256:5ff2268d62e97bff2cde7d5815dd6ed5b47097566f13b8d0ca110b04b60e07ed" "/opt/rustwide/cargo-home/bin/cargo" "+1.69.0" "metadata" "--no-deps" "--format-version=1", kill_on_drop: false }`
[INFO] [stdout] 7851090a96080deb77881a8c211a4c4ffa231a8347eb0843e13ae0eb901753fd
[INFO] running `Command { std: "docker" "start" "-a" "7851090a96080deb77881a8c211a4c4ffa231a8347eb0843e13ae0eb901753fd", kill_on_drop: false }`
[INFO] running `Command { std: "docker" "inspect" "7851090a96080deb77881a8c211a4c4ffa231a8347eb0843e13ae0eb901753fd", kill_on_drop: false }`
[INFO] running `Command { std: "docker" "rm" "-f" "7851090a96080deb77881a8c211a4c4ffa231a8347eb0843e13ae0eb901753fd", kill_on_drop: false }`
[INFO] [stdout] 7851090a96080deb77881a8c211a4c4ffa231a8347eb0843e13ae0eb901753fd
[INFO] running `Command { std: "docker" "create" "-v" "/var/lib/crater-agent-workspace/builds/worker-7-tc1/target:/opt/rustwide/target:rw,Z" "-v" "/var/lib/crater-agent-workspace/builds/worker-7-tc1/source:/opt/rustwide/workdir:ro,Z" "-v" "/var/lib/crater-agent-workspace/cargo-home:/opt/rustwide/cargo-home:ro,Z" "-v" "/var/lib/crater-agent-workspace/rustup-home:/opt/rustwide/rustup-home:ro,Z" "-e" "SOURCE_DIR=/opt/rustwide/workdir" "-e" "CARGO_TARGET_DIR=/opt/rustwide/target" "-e" "CARGO_INCREMENTAL=0" "-e" "RUST_BACKTRACE=full" "-e" "RUSTFLAGS=--cap-lints=warn" "-e" "RUSTDOCFLAGS=--cap-lints=warn" "-e" "CARGO_HOME=/opt/rustwide/cargo-home" "-e" "RUSTUP_HOME=/opt/rustwide/rustup-home" "-w" "/opt/rustwide/workdir" "-m" "1610612736" "--user" "0:0" "--network" "none" "ghcr.io/rust-lang/crates-build-env/linux@sha256:5ff2268d62e97bff2cde7d5815dd6ed5b47097566f13b8d0ca110b04b60e07ed" "/opt/rustwide/cargo-home/bin/cargo" "+1.69.0" "build" "--frozen" "--message-format=json", kill_on_drop: false }`
[INFO] [stdout] da2f66f7edd95d44c4991f98e029db429a6fee7b09f0572a96e6a9d9d7022315
[INFO] running `Command { std: "docker" "start" "-a" "da2f66f7edd95d44c4991f98e029db429a6fee7b09f0572a96e6a9d9d7022315", kill_on_drop: false }`
[INFO] [stderr]    Compiling duration-string v0.3.0 (/opt/rustwide/workdir)
[INFO] [stderr]     Finished dev [unoptimized + debuginfo] target(s) in 0.27s
[INFO] running `Command { std: "docker" "inspect" "da2f66f7edd95d44c4991f98e029db429a6fee7b09f0572a96e6a9d9d7022315", kill_on_drop: false }`
[INFO] running `Command { std: "docker" "rm" "-f" "da2f66f7edd95d44c4991f98e029db429a6fee7b09f0572a96e6a9d9d7022315", kill_on_drop: false }`
[INFO] [stdout] da2f66f7edd95d44c4991f98e029db429a6fee7b09f0572a96e6a9d9d7022315
[INFO] running `Command { std: "docker" "create" "-v" "/var/lib/crater-agent-workspace/builds/worker-7-tc1/target:/opt/rustwide/target:rw,Z" "-v" "/var/lib/crater-agent-workspace/builds/worker-7-tc1/source:/opt/rustwide/workdir:ro,Z" "-v" "/var/lib/crater-agent-workspace/cargo-home:/opt/rustwide/cargo-home:ro,Z" "-v" "/var/lib/crater-agent-workspace/rustup-home:/opt/rustwide/rustup-home:ro,Z" "-e" "SOURCE_DIR=/opt/rustwide/workdir" "-e" "CARGO_TARGET_DIR=/opt/rustwide/target" "-e" "CARGO_INCREMENTAL=0" "-e" "RUST_BACKTRACE=full" "-e" "RUSTFLAGS=--cap-lints=warn" "-e" "RUSTDOCFLAGS=--cap-lints=warn" "-e" "CARGO_HOME=/opt/rustwide/cargo-home" "-e" "RUSTUP_HOME=/opt/rustwide/rustup-home" "-w" "/opt/rustwide/workdir" "-m" "1610612736" "--user" "0:0" "--network" "none" "ghcr.io/rust-lang/crates-build-env/linux@sha256:5ff2268d62e97bff2cde7d5815dd6ed5b47097566f13b8d0ca110b04b60e07ed" "/opt/rustwide/cargo-home/bin/cargo" "+1.69.0" "test" "--frozen" "--no-run" "--message-format=json", kill_on_drop: false }`
[INFO] [stdout] 47345b3ccf188b7007f569ef2d677ead0ce8327192c907fe5e088b1a9531e6b1
[INFO] running `Command { std: "docker" "start" "-a" "47345b3ccf188b7007f569ef2d677ead0ce8327192c907fe5e088b1a9531e6b1", kill_on_drop: false }`
[INFO] [stderr]    Compiling serde v1.0.160
[INFO] [stderr]    Compiling serde_json v1.0.96
[INFO] [stderr]    Compiling duration-string v0.3.0 (/opt/rustwide/workdir)
[INFO] [stderr]     Finished test [unoptimized + debuginfo] target(s) in 5.45s
[INFO] running `Command { std: "docker" "inspect" "47345b3ccf188b7007f569ef2d677ead0ce8327192c907fe5e088b1a9531e6b1", kill_on_drop: false }`
[INFO] running `Command { std: "docker" "rm" "-f" "47345b3ccf188b7007f569ef2d677ead0ce8327192c907fe5e088b1a9531e6b1", kill_on_drop: false }`
[INFO] [stdout] 47345b3ccf188b7007f569ef2d677ead0ce8327192c907fe5e088b1a9531e6b1
[INFO] running `Command { std: "docker" "create" "-v" "/var/lib/crater-agent-workspace/builds/worker-7-tc1/target:/opt/rustwide/target:rw,Z" "-v" "/var/lib/crater-agent-workspace/builds/worker-7-tc1/source:/opt/rustwide/workdir:ro,Z" "-v" "/var/lib/crater-agent-workspace/cargo-home:/opt/rustwide/cargo-home:ro,Z" "-v" "/var/lib/crater-agent-workspace/rustup-home:/opt/rustwide/rustup-home:ro,Z" "-e" "SOURCE_DIR=/opt/rustwide/workdir" "-e" "CARGO_TARGET_DIR=/opt/rustwide/target" "-e" "CARGO_INCREMENTAL=0" "-e" "RUST_BACKTRACE=full" "-e" "RUSTFLAGS=--cap-lints=warn" "-e" "RUSTDOCFLAGS=--cap-lints=warn" "-e" "CARGO_HOME=/opt/rustwide/cargo-home" "-e" "RUSTUP_HOME=/opt/rustwide/rustup-home" "-w" "/opt/rustwide/workdir" "-m" "1610612736" "--user" "0:0" "--network" "none" "ghcr.io/rust-lang/crates-build-env/linux@sha256:5ff2268d62e97bff2cde7d5815dd6ed5b47097566f13b8d0ca110b04b60e07ed" "/opt/rustwide/cargo-home/bin/cargo" "+1.69.0" "test" "--frozen", kill_on_drop: false }`
[INFO] [stdout] ac3f855840927ed8359c8e758b9c2fbdf70b31182a8e5b94ac3a7ede9ca1494c
[INFO] running `Command { std: "docker" "start" "-a" "ac3f855840927ed8359c8e758b9c2fbdf70b31182a8e5b94ac3a7ede9ca1494c", kill_on_drop: false }`
[INFO] [stderr]     Finished test [unoptimized + debuginfo] target(s) in 0.02s
[INFO] [stderr]      Running unittests src/lib.rs (/opt/rustwide/target/debug/deps/duration_string-640139d7018fd1e7)
[INFO] [stdout] 
[INFO] [stdout] running 28 tests
[INFO] [stdout] test tests::test_display_trait ... ok
[INFO] [stdout] test tests::test_from_string_us_ms ... ok
[INFO] [stdout] test tests::test_from_string_us ... ok
[INFO] [stdout] test tests::test_from_string_s ... ok
[INFO] [stdout] test tests::test_into_string_d ... ok
[INFO] [stdout] test tests::test_into_string_h ... ok
[INFO] [stdout] test tests::test_into_string_m ... ok
[INFO] [stdout] test tests::test_into_string_ms ... ok
[INFO] [stdout] test tests::test_from_string_y ... ok
[INFO] [stdout] test tests::test_into_string_overflow_unit ... ok
[INFO] [stdout] test tests::test_into_string_w ... ok
[INFO] [stdout] test tests::test_into_string_y ... ok
[INFO] [stdout] test tests::test_string_int_overflow ... ok
[INFO] [stdout] test tests::test_into_string_s ... ok
[INFO] [stdout] test tests::test_from_string_h ... ok
[INFO] [stdout] test tests::test_from_string_w ... ok
[INFO] [stdout] test tests::test_from_string_no_char ... ok
[INFO] [stdout] test tests::test_from_string_m ... ok
[INFO] [stdout] test tests::test_from_string_ns ... ok
[INFO] [stdout] test tests::test_from_duration ... ok
[INFO] [stdout] test tests::test_from_string_d ... ok
[INFO] [stdout] test tests::test_from_string ... ok
[INFO] [stdout] test tests::test_from_string_ms ... ok
[INFO] [stdout] test tests::test_from_string_w_s ... ok
[INFO] [stdout] test tests::test_from_string_h_m2 ... ok
[INFO] [stdout] test tests::test_from_string_h_m ... ok
[INFO] [stdout] test tests::test_from_string_invalid_string ... ok
[INFO] [stdout] test tests::test_from_string_m_s ... ok
[INFO] [stdout] 
[INFO] [stdout] test result: ok. 28 passed; 0 failed; 0 ignored; 0 measured; 0 filtered out; finished in 0.03s
[INFO] [stdout] 
[INFO] [stderr]    Doc-tests duration-string
[INFO] [stdout] 
[INFO] [stdout] running 3 tests
[INFO] [stdout] test src/lib.rs - (line 38) ... FAILED
[INFO] [stdout] test src/lib.rs - (line 22) ... ok
[INFO] [stdout] test src/lib.rs - (line 15) ... ok
[INFO] [stdout] 
[INFO] [stdout] failures:
[INFO] [stdout] 
[INFO] [stdout] ---- src/lib.rs - (line 38) stdout ----
[INFO] [stdout] error[E0432]: unresolved import `serde`
[INFO] [stdout]  --> src/lib.rs:39:5
[INFO] [stdout]   |
[INFO] [stdout] 4 | use serde::{Deserialize, Serialize};
[INFO] [stdout]   |     ^^^^^ use of undeclared crate or module `serde`
[INFO] [stdout] 
[INFO] [stdout] error: cannot determine resolution for the derive macro `Serialize`
[INFO] [stdout]  --> src/lib.rs:43:10
[INFO] [stdout]   |
[INFO] [stdout] 8 | #[derive(Serialize, Deserialize)]
[INFO] [stdout]   |          ^^^^^^^^^
[INFO] [stdout]   |
[INFO] [stdout]   = note: import resolution is stuck, try simplifying macro imports
[INFO] [stdout] 
[INFO] [stdout] error: cannot determine resolution for the derive macro `Deserialize`
[INFO] [stdout]  --> src/lib.rs:43:21
[INFO] [stdout]   |
[INFO] [stdout] 8 | #[derive(Serialize, Deserialize)]
[INFO] [stdout]   |                     ^^^^^^^^^^^
[INFO] [stdout]   |
[INFO] [stdout]   = note: import resolution is stuck, try simplifying macro imports
[INFO] [stdout] 
[INFO] [stdout] error[E0277]: the trait bound `SerdeSupport: serde::ser::Serialize` is not satisfied
[INFO] [stdout]     --> src/lib.rs:50:51
[INFO] [stdout]      |
[INFO] [stdout] 15   | assert_eq!(r#"{"t":"1m"}"#, serde_json::to_string(&s).unwrap());
[INFO] [stdout]      |                             --------------------- ^^ the trait `serde::ser::Serialize` is not implemented for `SerdeSupport`
[INFO] [stdout]      |                             |
[INFO] [stdout]      |                             required by a bound introduced by this call
[INFO] [stdout]      |
[INFO] [stdout]      = help: the following other types implement trait `serde::ser::Serialize`:
[INFO] [stdout]                &'a T
[INFO] [stdout]                &'a mut T
[INFO] [stdout]                ()
[INFO] [stdout]                (T0, T1)
[INFO] [stdout]                (T0, T1, T2)
[INFO] [stdout]                (T0, T1, T2, T3)
[INFO] [stdout]                (T0, T1, T2, T3, T4)
[INFO] [stdout]                (T0, T1, T2, T3, T4, T5)
[INFO] [stdout]              and 127 others
[INFO] [stdout] note: required by a bound in `serde_json::to_string`
[INFO] [stdout]     --> /opt/rustwide/cargo-home/registry/src/github.com-1ecc6299db9ec823/serde_json-1.0.96/src/ser.rs:2145:17
[INFO] [stdout]      |
[INFO] [stdout] 2145 |     T: ?Sized + Serialize,
[INFO] [stdout]      |                 ^^^^^^^^^ required by this bound in `to_string`
[INFO] [stdout] 
[INFO] [stdout] error: aborting due to 4 previous errors
[INFO] [stdout] 
[INFO] [stdout] Some errors have detailed explanations: E0277, E0432.
[INFO] [stdout] For more information about an error, try `rustc --explain E0277`.
[INFO] [stdout] Couldn't compile the test.
[INFO] [stdout] 
[INFO] [stdout] failures:
[INFO] [stdout]     src/lib.rs - (line 38)
[INFO] [stdout] 
[INFO] [stdout] test result: FAILED. 2 passed; 1 failed; 0 ignored; 0 measured; 0 filtered out; finished in 0.32s
[INFO] [stdout] 
[INFO] [stderr] error: doctest failed, to rerun pass `--doc`
[INFO] running `Command { std: "docker" "inspect" "ac3f855840927ed8359c8e758b9c2fbdf70b31182a8e5b94ac3a7ede9ca1494c", kill_on_drop: false }`
[INFO] running `Command { std: "docker" "rm" "-f" "ac3f855840927ed8359c8e758b9c2fbdf70b31182a8e5b94ac3a7ede9ca1494c", kill_on_drop: false }`
[INFO] [stdout] ac3f855840927ed8359c8e758b9c2fbdf70b31182a8e5b94ac3a7ede9ca1494c
