[INFO] fetching crate dts 0.5.3...
[INFO] testing dts-0.5.3 against beta-2023-04-20 for beta-1.70-1
[INFO] extracting crate dts 0.5.3 into /workspace/builds/worker-1-tc2/source
[INFO] validating manifest of crates.io crate dts 0.5.3 on toolchain beta-2023-04-20
[INFO] running `Command { std: CARGO_HOME="/workspace/cargo-home" RUSTUP_HOME="/workspace/rustup-home" "/workspace/cargo-home/bin/cargo" "+beta-2023-04-20" "metadata" "--manifest-path" "Cargo.toml" "--no-deps", kill_on_drop: false }`
[INFO] started tweaking crates.io crate dts 0.5.3
[INFO] removed 0 missing tests
[INFO] finished tweaking crates.io crate dts 0.5.3
[INFO] tweaked toml for crates.io crate dts 0.5.3 written to /workspace/builds/worker-1-tc2/source/Cargo.toml
[INFO] crate crates.io crate dts 0.5.3 already has a lockfile, it will not be regenerated
[INFO] running `Command { std: CARGO_HOME="/workspace/cargo-home" RUSTUP_HOME="/workspace/rustup-home" "/workspace/cargo-home/bin/cargo" "+beta-2023-04-20" "fetch" "--manifest-path" "Cargo.toml", kill_on_drop: false }`
[INFO] [stderr]     Updating crates.io index
[INFO] [stderr]  Downloading crates ...
[INFO] [stderr]   Downloaded proc-macro2 v1.0.34
[INFO] [stderr]   Downloaded clircle v0.3.0
[INFO] [stderr]   Downloaded encoding-index-japanese v1.20141219.5
[INFO] [stderr]   Downloaded encoding_index_tests v0.1.4
[INFO] [stderr]   Downloaded pest_derive v2.3.1
[INFO] [stderr]   Downloaded std_prelude v0.2.12
[INFO] [stderr]   Downloaded assert_cmd v2.0.4
[INFO] [stderr]   Downloaded encoding-index-singlebyte v1.20141219.5
[INFO] [stderr]   Downloaded ureq v2.5.0
[INFO] [stderr]   Downloaded bytemuck v1.8.0
[INFO] [stderr]   Downloaded content_inspector v0.2.4
[INFO] [stderr]   Downloaded encoding v0.2.33
[INFO] [stderr]   Downloaded encoding-index-korean v1.20141219.5
[INFO] [stderr]   Downloaded encoding-index-simpchinese v1.20141219.5
[INFO] [stderr]   Downloaded hcl-rs v0.10.0
[INFO] [stderr]   Downloaded syn v1.0.92
[INFO] [stderr]   Downloaded rustls v0.20.2
[INFO] [stderr]   Downloaded webpki-roots v0.22.1
[INFO] [stderr]   Downloaded pest v2.4.0
[INFO] [stderr]   Downloaded ahash v0.3.8
[INFO] [stderr]   Downloaded chumsky v0.8.0
[INFO] [stderr]   Downloaded rayon-core v1.9.2
[INFO] [stderr]   Downloaded serde_qs v0.10.1
[INFO] [stderr]   Downloaded path_abs v0.5.1
[INFO] [stderr]   Downloaded grep-cli v0.1.6
[INFO] [stderr]   Downloaded serde-xml-rs v0.6.0
[INFO] [stderr]   Downloaded syntect v5.0.0
[INFO] [stderr]   Downloaded bat v0.22.1
[INFO] [stderr]   Downloaded serde_yaml v0.8.25
[INFO] [stderr]   Downloaded rgb v0.8.32
[INFO] [stderr]   Downloaded ansi_colours v1.1.1
[INFO] [stderr]   Downloaded console v0.15.2
[INFO] [stderr]   Downloaded onig v6.3.1
[INFO] [stderr]   Downloaded jaq-core v0.8.2
[INFO] [stderr]   Downloaded const-random-macro v0.1.13
[INFO] [stderr]   Downloaded const-random v0.1.13
[INFO] [stderr]   Downloaded jaq-parse v0.8.1
[INFO] [stderr]   Downloaded pest_meta v2.3.1
[INFO] [stderr]   Downloaded crc32fast v1.3.0
[INFO] [stderr]   Downloaded vecmap-rs v0.1.7
[INFO] [stderr]   Downloaded dyn-clone v1.0.9
[INFO] [stderr]   Downloaded jaq-std v0.8.1
[INFO] [stderr]   Downloaded output_vt100 v0.1.2
[INFO] [stderr]   Downloaded shell-words v1.1.0
[INFO] [stderr]   Downloaded unescape v0.1.0
[INFO] [stderr]   Downloaded encoding-index-tradchinese v1.20141219.5
[INFO] [stderr]   Downloaded clap_complete v3.2.4
[INFO] [stderr]   Downloaded plotters-backend v0.3.2
[INFO] [stderr]   Downloaded plotters-svg v0.3.1
[INFO] [stderr]   Downloaded pest_generator v2.3.1
[INFO] [stderr]   Downloaded temp-env v0.3.1
[INFO] running `Command { std: "docker" "create" "-v" "/var/lib/crater-agent-workspace/builds/worker-1-tc2/target:/opt/rustwide/target:rw,Z" "-v" "/var/lib/crater-agent-workspace/builds/worker-1-tc2/source:/opt/rustwide/workdir:ro,Z" "-v" "/var/lib/crater-agent-workspace/cargo-home:/opt/rustwide/cargo-home:ro,Z" "-v" "/var/lib/crater-agent-workspace/rustup-home:/opt/rustwide/rustup-home:ro,Z" "-e" "SOURCE_DIR=/opt/rustwide/workdir" "-e" "CARGO_TARGET_DIR=/opt/rustwide/target" "-e" "CARGO_HOME=/opt/rustwide/cargo-home" "-e" "RUSTUP_HOME=/opt/rustwide/rustup-home" "-w" "/opt/rustwide/workdir" "-m" "1610612736" "--user" "0:0" "--network" "none" "ghcr.io/rust-lang/crates-build-env/linux@sha256:5ff2268d62e97bff2cde7d5815dd6ed5b47097566f13b8d0ca110b04b60e07ed" "/opt/rustwide/cargo-home/bin/cargo" "+beta-2023-04-20" "metadata" "--no-deps" "--format-version=1", kill_on_drop: false }`
[INFO] [stdout] 5c8f7e59b2e1773d58913ffd795b4c4604b7009a686dc8a9e473ef2b5aeb0afe
[INFO] running `Command { std: "docker" "start" "-a" "5c8f7e59b2e1773d58913ffd795b4c4604b7009a686dc8a9e473ef2b5aeb0afe", kill_on_drop: false }`
[INFO] running `Command { std: "docker" "inspect" "5c8f7e59b2e1773d58913ffd795b4c4604b7009a686dc8a9e473ef2b5aeb0afe", kill_on_drop: false }`
[INFO] running `Command { std: "docker" "rm" "-f" "5c8f7e59b2e1773d58913ffd795b4c4604b7009a686dc8a9e473ef2b5aeb0afe", kill_on_drop: false }`
[INFO] [stdout] 5c8f7e59b2e1773d58913ffd795b4c4604b7009a686dc8a9e473ef2b5aeb0afe
[INFO] running `Command { std: "docker" "create" "-v" "/var/lib/crater-agent-workspace/builds/worker-1-tc2/target:/opt/rustwide/target:rw,Z" "-v" "/var/lib/crater-agent-workspace/builds/worker-1-tc2/source:/opt/rustwide/workdir:ro,Z" "-v" "/var/lib/crater-agent-workspace/cargo-home:/opt/rustwide/cargo-home:ro,Z" "-v" "/var/lib/crater-agent-workspace/rustup-home:/opt/rustwide/rustup-home:ro,Z" "-e" "SOURCE_DIR=/opt/rustwide/workdir" "-e" "CARGO_TARGET_DIR=/opt/rustwide/target" "-e" "CARGO_INCREMENTAL=0" "-e" "RUST_BACKTRACE=full" "-e" "RUSTFLAGS=--cap-lints=warn" "-e" "RUSTDOCFLAGS=--cap-lints=warn" "-e" "CARGO_HOME=/opt/rustwide/cargo-home" "-e" "RUSTUP_HOME=/opt/rustwide/rustup-home" "-w" "/opt/rustwide/workdir" "-m" "1610612736" "--user" "0:0" "--network" "none" "ghcr.io/rust-lang/crates-build-env/linux@sha256:5ff2268d62e97bff2cde7d5815dd6ed5b47097566f13b8d0ca110b04b60e07ed" "/opt/rustwide/cargo-home/bin/cargo" "+beta-2023-04-20" "build" "--frozen" "--message-format=json", kill_on_drop: false }`
[INFO] [stdout] 29134c341403e39ef15358975f0a534e55959c143b71fcd735b83be441941aba
[INFO] running `Command { std: "docker" "start" "-a" "29134c341403e39ef15358975f0a534e55959c143b71fcd735b83be441941aba", kill_on_drop: false }`
[INFO] [stderr]    Compiling proc-macro2 v1.0.34
[INFO] [stderr]    Compiling unicode-xid v0.2.2
[INFO] [stderr]    Compiling syn v1.0.92
[INFO] [stderr]    Compiling serde_derive v1.0.147
[INFO] [stderr]    Compiling serde v1.0.147
[INFO] [stderr]    Compiling autocfg v1.0.1
[INFO] [stderr]    Compiling libc v0.2.126
[INFO] [stderr]    Compiling lazy_static v1.4.0
[INFO] [stderr]    Compiling once_cell v1.16.0
[INFO] [stderr]    Compiling cc v1.0.72
[INFO] [stderr]    Compiling crunchy v0.2.2
[INFO] [stderr]    Compiling thiserror v1.0.37
[INFO] [stderr]    Compiling proc-macro-hack v0.5.19
[INFO] [stderr]    Compiling memchr v2.4.1
[INFO] [stderr]    Compiling quote v1.0.10
[INFO] [stderr]    Compiling tiny-keccak v2.0.2
[INFO] [stderr]    Compiling indexmap v1.9.1
[INFO] [stderr]    Compiling getrandom v0.2.7
[INFO] [stderr]    Compiling hashbrown v0.12.1
[INFO] [stderr]    Compiling version_check v0.9.3
[INFO] [stderr]    Compiling log v0.4.17
[INFO] [stderr]    Compiling ring v0.16.20
[INFO] [stderr]    Compiling encoding_index_tests v0.1.4
[INFO] [stderr]    Compiling ryu v1.0.9
[INFO] [stderr]    Compiling crossbeam-utils v0.8.14
[INFO] [stderr]    Compiling proc-macro-error-attr v1.0.4
[INFO] [stderr]    Compiling memoffset v0.6.5
[INFO] [stderr]    Compiling miniz_oxide v0.4.4
[INFO] [stderr]    Compiling pkg-config v0.3.24
[INFO] [stderr]    Compiling spin v0.5.2
[INFO] [stderr]    Compiling const-random-macro v0.1.13
[INFO] [stderr]    Compiling untrusted v0.7.1
[INFO] [stderr]    Compiling ucd-trie v0.1.3
[INFO] [stderr]    Compiling crc32fast v1.3.0
[INFO] [stderr]    Compiling onig_sys v69.7.1
[INFO] [stderr]    Compiling proc-macro-error v1.0.4
[INFO] [stderr]    Compiling const-random v0.1.13
[INFO] [stderr]    Compiling tinyvec_macros v0.1.0
[INFO] [stderr]    Compiling ahash v0.3.8
[INFO] [stderr]    Compiling regex-automata v0.1.10
[INFO] [stderr]    Compiling bitflags v1.3.2
[INFO] [stderr]    Compiling regex-syntax v0.6.27
[INFO] [stderr]    Compiling serde_json v1.0.91
[INFO] [stderr]    Compiling adler v1.0.2
[INFO] [stderr]    Compiling itoa v1.0.1
[INFO] [stderr]    Compiling chumsky v0.8.0
[INFO] [stderr]    Compiling crossbeam-epoch v0.9.5
[INFO] [stderr]    Compiling tinyvec v1.5.1
[INFO] [stderr]    Compiling aho-corasick v0.7.18
[INFO] [stderr]    Compiling atty v0.2.14
[INFO] [stderr]    Compiling termcolor v1.1.3
[INFO] [stderr]    Compiling percent-encoding v2.2.0
[INFO] [stderr]    Compiling fnv v1.0.7
[INFO] [stderr]    Compiling same-file v1.0.6
[INFO] [stderr]    Compiling rayon-core v1.9.2
[INFO] [stderr]    Compiling scopeguard v1.1.0
[INFO] [stderr]    Compiling regex v1.7.0
[INFO] [stderr]    Compiling webpki v0.22.0
[INFO] [stderr]    Compiling unicode-normalization v0.1.19
[INFO] [stderr]    Compiling thiserror-impl v1.0.37
[INFO] [stderr]    Compiling flate2 v1.0.22
[INFO] [stderr]    Compiling bytemuck v1.8.0
[INFO] [stderr]    Compiling unicode-bidi v0.3.7
[INFO] [stderr]    Compiling semver v1.0.4
[INFO] [stderr]    Compiling os_str_bytes v6.0.0
[INFO] [stderr]    Compiling linked-hash-map v0.5.4
[INFO] [stderr]    Compiling heck v0.4.0
[INFO] [stderr]    Compiling either v1.6.1
[INFO] [stderr]    Compiling onig v6.3.1
[INFO] [stderr]    Compiling yaml-rust v0.4.5
[INFO] [stderr]    Compiling clap_lex v0.2.2
[INFO] [stderr]    Compiling clap_derive v3.2.18
[INFO] [stderr]    Compiling idna v0.3.0
[INFO] [stderr]    Compiling rgb v0.8.32
[INFO] [stderr]    Compiling crossbeam-deque v0.8.1
[INFO] [stderr]    Compiling pest v2.4.0
[INFO] [stderr]    Compiling sct v0.7.0
[INFO] [stderr]    Compiling walkdir v2.3.2
[INFO] [stderr]    Compiling form_urlencoded v1.1.0
[INFO] [stderr]    Compiling crossbeam-channel v0.5.1
[INFO] [stderr]    Compiling encoding-index-simpchinese v1.20141219.5
[INFO] [stderr]    Compiling encoding-index-korean v1.20141219.5
[INFO] [stderr]    Compiling encoding-index-japanese v1.20141219.5
[INFO] [stderr]    Compiling pest_meta v2.3.1
[INFO] [stderr]    Compiling encoding-index-singlebyte v1.20141219.5
[INFO] [stderr]    Compiling encoding-index-tradchinese v1.20141219.5
[INFO] [stderr]    Compiling terminal_size v0.1.17
[INFO] [stderr]    Compiling num_cpus v1.13.1
[INFO] [stderr]    Compiling rayon v1.5.3
[INFO] [stderr]    Compiling bat v0.22.1
[INFO] [stderr]    Compiling strsim v0.10.0
[INFO] [stderr]    Compiling std_prelude v0.2.12
[INFO] [stderr]    Compiling unicode-width v0.1.9
[INFO] [stderr]    Compiling textwrap v0.15.1
[INFO] [stderr]    Compiling anyhow v1.0.66
[INFO] [stderr]    Compiling pest_generator v2.3.1
[INFO] [stderr]    Compiling console v0.15.2
[INFO] [stderr]    Compiling path_abs v0.5.1
[INFO] [stderr]    Compiling encoding v0.2.33
[INFO] [stderr]    Compiling url v2.3.1
[INFO] [stderr]    Compiling rustls v0.20.2
[INFO] [stderr]    Compiling ansi_colours v1.1.1
[INFO] [stderr]    Compiling pest_derive v2.3.1
[INFO] [stderr]    Compiling itertools v0.10.3
[INFO] [stderr]    Compiling webpki-roots v0.22.1
[INFO] [stderr]    Compiling csv-core v0.1.10
[INFO] [stderr]    Compiling content_inspector v0.2.4
[INFO] [stderr]    Compiling unicode-ident v1.0.1
[INFO] [stderr]    Compiling ansi_term v0.12.1
[INFO] [stderr]    Compiling shell-words v1.1.0
[INFO] [stderr]    Compiling dyn-clone v1.0.9
[INFO] [stderr]    Compiling chunked_transfer v1.4.0
[INFO] [stderr]    Compiling bytesize v1.1.0
[INFO] [stderr]    Compiling xml-rs v0.8.4
[INFO] [stderr]    Compiling base64 v0.13.0
[INFO] [stderr]    Compiling itoa v0.4.8
[INFO] [stderr]    Compiling pathdiff v0.2.1
[INFO] [stderr]    Compiling glob v0.3.0
[INFO] [stderr]    Compiling unescape v0.1.0
[INFO] [stderr]    Compiling ureq v2.5.0
[INFO] [stderr]    Compiling bincode v1.3.3
[INFO] [stderr]    Compiling bstr v0.2.17
[INFO] [stderr]    Compiling jaq-parse v0.8.1
[INFO] [stderr]    Compiling clircle v0.3.0
[INFO] [stderr]    Compiling vecmap-rs v0.1.7
[INFO] [stderr]    Compiling serde_qs v0.10.1
[INFO] [stderr]    Compiling json5 v0.4.1
[INFO] [stderr]    Compiling clap v3.2.22
[INFO] [stderr]    Compiling serde_yaml v0.8.25
[INFO] [stderr]    Compiling hcl-rs v0.10.0
[INFO] [stderr]    Compiling globset v0.4.8
[INFO] [stderr]    Compiling grep-cli v0.1.6
[INFO] [stderr]    Compiling syntect v5.0.0
[INFO] [stderr]    Compiling jaq-core v0.8.2
[INFO] [stderr]    Compiling csv v1.1.6
[INFO] [stderr]    Compiling serde-xml-rs v0.6.0
[INFO] [stderr]    Compiling toml v0.5.9
[INFO] [stderr]    Compiling jaq-std v0.8.1
[INFO] [stderr]    Compiling clap_complete v3.2.4
[INFO] [stderr]    Compiling dts v0.5.3 (/opt/rustwide/workdir)
[INFO] [stderr]     Finished dev [unoptimized + debuginfo] target(s) in 1m 53s
[INFO] running `Command { std: "docker" "inspect" "29134c341403e39ef15358975f0a534e55959c143b71fcd735b83be441941aba", kill_on_drop: false }`
[INFO] running `Command { std: "docker" "rm" "-f" "29134c341403e39ef15358975f0a534e55959c143b71fcd735b83be441941aba", kill_on_drop: false }`
[INFO] [stdout] 29134c341403e39ef15358975f0a534e55959c143b71fcd735b83be441941aba
[INFO] running `Command { std: "docker" "create" "-v" "/var/lib/crater-agent-workspace/builds/worker-1-tc2/target:/opt/rustwide/target:rw,Z" "-v" "/var/lib/crater-agent-workspace/builds/worker-1-tc2/source:/opt/rustwide/workdir:ro,Z" "-v" "/var/lib/crater-agent-workspace/cargo-home:/opt/rustwide/cargo-home:ro,Z" "-v" "/var/lib/crater-agent-workspace/rustup-home:/opt/rustwide/rustup-home:ro,Z" "-e" "SOURCE_DIR=/opt/rustwide/workdir" "-e" "CARGO_TARGET_DIR=/opt/rustwide/target" "-e" "CARGO_INCREMENTAL=0" "-e" "RUST_BACKTRACE=full" "-e" "RUSTFLAGS=--cap-lints=warn" "-e" "RUSTDOCFLAGS=--cap-lints=warn" "-e" "CARGO_HOME=/opt/rustwide/cargo-home" "-e" "RUSTUP_HOME=/opt/rustwide/rustup-home" "-w" "/opt/rustwide/workdir" "-m" "1610612736" "--user" "0:0" "--network" "none" "ghcr.io/rust-lang/crates-build-env/linux@sha256:5ff2268d62e97bff2cde7d5815dd6ed5b47097566f13b8d0ca110b04b60e07ed" "/opt/rustwide/cargo-home/bin/cargo" "+beta-2023-04-20" "test" "--frozen" "--no-run" "--message-format=json", kill_on_drop: false }`
[INFO] [stdout] 8c6690fa7c0031eedb93f4550a3f36ee59e1564a15e9ce3352449b8f8c134ab4
[INFO] running `Command { std: "docker" "start" "-a" "8c6690fa7c0031eedb93f4550a3f36ee59e1564a15e9ce3352449b8f8c134ab4", kill_on_drop: false }`
[INFO] [stderr]    Compiling serde v1.0.147
[INFO] [stderr]    Compiling num-traits v0.2.14
[INFO] [stderr]    Compiling predicates-core v1.0.2
[INFO] [stderr]    Compiling half v1.8.2
[INFO] [stderr]    Compiling plotters-backend v0.3.2
[INFO] [stderr]    Compiling ciborium-io v0.2.0
[INFO] [stderr]    Compiling doc-comment v0.3.3
[INFO] [stderr]    Compiling termtree v0.2.3
[INFO] [stderr]    Compiling normalize-line-endings v0.3.0
[INFO] [stderr]    Compiling cast v0.3.0
[INFO] [stderr]    Compiling ciborium-ll v0.2.0
[INFO] [stderr]    Compiling plotters-svg v0.3.1
[INFO] [stderr]    Compiling difflib v0.4.0
[INFO] [stderr]    Compiling criterion-plot v0.5.0
[INFO] [stderr]    Compiling predicates-tree v1.0.4
[INFO] [stderr]    Compiling wait-timeout v0.2.0
[INFO] [stderr]    Compiling diff v0.1.12
[INFO] [stderr]    Compiling oorandom v11.1.3
[INFO] [stderr]    Compiling yansi v0.5.1
[INFO] [stderr]    Compiling anes v0.1.6
[INFO] [stderr]    Compiling temp-env v0.3.1
[INFO] [stderr]    Compiling pretty_assertions v1.3.0
[INFO] [stderr]    Compiling float-cmp v0.9.0
[INFO] [stderr]    Compiling plotters v0.3.1
[INFO] [stderr]    Compiling predicates v2.1.1
[INFO] [stderr]    Compiling indexmap v1.9.1
[INFO] [stderr]    Compiling bstr v0.2.17
[INFO] [stderr]    Compiling bincode v1.3.3
[INFO] [stderr]    Compiling jaq-parse v0.8.1
[INFO] [stderr]    Compiling clircle v0.3.0
[INFO] [stderr]    Compiling vecmap-rs v0.1.7
[INFO] [stderr]    Compiling json5 v0.4.1
[INFO] [stderr]    Compiling serde-xml-rs v0.6.0
[INFO] [stderr]    Compiling toml v0.5.9
[INFO] [stderr]    Compiling serde_qs v0.10.1
[INFO] [stderr]    Compiling serde_json v1.0.91
[INFO] [stderr]    Compiling globset v0.4.8
[INFO] [stderr]    Compiling clap v3.2.22
[INFO] [stderr]    Compiling syntect v5.0.0
[INFO] [stderr]    Compiling grep-cli v0.1.6
[INFO] [stderr]    Compiling serde_yaml v0.8.25
[INFO] [stderr]    Compiling jaq-core v0.8.2
[INFO] [stderr]    Compiling csv v1.1.6
[INFO] [stderr]    Compiling bat v0.22.1
[INFO] [stderr]    Compiling hcl-rs v0.10.0
[INFO] [stderr]    Compiling tinytemplate v1.2.1
[INFO] [stderr]    Compiling ciborium v0.2.0
[INFO] [stderr]    Compiling clap_complete v3.2.4
[INFO] [stderr]    Compiling jaq-std v0.8.1
[INFO] [stderr]    Compiling criterion v0.4.0
[INFO] [stderr]    Compiling assert_cmd v2.0.4
[INFO] [stderr]    Compiling dts v0.5.3 (/opt/rustwide/workdir)
[INFO] [stderr]     Finished test [unoptimized + debuginfo] target(s) in 1m 10s
[INFO] running `Command { std: "docker" "inspect" "8c6690fa7c0031eedb93f4550a3f36ee59e1564a15e9ce3352449b8f8c134ab4", kill_on_drop: false }`
[INFO] running `Command { std: "docker" "rm" "-f" "8c6690fa7c0031eedb93f4550a3f36ee59e1564a15e9ce3352449b8f8c134ab4", kill_on_drop: false }`
[INFO] [stdout] 8c6690fa7c0031eedb93f4550a3f36ee59e1564a15e9ce3352449b8f8c134ab4
[INFO] running `Command { std: "docker" "create" "-v" "/var/lib/crater-agent-workspace/builds/worker-1-tc2/target:/opt/rustwide/target:rw,Z" "-v" "/var/lib/crater-agent-workspace/builds/worker-1-tc2/source:/opt/rustwide/workdir:ro,Z" "-v" "/var/lib/crater-agent-workspace/cargo-home:/opt/rustwide/cargo-home:ro,Z" "-v" "/var/lib/crater-agent-workspace/rustup-home:/opt/rustwide/rustup-home:ro,Z" "-e" "SOURCE_DIR=/opt/rustwide/workdir" "-e" "CARGO_TARGET_DIR=/opt/rustwide/target" "-e" "CARGO_INCREMENTAL=0" "-e" "RUST_BACKTRACE=full" "-e" "RUSTFLAGS=--cap-lints=warn" "-e" "RUSTDOCFLAGS=--cap-lints=warn" "-e" "CARGO_HOME=/opt/rustwide/cargo-home" "-e" "RUSTUP_HOME=/opt/rustwide/rustup-home" "-w" "/opt/rustwide/workdir" "-m" "1610612736" "--user" "0:0" "--network" "none" "ghcr.io/rust-lang/crates-build-env/linux@sha256:5ff2268d62e97bff2cde7d5815dd6ed5b47097566f13b8d0ca110b04b60e07ed" "/opt/rustwide/cargo-home/bin/cargo" "+beta-2023-04-20" "test" "--frozen", kill_on_drop: false }`
[INFO] [stdout] f9500c10c693e55d12f218e78d1e26ca1c5db94d401e47867e6bcff422e207f6
[INFO] running `Command { std: "docker" "start" "-a" "f9500c10c693e55d12f218e78d1e26ca1c5db94d401e47867e6bcff422e207f6", kill_on_drop: false }`
[INFO] [stderr]     Finished test [unoptimized + debuginfo] target(s) in 0.44s
[INFO] [stderr]      Running unittests src/lib.rs (/opt/rustwide/target/debug/deps/dts-d68fecdac8dc3f35)
[INFO] [stdout] 
[INFO] [stdout] running 25 tests
[INFO] [stdout] test de::test::test_deserialize_text ... ok
[INFO] [stdout] test de::test::test_deserialize_csv ... ok
[INFO] [stdout] test de::test::test_deserialize_yaml ... ok
[INFO] [stdout] test encoding::tests::test_encoding_from_path ... ok
[INFO] [stdout] test parsers::flat_key::test::test_parse ... ok
[INFO] [stdout] test key::tests::test_flatten_keys ... ok
[INFO] [stdout] test ser::test::test_serialize_csv ... ok
[INFO] [stdout] test key::tests::test_expand_keys ... ok
[INFO] [stdout] test parsers::flat_key::test::test_roundtrip ... ok
[INFO] [stdout] test parsers::gron::test::test_parse ... ok
[INFO] [stdout] test source::test::test_encoding ... ok
[INFO] [stdout] test ser::test::test_serialize_json ... ok
[INFO] [stdout] test ser::test::test_serialize_hcl ... ok
[INFO] [stdout] test sink::test::test_encoding ... ok
[INFO] [stdout] test sink::test::test_from_str ... ok
[INFO] [stdout] test value::tests::test_into_array ... ok
[INFO] [stdout] test value::tests::test_into_object ... ok
[INFO] [stdout] test value::tests::test_into_string ... ok
[INFO] [stdout] test sink::test::test_to_string ... ok
[INFO] [stdout] test ser::test::test_serialize_text ... ok
[INFO] [stdout] test source::test::test_glob_files ... ok
[INFO] [stdout] test source::test::test_from_str ... ok
[INFO] [stdout] test source::test::test_to_string ... ok
[INFO] [stdout] test encoding::tests::test_encoding_from_first_line ... ok
[INFO] [stdout] test source::test::test_source_reader ... ok
[INFO] [stdout] 
[INFO] [stdout] test result: ok. 25 passed; 0 failed; 0 ignored; 0 measured; 0 filtered out; finished in 0.07s
[INFO] [stdout] 
[INFO] [stderr]      Running unittests src/bin/dts/main.rs (/opt/rustwide/target/debug/deps/dts-d9fec0b0ff025c1b)
[INFO] [stdout] 
[INFO] [stdout] running 1 test
[INFO] [stdout] test paging::test::pager ... ok
[INFO] [stdout] 
[INFO] [stdout] test result: ok. 1 passed; 0 failed; 0 ignored; 0 measured; 0 filtered out; finished in 0.00s
[INFO] [stdout] 
[INFO] [stderr]      Running tests/integration_tests.rs (/opt/rustwide/target/debug/deps/integration-6ceb0599894836e3)
[INFO] [stdout] 
[INFO] [stdout] running 15 tests
[INFO] [stdout] test glob_required_for_dirs ... ok
[INFO] [stdout] test encoding_required_for_stdin ... ok
[INFO] [stdout] test json_to_csv_filtered_flattened_with_keys ... ok
[INFO] [stdout] test json_to_gron ... ok
[INFO] [stdout] test json_to_csv_collections_as_json ... ok
[INFO] [stdout] test json_to_yaml ... ok
[INFO] [stdout] test json_to_yaml_stdin ... ok
[INFO] [stdout] test continue_on_error ... ok
[INFO] [stdout] test multiple_sinks_require_array ... ok
[INFO] [stdout] test yaml_to_pretty_json ... ok
[INFO] [stdout] test encoding_inferred_from_first_line ... ok
[INFO] [stdout] test merge_json ... ok
[INFO] [stdout] test json_to_toml ... ok
[INFO] [stdout] test gron_to_json ... ok
[INFO] [stdout] test filter_expression_from_file ... ok
[INFO] [stderr]    Doc-tests dts
[INFO] [stdout] 
[INFO] [stdout] test result: ok. 15 passed; 0 failed; 0 ignored; 0 measured; 0 filtered out; finished in 0.25s
[INFO] [stdout] 
[INFO] [stdout] 
[INFO] [stdout] running 9 tests
[INFO] [stdout] test src/key.rs - key::flatten_keys (line 41) ... FAILED
[INFO] [stdout] test src/key.rs - key::flatten_keys (line 63) ... FAILED
[INFO] [stdout] test src/key.rs - key::expand_keys (line 82) ... FAILED
[INFO] [stdout] test src/key.rs - key::flatten_keys (line 18) ... FAILED
[INFO] [stdout] test src/ser.rs - ser::Serializer<W>::serialize (line 128) ... FAILED
[INFO] [stdout] test src/filter/mod.rs - filter::Filter (line 23) ... FAILED
[INFO] [stdout] test src/de.rs - de::DeserializerBuilder (line 38) ... ok
[INFO] [stdout] test src/ser.rs - ser::SerializerBuilder (line 39) ... ok
[INFO] [stdout] test src/de.rs - de::Deserializer<R>::deserialize (line 118) ... ok
[INFO] [stdout] 
[INFO] [stdout] failures:
[INFO] [stdout] 
[INFO] [stdout] ---- src/key.rs - key::flatten_keys (line 41) stdout ----
[INFO] [stdout] error: linking with `cc` failed: exit status: 1
[INFO] [stdout]   |
[INFO] [stdout]   = note: LC_ALL="C" PATH="/opt/rustwide/rustup-home/toolchains/beta-2023-04-20-x86_64-unknown-linux-gnu/lib/rustlib/x86_64-unknown-linux-gnu/bin:/opt/rustwide/cargo-home/bin:/usr/local/sbin:/usr/local/bin:/usr/sbin:/usr/bin:/sbin:/bin" VSLANG="1033" "cc" "-m64" "/tmp/rustclW7FPt/symbols.o" "/tmp/rustdoctestqvn1Ch/rust_out.rust_out.c38b68ff-cgu.0.rcgu.o" "/tmp/rustdoctestqvn1Ch/rust_out.38a7fyhsvjn6z0qy.rcgu.o" "-Wl,--as-needed" "-L" "/opt/rustwide/target/debug/deps" "-L" "/opt/rustwide/target/debug/deps" "-L" "/opt/rustwide/target/debug/build/onig_sys-e70103cf3d8bd22b/out" "-L" "/opt/rustwide/target/debug/build/ring-18781a71d37daa3b/out" "-L" "/opt/rustwide/rustup-home/toolchains/beta-2023-04-20-x86_64-unknown-linux-gnu/lib/rustlib/x86_64-unknown-linux-gnu/lib" "-Wl,-Bstatic" "/opt/rustwide/target/debug/deps/libpretty_assertions-ef76a2db7020ff44.rlib" "/opt/rustwide/target/debug/deps/libdiff-addc4ff7d1d9a698.rlib" "/opt/rustwide/target/debug/deps/libyansi-f33ef1eed7aa8e86.rlib" "/opt/rustwide/target/debug/deps/libdts-9b281003943d86b3.rlib" "/opt/rustwide/target/debug/deps/libpathdiff-2c0582b45212c2ee.rlib" "/opt/rustwide/target/debug/deps/libjaq_std-887439e331831548.rlib" "/opt/rustwide/target/debug/deps/libbincode-e89b85c93861836f.rlib" "/opt/rustwide/target/debug/deps/libureq-55f398074b77c547.rlib" "/opt/rustwide/target/debug/deps/libwebpki_roots-ecf8b372202bcd7e.rlib" "/opt/rustwide/target/debug/deps/libbase64-bff61f2d1660603b.rlib" "/opt/rustwide/target/debug/deps/librustls-7952eaac8354bd89.rlib" "/opt/rustwide/target/debug/deps/libsct-7656b080a07b3b8b.rlib" "/opt/rustwide/target/debug/deps/libwebpki-f1a1886dbac7ea1c.rlib" "/opt/rustwide/target/debug/deps/libring-5eddb169b7c4abb6.rlib" "/opt/rustwide/target/debug/deps/libspin-0ce7eed86e654be1.rlib" "/opt/rustwide/target/debug/deps/libuntrusted-299fbcd347deffe0.rlib" "/opt/rustwide/target/debug/deps/libflate2-0e382518bca55741.rlib" "/opt/rustwide/target/debug/deps/libminiz_oxide-c6e1d6fdbee0d0b8.rlib" "/opt/rustwide/target/debug/deps/libadler-92f8db84032ff960.rlib" "/opt/rustwide/target/debug/deps/libcrc32fast-d72c4ce62c032296.rlib" "/opt/rustwide/target/debug/deps/libchunked_transfer-9b0c1a2a7a4b0f35.rlib" "/opt/rustwide/target/debug/deps/libglob-921a087ba318345d.rlib" "/opt/rustwide/target/debug/deps/libhcl-4abb39a59fbfedef.rlib" "/opt/rustwide/target/debug/deps/libunicode_ident-22ba84b31084654c.rlib" "/opt/rustwide/target/debug/deps/libvecmap-7c4ec493e712ec2b.rlib" "/opt/rustwide/target/debug/deps/libserde_xml_rs-fdff9ce1b7362203.rlib" "/opt/rustwide/target/debug/deps/libxml-2ca1670042266d63.rlib" "/opt/rustwide/target/debug/deps/libserde_qs-730f1766a0b96c33.rlib" "/opt/rustwide/target/debug/deps/libcsv-bcd66352a39e446e.rlib" "/opt/rustwide/target/debug/deps/libitoa-d0264c8ce1ce890b.rlib" "/opt/rustwide/target/debug/deps/libcsv_core-b6bb68d7211279ff.rlib" "/opt/rustwide/target/debug/deps/libbstr-99956acedbc619b1.rlib" "/opt/rustwide/target/debug/deps/libregex_automata-cce5214985838d75.rlib" "/opt/rustwide/target/debug/deps/libjson5-7dab5745677f0396.rlib" "/opt/rustwide/target/debug/deps/libtoml-80974f621f4dff4b.rlib" "/opt/rustwide/target/debug/deps/libserde_yaml-45e33a5453c04f63.rlib" "/opt/rustwide/target/debug/deps/libyaml_rust-fb062838ce04b5b9.rlib" "/opt/rustwide/target/debug/deps/liblinked_hash_map-2d73749d53e508e5.rlib" "/opt/rustwide/target/debug/deps/liburl-17b0d95f9f7f7068.rlib" "/opt/rustwide/target/debug/deps/libidna-c9d5e50f11bd558e.rlib" "/opt/rustwide/target/debug/deps/libunicode_normalization-78a01cc621c7dad6.rlib" "/opt/rustwide/target/debug/deps/libtinyvec-c348951c3414c332.rlib" "/opt/rustwide/target/debug/deps/libtinyvec_macros-c8728763a1cfbcab.rlib" "/opt/rustwide/target/debug/deps/libunicode_bidi-a69ffc9ceeb64fbb.rlib" "/opt/rustwide/target/debug/deps/libform_urlencoded-c6dce5f233f9dc81.rlib" "/opt/rustwide/target/debug/deps/libpercent_encoding-4a77b5e8a25d80c2.rlib" "/opt/rustwide/target/debug/deps/libpest-fe5892057f5ed044.rlib" "/opt/rustwide/target/debug/deps/libucd_trie-ca044847a1581ba7.rlib" "/opt/rustwide/target/debug/deps/librayon-f5aff79b055008f7.rlib" "/opt/rustwide/target/debug/deps/librayon_core-48c8ce31ba3d4388.rlib" "/opt/rustwide/target/debug/deps/libnum_cpus-cb01e376d739746d.rlib" "/opt/rustwide/target/debug/deps/libcrossbeam_deque-e6a4848b82d1d934.rlib" "/opt/rustwide/target/debug/deps/libcrossbeam_epoch-f9628a0273bc5034.rlib" "/opt/rustwide/target/debug/deps/libmemoffset-1521e32a5fb959a8.rlib" "/opt/rustwide/target/debug/deps/libscopeguard-54ff2283d814f48f.rlib" "/opt/rustwide/target/debug/deps/liblazy_static-86422d76b8bd90ed.rlib" "/opt/rustwide/target/debug/deps/libcrossbeam_channel-63584f2c0383950e.rlib" "/opt/rustwide/target/debug/deps/libcrossbeam_utils-817c9cdc239ab6d8.rlib" "/opt/rustwide/target/debug/deps/libjaq_core-33fd9e4f8cc09336.rlib" "/opt/rustwide/target/debug/deps/liblog-6f3e788ba8b980aa.rlib" "/opt/rustwide/target/debug/deps/libcfg_if-97437e183f3ae6e4.rlib" "/opt/rustwide/target/debug/deps/libitertools-45c62fce4e631d3b.rlib" "/opt/rustwide/target/debug/deps/libeither-1fa9e7dc99f602fc.rlib" "/opt/rustwide/target/debug/deps/libjaq_parse-ebddb8247f890f47.rlib" "/opt/rustwide/target/debug/deps/libchumsky-7ca69162888dd05b.rlib" "/opt/rustwide/target/debug/deps/libahash-a0d7ff55d6d1a586.rlib" "/opt/rustwide/target/debug/deps/libconst_random-1beafdf3eca925c4.rlib" "/opt/rustwide/target/debug/deps/libdyn_clone-bd26217965b031b3.rlib" "/opt/rustwide/target/debug/deps/libthiserror-2ca40f6dccef606d.rlib" "/opt/rustwide/target/debug/deps/libclap-16e1535c32185936.rlib" "/opt/rustwide/target/debug/deps/libatty-f8d423cb6801fcef.rlib" "/opt/rustwide/target/debug/deps/liblibc-633699dc5f0d7a64.rlib" "/opt/rustwide/target/debug/deps/libstrsim-be6ba759f95a5238.rlib" "/opt/rustwide/target/debug/deps/libtermcolor-32b50f642d1e75a8.rlib" "/opt/rustwide/target/debug/deps/libtextwrap-52c78ad0078a8d7a.rlib" "/opt/rustwide/target/debug/deps/libclap_lex-3af406f43d0c6131.rlib" "/opt/rustwide/target/debug/deps/libos_str_bytes-e68be73517b99483.rlib" "/opt/rustwide/target/debug/deps/libbitflags-610a73087f46ba3b.rlib" "/opt/rustwide/target/debug/deps/libonce_cell-3cdae169d48e1efa.rlib" "/opt/rustwide/target/debug/deps/libserde_json-d5047db3abdd6c34.rlib" "/opt/rustwide/target/debug/deps/libryu-1f87c9e09d988964.rlib" "/opt/rustwide/target/debug/deps/libitoa-57ac2f3fee0fa4c3.rlib" "/opt/rustwide/target/debug/deps/libindexmap-4a5971f08de028dc.rlib" "/opt/rustwide/target/debug/deps/libhashbrown-5e93cc3c170e0f3d.rlib" "/opt/rustwide/target/debug/deps/libserde-bdd11d1ceedf64c6.rlib" "/opt/rustwide/target/debug/deps/libregex-89964e30c4cab660.rlib" "/opt/rustwide/target/debug/deps/libaho_corasick-ecbb33cb0ecb9f4f.rlib" "/opt/rustwide/target/debug/deps/libmemchr-59863dd316d0aea8.rlib" "/opt/rustwide/target/debug/deps/libregex_syntax-172cd7e2aeb51a67.rlib" "/opt/rustwide/rustup-home/toolchains/beta-2023-04-20-x86_64-unknown-linux-gnu/lib/rustlib/x86_64-unknown-linux-gnu/lib/libstd-0e29cc23c5e02021.rlib" "/opt/rustwide/rustup-home/toolchains/beta-2023-04-20-x86_64-unknown-linux-gnu/lib/rustlib/x86_64-unknown-linux-gnu/lib/libpanic_unwind-d903621768a861d9.rlib" "/opt/rustwide/rustup-home/toolchains/beta-2023-04-20-x86_64-unknown-linux-gnu/lib/rustlib/x86_64-unknown-linux-gnu/lib/libobject-6d0225e655f31c13.rlib" "/opt/rustwide/rustup-home/toolchains/beta-2023-04-20-x86_64-unknown-linux-gnu/lib/rustlib/x86_64-unknown-linux-gnu/lib/libmemchr-9dbaf4eac7eaa079.rlib" "/opt/rustwide/rustup-home/toolchains/beta-2023-04-20-x86_64-unknown-linux-gnu/lib/rustlib/x86_64-unknown-linux-gnu/lib/libaddr2line-27f05b3d42a66dd0.rlib" "/opt/rustwide/rustup-home/toolchains/beta-2023-04-20-x86_64-unknown-linux-gnu/lib/rustlib/x86_64-unknown-linux-gnu/lib/libgimli-4d73f1030321c9a2.rlib" "/opt/rustwide/rustup-home/toolchains/beta-2023-04-20-x86_64-unknown-linux-gnu/lib/rustlib/x86_64-unknown-linux-gnu/lib/librustc_demangle-2846c9e58abd0acb.rlib" "/opt/rustwide/rustup-home/toolchains/beta-2023-04-20-x86_64-unknown-linux-gnu/lib/rustlib/x86_64-unknown-linux-gnu/lib/libstd_detect-a53d0f50415947be.rlib" "/opt/rustwide/rustup-home/toolchains/beta-2023-04-20-x86_64-unknown-linux-gnu/lib/rustlib/x86_64-unknown-linux-gnu/lib/libhashbrown-d48e4b6abc25b9dc.rlib" "/opt/rustwide/rustup-home/toolchains/beta-2023-04-20-x86_64-unknown-linux-gnu/lib/rustlib/x86_64-unknown-linux-gnu/lib/libminiz_oxide-2991859439ef1207.rlib" "/opt/rustwide/rustup-home/toolchains/beta-2023-04-20-x86_64-unknown-linux-gnu/lib/rustlib/x86_64-unknown-linux-gnu/lib/libadler-8a687517e4221bae.rlib" "/opt/rustwide/rustup-home/toolchains/beta-2023-04-20-x86_64-unknown-linux-gnu/lib/rustlib/x86_64-unknown-linux-gnu/lib/librustc_std_workspace_alloc-e07b554f6a67f5b3.rlib" "/opt/rustwide/rustup-home/toolchains/beta-2023-04-20-x86_64-unknown-linux-gnu/lib/rustlib/x86_64-unknown-linux-gnu/lib/libunwind-b68238b7c3c619dd.rlib" "/opt/rustwide/rustup-home/toolchains/beta-2023-04-20-x86_64-unknown-linux-gnu/lib/rustlib/x86_64-unknown-linux-gnu/lib/libcfg_if-d5e213e896c017e4.rlib" "/opt/rustwide/rustup-home/toolchains/beta-2023-04-20-x86_64-unknown-linux-gnu/lib/rustlib/x86_64-unknown-linux-gnu/lib/liblibc-0211a3b2e61d8689.rlib" "/opt/rustwide/rustup-home/toolchains/beta-2023-04-20-x86_64-unknown-linux-gnu/lib/rustlib/x86_64-unknown-linux-gnu/lib/liballoc-b371f055239ba51f.rlib" "/opt/rustwide/rustup-home/toolchains/beta-2023-04-20-x86_64-unknown-linux-gnu/lib/rustlib/x86_64-unknown-linux-gnu/lib/librustc_std_workspace_core-e60518d2760eb01e.rlib" "/opt/rustwide/rustup-home/toolchains/beta-2023-04-20-x86_64-unknown-linux-gnu/lib/rustlib/x86_64-unknown-linux-gnu/lib/libcore-1ad943f92a4b1081.rlib" "/opt/rustwide/rustup-home/toolchains/beta-2023-04-20-x86_64-unknown-linux-gnu/lib/rustlib/x86_64-unknown-linux-gnu/lib/libcompiler_builtins-f0d6e4d0fc1e80b4.rlib" "-Wl,-Bdynamic" "-lgcc_s" "-lutil" "-lrt" "-lpthread" "-lm" "-ldl" "-lc" "-Wl,--eh-frame-hdr" "-Wl,-z,noexecstack" "-L" "/opt/rustwide/rustup-home/toolchains/beta-2023-04-20-x86_64-unknown-linux-gnu/lib/rustlib/x86_64-unknown-linux-gnu/lib" "-o" "/tmp/rustdoctestqvn1Ch/rust_out" "-Wl,--gc-sections" "-pie" "-Wl,-z,relro,-z,now" "-nodefaultlibs"
[INFO] [stdout]   = note: collect2: fatal error: ld terminated with signal 9 [Killed]
[INFO] [stdout]           compilation terminated.
[INFO] [stdout]           
[INFO] [stdout] 
[INFO] [stdout] error: aborting due to previous error
[INFO] [stdout] 
[INFO] [stdout] Couldn't compile the test.
[INFO] [stdout] ---- src/key.rs - key::flatten_keys (line 63) stdout ----
[INFO] [stdout] error: linking with `cc` failed: exit status: 1
[INFO] [stdout]   |
[INFO] [stdout]   = note: LC_ALL="C" PATH="/opt/rustwide/rustup-home/toolchains/beta-2023-04-20-x86_64-unknown-linux-gnu/lib/rustlib/x86_64-unknown-linux-gnu/bin:/opt/rustwide/cargo-home/bin:/usr/local/sbin:/usr/local/bin:/usr/sbin:/usr/bin:/sbin:/bin" VSLANG="1033" "cc" "-m64" "/tmp/rustcY12YAU/symbols.o" "/tmp/rustdoctestyihkFi/rust_out.rust_out.c38b68ff-cgu.0.rcgu.o" "/tmp/rustdoctestyihkFi/rust_out.38a7fyhsvjn6z0qy.rcgu.o" "-Wl,--as-needed" "-L" "/opt/rustwide/target/debug/deps" "-L" "/opt/rustwide/target/debug/deps" "-L" "/opt/rustwide/target/debug/build/onig_sys-e70103cf3d8bd22b/out" "-L" "/opt/rustwide/target/debug/build/ring-18781a71d37daa3b/out" "-L" "/opt/rustwide/rustup-home/toolchains/beta-2023-04-20-x86_64-unknown-linux-gnu/lib/rustlib/x86_64-unknown-linux-gnu/lib" "-Wl,-Bstatic" "/opt/rustwide/target/debug/deps/libpretty_assertions-ef76a2db7020ff44.rlib" "/opt/rustwide/target/debug/deps/libdiff-addc4ff7d1d9a698.rlib" "/opt/rustwide/target/debug/deps/libyansi-f33ef1eed7aa8e86.rlib" "/opt/rustwide/target/debug/deps/libdts-9b281003943d86b3.rlib" "/opt/rustwide/target/debug/deps/libpathdiff-2c0582b45212c2ee.rlib" "/opt/rustwide/target/debug/deps/libjaq_std-887439e331831548.rlib" "/opt/rustwide/target/debug/deps/libbincode-e89b85c93861836f.rlib" "/opt/rustwide/target/debug/deps/libureq-55f398074b77c547.rlib" "/opt/rustwide/target/debug/deps/libwebpki_roots-ecf8b372202bcd7e.rlib" "/opt/rustwide/target/debug/deps/libbase64-bff61f2d1660603b.rlib" "/opt/rustwide/target/debug/deps/librustls-7952eaac8354bd89.rlib" "/opt/rustwide/target/debug/deps/libsct-7656b080a07b3b8b.rlib" "/opt/rustwide/target/debug/deps/libwebpki-f1a1886dbac7ea1c.rlib" "/opt/rustwide/target/debug/deps/libring-5eddb169b7c4abb6.rlib" "/opt/rustwide/target/debug/deps/libspin-0ce7eed86e654be1.rlib" "/opt/rustwide/target/debug/deps/libuntrusted-299fbcd347deffe0.rlib" "/opt/rustwide/target/debug/deps/libflate2-0e382518bca55741.rlib" "/opt/rustwide/target/debug/deps/libminiz_oxide-c6e1d6fdbee0d0b8.rlib" "/opt/rustwide/target/debug/deps/libadler-92f8db84032ff960.rlib" "/opt/rustwide/target/debug/deps/libcrc32fast-d72c4ce62c032296.rlib" "/opt/rustwide/target/debug/deps/libchunked_transfer-9b0c1a2a7a4b0f35.rlib" "/opt/rustwide/target/debug/deps/libglob-921a087ba318345d.rlib" "/opt/rustwide/target/debug/deps/libhcl-4abb39a59fbfedef.rlib" "/opt/rustwide/target/debug/deps/libunicode_ident-22ba84b31084654c.rlib" "/opt/rustwide/target/debug/deps/libvecmap-7c4ec493e712ec2b.rlib" "/opt/rustwide/target/debug/deps/libserde_xml_rs-fdff9ce1b7362203.rlib" "/opt/rustwide/target/debug/deps/libxml-2ca1670042266d63.rlib" "/opt/rustwide/target/debug/deps/libserde_qs-730f1766a0b96c33.rlib" "/opt/rustwide/target/debug/deps/libcsv-bcd66352a39e446e.rlib" "/opt/rustwide/target/debug/deps/libitoa-d0264c8ce1ce890b.rlib" "/opt/rustwide/target/debug/deps/libcsv_core-b6bb68d7211279ff.rlib" "/opt/rustwide/target/debug/deps/libbstr-99956acedbc619b1.rlib" "/opt/rustwide/target/debug/deps/libregex_automata-cce5214985838d75.rlib" "/opt/rustwide/target/debug/deps/libjson5-7dab5745677f0396.rlib" "/opt/rustwide/target/debug/deps/libtoml-80974f621f4dff4b.rlib" "/opt/rustwide/target/debug/deps/libserde_yaml-45e33a5453c04f63.rlib" "/opt/rustwide/target/debug/deps/libyaml_rust-fb062838ce04b5b9.rlib" "/opt/rustwide/target/debug/deps/liblinked_hash_map-2d73749d53e508e5.rlib" "/opt/rustwide/target/debug/deps/liburl-17b0d95f9f7f7068.rlib" "/opt/rustwide/target/debug/deps/libidna-c9d5e50f11bd558e.rlib" "/opt/rustwide/target/debug/deps/libunicode_normalization-78a01cc621c7dad6.rlib" "/opt/rustwide/target/debug/deps/libtinyvec-c348951c3414c332.rlib" "/opt/rustwide/target/debug/deps/libtinyvec_macros-c8728763a1cfbcab.rlib" "/opt/rustwide/target/debug/deps/libunicode_bidi-a69ffc9ceeb64fbb.rlib" "/opt/rustwide/target/debug/deps/libform_urlencoded-c6dce5f233f9dc81.rlib" "/opt/rustwide/target/debug/deps/libpercent_encoding-4a77b5e8a25d80c2.rlib" "/opt/rustwide/target/debug/deps/libpest-fe5892057f5ed044.rlib" "/opt/rustwide/target/debug/deps/libucd_trie-ca044847a1581ba7.rlib" "/opt/rustwide/target/debug/deps/librayon-f5aff79b055008f7.rlib" "/opt/rustwide/target/debug/deps/librayon_core-48c8ce31ba3d4388.rlib" "/opt/rustwide/target/debug/deps/libnum_cpus-cb01e376d739746d.rlib" "/opt/rustwide/target/debug/deps/libcrossbeam_deque-e6a4848b82d1d934.rlib" "/opt/rustwide/target/debug/deps/libcrossbeam_epoch-f9628a0273bc5034.rlib" "/opt/rustwide/target/debug/deps/libmemoffset-1521e32a5fb959a8.rlib" "/opt/rustwide/target/debug/deps/libscopeguard-54ff2283d814f48f.rlib" "/opt/rustwide/target/debug/deps/liblazy_static-86422d76b8bd90ed.rlib" "/opt/rustwide/target/debug/deps/libcrossbeam_channel-63584f2c0383950e.rlib" "/opt/rustwide/target/debug/deps/libcrossbeam_utils-817c9cdc239ab6d8.rlib" "/opt/rustwide/target/debug/deps/libjaq_core-33fd9e4f8cc09336.rlib" "/opt/rustwide/target/debug/deps/liblog-6f3e788ba8b980aa.rlib" "/opt/rustwide/target/debug/deps/libcfg_if-97437e183f3ae6e4.rlib" "/opt/rustwide/target/debug/deps/libitertools-45c62fce4e631d3b.rlib" "/opt/rustwide/target/debug/deps/libeither-1fa9e7dc99f602fc.rlib" "/opt/rustwide/target/debug/deps/libjaq_parse-ebddb8247f890f47.rlib" "/opt/rustwide/target/debug/deps/libchumsky-7ca69162888dd05b.rlib" "/opt/rustwide/target/debug/deps/libahash-a0d7ff55d6d1a586.rlib" "/opt/rustwide/target/debug/deps/libconst_random-1beafdf3eca925c4.rlib" "/opt/rustwide/target/debug/deps/libdyn_clone-bd26217965b031b3.rlib" "/opt/rustwide/target/debug/deps/libthiserror-2ca40f6dccef606d.rlib" "/opt/rustwide/target/debug/deps/libclap-16e1535c32185936.rlib" "/opt/rustwide/target/debug/deps/libatty-f8d423cb6801fcef.rlib" "/opt/rustwide/target/debug/deps/liblibc-633699dc5f0d7a64.rlib" "/opt/rustwide/target/debug/deps/libstrsim-be6ba759f95a5238.rlib" "/opt/rustwide/target/debug/deps/libtermcolor-32b50f642d1e75a8.rlib" "/opt/rustwide/target/debug/deps/libtextwrap-52c78ad0078a8d7a.rlib" "/opt/rustwide/target/debug/deps/libclap_lex-3af406f43d0c6131.rlib" "/opt/rustwide/target/debug/deps/libos_str_bytes-e68be73517b99483.rlib" "/opt/rustwide/target/debug/deps/libbitflags-610a73087f46ba3b.rlib" "/opt/rustwide/target/debug/deps/libonce_cell-3cdae169d48e1efa.rlib" "/opt/rustwide/target/debug/deps/libserde_json-d5047db3abdd6c34.rlib" "/opt/rustwide/target/debug/deps/libryu-1f87c9e09d988964.rlib" "/opt/rustwide/target/debug/deps/libitoa-57ac2f3fee0fa4c3.rlib" "/opt/rustwide/target/debug/deps/libindexmap-4a5971f08de028dc.rlib" "/opt/rustwide/target/debug/deps/libhashbrown-5e93cc3c170e0f3d.rlib" "/opt/rustwide/target/debug/deps/libserde-bdd11d1ceedf64c6.rlib" "/opt/rustwide/target/debug/deps/libregex-89964e30c4cab660.rlib" "/opt/rustwide/target/debug/deps/libaho_corasick-ecbb33cb0ecb9f4f.rlib" "/opt/rustwide/target/debug/deps/libmemchr-59863dd316d0aea8.rlib" "/opt/rustwide/target/debug/deps/libregex_syntax-172cd7e2aeb51a67.rlib" "/opt/rustwide/rustup-home/toolchains/beta-2023-04-20-x86_64-unknown-linux-gnu/lib/rustlib/x86_64-unknown-linux-gnu/lib/libstd-0e29cc23c5e02021.rlib" "/opt/rustwide/rustup-home/toolchains/beta-2023-04-20-x86_64-unknown-linux-gnu/lib/rustlib/x86_64-unknown-linux-gnu/lib/libpanic_unwind-d903621768a861d9.rlib" "/opt/rustwide/rustup-home/toolchains/beta-2023-04-20-x86_64-unknown-linux-gnu/lib/rustlib/x86_64-unknown-linux-gnu/lib/libobject-6d0225e655f31c13.rlib" "/opt/rustwide/rustup-home/toolchains/beta-2023-04-20-x86_64-unknown-linux-gnu/lib/rustlib/x86_64-unknown-linux-gnu/lib/libmemchr-9dbaf4eac7eaa079.rlib" "/opt/rustwide/rustup-home/toolchains/beta-2023-04-20-x86_64-unknown-linux-gnu/lib/rustlib/x86_64-unknown-linux-gnu/lib/libaddr2line-27f05b3d42a66dd0.rlib" "/opt/rustwide/rustup-home/toolchains/beta-2023-04-20-x86_64-unknown-linux-gnu/lib/rustlib/x86_64-unknown-linux-gnu/lib/libgimli-4d73f1030321c9a2.rlib" "/opt/rustwide/rustup-home/toolchains/beta-2023-04-20-x86_64-unknown-linux-gnu/lib/rustlib/x86_64-unknown-linux-gnu/lib/librustc_demangle-2846c9e58abd0acb.rlib" "/opt/rustwide/rustup-home/toolchains/beta-2023-04-20-x86_64-unknown-linux-gnu/lib/rustlib/x86_64-unknown-linux-gnu/lib/libstd_detect-a53d0f50415947be.rlib" "/opt/rustwide/rustup-home/toolchains/beta-2023-04-20-x86_64-unknown-linux-gnu/lib/rustlib/x86_64-unknown-linux-gnu/lib/libhashbrown-d48e4b6abc25b9dc.rlib" "/opt/rustwide/rustup-home/toolchains/beta-2023-04-20-x86_64-unknown-linux-gnu/lib/rustlib/x86_64-unknown-linux-gnu/lib/libminiz_oxide-2991859439ef1207.rlib" "/opt/rustwide/rustup-home/toolchains/beta-2023-04-20-x86_64-unknown-linux-gnu/lib/rustlib/x86_64-unknown-linux-gnu/lib/libadler-8a687517e4221bae.rlib" "/opt/rustwide/rustup-home/toolchains/beta-2023-04-20-x86_64-unknown-linux-gnu/lib/rustlib/x86_64-unknown-linux-gnu/lib/librustc_std_workspace_alloc-e07b554f6a67f5b3.rlib" "/opt/rustwide/rustup-home/toolchains/beta-2023-04-20-x86_64-unknown-linux-gnu/lib/rustlib/x86_64-unknown-linux-gnu/lib/libunwind-b68238b7c3c619dd.rlib" "/opt/rustwide/rustup-home/toolchains/beta-2023-04-20-x86_64-unknown-linux-gnu/lib/rustlib/x86_64-unknown-linux-gnu/lib/libcfg_if-d5e213e896c017e4.rlib" "/opt/rustwide/rustup-home/toolchains/beta-2023-04-20-x86_64-unknown-linux-gnu/lib/rustlib/x86_64-unknown-linux-gnu/lib/liblibc-0211a3b2e61d8689.rlib" "/opt/rustwide/rustup-home/toolchains/beta-2023-04-20-x86_64-unknown-linux-gnu/lib/rustlib/x86_64-unknown-linux-gnu/lib/liballoc-b371f055239ba51f.rlib" "/opt/rustwide/rustup-home/toolchains/beta-2023-04-20-x86_64-unknown-linux-gnu/lib/rustlib/x86_64-unknown-linux-gnu/lib/librustc_std_workspace_core-e60518d2760eb01e.rlib" "/opt/rustwide/rustup-home/toolchains/beta-2023-04-20-x86_64-unknown-linux-gnu/lib/rustlib/x86_64-unknown-linux-gnu/lib/libcore-1ad943f92a4b1081.rlib" "/opt/rustwide/rustup-home/toolchains/beta-2023-04-20-x86_64-unknown-linux-gnu/lib/rustlib/x86_64-unknown-linux-gnu/lib/libcompiler_builtins-f0d6e4d0fc1e80b4.rlib" "-Wl,-Bdynamic" "-lgcc_s" "-lutil" "-lrt" "-lpthread" "-lm" "-ldl" "-lc" "-Wl,--eh-frame-hdr" "-Wl,-z,noexecstack" "-L" "/opt/rustwide/rustup-home/toolchains/beta-2023-04-20-x86_64-unknown-linux-gnu/lib/rustlib/x86_64-unknown-linux-gnu/lib" "-o" "/tmp/rustdoctestyihkFi/rust_out" "-Wl,--gc-sections" "-pie" "-Wl,-z,relro,-z,now" "-nodefaultlibs"
[INFO] [stdout]   = note: collect2: fatal error: ld terminated with signal 9 [Killed]
[INFO] [stdout]           compilation terminated.
[INFO] [stdout]           
[INFO] [stdout] 
[INFO] [stdout] error: aborting due to previous error
[INFO] [stdout] 
[INFO] [stdout] Couldn't compile the test.
[INFO] [stdout] ---- src/key.rs - key::expand_keys (line 82) stdout ----
[INFO] [stdout] error: linking with `cc` failed: exit status: 1
[INFO] [stdout]   |
[INFO] [stdout]   = note: LC_ALL="C" PATH="/opt/rustwide/rustup-home/toolchains/beta-2023-04-20-x86_64-unknown-linux-gnu/lib/rustlib/x86_64-unknown-linux-gnu/bin:/opt/rustwide/cargo-home/bin:/usr/local/sbin:/usr/local/bin:/usr/sbin:/usr/bin:/sbin:/bin" VSLANG="1033" "cc" "-m64" "/tmp/rustcaUsWbM/symbols.o" "/tmp/rustdoctestH9Il1b/rust_out.rust_out.c38b68ff-cgu.0.rcgu.o" "/tmp/rustdoctestH9Il1b/rust_out.38a7fyhsvjn6z0qy.rcgu.o" "-Wl,--as-needed" "-L" "/opt/rustwide/target/debug/deps" "-L" "/opt/rustwide/target/debug/deps" "-L" "/opt/rustwide/target/debug/build/onig_sys-e70103cf3d8bd22b/out" "-L" "/opt/rustwide/target/debug/build/ring-18781a71d37daa3b/out" "-L" "/opt/rustwide/rustup-home/toolchains/beta-2023-04-20-x86_64-unknown-linux-gnu/lib/rustlib/x86_64-unknown-linux-gnu/lib" "-Wl,-Bstatic" "/opt/rustwide/target/debug/deps/libpretty_assertions-ef76a2db7020ff44.rlib" "/opt/rustwide/target/debug/deps/libdiff-addc4ff7d1d9a698.rlib" "/opt/rustwide/target/debug/deps/libyansi-f33ef1eed7aa8e86.rlib" "/opt/rustwide/target/debug/deps/libdts-9b281003943d86b3.rlib" "/opt/rustwide/target/debug/deps/libpathdiff-2c0582b45212c2ee.rlib" "/opt/rustwide/target/debug/deps/libjaq_std-887439e331831548.rlib" "/opt/rustwide/target/debug/deps/libbincode-e89b85c93861836f.rlib" "/opt/rustwide/target/debug/deps/libureq-55f398074b77c547.rlib" "/opt/rustwide/target/debug/deps/libwebpki_roots-ecf8b372202bcd7e.rlib" "/opt/rustwide/target/debug/deps/libbase64-bff61f2d1660603b.rlib" "/opt/rustwide/target/debug/deps/librustls-7952eaac8354bd89.rlib" "/opt/rustwide/target/debug/deps/libsct-7656b080a07b3b8b.rlib" "/opt/rustwide/target/debug/deps/libwebpki-f1a1886dbac7ea1c.rlib" "/opt/rustwide/target/debug/deps/libring-5eddb169b7c4abb6.rlib" "/opt/rustwide/target/debug/deps/libspin-0ce7eed86e654be1.rlib" "/opt/rustwide/target/debug/deps/libuntrusted-299fbcd347deffe0.rlib" "/opt/rustwide/target/debug/deps/libflate2-0e382518bca55741.rlib" "/opt/rustwide/target/debug/deps/libminiz_oxide-c6e1d6fdbee0d0b8.rlib" "/opt/rustwide/target/debug/deps/libadler-92f8db84032ff960.rlib" "/opt/rustwide/target/debug/deps/libcrc32fast-d72c4ce62c032296.rlib" "/opt/rustwide/target/debug/deps/libchunked_transfer-9b0c1a2a7a4b0f35.rlib" "/opt/rustwide/target/debug/deps/libglob-921a087ba318345d.rlib" "/opt/rustwide/target/debug/deps/libhcl-4abb39a59fbfedef.rlib" "/opt/rustwide/target/debug/deps/libunicode_ident-22ba84b31084654c.rlib" "/opt/rustwide/target/debug/deps/libvecmap-7c4ec493e712ec2b.rlib" "/opt/rustwide/target/debug/deps/libserde_xml_rs-fdff9ce1b7362203.rlib" "/opt/rustwide/target/debug/deps/libxml-2ca1670042266d63.rlib" "/opt/rustwide/target/debug/deps/libserde_qs-730f1766a0b96c33.rlib" "/opt/rustwide/target/debug/deps/libcsv-bcd66352a39e446e.rlib" "/opt/rustwide/target/debug/deps/libitoa-d0264c8ce1ce890b.rlib" "/opt/rustwide/target/debug/deps/libcsv_core-b6bb68d7211279ff.rlib" "/opt/rustwide/target/debug/deps/libbstr-99956acedbc619b1.rlib" "/opt/rustwide/target/debug/deps/libregex_automata-cce5214985838d75.rlib" "/opt/rustwide/target/debug/deps/libjson5-7dab5745677f0396.rlib" "/opt/rustwide/target/debug/deps/libtoml-80974f621f4dff4b.rlib" "/opt/rustwide/target/debug/deps/libserde_yaml-45e33a5453c04f63.rlib" "/opt/rustwide/target/debug/deps/libyaml_rust-fb062838ce04b5b9.rlib" "/opt/rustwide/target/debug/deps/liblinked_hash_map-2d73749d53e508e5.rlib" "/opt/rustwide/target/debug/deps/liburl-17b0d95f9f7f7068.rlib" "/opt/rustwide/target/debug/deps/libidna-c9d5e50f11bd558e.rlib" "/opt/rustwide/target/debug/deps/libunicode_normalization-78a01cc621c7dad6.rlib" "/opt/rustwide/target/debug/deps/libtinyvec-c348951c3414c332.rlib" "/opt/rustwide/target/debug/deps/libtinyvec_macros-c8728763a1cfbcab.rlib" "/opt/rustwide/target/debug/deps/libunicode_bidi-a69ffc9ceeb64fbb.rlib" "/opt/rustwide/target/debug/deps/libform_urlencoded-c6dce5f233f9dc81.rlib" "/opt/rustwide/target/debug/deps/libpercent_encoding-4a77b5e8a25d80c2.rlib" "/opt/rustwide/target/debug/deps/libpest-fe5892057f5ed044.rlib" "/opt/rustwide/target/debug/deps/libucd_trie-ca044847a1581ba7.rlib" "/opt/rustwide/target/debug/deps/librayon-f5aff79b055008f7.rlib" "/opt/rustwide/target/debug/deps/librayon_core-48c8ce31ba3d4388.rlib" "/opt/rustwide/target/debug/deps/libnum_cpus-cb01e376d739746d.rlib" "/opt/rustwide/target/debug/deps/libcrossbeam_deque-e6a4848b82d1d934.rlib" "/opt/rustwide/target/debug/deps/libcrossbeam_epoch-f9628a0273bc5034.rlib" "/opt/rustwide/target/debug/deps/libmemoffset-1521e32a5fb959a8.rlib" "/opt/rustwide/target/debug/deps/libscopeguard-54ff2283d814f48f.rlib" "/opt/rustwide/target/debug/deps/liblazy_static-86422d76b8bd90ed.rlib" "/opt/rustwide/target/debug/deps/libcrossbeam_channel-63584f2c0383950e.rlib" "/opt/rustwide/target/debug/deps/libcrossbeam_utils-817c9cdc239ab6d8.rlib" "/opt/rustwide/target/debug/deps/libjaq_core-33fd9e4f8cc09336.rlib" "/opt/rustwide/target/debug/deps/liblog-6f3e788ba8b980aa.rlib" "/opt/rustwide/target/debug/deps/libcfg_if-97437e183f3ae6e4.rlib" "/opt/rustwide/target/debug/deps/libitertools-45c62fce4e631d3b.rlib" "/opt/rustwide/target/debug/deps/libeither-1fa9e7dc99f602fc.rlib" "/opt/rustwide/target/debug/deps/libjaq_parse-ebddb8247f890f47.rlib" "/opt/rustwide/target/debug/deps/libchumsky-7ca69162888dd05b.rlib" "/opt/rustwide/target/debug/deps/libahash-a0d7ff55d6d1a586.rlib" "/opt/rustwide/target/debug/deps/libconst_random-1beafdf3eca925c4.rlib" "/opt/rustwide/target/debug/deps/libdyn_clone-bd26217965b031b3.rlib" "/opt/rustwide/target/debug/deps/libthiserror-2ca40f6dccef606d.rlib" "/opt/rustwide/target/debug/deps/libclap-16e1535c32185936.rlib" "/opt/rustwide/target/debug/deps/libatty-f8d423cb6801fcef.rlib" "/opt/rustwide/target/debug/deps/liblibc-633699dc5f0d7a64.rlib" "/opt/rustwide/target/debug/deps/libstrsim-be6ba759f95a5238.rlib" "/opt/rustwide/target/debug/deps/libtermcolor-32b50f642d1e75a8.rlib" "/opt/rustwide/target/debug/deps/libtextwrap-52c78ad0078a8d7a.rlib" "/opt/rustwide/target/debug/deps/libclap_lex-3af406f43d0c6131.rlib" "/opt/rustwide/target/debug/deps/libos_str_bytes-e68be73517b99483.rlib" "/opt/rustwide/target/debug/deps/libbitflags-610a73087f46ba3b.rlib" "/opt/rustwide/target/debug/deps/libonce_cell-3cdae169d48e1efa.rlib" "/opt/rustwide/target/debug/deps/libserde_json-d5047db3abdd6c34.rlib" "/opt/rustwide/target/debug/deps/libryu-1f87c9e09d988964.rlib" "/opt/rustwide/target/debug/deps/libitoa-57ac2f3fee0fa4c3.rlib" "/opt/rustwide/target/debug/deps/libindexmap-4a5971f08de028dc.rlib" "/opt/rustwide/target/debug/deps/libhashbrown-5e93cc3c170e0f3d.rlib" "/opt/rustwide/target/debug/deps/libserde-bdd11d1ceedf64c6.rlib" "/opt/rustwide/target/debug/deps/libregex-89964e30c4cab660.rlib" "/opt/rustwide/target/debug/deps/libaho_corasick-ecbb33cb0ecb9f4f.rlib" "/opt/rustwide/target/debug/deps/libmemchr-59863dd316d0aea8.rlib" "/opt/rustwide/target/debug/deps/libregex_syntax-172cd7e2aeb51a67.rlib" "/opt/rustwide/rustup-home/toolchains/beta-2023-04-20-x86_64-unknown-linux-gnu/lib/rustlib/x86_64-unknown-linux-gnu/lib/libstd-0e29cc23c5e02021.rlib" "/opt/rustwide/rustup-home/toolchains/beta-2023-04-20-x86_64-unknown-linux-gnu/lib/rustlib/x86_64-unknown-linux-gnu/lib/libpanic_unwind-d903621768a861d9.rlib" "/opt/rustwide/rustup-home/toolchains/beta-2023-04-20-x86_64-unknown-linux-gnu/lib/rustlib/x86_64-unknown-linux-gnu/lib/libobject-6d0225e655f31c13.rlib" "/opt/rustwide/rustup-home/toolchains/beta-2023-04-20-x86_64-unknown-linux-gnu/lib/rustlib/x86_64-unknown-linux-gnu/lib/libmemchr-9dbaf4eac7eaa079.rlib" "/opt/rustwide/rustup-home/toolchains/beta-2023-04-20-x86_64-unknown-linux-gnu/lib/rustlib/x86_64-unknown-linux-gnu/lib/libaddr2line-27f05b3d42a66dd0.rlib" "/opt/rustwide/rustup-home/toolchains/beta-2023-04-20-x86_64-unknown-linux-gnu/lib/rustlib/x86_64-unknown-linux-gnu/lib/libgimli-4d73f1030321c9a2.rlib" "/opt/rustwide/rustup-home/toolchains/beta-2023-04-20-x86_64-unknown-linux-gnu/lib/rustlib/x86_64-unknown-linux-gnu/lib/librustc_demangle-2846c9e58abd0acb.rlib" "/opt/rustwide/rustup-home/toolchains/beta-2023-04-20-x86_64-unknown-linux-gnu/lib/rustlib/x86_64-unknown-linux-gnu/lib/libstd_detect-a53d0f50415947be.rlib" "/opt/rustwide/rustup-home/toolchains/beta-2023-04-20-x86_64-unknown-linux-gnu/lib/rustlib/x86_64-unknown-linux-gnu/lib/libhashbrown-d48e4b6abc25b9dc.rlib" "/opt/rustwide/rustup-home/toolchains/beta-2023-04-20-x86_64-unknown-linux-gnu/lib/rustlib/x86_64-unknown-linux-gnu/lib/libminiz_oxide-2991859439ef1207.rlib" "/opt/rustwide/rustup-home/toolchains/beta-2023-04-20-x86_64-unknown-linux-gnu/lib/rustlib/x86_64-unknown-linux-gnu/lib/libadler-8a687517e4221bae.rlib" "/opt/rustwide/rustup-home/toolchains/beta-2023-04-20-x86_64-unknown-linux-gnu/lib/rustlib/x86_64-unknown-linux-gnu/lib/librustc_std_workspace_alloc-e07b554f6a67f5b3.rlib" "/opt/rustwide/rustup-home/toolchains/beta-2023-04-20-x86_64-unknown-linux-gnu/lib/rustlib/x86_64-unknown-linux-gnu/lib/libunwind-b68238b7c3c619dd.rlib" "/opt/rustwide/rustup-home/toolchains/beta-2023-04-20-x86_64-unknown-linux-gnu/lib/rustlib/x86_64-unknown-linux-gnu/lib/libcfg_if-d5e213e896c017e4.rlib" "/opt/rustwide/rustup-home/toolchains/beta-2023-04-20-x86_64-unknown-linux-gnu/lib/rustlib/x86_64-unknown-linux-gnu/lib/liblibc-0211a3b2e61d8689.rlib" "/opt/rustwide/rustup-home/toolchains/beta-2023-04-20-x86_64-unknown-linux-gnu/lib/rustlib/x86_64-unknown-linux-gnu/lib/liballoc-b371f055239ba51f.rlib" "/opt/rustwide/rustup-home/toolchains/beta-2023-04-20-x86_64-unknown-linux-gnu/lib/rustlib/x86_64-unknown-linux-gnu/lib/librustc_std_workspace_core-e60518d2760eb01e.rlib" "/opt/rustwide/rustup-home/toolchains/beta-2023-04-20-x86_64-unknown-linux-gnu/lib/rustlib/x86_64-unknown-linux-gnu/lib/libcore-1ad943f92a4b1081.rlib" "/opt/rustwide/rustup-home/toolchains/beta-2023-04-20-x86_64-unknown-linux-gnu/lib/rustlib/x86_64-unknown-linux-gnu/lib/libcompiler_builtins-f0d6e4d0fc1e80b4.rlib" "-Wl,-Bdynamic" "-lgcc_s" "-lutil" "-lrt" "-lpthread" "-lm" "-ldl" "-lc" "-Wl,--eh-frame-hdr" "-Wl,-z,noexecstack" "-L" "/opt/rustwide/rustup-home/toolchains/beta-2023-04-20-x86_64-unknown-linux-gnu/lib/rustlib/x86_64-unknown-linux-gnu/lib" "-o" "/tmp/rustdoctestH9Il1b/rust_out" "-Wl,--gc-sections" "-pie" "-Wl,-z,relro,-z,now" "-nodefaultlibs"
[INFO] [stdout]   = note: collect2: fatal error: ld terminated with signal 9 [Killed]
[INFO] [stdout]           compilation terminated.
[INFO] [stdout]           
[INFO] [stdout] 
[INFO] [stdout] error: aborting due to previous error
[INFO] [stdout] 
[INFO] [stdout] Couldn't compile the test.
[INFO] [stdout] ---- src/key.rs - key::flatten_keys (line 18) stdout ----
[INFO] [stdout] error: linking with `cc` failed: exit status: 1
[INFO] [stdout]   |
[INFO] [stdout]   = note: LC_ALL="C" PATH="/opt/rustwide/rustup-home/toolchains/beta-2023-04-20-x86_64-unknown-linux-gnu/lib/rustlib/x86_64-unknown-linux-gnu/bin:/opt/rustwide/cargo-home/bin:/usr/local/sbin:/usr/local/bin:/usr/sbin:/usr/bin:/sbin:/bin" VSLANG="1033" "cc" "-m64" "/tmp/rustcUOw95P/symbols.o" "/tmp/rustdoctestlJ7hCx/rust_out.rust_out.c38b68ff-cgu.0.rcgu.o" "/tmp/rustdoctestlJ7hCx/rust_out.38a7fyhsvjn6z0qy.rcgu.o" "-Wl,--as-needed" "-L" "/opt/rustwide/target/debug/deps" "-L" "/opt/rustwide/target/debug/deps" "-L" "/opt/rustwide/target/debug/build/onig_sys-e70103cf3d8bd22b/out" "-L" "/opt/rustwide/target/debug/build/ring-18781a71d37daa3b/out" "-L" "/opt/rustwide/rustup-home/toolchains/beta-2023-04-20-x86_64-unknown-linux-gnu/lib/rustlib/x86_64-unknown-linux-gnu/lib" "-Wl,-Bstatic" "/opt/rustwide/target/debug/deps/libpretty_assertions-ef76a2db7020ff44.rlib" "/opt/rustwide/target/debug/deps/libdiff-addc4ff7d1d9a698.rlib" "/opt/rustwide/target/debug/deps/libyansi-f33ef1eed7aa8e86.rlib" "/opt/rustwide/target/debug/deps/libdts-9b281003943d86b3.rlib" "/opt/rustwide/target/debug/deps/libpathdiff-2c0582b45212c2ee.rlib" "/opt/rustwide/target/debug/deps/libjaq_std-887439e331831548.rlib" "/opt/rustwide/target/debug/deps/libbincode-e89b85c93861836f.rlib" "/opt/rustwide/target/debug/deps/libureq-55f398074b77c547.rlib" "/opt/rustwide/target/debug/deps/libwebpki_roots-ecf8b372202bcd7e.rlib" "/opt/rustwide/target/debug/deps/libbase64-bff61f2d1660603b.rlib" "/opt/rustwide/target/debug/deps/librustls-7952eaac8354bd89.rlib" "/opt/rustwide/target/debug/deps/libsct-7656b080a07b3b8b.rlib" "/opt/rustwide/target/debug/deps/libwebpki-f1a1886dbac7ea1c.rlib" "/opt/rustwide/target/debug/deps/libring-5eddb169b7c4abb6.rlib" "/opt/rustwide/target/debug/deps/libspin-0ce7eed86e654be1.rlib" "/opt/rustwide/target/debug/deps/libuntrusted-299fbcd347deffe0.rlib" "/opt/rustwide/target/debug/deps/libflate2-0e382518bca55741.rlib" "/opt/rustwide/target/debug/deps/libminiz_oxide-c6e1d6fdbee0d0b8.rlib" "/opt/rustwide/target/debug/deps/libadler-92f8db84032ff960.rlib" "/opt/rustwide/target/debug/deps/libcrc32fast-d72c4ce62c032296.rlib" "/opt/rustwide/target/debug/deps/libchunked_transfer-9b0c1a2a7a4b0f35.rlib" "/opt/rustwide/target/debug/deps/libglob-921a087ba318345d.rlib" "/opt/rustwide/target/debug/deps/libhcl-4abb39a59fbfedef.rlib" "/opt/rustwide/target/debug/deps/libunicode_ident-22ba84b31084654c.rlib" "/opt/rustwide/target/debug/deps/libvecmap-7c4ec493e712ec2b.rlib" "/opt/rustwide/target/debug/deps/libserde_xml_rs-fdff9ce1b7362203.rlib" "/opt/rustwide/target/debug/deps/libxml-2ca1670042266d63.rlib" "/opt/rustwide/target/debug/deps/libserde_qs-730f1766a0b96c33.rlib" "/opt/rustwide/target/debug/deps/libcsv-bcd66352a39e446e.rlib" "/opt/rustwide/target/debug/deps/libitoa-d0264c8ce1ce890b.rlib" "/opt/rustwide/target/debug/deps/libcsv_core-b6bb68d7211279ff.rlib" "/opt/rustwide/target/debug/deps/libbstr-99956acedbc619b1.rlib" "/opt/rustwide/target/debug/deps/libregex_automata-cce5214985838d75.rlib" "/opt/rustwide/target/debug/deps/libjson5-7dab5745677f0396.rlib" "/opt/rustwide/target/debug/deps/libtoml-80974f621f4dff4b.rlib" "/opt/rustwide/target/debug/deps/libserde_yaml-45e33a5453c04f63.rlib" "/opt/rustwide/target/debug/deps/libyaml_rust-fb062838ce04b5b9.rlib" "/opt/rustwide/target/debug/deps/liblinked_hash_map-2d73749d53e508e5.rlib" "/opt/rustwide/target/debug/deps/liburl-17b0d95f9f7f7068.rlib" "/opt/rustwide/target/debug/deps/libidna-c9d5e50f11bd558e.rlib" "/opt/rustwide/target/debug/deps/libunicode_normalization-78a01cc621c7dad6.rlib" "/opt/rustwide/target/debug/deps/libtinyvec-c348951c3414c332.rlib" "/opt/rustwide/target/debug/deps/libtinyvec_macros-c8728763a1cfbcab.rlib" "/opt/rustwide/target/debug/deps/libunicode_bidi-a69ffc9ceeb64fbb.rlib" "/opt/rustwide/target/debug/deps/libform_urlencoded-c6dce5f233f9dc81.rlib" "/opt/rustwide/target/debug/deps/libpercent_encoding-4a77b5e8a25d80c2.rlib" "/opt/rustwide/target/debug/deps/libpest-fe5892057f5ed044.rlib" "/opt/rustwide/target/debug/deps/libucd_trie-ca044847a1581ba7.rlib" "/opt/rustwide/target/debug/deps/librayon-f5aff79b055008f7.rlib" "/opt/rustwide/target/debug/deps/librayon_core-48c8ce31ba3d4388.rlib" "/opt/rustwide/target/debug/deps/libnum_cpus-cb01e376d739746d.rlib" "/opt/rustwide/target/debug/deps/libcrossbeam_deque-e6a4848b82d1d934.rlib" "/opt/rustwide/target/debug/deps/libcrossbeam_epoch-f9628a0273bc5034.rlib" "/opt/rustwide/target/debug/deps/libmemoffset-1521e32a5fb959a8.rlib" "/opt/rustwide/target/debug/deps/libscopeguard-54ff2283d814f48f.rlib" "/opt/rustwide/target/debug/deps/liblazy_static-86422d76b8bd90ed.rlib" "/opt/rustwide/target/debug/deps/libcrossbeam_channel-63584f2c0383950e.rlib" "/opt/rustwide/target/debug/deps/libcrossbeam_utils-817c9cdc239ab6d8.rlib" "/opt/rustwide/target/debug/deps/libjaq_core-33fd9e4f8cc09336.rlib" "/opt/rustwide/target/debug/deps/liblog-6f3e788ba8b980aa.rlib" "/opt/rustwide/target/debug/deps/libcfg_if-97437e183f3ae6e4.rlib" "/opt/rustwide/target/debug/deps/libitertools-45c62fce4e631d3b.rlib" "/opt/rustwide/target/debug/deps/libeither-1fa9e7dc99f602fc.rlib" "/opt/rustwide/target/debug/deps/libjaq_parse-ebddb8247f890f47.rlib" "/opt/rustwide/target/debug/deps/libchumsky-7ca69162888dd05b.rlib" "/opt/rustwide/target/debug/deps/libahash-a0d7ff55d6d1a586.rlib" "/opt/rustwide/target/debug/deps/libconst_random-1beafdf3eca925c4.rlib" "/opt/rustwide/target/debug/deps/libdyn_clone-bd26217965b031b3.rlib" "/opt/rustwide/target/debug/deps/libthiserror-2ca40f6dccef606d.rlib" "/opt/rustwide/target/debug/deps/libclap-16e1535c32185936.rlib" "/opt/rustwide/target/debug/deps/libatty-f8d423cb6801fcef.rlib" "/opt/rustwide/target/debug/deps/liblibc-633699dc5f0d7a64.rlib" "/opt/rustwide/target/debug/deps/libstrsim-be6ba759f95a5238.rlib" "/opt/rustwide/target/debug/deps/libtermcolor-32b50f642d1e75a8.rlib" "/opt/rustwide/target/debug/deps/libtextwrap-52c78ad0078a8d7a.rlib" "/opt/rustwide/target/debug/deps/libclap_lex-3af406f43d0c6131.rlib" "/opt/rustwide/target/debug/deps/libos_str_bytes-e68be73517b99483.rlib" "/opt/rustwide/target/debug/deps/libbitflags-610a73087f46ba3b.rlib" "/opt/rustwide/target/debug/deps/libonce_cell-3cdae169d48e1efa.rlib" "/opt/rustwide/target/debug/deps/libserde_json-d5047db3abdd6c34.rlib" "/opt/rustwide/target/debug/deps/libryu-1f87c9e09d988964.rlib" "/opt/rustwide/target/debug/deps/libitoa-57ac2f3fee0fa4c3.rlib" "/opt/rustwide/target/debug/deps/libindexmap-4a5971f08de028dc.rlib" "/opt/rustwide/target/debug/deps/libhashbrown-5e93cc3c170e0f3d.rlib" "/opt/rustwide/target/debug/deps/libserde-bdd11d1ceedf64c6.rlib" "/opt/rustwide/target/debug/deps/libregex-89964e30c4cab660.rlib" "/opt/rustwide/target/debug/deps/libaho_corasick-ecbb33cb0ecb9f4f.rlib" "/opt/rustwide/target/debug/deps/libmemchr-59863dd316d0aea8.rlib" "/opt/rustwide/target/debug/deps/libregex_syntax-172cd7e2aeb51a67.rlib" "/opt/rustwide/rustup-home/toolchains/beta-2023-04-20-x86_64-unknown-linux-gnu/lib/rustlib/x86_64-unknown-linux-gnu/lib/libstd-0e29cc23c5e02021.rlib" "/opt/rustwide/rustup-home/toolchains/beta-2023-04-20-x86_64-unknown-linux-gnu/lib/rustlib/x86_64-unknown-linux-gnu/lib/libpanic_unwind-d903621768a861d9.rlib" "/opt/rustwide/rustup-home/toolchains/beta-2023-04-20-x86_64-unknown-linux-gnu/lib/rustlib/x86_64-unknown-linux-gnu/lib/libobject-6d0225e655f31c13.rlib" "/opt/rustwide/rustup-home/toolchains/beta-2023-04-20-x86_64-unknown-linux-gnu/lib/rustlib/x86_64-unknown-linux-gnu/lib/libmemchr-9dbaf4eac7eaa079.rlib" "/opt/rustwide/rustup-home/toolchains/beta-2023-04-20-x86_64-unknown-linux-gnu/lib/rustlib/x86_64-unknown-linux-gnu/lib/libaddr2line-27f05b3d42a66dd0.rlib" "/opt/rustwide/rustup-home/toolchains/beta-2023-04-20-x86_64-unknown-linux-gnu/lib/rustlib/x86_64-unknown-linux-gnu/lib/libgimli-4d73f1030321c9a2.rlib" "/opt/rustwide/rustup-home/toolchains/beta-2023-04-20-x86_64-unknown-linux-gnu/lib/rustlib/x86_64-unknown-linux-gnu/lib/librustc_demangle-2846c9e58abd0acb.rlib" "/opt/rustwide/rustup-home/toolchains/beta-2023-04-20-x86_64-unknown-linux-gnu/lib/rustlib/x86_64-unknown-linux-gnu/lib/libstd_detect-a53d0f50415947be.rlib" "/opt/rustwide/rustup-home/toolchains/beta-2023-04-20-x86_64-unknown-linux-gnu/lib/rustlib/x86_64-unknown-linux-gnu/lib/libhashbrown-d48e4b6abc25b9dc.rlib" "/opt/rustwide/rustup-home/toolchains/beta-2023-04-20-x86_64-unknown-linux-gnu/lib/rustlib/x86_64-unknown-linux-gnu/lib/libminiz_oxide-2991859439ef1207.rlib" "/opt/rustwide/rustup-home/toolchains/beta-2023-04-20-x86_64-unknown-linux-gnu/lib/rustlib/x86_64-unknown-linux-gnu/lib/libadler-8a687517e4221bae.rlib" "/opt/rustwide/rustup-home/toolchains/beta-2023-04-20-x86_64-unknown-linux-gnu/lib/rustlib/x86_64-unknown-linux-gnu/lib/librustc_std_workspace_alloc-e07b554f6a67f5b3.rlib" "/opt/rustwide/rustup-home/toolchains/beta-2023-04-20-x86_64-unknown-linux-gnu/lib/rustlib/x86_64-unknown-linux-gnu/lib/libunwind-b68238b7c3c619dd.rlib" "/opt/rustwide/rustup-home/toolchains/beta-2023-04-20-x86_64-unknown-linux-gnu/lib/rustlib/x86_64-unknown-linux-gnu/lib/libcfg_if-d5e213e896c017e4.rlib" "/opt/rustwide/rustup-home/toolchains/beta-2023-04-20-x86_64-unknown-linux-gnu/lib/rustlib/x86_64-unknown-linux-gnu/lib/liblibc-0211a3b2e61d8689.rlib" "/opt/rustwide/rustup-home/toolchains/beta-2023-04-20-x86_64-unknown-linux-gnu/lib/rustlib/x86_64-unknown-linux-gnu/lib/liballoc-b371f055239ba51f.rlib" "/opt/rustwide/rustup-home/toolchains/beta-2023-04-20-x86_64-unknown-linux-gnu/lib/rustlib/x86_64-unknown-linux-gnu/lib/librustc_std_workspace_core-e60518d2760eb01e.rlib" "/opt/rustwide/rustup-home/toolchains/beta-2023-04-20-x86_64-unknown-linux-gnu/lib/rustlib/x86_64-unknown-linux-gnu/lib/libcore-1ad943f92a4b1081.rlib" "/opt/rustwide/rustup-home/toolchains/beta-2023-04-20-x86_64-unknown-linux-gnu/lib/rustlib/x86_64-unknown-linux-gnu/lib/libcompiler_builtins-f0d6e4d0fc1e80b4.rlib" "-Wl,-Bdynamic" "-lgcc_s" "-lutil" "-lrt" "-lpthread" "-lm" "-ldl" "-lc" "-Wl,--eh-frame-hdr" "-Wl,-z,noexecstack" "-L" "/opt/rustwide/rustup-home/toolchains/beta-2023-04-20-x86_64-unknown-linux-gnu/lib/rustlib/x86_64-unknown-linux-gnu/lib" "-o" "/tmp/rustdoctestlJ7hCx/rust_out" "-Wl,--gc-sections" "-pie" "-Wl,-z,relro,-z,now" "-nodefaultlibs"
[INFO] [stdout]   = note: collect2: fatal error: ld terminated with signal 9 [Killed]
[INFO] [stdout]           compilation terminated.
[INFO] [stdout]           
[INFO] [stdout] 
[INFO] [stdout] error: aborting due to previous error
[INFO] [stdout] 
[INFO] [stdout] Couldn't compile the test.
[INFO] [stdout] ---- src/ser.rs - ser::Serializer<W>::serialize (line 128) stdout ----
[INFO] [stdout] error: linking with `cc` failed: exit status: 1
[INFO] [stdout]   |
[INFO] [stdout]   = note: LC_ALL="C" PATH="/opt/rustwide/rustup-home/toolchains/beta-2023-04-20-x86_64-unknown-linux-gnu/lib/rustlib/x86_64-unknown-linux-gnu/bin:/opt/rustwide/cargo-home/bin:/usr/local/sbin:/usr/local/bin:/usr/sbin:/usr/bin:/sbin:/bin" VSLANG="1033" "cc" "-m64" "/tmp/rustcDbdUW2/symbols.o" "/tmp/rustdoctestwsB5Xn/rust_out.rust_out.c38b68ff-cgu.0.rcgu.o" "/tmp/rustdoctestwsB5Xn/rust_out.38a7fyhsvjn6z0qy.rcgu.o" "-Wl,--as-needed" "-L" "/opt/rustwide/target/debug/deps" "-L" "/opt/rustwide/target/debug/deps" "-L" "/opt/rustwide/target/debug/build/onig_sys-e70103cf3d8bd22b/out" "-L" "/opt/rustwide/target/debug/build/ring-18781a71d37daa3b/out" "-L" "/opt/rustwide/rustup-home/toolchains/beta-2023-04-20-x86_64-unknown-linux-gnu/lib/rustlib/x86_64-unknown-linux-gnu/lib" "-Wl,-Bstatic" "/opt/rustwide/target/debug/deps/libdts-9b281003943d86b3.rlib" "/opt/rustwide/target/debug/deps/libpathdiff-2c0582b45212c2ee.rlib" "/opt/rustwide/target/debug/deps/libjaq_std-887439e331831548.rlib" "/opt/rustwide/target/debug/deps/libbincode-e89b85c93861836f.rlib" "/opt/rustwide/target/debug/deps/libureq-55f398074b77c547.rlib" "/opt/rustwide/target/debug/deps/libwebpki_roots-ecf8b372202bcd7e.rlib" "/opt/rustwide/target/debug/deps/libbase64-bff61f2d1660603b.rlib" "/opt/rustwide/target/debug/deps/librustls-7952eaac8354bd89.rlib" "/opt/rustwide/target/debug/deps/libsct-7656b080a07b3b8b.rlib" "/opt/rustwide/target/debug/deps/libwebpki-f1a1886dbac7ea1c.rlib" "/opt/rustwide/target/debug/deps/libring-5eddb169b7c4abb6.rlib" "/opt/rustwide/target/debug/deps/libspin-0ce7eed86e654be1.rlib" "/opt/rustwide/target/debug/deps/libuntrusted-299fbcd347deffe0.rlib" "/opt/rustwide/target/debug/deps/libflate2-0e382518bca55741.rlib" "/opt/rustwide/target/debug/deps/libminiz_oxide-c6e1d6fdbee0d0b8.rlib" "/opt/rustwide/target/debug/deps/libadler-92f8db84032ff960.rlib" "/opt/rustwide/target/debug/deps/libcrc32fast-d72c4ce62c032296.rlib" "/opt/rustwide/target/debug/deps/libchunked_transfer-9b0c1a2a7a4b0f35.rlib" "/opt/rustwide/target/debug/deps/libglob-921a087ba318345d.rlib" "/opt/rustwide/target/debug/deps/libhcl-4abb39a59fbfedef.rlib" "/opt/rustwide/target/debug/deps/libunicode_ident-22ba84b31084654c.rlib" "/opt/rustwide/target/debug/deps/libvecmap-7c4ec493e712ec2b.rlib" "/opt/rustwide/target/debug/deps/libserde_xml_rs-fdff9ce1b7362203.rlib" "/opt/rustwide/target/debug/deps/libxml-2ca1670042266d63.rlib" "/opt/rustwide/target/debug/deps/libserde_qs-730f1766a0b96c33.rlib" "/opt/rustwide/target/debug/deps/libcsv-bcd66352a39e446e.rlib" "/opt/rustwide/target/debug/deps/libitoa-d0264c8ce1ce890b.rlib" "/opt/rustwide/target/debug/deps/libcsv_core-b6bb68d7211279ff.rlib" "/opt/rustwide/target/debug/deps/libbstr-99956acedbc619b1.rlib" "/opt/rustwide/target/debug/deps/libregex_automata-cce5214985838d75.rlib" "/opt/rustwide/target/debug/deps/libjson5-7dab5745677f0396.rlib" "/opt/rustwide/target/debug/deps/libtoml-80974f621f4dff4b.rlib" "/opt/rustwide/target/debug/deps/libserde_yaml-45e33a5453c04f63.rlib" "/opt/rustwide/target/debug/deps/libyaml_rust-fb062838ce04b5b9.rlib" "/opt/rustwide/target/debug/deps/liblinked_hash_map-2d73749d53e508e5.rlib" "/opt/rustwide/target/debug/deps/liburl-17b0d95f9f7f7068.rlib" "/opt/rustwide/target/debug/deps/libidna-c9d5e50f11bd558e.rlib" "/opt/rustwide/target/debug/deps/libunicode_normalization-78a01cc621c7dad6.rlib" "/opt/rustwide/target/debug/deps/libtinyvec-c348951c3414c332.rlib" "/opt/rustwide/target/debug/deps/libtinyvec_macros-c8728763a1cfbcab.rlib" "/opt/rustwide/target/debug/deps/libunicode_bidi-a69ffc9ceeb64fbb.rlib" "/opt/rustwide/target/debug/deps/libform_urlencoded-c6dce5f233f9dc81.rlib" "/opt/rustwide/target/debug/deps/libpercent_encoding-4a77b5e8a25d80c2.rlib" "/opt/rustwide/target/debug/deps/libpest-fe5892057f5ed044.rlib" "/opt/rustwide/target/debug/deps/libucd_trie-ca044847a1581ba7.rlib" "/opt/rustwide/target/debug/deps/librayon-f5aff79b055008f7.rlib" "/opt/rustwide/target/debug/deps/librayon_core-48c8ce31ba3d4388.rlib" "/opt/rustwide/target/debug/deps/libnum_cpus-cb01e376d739746d.rlib" "/opt/rustwide/target/debug/deps/libcrossbeam_deque-e6a4848b82d1d934.rlib" "/opt/rustwide/target/debug/deps/libcrossbeam_epoch-f9628a0273bc5034.rlib" "/opt/rustwide/target/debug/deps/libmemoffset-1521e32a5fb959a8.rlib" "/opt/rustwide/target/debug/deps/libscopeguard-54ff2283d814f48f.rlib" "/opt/rustwide/target/debug/deps/liblazy_static-86422d76b8bd90ed.rlib" "/opt/rustwide/target/debug/deps/libcrossbeam_channel-63584f2c0383950e.rlib" "/opt/rustwide/target/debug/deps/libcrossbeam_utils-817c9cdc239ab6d8.rlib" "/opt/rustwide/target/debug/deps/libjaq_core-33fd9e4f8cc09336.rlib" "/opt/rustwide/target/debug/deps/liblog-6f3e788ba8b980aa.rlib" "/opt/rustwide/target/debug/deps/libcfg_if-97437e183f3ae6e4.rlib" "/opt/rustwide/target/debug/deps/libitertools-45c62fce4e631d3b.rlib" "/opt/rustwide/target/debug/deps/libeither-1fa9e7dc99f602fc.rlib" "/opt/rustwide/target/debug/deps/libjaq_parse-ebddb8247f890f47.rlib" "/opt/rustwide/target/debug/deps/libchumsky-7ca69162888dd05b.rlib" "/opt/rustwide/target/debug/deps/libahash-a0d7ff55d6d1a586.rlib" "/opt/rustwide/target/debug/deps/libconst_random-1beafdf3eca925c4.rlib" "/opt/rustwide/target/debug/deps/libdyn_clone-bd26217965b031b3.rlib" "/opt/rustwide/target/debug/deps/libthiserror-2ca40f6dccef606d.rlib" "/opt/rustwide/target/debug/deps/libclap-16e1535c32185936.rlib" "/opt/rustwide/target/debug/deps/libatty-f8d423cb6801fcef.rlib" "/opt/rustwide/target/debug/deps/liblibc-633699dc5f0d7a64.rlib" "/opt/rustwide/target/debug/deps/libstrsim-be6ba759f95a5238.rlib" "/opt/rustwide/target/debug/deps/libtermcolor-32b50f642d1e75a8.rlib" "/opt/rustwide/target/debug/deps/libtextwrap-52c78ad0078a8d7a.rlib" "/opt/rustwide/target/debug/deps/libclap_lex-3af406f43d0c6131.rlib" "/opt/rustwide/target/debug/deps/libos_str_bytes-e68be73517b99483.rlib" "/opt/rustwide/target/debug/deps/libbitflags-610a73087f46ba3b.rlib" "/opt/rustwide/target/debug/deps/libonce_cell-3cdae169d48e1efa.rlib" "/opt/rustwide/target/debug/deps/libserde_json-d5047db3abdd6c34.rlib" "/opt/rustwide/target/debug/deps/libryu-1f87c9e09d988964.rlib" "/opt/rustwide/target/debug/deps/libitoa-57ac2f3fee0fa4c3.rlib" "/opt/rustwide/target/debug/deps/libindexmap-4a5971f08de028dc.rlib" "/opt/rustwide/target/debug/deps/libhashbrown-5e93cc3c170e0f3d.rlib" "/opt/rustwide/target/debug/deps/libserde-bdd11d1ceedf64c6.rlib" "/opt/rustwide/target/debug/deps/libregex-89964e30c4cab660.rlib" "/opt/rustwide/target/debug/deps/libaho_corasick-ecbb33cb0ecb9f4f.rlib" "/opt/rustwide/target/debug/deps/libmemchr-59863dd316d0aea8.rlib" "/opt/rustwide/target/debug/deps/libregex_syntax-172cd7e2aeb51a67.rlib" "/opt/rustwide/rustup-home/toolchains/beta-2023-04-20-x86_64-unknown-linux-gnu/lib/rustlib/x86_64-unknown-linux-gnu/lib/libstd-0e29cc23c5e02021.rlib" "/opt/rustwide/rustup-home/toolchains/beta-2023-04-20-x86_64-unknown-linux-gnu/lib/rustlib/x86_64-unknown-linux-gnu/lib/libpanic_unwind-d903621768a861d9.rlib" "/opt/rustwide/rustup-home/toolchains/beta-2023-04-20-x86_64-unknown-linux-gnu/lib/rustlib/x86_64-unknown-linux-gnu/lib/libobject-6d0225e655f31c13.rlib" "/opt/rustwide/rustup-home/toolchains/beta-2023-04-20-x86_64-unknown-linux-gnu/lib/rustlib/x86_64-unknown-linux-gnu/lib/libmemchr-9dbaf4eac7eaa079.rlib" "/opt/rustwide/rustup-home/toolchains/beta-2023-04-20-x86_64-unknown-linux-gnu/lib/rustlib/x86_64-unknown-linux-gnu/lib/libaddr2line-27f05b3d42a66dd0.rlib" "/opt/rustwide/rustup-home/toolchains/beta-2023-04-20-x86_64-unknown-linux-gnu/lib/rustlib/x86_64-unknown-linux-gnu/lib/libgimli-4d73f1030321c9a2.rlib" "/opt/rustwide/rustup-home/toolchains/beta-2023-04-20-x86_64-unknown-linux-gnu/lib/rustlib/x86_64-unknown-linux-gnu/lib/librustc_demangle-2846c9e58abd0acb.rlib" "/opt/rustwide/rustup-home/toolchains/beta-2023-04-20-x86_64-unknown-linux-gnu/lib/rustlib/x86_64-unknown-linux-gnu/lib/libstd_detect-a53d0f50415947be.rlib" "/opt/rustwide/rustup-home/toolchains/beta-2023-04-20-x86_64-unknown-linux-gnu/lib/rustlib/x86_64-unknown-linux-gnu/lib/libhashbrown-d48e4b6abc25b9dc.rlib" "/opt/rustwide/rustup-home/toolchains/beta-2023-04-20-x86_64-unknown-linux-gnu/lib/rustlib/x86_64-unknown-linux-gnu/lib/libminiz_oxide-2991859439ef1207.rlib" "/opt/rustwide/rustup-home/toolchains/beta-2023-04-20-x86_64-unknown-linux-gnu/lib/rustlib/x86_64-unknown-linux-gnu/lib/libadler-8a687517e4221bae.rlib" "/opt/rustwide/rustup-home/toolchains/beta-2023-04-20-x86_64-unknown-linux-gnu/lib/rustlib/x86_64-unknown-linux-gnu/lib/librustc_std_workspace_alloc-e07b554f6a67f5b3.rlib" "/opt/rustwide/rustup-home/toolchains/beta-2023-04-20-x86_64-unknown-linux-gnu/lib/rustlib/x86_64-unknown-linux-gnu/lib/libunwind-b68238b7c3c619dd.rlib" "/opt/rustwide/rustup-home/toolchains/beta-2023-04-20-x86_64-unknown-linux-gnu/lib/rustlib/x86_64-unknown-linux-gnu/lib/libcfg_if-d5e213e896c017e4.rlib" "/opt/rustwide/rustup-home/toolchains/beta-2023-04-20-x86_64-unknown-linux-gnu/lib/rustlib/x86_64-unknown-linux-gnu/lib/liblibc-0211a3b2e61d8689.rlib" "/opt/rustwide/rustup-home/toolchains/beta-2023-04-20-x86_64-unknown-linux-gnu/lib/rustlib/x86_64-unknown-linux-gnu/lib/liballoc-b371f055239ba51f.rlib" "/opt/rustwide/rustup-home/toolchains/beta-2023-04-20-x86_64-unknown-linux-gnu/lib/rustlib/x86_64-unknown-linux-gnu/lib/librustc_std_workspace_core-e60518d2760eb01e.rlib" "/opt/rustwide/rustup-home/toolchains/beta-2023-04-20-x86_64-unknown-linux-gnu/lib/rustlib/x86_64-unknown-linux-gnu/lib/libcore-1ad943f92a4b1081.rlib" "/opt/rustwide/rustup-home/toolchains/beta-2023-04-20-x86_64-unknown-linux-gnu/lib/rustlib/x86_64-unknown-linux-gnu/lib/libcompiler_builtins-f0d6e4d0fc1e80b4.rlib" "-Wl,-Bdynamic" "-lgcc_s" "-lutil" "-lrt" "-lpthread" "-lm" "-ldl" "-lc" "-Wl,--eh-frame-hdr" "-Wl,-z,noexecstack" "-L" "/opt/rustwide/rustup-home/toolchains/beta-2023-04-20-x86_64-unknown-linux-gnu/lib/rustlib/x86_64-unknown-linux-gnu/lib" "-o" "/tmp/rustdoctestwsB5Xn/rust_out" "-Wl,--gc-sections" "-pie" "-Wl,-z,relro,-z,now" "-nodefaultlibs"
[INFO] [stdout]   = note: collect2: fatal error: ld terminated with signal 9 [Killed]
[INFO] [stdout]           compilation terminated.
[INFO] [stdout]           
[INFO] [stdout] 
[INFO] [stdout] error: aborting due to previous error
[INFO] [stdout] 
[INFO] [stdout] Couldn't compile the test.
[INFO] [stdout] ---- src/filter/mod.rs - filter::Filter (line 23) stdout ----
[INFO] [stdout] error: linking with `cc` failed: exit status: 1
[INFO] [stdout]   |
[INFO] [stdout]   = note: LC_ALL="C" PATH="/opt/rustwide/rustup-home/toolchains/beta-2023-04-20-x86_64-unknown-linux-gnu/lib/rustlib/x86_64-unknown-linux-gnu/bin:/opt/rustwide/cargo-home/bin:/usr/local/sbin:/usr/local/bin:/usr/sbin:/usr/bin:/sbin:/bin" VSLANG="1033" "cc" "-m64" "/tmp/rustcRNgUyV/symbols.o" "/tmp/rustdoctestBmRcpa/rust_out.rust_out.c38b68ff-cgu.0.rcgu.o" "/tmp/rustdoctestBmRcpa/rust_out.38a7fyhsvjn6z0qy.rcgu.o" "-Wl,--as-needed" "-L" "/opt/rustwide/target/debug/deps" "-L" "/opt/rustwide/target/debug/deps" "-L" "/opt/rustwide/target/debug/build/onig_sys-e70103cf3d8bd22b/out" "-L" "/opt/rustwide/target/debug/build/ring-18781a71d37daa3b/out" "-L" "/opt/rustwide/rustup-home/toolchains/beta-2023-04-20-x86_64-unknown-linux-gnu/lib/rustlib/x86_64-unknown-linux-gnu/lib" "-Wl,-Bstatic" "/opt/rustwide/target/debug/deps/libdts-9b281003943d86b3.rlib" "/opt/rustwide/target/debug/deps/libpathdiff-2c0582b45212c2ee.rlib" "/opt/rustwide/target/debug/deps/libjaq_std-887439e331831548.rlib" "/opt/rustwide/target/debug/deps/libbincode-e89b85c93861836f.rlib" "/opt/rustwide/target/debug/deps/libureq-55f398074b77c547.rlib" "/opt/rustwide/target/debug/deps/libwebpki_roots-ecf8b372202bcd7e.rlib" "/opt/rustwide/target/debug/deps/libbase64-bff61f2d1660603b.rlib" "/opt/rustwide/target/debug/deps/librustls-7952eaac8354bd89.rlib" "/opt/rustwide/target/debug/deps/libsct-7656b080a07b3b8b.rlib" "/opt/rustwide/target/debug/deps/libwebpki-f1a1886dbac7ea1c.rlib" "/opt/rustwide/target/debug/deps/libring-5eddb169b7c4abb6.rlib" "/opt/rustwide/target/debug/deps/libspin-0ce7eed86e654be1.rlib" "/opt/rustwide/target/debug/deps/libuntrusted-299fbcd347deffe0.rlib" "/opt/rustwide/target/debug/deps/libflate2-0e382518bca55741.rlib" "/opt/rustwide/target/debug/deps/libminiz_oxide-c6e1d6fdbee0d0b8.rlib" "/opt/rustwide/target/debug/deps/libadler-92f8db84032ff960.rlib" "/opt/rustwide/target/debug/deps/libcrc32fast-d72c4ce62c032296.rlib" "/opt/rustwide/target/debug/deps/libchunked_transfer-9b0c1a2a7a4b0f35.rlib" "/opt/rustwide/target/debug/deps/libglob-921a087ba318345d.rlib" "/opt/rustwide/target/debug/deps/libhcl-4abb39a59fbfedef.rlib" "/opt/rustwide/target/debug/deps/libunicode_ident-22ba84b31084654c.rlib" "/opt/rustwide/target/debug/deps/libvecmap-7c4ec493e712ec2b.rlib" "/opt/rustwide/target/debug/deps/libserde_xml_rs-fdff9ce1b7362203.rlib" "/opt/rustwide/target/debug/deps/libxml-2ca1670042266d63.rlib" "/opt/rustwide/target/debug/deps/libserde_qs-730f1766a0b96c33.rlib" "/opt/rustwide/target/debug/deps/libcsv-bcd66352a39e446e.rlib" "/opt/rustwide/target/debug/deps/libitoa-d0264c8ce1ce890b.rlib" "/opt/rustwide/target/debug/deps/libcsv_core-b6bb68d7211279ff.rlib" "/opt/rustwide/target/debug/deps/libbstr-99956acedbc619b1.rlib" "/opt/rustwide/target/debug/deps/libregex_automata-cce5214985838d75.rlib" "/opt/rustwide/target/debug/deps/libjson5-7dab5745677f0396.rlib" "/opt/rustwide/target/debug/deps/libtoml-80974f621f4dff4b.rlib" "/opt/rustwide/target/debug/deps/libserde_yaml-45e33a5453c04f63.rlib" "/opt/rustwide/target/debug/deps/libyaml_rust-fb062838ce04b5b9.rlib" "/opt/rustwide/target/debug/deps/liblinked_hash_map-2d73749d53e508e5.rlib" "/opt/rustwide/target/debug/deps/liburl-17b0d95f9f7f7068.rlib" "/opt/rustwide/target/debug/deps/libidna-c9d5e50f11bd558e.rlib" "/opt/rustwide/target/debug/deps/libunicode_normalization-78a01cc621c7dad6.rlib" "/opt/rustwide/target/debug/deps/libtinyvec-c348951c3414c332.rlib" "/opt/rustwide/target/debug/deps/libtinyvec_macros-c8728763a1cfbcab.rlib" "/opt/rustwide/target/debug/deps/libunicode_bidi-a69ffc9ceeb64fbb.rlib" "/opt/rustwide/target/debug/deps/libform_urlencoded-c6dce5f233f9dc81.rlib" "/opt/rustwide/target/debug/deps/libpercent_encoding-4a77b5e8a25d80c2.rlib" "/opt/rustwide/target/debug/deps/libpest-fe5892057f5ed044.rlib" "/opt/rustwide/target/debug/deps/libucd_trie-ca044847a1581ba7.rlib" "/opt/rustwide/target/debug/deps/librayon-f5aff79b055008f7.rlib" "/opt/rustwide/target/debug/deps/librayon_core-48c8ce31ba3d4388.rlib" "/opt/rustwide/target/debug/deps/libnum_cpus-cb01e376d739746d.rlib" "/opt/rustwide/target/debug/deps/libcrossbeam_deque-e6a4848b82d1d934.rlib" "/opt/rustwide/target/debug/deps/libcrossbeam_epoch-f9628a0273bc5034.rlib" "/opt/rustwide/target/debug/deps/libmemoffset-1521e32a5fb959a8.rlib" "/opt/rustwide/target/debug/deps/libscopeguard-54ff2283d814f48f.rlib" "/opt/rustwide/target/debug/deps/liblazy_static-86422d76b8bd90ed.rlib" "/opt/rustwide/target/debug/deps/libcrossbeam_channel-63584f2c0383950e.rlib" "/opt/rustwide/target/debug/deps/libcrossbeam_utils-817c9cdc239ab6d8.rlib" "/opt/rustwide/target/debug/deps/libjaq_core-33fd9e4f8cc09336.rlib" "/opt/rustwide/target/debug/deps/liblog-6f3e788ba8b980aa.rlib" "/opt/rustwide/target/debug/deps/libcfg_if-97437e183f3ae6e4.rlib" "/opt/rustwide/target/debug/deps/libitertools-45c62fce4e631d3b.rlib" "/opt/rustwide/target/debug/deps/libeither-1fa9e7dc99f602fc.rlib" "/opt/rustwide/target/debug/deps/libjaq_parse-ebddb8247f890f47.rlib" "/opt/rustwide/target/debug/deps/libchumsky-7ca69162888dd05b.rlib" "/opt/rustwide/target/debug/deps/libahash-a0d7ff55d6d1a586.rlib" "/opt/rustwide/target/debug/deps/libconst_random-1beafdf3eca925c4.rlib" "/opt/rustwide/target/debug/deps/libdyn_clone-bd26217965b031b3.rlib" "/opt/rustwide/target/debug/deps/libthiserror-2ca40f6dccef606d.rlib" "/opt/rustwide/target/debug/deps/libclap-16e1535c32185936.rlib" "/opt/rustwide/target/debug/deps/libatty-f8d423cb6801fcef.rlib" "/opt/rustwide/target/debug/deps/liblibc-633699dc5f0d7a64.rlib" "/opt/rustwide/target/debug/deps/libstrsim-be6ba759f95a5238.rlib" "/opt/rustwide/target/debug/deps/libtermcolor-32b50f642d1e75a8.rlib" "/opt/rustwide/target/debug/deps/libtextwrap-52c78ad0078a8d7a.rlib" "/opt/rustwide/target/debug/deps/libclap_lex-3af406f43d0c6131.rlib" "/opt/rustwide/target/debug/deps/libos_str_bytes-e68be73517b99483.rlib" "/opt/rustwide/target/debug/deps/libbitflags-610a73087f46ba3b.rlib" "/opt/rustwide/target/debug/deps/libonce_cell-3cdae169d48e1efa.rlib" "/opt/rustwide/target/debug/deps/libserde_json-d5047db3abdd6c34.rlib" "/opt/rustwide/target/debug/deps/libryu-1f87c9e09d988964.rlib" "/opt/rustwide/target/debug/deps/libitoa-57ac2f3fee0fa4c3.rlib" "/opt/rustwide/target/debug/deps/libindexmap-4a5971f08de028dc.rlib" "/opt/rustwide/target/debug/deps/libhashbrown-5e93cc3c170e0f3d.rlib" "/opt/rustwide/target/debug/deps/libserde-bdd11d1ceedf64c6.rlib" "/opt/rustwide/target/debug/deps/libregex-89964e30c4cab660.rlib" "/opt/rustwide/target/debug/deps/libaho_corasick-ecbb33cb0ecb9f4f.rlib" "/opt/rustwide/target/debug/deps/libmemchr-59863dd316d0aea8.rlib" "/opt/rustwide/target/debug/deps/libregex_syntax-172cd7e2aeb51a67.rlib" "/opt/rustwide/rustup-home/toolchains/beta-2023-04-20-x86_64-unknown-linux-gnu/lib/rustlib/x86_64-unknown-linux-gnu/lib/libstd-0e29cc23c5e02021.rlib" "/opt/rustwide/rustup-home/toolchains/beta-2023-04-20-x86_64-unknown-linux-gnu/lib/rustlib/x86_64-unknown-linux-gnu/lib/libpanic_unwind-d903621768a861d9.rlib" "/opt/rustwide/rustup-home/toolchains/beta-2023-04-20-x86_64-unknown-linux-gnu/lib/rustlib/x86_64-unknown-linux-gnu/lib/libobject-6d0225e655f31c13.rlib" "/opt/rustwide/rustup-home/toolchains/beta-2023-04-20-x86_64-unknown-linux-gnu/lib/rustlib/x86_64-unknown-linux-gnu/lib/libmemchr-9dbaf4eac7eaa079.rlib" "/opt/rustwide/rustup-home/toolchains/beta-2023-04-20-x86_64-unknown-linux-gnu/lib/rustlib/x86_64-unknown-linux-gnu/lib/libaddr2line-27f05b3d42a66dd0.rlib" "/opt/rustwide/rustup-home/toolchains/beta-2023-04-20-x86_64-unknown-linux-gnu/lib/rustlib/x86_64-unknown-linux-gnu/lib/libgimli-4d73f1030321c9a2.rlib" "/opt/rustwide/rustup-home/toolchains/beta-2023-04-20-x86_64-unknown-linux-gnu/lib/rustlib/x86_64-unknown-linux-gnu/lib/librustc_demangle-2846c9e58abd0acb.rlib" "/opt/rustwide/rustup-home/toolchains/beta-2023-04-20-x86_64-unknown-linux-gnu/lib/rustlib/x86_64-unknown-linux-gnu/lib/libstd_detect-a53d0f50415947be.rlib" "/opt/rustwide/rustup-home/toolchains/beta-2023-04-20-x86_64-unknown-linux-gnu/lib/rustlib/x86_64-unknown-linux-gnu/lib/libhashbrown-d48e4b6abc25b9dc.rlib" "/opt/rustwide/rustup-home/toolchains/beta-2023-04-20-x86_64-unknown-linux-gnu/lib/rustlib/x86_64-unknown-linux-gnu/lib/libminiz_oxide-2991859439ef1207.rlib" "/opt/rustwide/rustup-home/toolchains/beta-2023-04-20-x86_64-unknown-linux-gnu/lib/rustlib/x86_64-unknown-linux-gnu/lib/libadler-8a687517e4221bae.rlib" "/opt/rustwide/rustup-home/toolchains/beta-2023-04-20-x86_64-unknown-linux-gnu/lib/rustlib/x86_64-unknown-linux-gnu/lib/librustc_std_workspace_alloc-e07b554f6a67f5b3.rlib" "/opt/rustwide/rustup-home/toolchains/beta-2023-04-20-x86_64-unknown-linux-gnu/lib/rustlib/x86_64-unknown-linux-gnu/lib/libunwind-b68238b7c3c619dd.rlib" "/opt/rustwide/rustup-home/toolchains/beta-2023-04-20-x86_64-unknown-linux-gnu/lib/rustlib/x86_64-unknown-linux-gnu/lib/libcfg_if-d5e213e896c017e4.rlib" "/opt/rustwide/rustup-home/toolchains/beta-2023-04-20-x86_64-unknown-linux-gnu/lib/rustlib/x86_64-unknown-linux-gnu/lib/liblibc-0211a3b2e61d8689.rlib" "/opt/rustwide/rustup-home/toolchains/beta-2023-04-20-x86_64-unknown-linux-gnu/lib/rustlib/x86_64-unknown-linux-gnu/lib/liballoc-b371f055239ba51f.rlib" "/opt/rustwide/rustup-home/toolchains/beta-2023-04-20-x86_64-unknown-linux-gnu/lib/rustlib/x86_64-unknown-linux-gnu/lib/librustc_std_workspace_core-e60518d2760eb01e.rlib" "/opt/rustwide/rustup-home/toolchains/beta-2023-04-20-x86_64-unknown-linux-gnu/lib/rustlib/x86_64-unknown-linux-gnu/lib/libcore-1ad943f92a4b1081.rlib" "/opt/rustwide/rustup-home/toolchains/beta-2023-04-20-x86_64-unknown-linux-gnu/lib/rustlib/x86_64-unknown-linux-gnu/lib/libcompiler_builtins-f0d6e4d0fc1e80b4.rlib" "-Wl,-Bdynamic" "-lgcc_s" "-lutil" "-lrt" "-lpthread" "-lm" "-ldl" "-lc" "-Wl,--eh-frame-hdr" "-Wl,-z,noexecstack" "-L" "/opt/rustwide/rustup-home/toolchains/beta-2023-04-20-x86_64-unknown-linux-gnu/lib/rustlib/x86_64-unknown-linux-gnu/lib" "-o" "/tmp/rustdoctestBmRcpa/rust_out" "-Wl,--gc-sections" "-pie" "-Wl,-z,relro,-z,now" "-nodefaultlibs"
[INFO] [stdout]   = note: collect2: fatal error: ld terminated with signal 9 [Killed]
[INFO] [stdout]           compilation terminated.
[INFO] [stdout]           
[INFO] [stdout] 
[INFO] [stdout] error: aborting due to previous error
[INFO] [stdout] 
[INFO] [stdout] Couldn't compile the test.
[INFO] [stdout] 
[INFO] [stdout] failures:
[INFO] [stdout]     src/filter/mod.rs - filter::Filter (line 23)
[INFO] [stdout]     src/key.rs - key::expand_keys (line 82)
[INFO] [stdout]     src/key.rs - key::flatten_keys (line 18)
[INFO] [stdout]     src/key.rs - key::flatten_keys (line 41)
[INFO] [stdout]     src/key.rs - key::flatten_keys (line 63)
[INFO] [stdout]     src/ser.rs - ser::Serializer<W>::serialize (line 128)
[INFO] [stdout] 
[INFO] [stdout] test result: FAILED. 3 passed; 6 failed; 0 ignored; 0 measured; 0 filtered out; finished in 16.93s
[INFO] [stdout] 
[INFO] [stderr] error: doctest failed, to rerun pass `--doc`
[INFO] running `Command { std: "docker" "inspect" "f9500c10c693e55d12f218e78d1e26ca1c5db94d401e47867e6bcff422e207f6", kill_on_drop: false }`
[INFO] running `Command { std: "docker" "rm" "-f" "f9500c10c693e55d12f218e78d1e26ca1c5db94d401e47867e6bcff422e207f6", kill_on_drop: false }`
[INFO] [stdout] f9500c10c693e55d12f218e78d1e26ca1c5db94d401e47867e6bcff422e207f6
