[INFO] fetching crate dtb-walker 0.2.0-alpha.3...
[INFO] testing dtb-walker-0.2.0-alpha.3 against 1.69.0 for beta-1.70-1
[INFO] extracting crate dtb-walker 0.2.0-alpha.3 into /workspace/builds/worker-1-tc1/source
[INFO] validating manifest of crates.io crate dtb-walker 0.2.0-alpha.3 on toolchain 1.69.0
[INFO] running `Command { std: CARGO_HOME="/workspace/cargo-home" RUSTUP_HOME="/workspace/rustup-home" "/workspace/cargo-home/bin/cargo" "+1.69.0" "metadata" "--manifest-path" "Cargo.toml" "--no-deps", kill_on_drop: false }`
[INFO] started tweaking crates.io crate dtb-walker 0.2.0-alpha.3
[INFO] finished tweaking crates.io crate dtb-walker 0.2.0-alpha.3
[INFO] tweaked toml for crates.io crate dtb-walker 0.2.0-alpha.3 written to /workspace/builds/worker-1-tc1/source/Cargo.toml
[INFO] crate crates.io crate dtb-walker 0.2.0-alpha.3 already has a lockfile, it will not be regenerated
[INFO] running `Command { std: CARGO_HOME="/workspace/cargo-home" RUSTUP_HOME="/workspace/rustup-home" "/workspace/cargo-home/bin/cargo" "+1.69.0" "fetch" "--manifest-path" "Cargo.toml", kill_on_drop: false }`
[INFO] running `Command { std: "docker" "create" "-v" "/var/lib/crater-agent-workspace/builds/worker-1-tc1/target:/opt/rustwide/target:rw,Z" "-v" "/var/lib/crater-agent-workspace/builds/worker-1-tc1/source:/opt/rustwide/workdir:ro,Z" "-v" "/var/lib/crater-agent-workspace/cargo-home:/opt/rustwide/cargo-home:ro,Z" "-v" "/var/lib/crater-agent-workspace/rustup-home:/opt/rustwide/rustup-home:ro,Z" "-e" "SOURCE_DIR=/opt/rustwide/workdir" "-e" "CARGO_TARGET_DIR=/opt/rustwide/target" "-e" "CARGO_HOME=/opt/rustwide/cargo-home" "-e" "RUSTUP_HOME=/opt/rustwide/rustup-home" "-w" "/opt/rustwide/workdir" "-m" "1610612736" "--user" "0:0" "--network" "none" "ghcr.io/rust-lang/crates-build-env/linux@sha256:5ff2268d62e97bff2cde7d5815dd6ed5b47097566f13b8d0ca110b04b60e07ed" "/opt/rustwide/cargo-home/bin/cargo" "+1.69.0" "metadata" "--no-deps" "--format-version=1", kill_on_drop: false }`
[INFO] [stdout] 38a6d6354ffda2b292789270b2dd05ea8f840529b5cd951f228964fe486ef99a
[INFO] running `Command { std: "docker" "start" "-a" "38a6d6354ffda2b292789270b2dd05ea8f840529b5cd951f228964fe486ef99a", kill_on_drop: false }`
[INFO] running `Command { std: "docker" "inspect" "38a6d6354ffda2b292789270b2dd05ea8f840529b5cd951f228964fe486ef99a", kill_on_drop: false }`
[INFO] running `Command { std: "docker" "rm" "-f" "38a6d6354ffda2b292789270b2dd05ea8f840529b5cd951f228964fe486ef99a", kill_on_drop: false }`
[INFO] [stdout] 38a6d6354ffda2b292789270b2dd05ea8f840529b5cd951f228964fe486ef99a
[INFO] running `Command { std: "docker" "create" "-v" "/var/lib/crater-agent-workspace/builds/worker-1-tc1/target:/opt/rustwide/target:rw,Z" "-v" "/var/lib/crater-agent-workspace/builds/worker-1-tc1/source:/opt/rustwide/workdir:ro,Z" "-v" "/var/lib/crater-agent-workspace/cargo-home:/opt/rustwide/cargo-home:ro,Z" "-v" "/var/lib/crater-agent-workspace/rustup-home:/opt/rustwide/rustup-home:ro,Z" "-e" "SOURCE_DIR=/opt/rustwide/workdir" "-e" "CARGO_TARGET_DIR=/opt/rustwide/target" "-e" "CARGO_INCREMENTAL=0" "-e" "RUST_BACKTRACE=full" "-e" "RUSTFLAGS=--cap-lints=warn" "-e" "RUSTDOCFLAGS=--cap-lints=warn" "-e" "CARGO_HOME=/opt/rustwide/cargo-home" "-e" "RUSTUP_HOME=/opt/rustwide/rustup-home" "-w" "/opt/rustwide/workdir" "-m" "1610612736" "--user" "0:0" "--network" "none" "ghcr.io/rust-lang/crates-build-env/linux@sha256:5ff2268d62e97bff2cde7d5815dd6ed5b47097566f13b8d0ca110b04b60e07ed" "/opt/rustwide/cargo-home/bin/cargo" "+1.69.0" "build" "--frozen" "--message-format=json", kill_on_drop: false }`
[INFO] [stdout] f3087c9a746804d5e59e22e4bebcecbb867ac6a857ca040db22a1437ebbef1c1
[INFO] running `Command { std: "docker" "start" "-a" "f3087c9a746804d5e59e22e4bebcecbb867ac6a857ca040db22a1437ebbef1c1", kill_on_drop: false }`
[INFO] [stderr]    Compiling dtb-walker v0.2.0-alpha.3 (/opt/rustwide/workdir)
[INFO] [stderr]     Finished dev [unoptimized + debuginfo] target(s) in 0.33s
[INFO] running `Command { std: "docker" "inspect" "f3087c9a746804d5e59e22e4bebcecbb867ac6a857ca040db22a1437ebbef1c1", kill_on_drop: false }`
[INFO] running `Command { std: "docker" "rm" "-f" "f3087c9a746804d5e59e22e4bebcecbb867ac6a857ca040db22a1437ebbef1c1", kill_on_drop: false }`
[INFO] [stdout] f3087c9a746804d5e59e22e4bebcecbb867ac6a857ca040db22a1437ebbef1c1
[INFO] running `Command { std: "docker" "create" "-v" "/var/lib/crater-agent-workspace/builds/worker-1-tc1/target:/opt/rustwide/target:rw,Z" "-v" "/var/lib/crater-agent-workspace/builds/worker-1-tc1/source:/opt/rustwide/workdir:ro,Z" "-v" "/var/lib/crater-agent-workspace/cargo-home:/opt/rustwide/cargo-home:ro,Z" "-v" "/var/lib/crater-agent-workspace/rustup-home:/opt/rustwide/rustup-home:ro,Z" "-e" "SOURCE_DIR=/opt/rustwide/workdir" "-e" "CARGO_TARGET_DIR=/opt/rustwide/target" "-e" "CARGO_INCREMENTAL=0" "-e" "RUST_BACKTRACE=full" "-e" "RUSTFLAGS=--cap-lints=warn" "-e" "RUSTDOCFLAGS=--cap-lints=warn" "-e" "CARGO_HOME=/opt/rustwide/cargo-home" "-e" "RUSTUP_HOME=/opt/rustwide/rustup-home" "-w" "/opt/rustwide/workdir" "-m" "1610612736" "--user" "0:0" "--network" "none" "ghcr.io/rust-lang/crates-build-env/linux@sha256:5ff2268d62e97bff2cde7d5815dd6ed5b47097566f13b8d0ca110b04b60e07ed" "/opt/rustwide/cargo-home/bin/cargo" "+1.69.0" "test" "--frozen" "--no-run" "--message-format=json", kill_on_drop: false }`
[INFO] [stdout] 1793f66781a4aa3b2f383c384587fc9a85ae07c45dcb254420b21d0d1e46e8a5
[INFO] running `Command { std: "docker" "start" "-a" "1793f66781a4aa3b2f383c384587fc9a85ae07c45dcb254420b21d0d1e46e8a5", kill_on_drop: false }`
[INFO] [stderr]    Compiling dtb-walker v0.2.0-alpha.3 (/opt/rustwide/workdir)
[INFO] [stderr]     Finished test [unoptimized + debuginfo] target(s) in 0.54s
[INFO] running `Command { std: "docker" "inspect" "1793f66781a4aa3b2f383c384587fc9a85ae07c45dcb254420b21d0d1e46e8a5", kill_on_drop: false }`
[INFO] running `Command { std: "docker" "rm" "-f" "1793f66781a4aa3b2f383c384587fc9a85ae07c45dcb254420b21d0d1e46e8a5", kill_on_drop: false }`
[INFO] [stdout] 1793f66781a4aa3b2f383c384587fc9a85ae07c45dcb254420b21d0d1e46e8a5
[INFO] running `Command { std: "docker" "create" "-v" "/var/lib/crater-agent-workspace/builds/worker-1-tc1/target:/opt/rustwide/target:rw,Z" "-v" "/var/lib/crater-agent-workspace/builds/worker-1-tc1/source:/opt/rustwide/workdir:ro,Z" "-v" "/var/lib/crater-agent-workspace/cargo-home:/opt/rustwide/cargo-home:ro,Z" "-v" "/var/lib/crater-agent-workspace/rustup-home:/opt/rustwide/rustup-home:ro,Z" "-e" "SOURCE_DIR=/opt/rustwide/workdir" "-e" "CARGO_TARGET_DIR=/opt/rustwide/target" "-e" "CARGO_INCREMENTAL=0" "-e" "RUST_BACKTRACE=full" "-e" "RUSTFLAGS=--cap-lints=warn" "-e" "RUSTDOCFLAGS=--cap-lints=warn" "-e" "CARGO_HOME=/opt/rustwide/cargo-home" "-e" "RUSTUP_HOME=/opt/rustwide/rustup-home" "-w" "/opt/rustwide/workdir" "-m" "1610612736" "--user" "0:0" "--network" "none" "ghcr.io/rust-lang/crates-build-env/linux@sha256:5ff2268d62e97bff2cde7d5815dd6ed5b47097566f13b8d0ca110b04b60e07ed" "/opt/rustwide/cargo-home/bin/cargo" "+1.69.0" "test" "--frozen", kill_on_drop: false }`
[INFO] [stdout] d1d9545693214902208be072fce4c15a81a50d353294d3b00418d2aebf9f6dbb
[INFO] running `Command { std: "docker" "start" "-a" "d1d9545693214902208be072fce4c15a81a50d353294d3b00418d2aebf9f6dbb", kill_on_drop: false }`
[INFO] [stderr]     Finished test [unoptimized + debuginfo] target(s) in 0.01s
[INFO] [stderr]      Running unittests src/lib.rs (/opt/rustwide/target/debug/deps/dtb_walker-61467e13c0822525)
[INFO] [stdout] 
[INFO] [stderr]    Doc-tests dtb-walker
[INFO] [stdout] running 0 tests
[INFO] [stdout] 
[INFO] [stdout] test result: ok. 0 passed; 0 failed; 0 ignored; 0 measured; 0 filtered out; finished in 0.00s
[INFO] [stdout] 
[INFO] [stdout] 
[INFO] [stdout] running 1 test
[INFO] [stdout] test src/lib.rs - (line 11) - compile ... FAILED
[INFO] [stderr] error: doctest failed, to rerun pass `--doc`
[INFO] [stdout] 
[INFO] [stdout] failures:
[INFO] [stdout] 
[INFO] [stdout] ---- src/lib.rs - (line 11) stdout ----
[INFO] [stdout] error[E0433]: failed to resolve: use of undeclared type `Dtb`
[INFO] [stdout]  --> src/lib.rs:12:1
[INFO] [stdout]   |
[INFO] [stdout] 3 | Dtb::from_raw_parts(dtb).unwrap()
[INFO] [stdout]   | ^^^ use of undeclared type `Dtb`
[INFO] [stdout]   |
[INFO] [stdout] help: consider importing this struct
[INFO] [stdout]   |
[INFO] [stdout] 2 | use dtb_walker::Dtb;
[INFO] [stdout]   |
[INFO] [stdout] 
[INFO] [stdout] error[E0425]: cannot find value `dtb` in this scope
[INFO] [stdout]  --> src/lib.rs:12:21
[INFO] [stdout]   |
[INFO] [stdout] 3 | Dtb::from_raw_parts(dtb).unwrap()
[INFO] [stdout]   |                     ^^^ not found in this scope
[INFO] [stdout] 
[INFO] [stdout] error: aborting due to 2 previous errors
[INFO] [stdout] 
[INFO] [stdout] Some errors have detailed explanations: E0425, E0433.
[INFO] [stdout] For more information about an error, try `rustc --explain E0425`.
[INFO] [stdout] Couldn't compile the test.
[INFO] [stdout] 
[INFO] [stdout] failures:
[INFO] [stdout]     src/lib.rs - (line 11)
[INFO] [stdout] 
[INFO] [stdout] test result: FAILED. 0 passed; 1 failed; 0 ignored; 0 measured; 0 filtered out; finished in 0.06s
[INFO] [stdout] 
[INFO] running `Command { std: "docker" "inspect" "d1d9545693214902208be072fce4c15a81a50d353294d3b00418d2aebf9f6dbb", kill_on_drop: false }`
[INFO] running `Command { std: "docker" "rm" "-f" "d1d9545693214902208be072fce4c15a81a50d353294d3b00418d2aebf9f6dbb", kill_on_drop: false }`
[INFO] [stdout] d1d9545693214902208be072fce4c15a81a50d353294d3b00418d2aebf9f6dbb
