[INFO] fetching crate drop_cell 0.0.0...
[INFO] testing drop_cell-0.0.0 against beta-2023-04-20 for beta-1.70-1
[INFO] extracting crate drop_cell 0.0.0 into /workspace/builds/worker-1-tc2/source
[INFO] validating manifest of crates.io crate drop_cell 0.0.0 on toolchain beta-2023-04-20
[INFO] running `Command { std: CARGO_HOME="/workspace/cargo-home" RUSTUP_HOME="/workspace/rustup-home" "/workspace/cargo-home/bin/cargo" "+beta-2023-04-20" "metadata" "--manifest-path" "Cargo.toml" "--no-deps", kill_on_drop: false }`
[INFO] removed /workspace/builds/worker-1-tc2/source/rust-toolchain.toml
[INFO] started tweaking crates.io crate drop_cell 0.0.0
[INFO] finished tweaking crates.io crate drop_cell 0.0.0
[INFO] tweaked toml for crates.io crate drop_cell 0.0.0 written to /workspace/builds/worker-1-tc2/source/Cargo.toml
[INFO] crate crates.io crate drop_cell 0.0.0 already has a lockfile, it will not be regenerated
[INFO] running `Command { std: CARGO_HOME="/workspace/cargo-home" RUSTUP_HOME="/workspace/rustup-home" "/workspace/cargo-home/bin/cargo" "+beta-2023-04-20" "fetch" "--manifest-path" "Cargo.toml", kill_on_drop: false }`
[INFO] running `Command { std: "docker" "create" "-v" "/var/lib/crater-agent-workspace/builds/worker-1-tc2/target:/opt/rustwide/target:rw,Z" "-v" "/var/lib/crater-agent-workspace/builds/worker-1-tc2/source:/opt/rustwide/workdir:ro,Z" "-v" "/var/lib/crater-agent-workspace/cargo-home:/opt/rustwide/cargo-home:ro,Z" "-v" "/var/lib/crater-agent-workspace/rustup-home:/opt/rustwide/rustup-home:ro,Z" "-e" "SOURCE_DIR=/opt/rustwide/workdir" "-e" "CARGO_TARGET_DIR=/opt/rustwide/target" "-e" "CARGO_HOME=/opt/rustwide/cargo-home" "-e" "RUSTUP_HOME=/opt/rustwide/rustup-home" "-w" "/opt/rustwide/workdir" "-m" "1610612736" "--user" "0:0" "--network" "none" "ghcr.io/rust-lang/crates-build-env/linux@sha256:5ff2268d62e97bff2cde7d5815dd6ed5b47097566f13b8d0ca110b04b60e07ed" "/opt/rustwide/cargo-home/bin/cargo" "+beta-2023-04-20" "metadata" "--no-deps" "--format-version=1", kill_on_drop: false }`
[INFO] [stdout] 26e27fbfc762fc589e3d8455d8de868cbc3b41627dfefa2952719c262926401d
[INFO] running `Command { std: "docker" "start" "-a" "26e27fbfc762fc589e3d8455d8de868cbc3b41627dfefa2952719c262926401d", kill_on_drop: false }`
[INFO] running `Command { std: "docker" "inspect" "26e27fbfc762fc589e3d8455d8de868cbc3b41627dfefa2952719c262926401d", kill_on_drop: false }`
[INFO] running `Command { std: "docker" "rm" "-f" "26e27fbfc762fc589e3d8455d8de868cbc3b41627dfefa2952719c262926401d", kill_on_drop: false }`
[INFO] [stdout] 26e27fbfc762fc589e3d8455d8de868cbc3b41627dfefa2952719c262926401d
[INFO] running `Command { std: "docker" "create" "-v" "/var/lib/crater-agent-workspace/builds/worker-1-tc2/target:/opt/rustwide/target:rw,Z" "-v" "/var/lib/crater-agent-workspace/builds/worker-1-tc2/source:/opt/rustwide/workdir:ro,Z" "-v" "/var/lib/crater-agent-workspace/cargo-home:/opt/rustwide/cargo-home:ro,Z" "-v" "/var/lib/crater-agent-workspace/rustup-home:/opt/rustwide/rustup-home:ro,Z" "-e" "SOURCE_DIR=/opt/rustwide/workdir" "-e" "CARGO_TARGET_DIR=/opt/rustwide/target" "-e" "CARGO_INCREMENTAL=0" "-e" "RUST_BACKTRACE=full" "-e" "RUSTFLAGS=--cap-lints=warn" "-e" "RUSTDOCFLAGS=--cap-lints=warn" "-e" "CARGO_HOME=/opt/rustwide/cargo-home" "-e" "RUSTUP_HOME=/opt/rustwide/rustup-home" "-w" "/opt/rustwide/workdir" "-m" "1610612736" "--user" "0:0" "--network" "none" "ghcr.io/rust-lang/crates-build-env/linux@sha256:5ff2268d62e97bff2cde7d5815dd6ed5b47097566f13b8d0ca110b04b60e07ed" "/opt/rustwide/cargo-home/bin/cargo" "+beta-2023-04-20" "build" "--frozen" "--message-format=json", kill_on_drop: false }`
[INFO] [stdout] 4a57abf57007374d83bc3dbcbaa96c925bd0e8f4cb1660c80722a64c1b2c9a73
[INFO] running `Command { std: "docker" "start" "-a" "4a57abf57007374d83bc3dbcbaa96c925bd0e8f4cb1660c80722a64c1b2c9a73", kill_on_drop: false }`
[INFO] [stderr]    Compiling drop_cell v0.0.0 (/opt/rustwide/workdir)
[INFO] [stderr]     Finished dev [unoptimized + debuginfo] target(s) in 0.05s
[INFO] running `Command { std: "docker" "inspect" "4a57abf57007374d83bc3dbcbaa96c925bd0e8f4cb1660c80722a64c1b2c9a73", kill_on_drop: false }`
[INFO] running `Command { std: "docker" "rm" "-f" "4a57abf57007374d83bc3dbcbaa96c925bd0e8f4cb1660c80722a64c1b2c9a73", kill_on_drop: false }`
[INFO] [stdout] 4a57abf57007374d83bc3dbcbaa96c925bd0e8f4cb1660c80722a64c1b2c9a73
[INFO] running `Command { std: "docker" "create" "-v" "/var/lib/crater-agent-workspace/builds/worker-1-tc2/target:/opt/rustwide/target:rw,Z" "-v" "/var/lib/crater-agent-workspace/builds/worker-1-tc2/source:/opt/rustwide/workdir:ro,Z" "-v" "/var/lib/crater-agent-workspace/cargo-home:/opt/rustwide/cargo-home:ro,Z" "-v" "/var/lib/crater-agent-workspace/rustup-home:/opt/rustwide/rustup-home:ro,Z" "-e" "SOURCE_DIR=/opt/rustwide/workdir" "-e" "CARGO_TARGET_DIR=/opt/rustwide/target" "-e" "CARGO_INCREMENTAL=0" "-e" "RUST_BACKTRACE=full" "-e" "RUSTFLAGS=--cap-lints=warn" "-e" "RUSTDOCFLAGS=--cap-lints=warn" "-e" "CARGO_HOME=/opt/rustwide/cargo-home" "-e" "RUSTUP_HOME=/opt/rustwide/rustup-home" "-w" "/opt/rustwide/workdir" "-m" "1610612736" "--user" "0:0" "--network" "none" "ghcr.io/rust-lang/crates-build-env/linux@sha256:5ff2268d62e97bff2cde7d5815dd6ed5b47097566f13b8d0ca110b04b60e07ed" "/opt/rustwide/cargo-home/bin/cargo" "+beta-2023-04-20" "test" "--frozen" "--no-run" "--message-format=json", kill_on_drop: false }`
[INFO] [stdout] d187e8206fb646a260d0b9cea83ddcf124f868aefe9d900f88a03dc495d78c9d
[INFO] running `Command { std: "docker" "start" "-a" "d187e8206fb646a260d0b9cea83ddcf124f868aefe9d900f88a03dc495d78c9d", kill_on_drop: false }`
[INFO] [stderr]    Compiling drop_cell v0.0.0 (/opt/rustwide/workdir)
[INFO] [stderr]     Finished test [unoptimized + debuginfo] target(s) in 0.35s
[INFO] running `Command { std: "docker" "inspect" "d187e8206fb646a260d0b9cea83ddcf124f868aefe9d900f88a03dc495d78c9d", kill_on_drop: false }`
[INFO] running `Command { std: "docker" "rm" "-f" "d187e8206fb646a260d0b9cea83ddcf124f868aefe9d900f88a03dc495d78c9d", kill_on_drop: false }`
[INFO] [stdout] d187e8206fb646a260d0b9cea83ddcf124f868aefe9d900f88a03dc495d78c9d
[INFO] running `Command { std: "docker" "create" "-v" "/var/lib/crater-agent-workspace/builds/worker-1-tc2/target:/opt/rustwide/target:rw,Z" "-v" "/var/lib/crater-agent-workspace/builds/worker-1-tc2/source:/opt/rustwide/workdir:ro,Z" "-v" "/var/lib/crater-agent-workspace/cargo-home:/opt/rustwide/cargo-home:ro,Z" "-v" "/var/lib/crater-agent-workspace/rustup-home:/opt/rustwide/rustup-home:ro,Z" "-e" "SOURCE_DIR=/opt/rustwide/workdir" "-e" "CARGO_TARGET_DIR=/opt/rustwide/target" "-e" "CARGO_INCREMENTAL=0" "-e" "RUST_BACKTRACE=full" "-e" "RUSTFLAGS=--cap-lints=warn" "-e" "RUSTDOCFLAGS=--cap-lints=warn" "-e" "CARGO_HOME=/opt/rustwide/cargo-home" "-e" "RUSTUP_HOME=/opt/rustwide/rustup-home" "-w" "/opt/rustwide/workdir" "-m" "1610612736" "--user" "0:0" "--network" "none" "ghcr.io/rust-lang/crates-build-env/linux@sha256:5ff2268d62e97bff2cde7d5815dd6ed5b47097566f13b8d0ca110b04b60e07ed" "/opt/rustwide/cargo-home/bin/cargo" "+beta-2023-04-20" "test" "--frozen", kill_on_drop: false }`
[INFO] [stdout] 9a73cb31dcedab6ac0455288158faffd3ff10b9a49bf96ca2f979d3c3f73d02b
[INFO] running `Command { std: "docker" "start" "-a" "9a73cb31dcedab6ac0455288158faffd3ff10b9a49bf96ca2f979d3c3f73d02b", kill_on_drop: false }`
[INFO] [stderr]     Finished test [unoptimized + debuginfo] target(s) in 0.00s
[INFO] [stderr]      Running unittests src/lib.rs (/opt/rustwide/target/debug/deps/drop_cell-02fd200d9366cbdd)
[INFO] [stdout] 
[INFO] [stdout] running 0 tests
[INFO] [stdout] 
[INFO] [stdout] test result: ok. 0 passed; 0 failed; 0 ignored; 0 measured; 0 filtered out; finished in 0.00s
[INFO] [stdout] 
[INFO] [stderr]    Doc-tests drop_cell
[INFO] [stdout] 
[INFO] [stdout] running 8 tests
[INFO] [stdout] test src/lib.rs - defer (line 112) ... FAILED
[INFO] [stdout] test src/lib.rs - defer (line 125) ... FAILED
[INFO] [stdout] test src/lib.rs - (line 12) ... FAILED
[INFO] [stdout] test src/lib.rs - defer (line 118) ... FAILED
[INFO] [stdout] test src/lib.rs - defer (line 107) ... FAILED
[INFO] [stdout] test src/lib.rs - (line 39) ... FAILED
[INFO] [stdout] test src/lib.rs - (line 27) ... FAILED
[INFO] [stdout] test src/lib.rs - (line 47) ... ok
[INFO] [stdout] 
[INFO] [stdout] failures:
[INFO] [stdout] 
[INFO] [stdout] ---- src/lib.rs - defer (line 112) stdout ----
[INFO] [stdout] error: cannot find macro `defer` in this scope
[INFO] [stdout]  --> src/lib.rs:115:1
[INFO] [stdout]   |
[INFO] [stdout] 5 | defer! { v => ... };
[INFO] [stdout]   | ^^^^^
[INFO] [stdout]   |
[INFO] [stdout]   = help: consider importing this macro:
[INFO] [stdout]           drop_cell::defer
[INFO] [stdout] 
[INFO] [stdout] error: aborting due to previous error
[INFO] [stdout] 
[INFO] [stdout] Couldn't compile the test.
[INFO] [stdout] ---- src/lib.rs - defer (line 125) stdout ----
[INFO] [stdout] error: cannot find macro `defer` in this scope
[INFO] [stdout]  --> src/lib.rs:132:1
[INFO] [stdout]   |
[INFO] [stdout] 9 | defer! { v1, v2 @ foo, v3 @ vec![] => ... };
[INFO] [stdout]   | ^^^^^
[INFO] [stdout]   |
[INFO] [stdout]   = help: consider importing this macro:
[INFO] [stdout]           drop_cell::defer
[INFO] [stdout] 
[INFO] [stdout] error: aborting due to previous error
[INFO] [stdout] 
[INFO] [stdout] Couldn't compile the test.
[INFO] [stdout] ---- src/lib.rs - (line 12) stdout ----
[INFO] [stdout] error: cannot find macro `defer` in this scope
[INFO] [stdout]  --> src/lib.rs:13:1
[INFO] [stdout]   |
[INFO] [stdout] 3 | defer!(println!("world"));
[INFO] [stdout]   | ^^^^^
[INFO] [stdout]   |
[INFO] [stdout]   = help: consider importing this macro:
[INFO] [stdout]           drop_cell::defer
[INFO] [stdout] 
[INFO] [stdout] error: aborting due to previous error
[INFO] [stdout] 
[INFO] [stdout] Couldn't compile the test.
[INFO] [stdout] ---- src/lib.rs - defer (line 118) stdout ----
[INFO] [stdout] error: cannot find macro `defer` in this scope
[INFO] [stdout]  --> src/lib.rs:122:1
[INFO] [stdout]   |
[INFO] [stdout] 6 | defer! { v1, v2 => ... };
[INFO] [stdout]   | ^^^^^
[INFO] [stdout]   |
[INFO] [stdout]   = help: consider importing this macro:
[INFO] [stdout]           drop_cell::defer
[INFO] [stdout] 
[INFO] [stdout] error: aborting due to previous error
[INFO] [stdout] 
[INFO] [stdout] Couldn't compile the test.
[INFO] [stdout] ---- src/lib.rs - defer (line 107) stdout ----
[INFO] [stdout] error: cannot find macro `defer` in this scope
[INFO] [stdout]  --> src/lib.rs:109:1
[INFO] [stdout]   |
[INFO] [stdout] 4 | defer! { ... };
[INFO] [stdout]   | ^^^^^
[INFO] [stdout]   |
[INFO] [stdout]   = help: consider importing this macro:
[INFO] [stdout]           drop_cell::defer
[INFO] [stdout] 
[INFO] [stdout] error: aborting due to previous error
[INFO] [stdout] 
[INFO] [stdout] Couldn't compile the test.
[INFO] [stdout] ---- src/lib.rs - (line 39) stdout ----
[INFO] [stdout] error: cannot find macro `defer` in this scope
[INFO] [stdout]  --> src/lib.rs:43:5
[INFO] [stdout]   |
[INFO] [stdout] 6 |     defer!(v => assert_eq!(v, &[1, 2, 3]));        
[INFO] [stdout]   |     ^^^^^
[INFO] [stdout]   |
[INFO] [stdout]   = help: consider importing this macro:
[INFO] [stdout]           drop_cell::defer
[INFO] [stdout] 
[INFO] [stdout] error: aborting due to previous error
[INFO] [stdout] 
[INFO] [stdout] Couldn't compile the test.
[INFO] [stdout] ---- src/lib.rs - (line 27) stdout ----
[INFO] [stdout] error: cannot find macro `defer` in this scope
[INFO] [stdout]  --> src/lib.rs:29:5
[INFO] [stdout]   |
[INFO] [stdout] 4 |     defer!(assert_eq!(v, &[1, 2, 3]));
[INFO] [stdout]   |     ^^^^^
[INFO] [stdout]   |
[INFO] [stdout]   = help: consider importing this macro:
[INFO] [stdout]           drop_cell::defer
[INFO] [stdout] 
[INFO] [stdout] error: aborting due to previous error
[INFO] [stdout] 
[INFO] [stdout] Couldn't compile the test.
[INFO] [stdout] 
[INFO] [stdout] failures:
[INFO] [stdout]     src/lib.rs - (line 12)
[INFO] [stdout]     src/lib.rs - (line 27)
[INFO] [stdout]     src/lib.rs - (line 39)
[INFO] [stdout]     src/lib.rs - defer (line 107)
[INFO] [stdout]     src/lib.rs - defer (line 112)
[INFO] [stdout]     src/lib.rs - defer (line 118)
[INFO] [stdout]     src/lib.rs - defer (line 125)
[INFO] [stdout] 
[INFO] [stdout] test result: FAILED. 1 passed; 7 failed; 0 ignored; 0 measured; 0 filtered out; finished in 0.30s
[INFO] [stdout] 
[INFO] [stderr] error: doctest failed, to rerun pass `--doc`
[INFO] running `Command { std: "docker" "inspect" "9a73cb31dcedab6ac0455288158faffd3ff10b9a49bf96ca2f979d3c3f73d02b", kill_on_drop: false }`
[INFO] running `Command { std: "docker" "rm" "-f" "9a73cb31dcedab6ac0455288158faffd3ff10b9a49bf96ca2f979d3c3f73d02b", kill_on_drop: false }`
[INFO] [stdout] 9a73cb31dcedab6ac0455288158faffd3ff10b9a49bf96ca2f979d3c3f73d02b
